This is the mail archive of the gcc-testresults@gcc.gnu.org mailing list for the GCC project.


Index Nav: [Date Index] [Subject Index] [Author Index] [Thread Index]
Message Nav: [Date Prev] [Date Next] [Thread Prev] [Thread Next]
Other format: [Raw text]

Results for 4.5.0 20090810 (experimental) [trunk revision 150635] (GCC) gcc testsuite on mn10300-unknown-elf


Debian 5 on x86_64
cross tool versions:
GNU assembler (GNU Binutils) 2.18.50.20080419
GNU gdb 6.8.50.20080419-cvs
GNU ld (GNU Binutils) 2.18.50.20080419

GNU Make 3.81
expect version 5.43.0
host gcc version: gcc (GCC) 4.5.0 20090810 (experimental) [trunk revision 150635]
LAST_UPDATED: Mon Aug 10 22:08:57 UTC 2009 (revision 150635)

Target is mn10300-unknown-elf
Host   is x86_64-unknown-linux-gnu

		=== gcc tests ===


Running target mn10300-sim
FAIL: gcc.c-torture/compile/20011109-1.c  -O1  (internal compiler error)
FAIL: gcc.c-torture/compile/20011109-1.c  -O1  (test for excess errors)
FAIL: gcc.c-torture/compile/20011109-1.c  -O2  (internal compiler error)
FAIL: gcc.c-torture/compile/20011109-1.c  -O2  (test for excess errors)
FAIL: gcc.c-torture/compile/20011109-1.c  -O3 -fomit-frame-pointer  (internal compiler error)
FAIL: gcc.c-torture/compile/20011109-1.c  -O3 -fomit-frame-pointer  (test for excess errors)
FAIL: gcc.c-torture/compile/20011109-1.c  -O3 -fomit-frame-pointer -funroll-loops  (internal compiler error)
FAIL: gcc.c-torture/compile/20011109-1.c  -O3 -fomit-frame-pointer -funroll-loops  (test for excess errors)
FAIL: gcc.c-torture/compile/20011109-1.c  -O3 -fomit-frame-pointer -funroll-all-loops -finline-functions  (internal compiler error)
FAIL: gcc.c-torture/compile/20011109-1.c  -O3 -fomit-frame-pointer -funroll-all-loops -finline-functions  (test for excess errors)
FAIL: gcc.c-torture/compile/20011109-1.c  -O3 -g  (internal compiler error)
FAIL: gcc.c-torture/compile/20011109-1.c  -O3 -g  (test for excess errors)
FAIL: gcc.c-torture/compile/20011109-1.c  -Os  (internal compiler error)
FAIL: gcc.c-torture/compile/20011109-1.c  -Os  (test for excess errors)
FAIL: gcc.c-torture/compile/20011130-2.c  -O1  (internal compiler error)
FAIL: gcc.c-torture/compile/20011130-2.c  -O1  (test for excess errors)
FAIL: gcc.c-torture/compile/20011130-2.c  -O2  (internal compiler error)
FAIL: gcc.c-torture/compile/20011130-2.c  -O2  (test for excess errors)
FAIL: gcc.c-torture/compile/20011130-2.c  -O3 -fomit-frame-pointer  (internal compiler error)
FAIL: gcc.c-torture/compile/20011130-2.c  -O3 -fomit-frame-pointer  (test for excess errors)
FAIL: gcc.c-torture/compile/20011130-2.c  -O3 -fomit-frame-pointer -funroll-loops  (internal compiler error)
FAIL: gcc.c-torture/compile/20011130-2.c  -O3 -fomit-frame-pointer -funroll-loops  (test for excess errors)
FAIL: gcc.c-torture/compile/20011130-2.c  -O3 -fomit-frame-pointer -funroll-all-loops -finline-functions  (internal compiler error)
FAIL: gcc.c-torture/compile/20011130-2.c  -O3 -fomit-frame-pointer -funroll-all-loops -finline-functions  (test for excess errors)
FAIL: gcc.c-torture/compile/20011130-2.c  -O3 -g  (internal compiler error)
FAIL: gcc.c-torture/compile/20011130-2.c  -O3 -g  (test for excess errors)
FAIL: gcc.c-torture/compile/20011130-2.c  -Os  (internal compiler error)
FAIL: gcc.c-torture/compile/20011130-2.c  -Os  (test for excess errors)
FAIL: gcc.c-torture/compile/20051216-1.c  -O1  (internal compiler error)
FAIL: gcc.c-torture/compile/20051216-1.c  -O1  (test for excess errors)
FAIL: gcc.c-torture/compile/20051216-1.c  -O2  (internal compiler error)
FAIL: gcc.c-torture/compile/20051216-1.c  -O2  (test for excess errors)
FAIL: gcc.c-torture/compile/20051216-1.c  -O3 -fomit-frame-pointer  (internal compiler error)
FAIL: gcc.c-torture/compile/20051216-1.c  -O3 -fomit-frame-pointer  (test for excess errors)
FAIL: gcc.c-torture/compile/20051216-1.c  -O3 -fomit-frame-pointer -funroll-loops  (internal compiler error)
FAIL: gcc.c-torture/compile/20051216-1.c  -O3 -fomit-frame-pointer -funroll-loops  (test for excess errors)
FAIL: gcc.c-torture/compile/20051216-1.c  -O3 -fomit-frame-pointer -funroll-all-loops -finline-functions  (internal compiler error)
FAIL: gcc.c-torture/compile/20051216-1.c  -O3 -fomit-frame-pointer -funroll-all-loops -finline-functions  (test for excess errors)
FAIL: gcc.c-torture/compile/20051216-1.c  -O3 -g  (internal compiler error)
FAIL: gcc.c-torture/compile/20051216-1.c  -O3 -g  (test for excess errors)
FAIL: gcc.c-torture/compile/20051216-1.c  -Os  (internal compiler error)
FAIL: gcc.c-torture/compile/20051216-1.c  -Os  (test for excess errors)
FAIL: gcc.c-torture/compile/20070603-1.c  -O1  (internal compiler error)
FAIL: gcc.c-torture/compile/20070603-1.c  -O1  (test for excess errors)
FAIL: gcc.c-torture/compile/20070603-1.c  -O2  (internal compiler error)
FAIL: gcc.c-torture/compile/20070603-1.c  -O2  (test for excess errors)
FAIL: gcc.c-torture/compile/20070603-1.c  -O3 -fomit-frame-pointer  (internal compiler error)
FAIL: gcc.c-torture/compile/20070603-1.c  -O3 -fomit-frame-pointer  (test for excess errors)
FAIL: gcc.c-torture/compile/20070603-1.c  -O3 -fomit-frame-pointer -funroll-loops  (internal compiler error)
FAIL: gcc.c-torture/compile/20070603-1.c  -O3 -fomit-frame-pointer -funroll-loops  (test for excess errors)
FAIL: gcc.c-torture/compile/20070603-1.c  -O3 -fomit-frame-pointer -funroll-all-loops -finline-functions  (internal compiler error)
FAIL: gcc.c-torture/compile/20070603-1.c  -O3 -fomit-frame-pointer -funroll-all-loops -finline-functions  (test for excess errors)
FAIL: gcc.c-torture/compile/20070603-1.c  -O3 -g  (internal compiler error)
FAIL: gcc.c-torture/compile/20070603-1.c  -O3 -g  (test for excess errors)
FAIL: gcc.c-torture/compile/20070603-1.c  -Os  (internal compiler error)
FAIL: gcc.c-torture/compile/20070603-1.c  -Os  (test for excess errors)
FAIL: gcc.c-torture/compile/20070603-2.c  -O1  (internal compiler error)
FAIL: gcc.c-torture/compile/20070603-2.c  -O1  (test for excess errors)
FAIL: gcc.c-torture/compile/20070603-2.c  -O2  (internal compiler error)
FAIL: gcc.c-torture/compile/20070603-2.c  -O2  (test for excess errors)
FAIL: gcc.c-torture/compile/20070603-2.c  -O3 -fomit-frame-pointer  (internal compiler error)
FAIL: gcc.c-torture/compile/20070603-2.c  -O3 -fomit-frame-pointer  (test for excess errors)
FAIL: gcc.c-torture/compile/20070603-2.c  -O3 -fomit-frame-pointer -funroll-loops  (internal compiler error)
FAIL: gcc.c-torture/compile/20070603-2.c  -O3 -fomit-frame-pointer -funroll-loops  (test for excess errors)
FAIL: gcc.c-torture/compile/20070603-2.c  -O3 -fomit-frame-pointer -funroll-all-loops -finline-functions  (internal compiler error)
FAIL: gcc.c-torture/compile/20070603-2.c  -O3 -fomit-frame-pointer -funroll-all-loops -finline-functions  (test for excess errors)
FAIL: gcc.c-torture/compile/20070603-2.c  -O3 -g  (internal compiler error)
FAIL: gcc.c-torture/compile/20070603-2.c  -O3 -g  (test for excess errors)
FAIL: gcc.c-torture/compile/20070603-2.c  -Os  (internal compiler error)
FAIL: gcc.c-torture/compile/20070603-2.c  -Os  (test for excess errors)
FAIL: gcc.c-torture/compile/20080704-1.c  -O1  (internal compiler error)
FAIL: gcc.c-torture/compile/20080704-1.c  -O1  (test for excess errors)
FAIL: gcc.c-torture/compile/20080704-1.c  -O2  (internal compiler error)
FAIL: gcc.c-torture/compile/20080704-1.c  -O2  (test for excess errors)
FAIL: gcc.c-torture/compile/20080704-1.c  -O3 -fomit-frame-pointer  (internal compiler error)
FAIL: gcc.c-torture/compile/20080704-1.c  -O3 -fomit-frame-pointer  (test for excess errors)
FAIL: gcc.c-torture/compile/20080704-1.c  -O3 -g  (internal compiler error)
FAIL: gcc.c-torture/compile/20080704-1.c  -O3 -g  (test for excess errors)
FAIL: gcc.c-torture/compile/20080704-1.c  -Os  (internal compiler error)
FAIL: gcc.c-torture/compile/20080704-1.c  -Os  (test for excess errors)
FAIL: gcc.c-torture/compile/920501-18.c  -O1  (internal compiler error)
FAIL: gcc.c-torture/compile/920501-18.c  -O1  (test for excess errors)
FAIL: gcc.c-torture/compile/920501-4.c  -O1  (internal compiler error)
FAIL: gcc.c-torture/compile/920501-4.c  -O1  (test for excess errors)
FAIL: gcc.c-torture/compile/920501-4.c  -O2  (internal compiler error)
FAIL: gcc.c-torture/compile/920501-4.c  -O2  (test for excess errors)
FAIL: gcc.c-torture/compile/920501-4.c  -O3 -fomit-frame-pointer  (internal compiler error)
FAIL: gcc.c-torture/compile/920501-4.c  -O3 -fomit-frame-pointer  (test for excess errors)
FAIL: gcc.c-torture/compile/920501-4.c  -O3 -fomit-frame-pointer -funroll-loops  (internal compiler error)
FAIL: gcc.c-torture/compile/920501-4.c  -O3 -fomit-frame-pointer -funroll-loops  (test for excess errors)
FAIL: gcc.c-torture/compile/920501-4.c  -O3 -fomit-frame-pointer -funroll-all-loops -finline-functions  (internal compiler error)
FAIL: gcc.c-torture/compile/920501-4.c  -O3 -fomit-frame-pointer -funroll-all-loops -finline-functions  (test for excess errors)
FAIL: gcc.c-torture/compile/920501-4.c  -O3 -g  (internal compiler error)
FAIL: gcc.c-torture/compile/920501-4.c  -O3 -g  (test for excess errors)
FAIL: gcc.c-torture/compile/920501-4.c  -Os  (internal compiler error)
FAIL: gcc.c-torture/compile/920501-4.c  -Os  (test for excess errors)
FAIL: gcc.c-torture/compile/920710-2.c  -O1  (internal compiler error)
FAIL: gcc.c-torture/compile/920710-2.c  -O1  (test for excess errors)
FAIL: gcc.c-torture/compile/920710-2.c  -O2  (internal compiler error)
FAIL: gcc.c-torture/compile/920710-2.c  -O2  (test for excess errors)
FAIL: gcc.c-torture/compile/920710-2.c  -O3 -fomit-frame-pointer  (internal compiler error)
FAIL: gcc.c-torture/compile/920710-2.c  -O3 -fomit-frame-pointer  (test for excess errors)
FAIL: gcc.c-torture/compile/920710-2.c  -O3 -fomit-frame-pointer -funroll-loops  (internal compiler error)
FAIL: gcc.c-torture/compile/920710-2.c  -O3 -fomit-frame-pointer -funroll-loops  (test for excess errors)
FAIL: gcc.c-torture/compile/920710-2.c  -O3 -fomit-frame-pointer -funroll-all-loops -finline-functions  (internal compiler error)
FAIL: gcc.c-torture/compile/920710-2.c  -O3 -fomit-frame-pointer -funroll-all-loops -finline-functions  (test for excess errors)
FAIL: gcc.c-torture/compile/920710-2.c  -O3 -g  (internal compiler error)
FAIL: gcc.c-torture/compile/920710-2.c  -O3 -g  (test for excess errors)
FAIL: gcc.c-torture/compile/920710-2.c  -Os  (internal compiler error)
FAIL: gcc.c-torture/compile/920710-2.c  -Os  (test for excess errors)
FAIL: gcc.c-torture/compile/920723-1.c  -O1  (internal compiler error)
FAIL: gcc.c-torture/compile/920723-1.c  -O1  (test for excess errors)
FAIL: gcc.c-torture/compile/920723-1.c  -O2  (internal compiler error)
FAIL: gcc.c-torture/compile/920723-1.c  -O2  (test for excess errors)
FAIL: gcc.c-torture/compile/920723-1.c  -O3 -fomit-frame-pointer  (internal compiler error)
FAIL: gcc.c-torture/compile/920723-1.c  -O3 -fomit-frame-pointer  (test for excess errors)
FAIL: gcc.c-torture/compile/920723-1.c  -O3 -fomit-frame-pointer -funroll-loops  (internal compiler error)
FAIL: gcc.c-torture/compile/920723-1.c  -O3 -fomit-frame-pointer -funroll-loops  (test for excess errors)
FAIL: gcc.c-torture/compile/920723-1.c  -O3 -fomit-frame-pointer -funroll-all-loops -finline-functions  (internal compiler error)
FAIL: gcc.c-torture/compile/920723-1.c  -O3 -fomit-frame-pointer -funroll-all-loops -finline-functions  (test for excess errors)
FAIL: gcc.c-torture/compile/920723-1.c  -O3 -g  (internal compiler error)
FAIL: gcc.c-torture/compile/920723-1.c  -O3 -g  (test for excess errors)
FAIL: gcc.c-torture/compile/920723-1.c  -Os  (internal compiler error)
FAIL: gcc.c-torture/compile/920723-1.c  -Os  (test for excess errors)
FAIL: gcc.c-torture/compile/920825-2.c  -O1  (internal compiler error)
FAIL: gcc.c-torture/compile/920825-2.c  -O1  (test for excess errors)
FAIL: gcc.c-torture/compile/920825-2.c  -O2  (internal compiler error)
FAIL: gcc.c-torture/compile/920825-2.c  -O2  (test for excess errors)
FAIL: gcc.c-torture/compile/920825-2.c  -O3 -fomit-frame-pointer  (internal compiler error)
FAIL: gcc.c-torture/compile/920825-2.c  -O3 -fomit-frame-pointer  (test for excess errors)
FAIL: gcc.c-torture/compile/920825-2.c  -O3 -fomit-frame-pointer -funroll-loops  (internal compiler error)
FAIL: gcc.c-torture/compile/920825-2.c  -O3 -fomit-frame-pointer -funroll-loops  (test for excess errors)
FAIL: gcc.c-torture/compile/920825-2.c  -O3 -fomit-frame-pointer -funroll-all-loops -finline-functions  (internal compiler error)
FAIL: gcc.c-torture/compile/920825-2.c  -O3 -fomit-frame-pointer -funroll-all-loops -finline-functions  (test for excess errors)
FAIL: gcc.c-torture/compile/920825-2.c  -O3 -g  (internal compiler error)
FAIL: gcc.c-torture/compile/920825-2.c  -O3 -g  (test for excess errors)
FAIL: gcc.c-torture/compile/920825-2.c  -Os  (internal compiler error)
FAIL: gcc.c-torture/compile/920825-2.c  -Os  (test for excess errors)
FAIL: gcc.c-torture/compile/921206-1.c  -O1  (internal compiler error)
FAIL: gcc.c-torture/compile/921206-1.c  -O1  (test for excess errors)
FAIL: gcc.c-torture/compile/921206-1.c  -O2  (internal compiler error)
FAIL: gcc.c-torture/compile/921206-1.c  -O2  (test for excess errors)
FAIL: gcc.c-torture/compile/921206-1.c  -O3 -fomit-frame-pointer  (internal compiler error)
FAIL: gcc.c-torture/compile/921206-1.c  -O3 -fomit-frame-pointer  (test for excess errors)
FAIL: gcc.c-torture/compile/921206-1.c  -O3 -fomit-frame-pointer -funroll-loops  (internal compiler error)
FAIL: gcc.c-torture/compile/921206-1.c  -O3 -fomit-frame-pointer -funroll-loops  (test for excess errors)
FAIL: gcc.c-torture/compile/921206-1.c  -O3 -fomit-frame-pointer -funroll-all-loops -finline-functions  (internal compiler error)
FAIL: gcc.c-torture/compile/921206-1.c  -O3 -fomit-frame-pointer -funroll-all-loops -finline-functions  (test for excess errors)
FAIL: gcc.c-torture/compile/921206-1.c  -O3 -g  (internal compiler error)
FAIL: gcc.c-torture/compile/921206-1.c  -O3 -g  (test for excess errors)
FAIL: gcc.c-torture/compile/921206-1.c  -Os  (internal compiler error)
FAIL: gcc.c-torture/compile/921206-1.c  -Os  (test for excess errors)
FAIL: gcc.c-torture/compile/930421-1.c  -O1  (internal compiler error)
FAIL: gcc.c-torture/compile/930421-1.c  -O1  (test for excess errors)
FAIL: gcc.c-torture/compile/930421-1.c  -O2  (internal compiler error)
FAIL: gcc.c-torture/compile/930421-1.c  -O2  (test for excess errors)
FAIL: gcc.c-torture/compile/930421-1.c  -O3 -fomit-frame-pointer  (internal compiler error)
FAIL: gcc.c-torture/compile/930421-1.c  -O3 -fomit-frame-pointer  (test for excess errors)
FAIL: gcc.c-torture/compile/930421-1.c  -O3 -fomit-frame-pointer -funroll-loops  (internal compiler error)
FAIL: gcc.c-torture/compile/930421-1.c  -O3 -fomit-frame-pointer -funroll-loops  (test for excess errors)
FAIL: gcc.c-torture/compile/930421-1.c  -O3 -fomit-frame-pointer -funroll-all-loops -finline-functions  (internal compiler error)
FAIL: gcc.c-torture/compile/930421-1.c  -O3 -fomit-frame-pointer -funroll-all-loops -finline-functions  (test for excess errors)
FAIL: gcc.c-torture/compile/930421-1.c  -O3 -g  (internal compiler error)
FAIL: gcc.c-torture/compile/930421-1.c  -O3 -g  (test for excess errors)
FAIL: gcc.c-torture/compile/930421-1.c  -Os  (internal compiler error)
FAIL: gcc.c-torture/compile/930421-1.c  -Os  (test for excess errors)
FAIL: gcc.c-torture/compile/930513-2.c  -O1  (internal compiler error)
FAIL: gcc.c-torture/compile/930513-2.c  -O1  (test for excess errors)
FAIL: gcc.c-torture/compile/930513-2.c  -O2  (internal compiler error)
FAIL: gcc.c-torture/compile/930513-2.c  -O2  (test for excess errors)
FAIL: gcc.c-torture/compile/930513-2.c  -O3 -fomit-frame-pointer  (internal compiler error)
FAIL: gcc.c-torture/compile/930513-2.c  -O3 -fomit-frame-pointer  (test for excess errors)
FAIL: gcc.c-torture/compile/930513-2.c  -O3 -fomit-frame-pointer -funroll-loops  (internal compiler error)
FAIL: gcc.c-torture/compile/930513-2.c  -O3 -fomit-frame-pointer -funroll-loops  (test for excess errors)
FAIL: gcc.c-torture/compile/930513-2.c  -O3 -fomit-frame-pointer -funroll-all-loops -finline-functions  (internal compiler error)
FAIL: gcc.c-torture/compile/930513-2.c  -O3 -fomit-frame-pointer -funroll-all-loops -finline-functions  (test for excess errors)
FAIL: gcc.c-torture/compile/930513-2.c  -O3 -g  (internal compiler error)
FAIL: gcc.c-torture/compile/930513-2.c  -O3 -g  (test for excess errors)
FAIL: gcc.c-torture/compile/930513-2.c  -Os  (internal compiler error)
FAIL: gcc.c-torture/compile/930513-2.c  -Os  (test for excess errors)
FAIL: gcc.c-torture/compile/931003-1.c  -O1  (internal compiler error)
FAIL: gcc.c-torture/compile/931003-1.c  -O1  (test for excess errors)
FAIL: gcc.c-torture/compile/931003-1.c  -O2  (internal compiler error)
FAIL: gcc.c-torture/compile/931003-1.c  -O2  (test for excess errors)
FAIL: gcc.c-torture/compile/931003-1.c  -O3 -fomit-frame-pointer  (internal compiler error)
FAIL: gcc.c-torture/compile/931003-1.c  -O3 -fomit-frame-pointer  (test for excess errors)
FAIL: gcc.c-torture/compile/931003-1.c  -O3 -fomit-frame-pointer -funroll-loops  (internal compiler error)
FAIL: gcc.c-torture/compile/931003-1.c  -O3 -fomit-frame-pointer -funroll-loops  (test for excess errors)
FAIL: gcc.c-torture/compile/931003-1.c  -O3 -fomit-frame-pointer -funroll-all-loops -finline-functions  (internal compiler error)
FAIL: gcc.c-torture/compile/931003-1.c  -O3 -fomit-frame-pointer -funroll-all-loops -finline-functions  (test for excess errors)
FAIL: gcc.c-torture/compile/931003-1.c  -O3 -g  (internal compiler error)
FAIL: gcc.c-torture/compile/931003-1.c  -O3 -g  (test for excess errors)
FAIL: gcc.c-torture/compile/931003-1.c  -Os  (internal compiler error)
FAIL: gcc.c-torture/compile/931003-1.c  -Os  (test for excess errors)
FAIL: gcc.c-torture/compile/950922-1.c  -O1  (internal compiler error)
FAIL: gcc.c-torture/compile/950922-1.c  -O1  (test for excess errors)
FAIL: gcc.c-torture/compile/950922-1.c  -O2  (internal compiler error)
FAIL: gcc.c-torture/compile/950922-1.c  -O2  (test for excess errors)
FAIL: gcc.c-torture/compile/950922-1.c  -O3 -fomit-frame-pointer  (internal compiler error)
FAIL: gcc.c-torture/compile/950922-1.c  -O3 -fomit-frame-pointer  (test for excess errors)
FAIL: gcc.c-torture/compile/950922-1.c  -O3 -fomit-frame-pointer -funroll-loops  (internal compiler error)
FAIL: gcc.c-torture/compile/950922-1.c  -O3 -fomit-frame-pointer -funroll-loops  (test for excess errors)
FAIL: gcc.c-torture/compile/950922-1.c  -O3 -fomit-frame-pointer -funroll-all-loops -finline-functions  (internal compiler error)
FAIL: gcc.c-torture/compile/950922-1.c  -O3 -fomit-frame-pointer -funroll-all-loops -finline-functions  (test for excess errors)
FAIL: gcc.c-torture/compile/950922-1.c  -O3 -g  (internal compiler error)
FAIL: gcc.c-torture/compile/950922-1.c  -O3 -g  (test for excess errors)
FAIL: gcc.c-torture/compile/950922-1.c  -Os  (internal compiler error)
FAIL: gcc.c-torture/compile/950922-1.c  -Os  (test for excess errors)
FAIL: gcc.c-torture/compile/990523-1.c  -O1  (internal compiler error)
FAIL: gcc.c-torture/compile/990523-1.c  -O1  (test for excess errors)
FAIL: gcc.c-torture/compile/991214-1.c  -O1  (internal compiler error)
FAIL: gcc.c-torture/compile/991214-1.c  -O1  (test for excess errors)
FAIL: gcc.c-torture/compile/991214-1.c  -O2  (internal compiler error)
FAIL: gcc.c-torture/compile/991214-1.c  -O2  (test for excess errors)
FAIL: gcc.c-torture/compile/991214-1.c  -O3 -fomit-frame-pointer  (internal compiler error)
FAIL: gcc.c-torture/compile/991214-1.c  -O3 -fomit-frame-pointer  (test for excess errors)
FAIL: gcc.c-torture/compile/991214-1.c  -O3 -fomit-frame-pointer -funroll-loops  (internal compiler error)
FAIL: gcc.c-torture/compile/991214-1.c  -O3 -fomit-frame-pointer -funroll-loops  (test for excess errors)
FAIL: gcc.c-torture/compile/991214-1.c  -O3 -fomit-frame-pointer -funroll-all-loops -finline-functions  (internal compiler error)
FAIL: gcc.c-torture/compile/991214-1.c  -O3 -fomit-frame-pointer -funroll-all-loops -finline-functions  (test for excess errors)
FAIL: gcc.c-torture/compile/991214-1.c  -O3 -g  (internal compiler error)
FAIL: gcc.c-torture/compile/991214-1.c  -O3 -g  (test for excess errors)
FAIL: gcc.c-torture/compile/991214-1.c  -Os  (internal compiler error)
FAIL: gcc.c-torture/compile/991214-1.c  -Os  (test for excess errors)
FAIL: gcc.c-torture/compile/pr16808.c  -O1  (internal compiler error)
FAIL: gcc.c-torture/compile/pr16808.c  -O1  (test for excess errors)
FAIL: gcc.c-torture/compile/pr16808.c  -O2  (internal compiler error)
FAIL: gcc.c-torture/compile/pr16808.c  -O2  (test for excess errors)
FAIL: gcc.c-torture/compile/pr16808.c  -O3 -fomit-frame-pointer  (internal compiler error)
FAIL: gcc.c-torture/compile/pr16808.c  -O3 -fomit-frame-pointer  (test for excess errors)
FAIL: gcc.c-torture/compile/pr16808.c  -O3 -fomit-frame-pointer -funroll-loops  (internal compiler error)
FAIL: gcc.c-torture/compile/pr16808.c  -O3 -fomit-frame-pointer -funroll-loops  (test for excess errors)
FAIL: gcc.c-torture/compile/pr16808.c  -O3 -fomit-frame-pointer -funroll-all-loops -finline-functions  (internal compiler error)
FAIL: gcc.c-torture/compile/pr16808.c  -O3 -fomit-frame-pointer -funroll-all-loops -finline-functions  (test for excess errors)
FAIL: gcc.c-torture/compile/pr16808.c  -O3 -g  (internal compiler error)
FAIL: gcc.c-torture/compile/pr16808.c  -O3 -g  (test for excess errors)
FAIL: gcc.c-torture/compile/pr16808.c  -Os  (internal compiler error)
FAIL: gcc.c-torture/compile/pr16808.c  -Os  (test for excess errors)
FAIL: gcc.c-torture/compile/pr21380.c  -O1  (internal compiler error)
FAIL: gcc.c-torture/compile/pr21380.c  -O1  (test for excess errors)
FAIL: gcc.c-torture/compile/pr21380.c  -Os  (internal compiler error)
FAIL: gcc.c-torture/compile/pr21380.c  -Os  (test for excess errors)
FAIL: gcc.c-torture/compile/pr25483.c  -O1  (internal compiler error)
FAIL: gcc.c-torture/compile/pr25483.c  -O1  (test for excess errors)
FAIL: gcc.c-torture/compile/pr25483.c  -O2  (internal compiler error)
FAIL: gcc.c-torture/compile/pr25483.c  -O2  (test for excess errors)
FAIL: gcc.c-torture/compile/pr25483.c  -Os  (internal compiler error)
FAIL: gcc.c-torture/compile/pr25483.c  -Os  (test for excess errors)
FAIL: gcc.c-torture/compile/pr33855.c  -O1  (internal compiler error)
FAIL: gcc.c-torture/compile/pr33855.c  -O1  (test for excess errors)
FAIL: gcc.c-torture/compile/pr33855.c  -O2  (internal compiler error)
FAIL: gcc.c-torture/compile/pr33855.c  -O2  (test for excess errors)
FAIL: gcc.c-torture/compile/pr33855.c  -O3 -fomit-frame-pointer  (internal compiler error)
FAIL: gcc.c-torture/compile/pr33855.c  -O3 -fomit-frame-pointer  (test for excess errors)
FAIL: gcc.c-torture/compile/pr33855.c  -O3 -fomit-frame-pointer -funroll-loops  (internal compiler error)
FAIL: gcc.c-torture/compile/pr33855.c  -O3 -fomit-frame-pointer -funroll-loops  (test for excess errors)
FAIL: gcc.c-torture/compile/pr33855.c  -O3 -fomit-frame-pointer -funroll-all-loops -finline-functions  (internal compiler error)
FAIL: gcc.c-torture/compile/pr33855.c  -O3 -fomit-frame-pointer -funroll-all-loops -finline-functions  (test for excess errors)
FAIL: gcc.c-torture/compile/pr33855.c  -O3 -g  (internal compiler error)
FAIL: gcc.c-torture/compile/pr33855.c  -O3 -g  (test for excess errors)
FAIL: gcc.c-torture/compile/pr33855.c  -Os  (internal compiler error)
FAIL: gcc.c-torture/compile/pr33855.c  -Os  (test for excess errors)
FAIL: gcc.c-torture/compile/pr34091.c  -O1  (internal compiler error)
FAIL: gcc.c-torture/compile/pr34091.c  -O1  (test for excess errors)
FAIL: gcc.c-torture/compile/pr34091.c  -O2  (internal compiler error)
FAIL: gcc.c-torture/compile/pr34091.c  -O2  (test for excess errors)
FAIL: gcc.c-torture/compile/pr34091.c  -O3 -fomit-frame-pointer  (internal compiler error)
FAIL: gcc.c-torture/compile/pr34091.c  -O3 -fomit-frame-pointer  (test for excess errors)
FAIL: gcc.c-torture/compile/pr34091.c  -O3 -fomit-frame-pointer -funroll-loops  (internal compiler error)
FAIL: gcc.c-torture/compile/pr34091.c  -O3 -fomit-frame-pointer -funroll-loops  (test for excess errors)
FAIL: gcc.c-torture/compile/pr34091.c  -O3 -fomit-frame-pointer -funroll-all-loops -finline-functions  (internal compiler error)
FAIL: gcc.c-torture/compile/pr34091.c  -O3 -fomit-frame-pointer -funroll-all-loops -finline-functions  (test for excess errors)
FAIL: gcc.c-torture/compile/pr34091.c  -O3 -g  (internal compiler error)
FAIL: gcc.c-torture/compile/pr34091.c  -O3 -g  (test for excess errors)
FAIL: gcc.c-torture/compile/pr34091.c  -Os  (internal compiler error)
FAIL: gcc.c-torture/compile/pr34091.c  -Os  (test for excess errors)
FAIL: gcc.c-torture/compile/pr35043.c  -O1  (internal compiler error)
FAIL: gcc.c-torture/compile/pr35043.c  -O1  (test for excess errors)
FAIL: gcc.c-torture/compile/pr35043.c  -O2  (internal compiler error)
FAIL: gcc.c-torture/compile/pr35043.c  -O2  (test for excess errors)
FAIL: gcc.c-torture/compile/pr35043.c  -O3 -fomit-frame-pointer  (internal compiler error)
FAIL: gcc.c-torture/compile/pr35043.c  -O3 -fomit-frame-pointer  (test for excess errors)
FAIL: gcc.c-torture/compile/pr35043.c  -O3 -fomit-frame-pointer -funroll-loops  (internal compiler error)
FAIL: gcc.c-torture/compile/pr35043.c  -O3 -fomit-frame-pointer -funroll-loops  (test for excess errors)
FAIL: gcc.c-torture/compile/pr35043.c  -O3 -fomit-frame-pointer -funroll-all-loops -finline-functions  (internal compiler error)
FAIL: gcc.c-torture/compile/pr35043.c  -O3 -fomit-frame-pointer -funroll-all-loops -finline-functions  (test for excess errors)
FAIL: gcc.c-torture/compile/pr35043.c  -O3 -g  (internal compiler error)
FAIL: gcc.c-torture/compile/pr35043.c  -O3 -g  (test for excess errors)
FAIL: gcc.c-torture/compile/pr35043.c  -Os  (internal compiler error)
FAIL: gcc.c-torture/compile/pr35043.c  -Os  (test for excess errors)
FAIL: gcc.c-torture/compile/ssa-pre-1.c  -O1  (internal compiler error)
FAIL: gcc.c-torture/compile/ssa-pre-1.c  -O1  (test for excess errors)
FAIL: gcc.c-torture/compile/ssa-pre-1.c  -O2  (internal compiler error)
FAIL: gcc.c-torture/compile/ssa-pre-1.c  -O2  (test for excess errors)
FAIL: gcc.c-torture/compile/ssa-pre-1.c  -O3 -fomit-frame-pointer  (internal compiler error)
FAIL: gcc.c-torture/compile/ssa-pre-1.c  -O3 -fomit-frame-pointer  (test for excess errors)
FAIL: gcc.c-torture/compile/ssa-pre-1.c  -O3 -fomit-frame-pointer -funroll-loops  (internal compiler error)
FAIL: gcc.c-torture/compile/ssa-pre-1.c  -O3 -fomit-frame-pointer -funroll-loops  (test for excess errors)
FAIL: gcc.c-torture/compile/ssa-pre-1.c  -O3 -fomit-frame-pointer -funroll-all-loops -finline-functions  (internal compiler error)
FAIL: gcc.c-torture/compile/ssa-pre-1.c  -O3 -fomit-frame-pointer -funroll-all-loops -finline-functions  (test for excess errors)
FAIL: gcc.c-torture/compile/ssa-pre-1.c  -O3 -g  (internal compiler error)
FAIL: gcc.c-torture/compile/ssa-pre-1.c  -O3 -g  (test for excess errors)
FAIL: gcc.c-torture/compile/ssa-pre-1.c  -Os  (internal compiler error)
FAIL: gcc.c-torture/compile/ssa-pre-1.c  -Os  (test for excess errors)
FAIL: gcc.c-torture/execute/builtins/memops-asm.c compilation,  -O0 
UNRESOLVED: gcc.c-torture/execute/builtins/memops-asm.c execution,  -O0 
FAIL: gcc.c-torture/execute/builtins/memops-asm.c compilation,  -O1 
UNRESOLVED: gcc.c-torture/execute/builtins/memops-asm.c execution,  -O1 
FAIL: gcc.c-torture/execute/builtins/memops-asm.c compilation,  -O2 
UNRESOLVED: gcc.c-torture/execute/builtins/memops-asm.c execution,  -O2 
FAIL: gcc.c-torture/execute/builtins/memops-asm.c compilation,  -O3 -fomit-frame-pointer 
UNRESOLVED: gcc.c-torture/execute/builtins/memops-asm.c execution,  -O3 -fomit-frame-pointer 
FAIL: gcc.c-torture/execute/builtins/memops-asm.c compilation,  -O3 -g 
UNRESOLVED: gcc.c-torture/execute/builtins/memops-asm.c execution,  -O3 -g 
FAIL: gcc.c-torture/execute/builtins/memops-asm.c compilation,  -Os 
UNRESOLVED: gcc.c-torture/execute/builtins/memops-asm.c execution,  -Os 
FAIL: gcc.c-torture/execute/builtins/strstr-asm.c compilation,  -O0 
UNRESOLVED: gcc.c-torture/execute/builtins/strstr-asm.c execution,  -O0 
FAIL: gcc.c-torture/execute/builtins/strstr-asm.c compilation,  -O1 
UNRESOLVED: gcc.c-torture/execute/builtins/strstr-asm.c execution,  -O1 
FAIL: gcc.c-torture/execute/builtins/strstr-asm.c compilation,  -O2 
UNRESOLVED: gcc.c-torture/execute/builtins/strstr-asm.c execution,  -O2 
FAIL: gcc.c-torture/execute/builtins/strstr-asm.c compilation,  -O3 -fomit-frame-pointer 
UNRESOLVED: gcc.c-torture/execute/builtins/strstr-asm.c execution,  -O3 -fomit-frame-pointer 
FAIL: gcc.c-torture/execute/builtins/strstr-asm.c compilation,  -O3 -g 
UNRESOLVED: gcc.c-torture/execute/builtins/strstr-asm.c execution,  -O3 -g 
FAIL: gcc.c-torture/execute/builtins/strstr-asm.c compilation,  -Os 
UNRESOLVED: gcc.c-torture/execute/builtins/strstr-asm.c execution,  -Os 
FAIL: gcc.c-torture/execute/20000731-1.c compilation,  -O1  (internal compiler error)
UNRESOLVED: gcc.c-torture/execute/20000731-1.c execution,  -O1 
FAIL: gcc.c-torture/execute/20000731-1.c compilation,  -O2  (internal compiler error)
UNRESOLVED: gcc.c-torture/execute/20000731-1.c execution,  -O2 
FAIL: gcc.c-torture/execute/20000731-1.c compilation,  -O3 -fomit-frame-pointer  (internal compiler error)
UNRESOLVED: gcc.c-torture/execute/20000731-1.c execution,  -O3 -fomit-frame-pointer 
FAIL: gcc.c-torture/execute/20000731-1.c compilation,  -O3 -fomit-frame-pointer -funroll-loops  (internal compiler error)
UNRESOLVED: gcc.c-torture/execute/20000731-1.c execution,  -O3 -fomit-frame-pointer -funroll-loops 
FAIL: gcc.c-torture/execute/20000731-1.c compilation,  -O3 -fomit-frame-pointer -funroll-all-loops -finline-functions  (internal compiler error)
UNRESOLVED: gcc.c-torture/execute/20000731-1.c execution,  -O3 -fomit-frame-pointer -funroll-all-loops -finline-functions 
FAIL: gcc.c-torture/execute/20000731-1.c compilation,  -O3 -g  (internal compiler error)
UNRESOLVED: gcc.c-torture/execute/20000731-1.c execution,  -O3 -g 
FAIL: gcc.c-torture/execute/20000731-1.c compilation,  -Os  (internal compiler error)
UNRESOLVED: gcc.c-torture/execute/20000731-1.c execution,  -Os 
FAIL: gcc.c-torture/execute/20020413-1.c compilation,  -O1  (internal compiler error)
UNRESOLVED: gcc.c-torture/execute/20020413-1.c execution,  -O1 
FAIL: gcc.c-torture/execute/20020413-1.c compilation,  -O2  (internal compiler error)
UNRESOLVED: gcc.c-torture/execute/20020413-1.c execution,  -O2 
FAIL: gcc.c-torture/execute/20020413-1.c compilation,  -Os  (internal compiler error)
UNRESOLVED: gcc.c-torture/execute/20020413-1.c execution,  -Os 
FAIL: gcc.c-torture/execute/20071030-1.c compilation,  -O1  (internal compiler error)
UNRESOLVED: gcc.c-torture/execute/20071030-1.c execution,  -O1 
FAIL: gcc.c-torture/execute/930614-2.c compilation,  -Os  (internal compiler error)
UNRESOLVED: gcc.c-torture/execute/930614-2.c execution,  -Os 
FAIL: gcc.c-torture/execute/991019-1.c compilation,  -O1  (internal compiler error)
UNRESOLVED: gcc.c-torture/execute/991019-1.c execution,  -O1 
FAIL: gcc.c-torture/execute/loop-8.c compilation,  -O2  (internal compiler error)
UNRESOLVED: gcc.c-torture/execute/loop-8.c execution,  -O2 
FAIL: gcc.c-torture/execute/loop-8.c compilation,  -Os  (internal compiler error)
UNRESOLVED: gcc.c-torture/execute/loop-8.c execution,  -Os 
FAIL: gcc.c-torture/execute/memset-1.c execution,  -O0 
FAIL: gcc.c-torture/execute/memset-1.c execution,  -O1 
FAIL: gcc.c-torture/execute/memset-1.c execution,  -O2 
FAIL: gcc.c-torture/execute/memset-1.c execution,  -O3 -fomit-frame-pointer 
FAIL: gcc.c-torture/execute/memset-1.c execution,  -O3 -fomit-frame-pointer -funroll-loops 
FAIL: gcc.c-torture/execute/memset-1.c execution,  -O3 -fomit-frame-pointer -funroll-all-loops -finline-functions 
FAIL: gcc.c-torture/execute/memset-1.c execution,  -O3 -g 
FAIL: gcc.c-torture/execute/memset-1.c execution,  -Os 
FAIL: gcc.c-torture/execute/memset-2.c execution,  -O0 
FAIL: gcc.c-torture/execute/memset-2.c execution,  -O1 
FAIL: gcc.c-torture/execute/memset-2.c execution,  -O2 
FAIL: gcc.c-torture/execute/memset-2.c execution,  -O3 -fomit-frame-pointer 
FAIL: gcc.c-torture/execute/memset-2.c execution,  -O3 -fomit-frame-pointer -funroll-loops 
FAIL: gcc.c-torture/execute/memset-2.c execution,  -O3 -fomit-frame-pointer -funroll-all-loops -finline-functions 
FAIL: gcc.c-torture/execute/memset-2.c execution,  -O3 -g 
FAIL: gcc.c-torture/execute/memset-2.c execution,  -Os 
FAIL: gcc.c-torture/execute/memset-3.c execution,  -O0 
FAIL: gcc.c-torture/execute/memset-3.c execution,  -O1 
FAIL: gcc.c-torture/execute/memset-3.c execution,  -O2 
FAIL: gcc.c-torture/execute/memset-3.c execution,  -O3 -fomit-frame-pointer 
FAIL: gcc.c-torture/execute/memset-3.c execution,  -O3 -fomit-frame-pointer -funroll-loops 
FAIL: gcc.c-torture/execute/memset-3.c execution,  -O3 -fomit-frame-pointer -funroll-all-loops -finline-functions 
FAIL: gcc.c-torture/execute/memset-3.c execution,  -O3 -g 
FAIL: gcc.c-torture/execute/memset-3.c execution,  -Os 
FAIL: gcc.c-torture/execute/pr36034-1.c compilation,  -O1  (internal compiler error)
UNRESOLVED: gcc.c-torture/execute/pr36034-1.c execution,  -O1 
FAIL: gcc.c-torture/execute/pr36034-1.c compilation,  -O2  (internal compiler error)
UNRESOLVED: gcc.c-torture/execute/pr36034-1.c execution,  -O2 
FAIL: gcc.c-torture/execute/pr36034-1.c compilation,  -Os  (internal compiler error)
UNRESOLVED: gcc.c-torture/execute/pr36034-1.c execution,  -Os 
FAIL: gcc.c-torture/execute/pr36034-2.c compilation,  -O1  (internal compiler error)
UNRESOLVED: gcc.c-torture/execute/pr36034-2.c execution,  -O1 
FAIL: gcc.c-torture/execute/pr36034-2.c compilation,  -O2  (internal compiler error)
UNRESOLVED: gcc.c-torture/execute/pr36034-2.c execution,  -O2 
FAIL: gcc.c-torture/execute/pr36034-2.c compilation,  -Os  (internal compiler error)
UNRESOLVED: gcc.c-torture/execute/pr36034-2.c execution,  -Os 
FAIL: gcc.c-torture/execute/simd-2.c compilation,  -O0  (internal compiler error)
UNRESOLVED: gcc.c-torture/execute/simd-2.c execution,  -O0 
FAIL: gcc.c-torture/execute/stdarg-3.c compilation,  -O1  (internal compiler error)
UNRESOLVED: gcc.c-torture/execute/stdarg-3.c execution,  -O1 
FAIL: gcc.c-torture/execute/stdarg-3.c compilation,  -O2  (internal compiler error)
UNRESOLVED: gcc.c-torture/execute/stdarg-3.c execution,  -O2 
FAIL: gcc.c-torture/execute/stdarg-3.c compilation,  -O3 -fomit-frame-pointer  (internal compiler error)
UNRESOLVED: gcc.c-torture/execute/stdarg-3.c execution,  -O3 -fomit-frame-pointer 
FAIL: gcc.c-torture/execute/stdarg-3.c compilation,  -O3 -fomit-frame-pointer -funroll-loops  (internal compiler error)
UNRESOLVED: gcc.c-torture/execute/stdarg-3.c execution,  -O3 -fomit-frame-pointer -funroll-loops 
FAIL: gcc.c-torture/execute/stdarg-3.c compilation,  -O3 -fomit-frame-pointer -funroll-all-loops -finline-functions  (internal compiler error)
UNRESOLVED: gcc.c-torture/execute/stdarg-3.c execution,  -O3 -fomit-frame-pointer -funroll-all-loops -finline-functions 
FAIL: gcc.c-torture/execute/stdarg-3.c compilation,  -O3 -g  (internal compiler error)
UNRESOLVED: gcc.c-torture/execute/stdarg-3.c execution,  -O3 -g 
FAIL: gcc.c-torture/execute/stdarg-3.c compilation,  -Os  (internal compiler error)
UNRESOLVED: gcc.c-torture/execute/stdarg-3.c execution,  -Os 
FAIL: gcc.c-torture/execute/ieee/20001122-1.c compilation,  -O1  (internal compiler error)
UNRESOLVED: gcc.c-torture/execute/ieee/20001122-1.c execution,  -O1 
FAIL: gcc.c-torture/execute/ieee/20001122-1.c compilation,  -O2  (internal compiler error)
UNRESOLVED: gcc.c-torture/execute/ieee/20001122-1.c execution,  -O2 
FAIL: gcc.c-torture/execute/ieee/20001122-1.c compilation,  -O3 -fomit-frame-pointer  (internal compiler error)
UNRESOLVED: gcc.c-torture/execute/ieee/20001122-1.c execution,  -O3 -fomit-frame-pointer 
FAIL: gcc.c-torture/execute/ieee/20001122-1.c compilation,  -O3 -fomit-frame-pointer -funroll-loops  (internal compiler error)
UNRESOLVED: gcc.c-torture/execute/ieee/20001122-1.c execution,  -O3 -fomit-frame-pointer -funroll-loops 
FAIL: gcc.c-torture/execute/ieee/20001122-1.c compilation,  -O3 -fomit-frame-pointer -funroll-all-loops -finline-functions  (internal compiler error)
UNRESOLVED: gcc.c-torture/execute/ieee/20001122-1.c execution,  -O3 -fomit-frame-pointer -funroll-all-loops -finline-functions 
FAIL: gcc.c-torture/execute/ieee/20001122-1.c compilation,  -O3 -g  (internal compiler error)
UNRESOLVED: gcc.c-torture/execute/ieee/20001122-1.c execution,  -O3 -g 
FAIL: gcc.c-torture/execute/ieee/20001122-1.c compilation,  -Os  (internal compiler error)
UNRESOLVED: gcc.c-torture/execute/ieee/20001122-1.c execution,  -Os 
FAIL: gcc.c-torture/execute/ieee/fp-cmp-8.c compilation,  -O1  (internal compiler error)
UNRESOLVED: gcc.c-torture/execute/ieee/fp-cmp-8.c execution,  -O1 
FAIL: gcc.c-torture/execute/ieee/fp-cmp-8.c compilation,  -O2  (internal compiler error)
UNRESOLVED: gcc.c-torture/execute/ieee/fp-cmp-8.c execution,  -O2 
FAIL: gcc.c-torture/execute/ieee/fp-cmp-8.c compilation,  -O3 -fomit-frame-pointer  (internal compiler error)
UNRESOLVED: gcc.c-torture/execute/ieee/fp-cmp-8.c execution,  -O3 -fomit-frame-pointer 
FAIL: gcc.c-torture/execute/ieee/fp-cmp-8.c compilation,  -O3 -fomit-frame-pointer -funroll-loops  (internal compiler error)
UNRESOLVED: gcc.c-torture/execute/ieee/fp-cmp-8.c execution,  -O3 -fomit-frame-pointer -funroll-loops 
FAIL: gcc.c-torture/execute/ieee/fp-cmp-8.c compilation,  -O3 -fomit-frame-pointer -funroll-all-loops -finline-functions  (internal compiler error)
UNRESOLVED: gcc.c-torture/execute/ieee/fp-cmp-8.c execution,  -O3 -fomit-frame-pointer -funroll-all-loops -finline-functions 
FAIL: gcc.c-torture/execute/ieee/fp-cmp-8.c compilation,  -O3 -g  (internal compiler error)
UNRESOLVED: gcc.c-torture/execute/ieee/fp-cmp-8.c execution,  -O3 -g 
FAIL: gcc.c-torture/execute/ieee/fp-cmp-8.c compilation,  -Os  (internal compiler error)
UNRESOLVED: gcc.c-torture/execute/ieee/fp-cmp-8.c execution,  -Os 
FAIL: gcc.c-torture/execute/ieee/fp-cmp-8f.c compilation,  -O1  (internal compiler error)
UNRESOLVED: gcc.c-torture/execute/ieee/fp-cmp-8f.c execution,  -O1 
FAIL: gcc.c-torture/execute/ieee/fp-cmp-8f.c compilation,  -O2  (internal compiler error)
UNRESOLVED: gcc.c-torture/execute/ieee/fp-cmp-8f.c execution,  -O2 
FAIL: gcc.c-torture/execute/ieee/fp-cmp-8f.c compilation,  -O3 -fomit-frame-pointer  (internal compiler error)
UNRESOLVED: gcc.c-torture/execute/ieee/fp-cmp-8f.c execution,  -O3 -fomit-frame-pointer 
FAIL: gcc.c-torture/execute/ieee/fp-cmp-8f.c compilation,  -O3 -g  (internal compiler error)
UNRESOLVED: gcc.c-torture/execute/ieee/fp-cmp-8f.c execution,  -O3 -g 
FAIL: gcc.c-torture/execute/ieee/fp-cmp-8f.c compilation,  -Os  (internal compiler error)
UNRESOLVED: gcc.c-torture/execute/ieee/fp-cmp-8f.c execution,  -Os 
FAIL: gcc.c-torture/execute/ieee/fp-cmp-8l.c compilation,  -O1  (internal compiler error)
UNRESOLVED: gcc.c-torture/execute/ieee/fp-cmp-8l.c execution,  -O1 
FAIL: gcc.c-torture/execute/ieee/fp-cmp-8l.c compilation,  -O2  (internal compiler error)
UNRESOLVED: gcc.c-torture/execute/ieee/fp-cmp-8l.c execution,  -O2 
FAIL: gcc.c-torture/execute/ieee/fp-cmp-8l.c compilation,  -O3 -fomit-frame-pointer  (internal compiler error)
UNRESOLVED: gcc.c-torture/execute/ieee/fp-cmp-8l.c execution,  -O3 -fomit-frame-pointer 
FAIL: gcc.c-torture/execute/ieee/fp-cmp-8l.c compilation,  -O3 -g  (internal compiler error)
UNRESOLVED: gcc.c-torture/execute/ieee/fp-cmp-8l.c execution,  -O3 -g 
FAIL: gcc.c-torture/execute/ieee/fp-cmp-8l.c compilation,  -Os  (internal compiler error)
UNRESOLVED: gcc.c-torture/execute/ieee/fp-cmp-8l.c execution,  -Os 
FAIL: gcc.c-torture/execute/ieee/pr28634.c compilation,  -O1  (internal compiler error)
UNRESOLVED: gcc.c-torture/execute/ieee/pr28634.c execution,  -O1 
FAIL: gcc.c-torture/execute/ieee/pr28634.c compilation,  -O2  (internal compiler error)
UNRESOLVED: gcc.c-torture/execute/ieee/pr28634.c execution,  -O2 
FAIL: gcc.c-torture/execute/ieee/pr28634.c compilation,  -O3 -fomit-frame-pointer  (internal compiler error)
UNRESOLVED: gcc.c-torture/execute/ieee/pr28634.c execution,  -O3 -fomit-frame-pointer 
FAIL: gcc.c-torture/execute/ieee/pr28634.c compilation,  -O3 -fomit-frame-pointer -funroll-loops  (internal compiler error)
UNRESOLVED: gcc.c-torture/execute/ieee/pr28634.c execution,  -O3 -fomit-frame-pointer -funroll-loops 
FAIL: gcc.c-torture/execute/ieee/pr28634.c compilation,  -O3 -fomit-frame-pointer -funroll-all-loops -finline-functions  (internal compiler error)
UNRESOLVED: gcc.c-torture/execute/ieee/pr28634.c execution,  -O3 -fomit-frame-pointer -funroll-all-loops -finline-functions 
FAIL: gcc.c-torture/execute/ieee/pr28634.c compilation,  -O3 -g  (internal compiler error)
UNRESOLVED: gcc.c-torture/execute/ieee/pr28634.c execution,  -O3 -g 
FAIL: gcc.c-torture/execute/ieee/pr28634.c compilation,  -Os  (internal compiler error)
UNRESOLVED: gcc.c-torture/execute/ieee/pr28634.c execution,  -Os 
FAIL: gcc.c-torture/execute/ieee/pr38016.c compilation,  -O1  (internal compiler error)
UNRESOLVED: gcc.c-torture/execute/ieee/pr38016.c execution,  -O1 
FAIL: gcc.c-torture/execute/ieee/pr38016.c compilation,  -O2  (internal compiler error)
UNRESOLVED: gcc.c-torture/execute/ieee/pr38016.c execution,  -O2 
FAIL: gcc.c-torture/execute/ieee/pr38016.c compilation,  -O3 -fomit-frame-pointer  (internal compiler error)
UNRESOLVED: gcc.c-torture/execute/ieee/pr38016.c execution,  -O3 -fomit-frame-pointer 
FAIL: gcc.c-torture/execute/ieee/pr38016.c compilation,  -O3 -g  (internal compiler error)
UNRESOLVED: gcc.c-torture/execute/ieee/pr38016.c execution,  -O3 -g 
FAIL: gcc.c-torture/execute/ieee/pr38016.c compilation,  -Os  (internal compiler error)
UNRESOLVED: gcc.c-torture/execute/ieee/pr38016.c execution,  -Os 
FAIL: tmpdir-gcc.dg-struct-layout-1/t002 c_compat_x_tst.o-c_compat_y_tst.o execute 
WARNING: program timed out.
FAIL: tmpdir-gcc.dg-struct-layout-1/t003 c_compat_x_tst.o-c_compat_y_tst.o execute 
FAIL: tmpdir-gcc.dg-struct-layout-1/t024 c_compat_x_tst.o-c_compat_y_tst.o execute 
FAIL: tmpdir-gcc.dg-struct-layout-1/t025 c_compat_x_tst.o-c_compat_y_tst.o execute 
FAIL: tmpdir-gcc.dg-struct-layout-1/t026 c_compat_x_tst.o-c_compat_y_tst.o execute 
FAIL: tmpdir-gcc.dg-struct-layout-1/t027 c_compat_x_tst.o-c_compat_y_tst.o execute 
FAIL: tmpdir-gcc.dg-struct-layout-1/t028 c_compat_x_tst.o-c_compat_y_tst.o execute 
FAIL: gcc.dg/cpp/_Pragma6.c (test for excess errors)
FAIL: gcc.dg/20021014-1.c (test for excess errors)
UNRESOLVED: gcc.dg/20021014-1.c compilation failed to produce executable
FAIL: gcc.dg/20050607-1.c (test for excess errors)
XPASS: gcc.dg/Warray-bounds.c  (test for warnings, line 59)
XPASS: gcc.dg/Warray-bounds.c  (test for warnings, line 65)
XPASS: gcc.dg/Wunreachable-8.c  (test for bogus messages, line 7)
FAIL: gcc.dg/alias-7.c (test for excess errors)
UNRESOLVED: gcc.dg/alias-7.c compilation failed to produce executable
FAIL: gcc.dg/attr-alias-2.c (test for excess errors)
FAIL: gcc.dg/c99-stdint-7.c (test for excess errors)
FAIL: gcc.dg/nest.c (test for excess errors)
UNRESOLVED: gcc.dg/nest.c compilation failed to produce executable
FAIL: gcc.dg/nested-func-4.c (test for excess errors)
UNRESOLVED: gcc.dg/nested-func-4.c compilation failed to produce executable
FAIL: gcc.dg/pr18792.c (internal compiler error)
FAIL: gcc.dg/pr18792.c (test for excess errors)
FAIL: gcc.dg/pr19340.c (test for excess errors)
FAIL: gcc.dg/pr24820.c (internal compiler error)
FAIL: gcc.dg/pr24820.c (test for excess errors)
FAIL: gcc.dg/pr28243.c (internal compiler error)
FAIL: gcc.dg/pr28243.c (test for excess errors)
FAIL: gcc.dg/pr32450.c (test for excess errors)
UNRESOLVED: gcc.dg/pr32450.c compilation failed to produce executable
FAIL: gcc.dg/pr34016.c (internal compiler error)
FAIL: gcc.dg/pr34016.c (test for excess errors)
FAIL: gcc.dg/pr36584.c (internal compiler error)
FAIL: gcc.dg/pr36584.c (test for excess errors)
UNRESOLVED: gcc.dg/pr36584.c compilation failed to produce executable
FAIL: gcc.dg/pr37544.c (internal compiler error)
FAIL: gcc.dg/pr37544.c (test for excess errors)
UNRESOLVED: gcc.dg/pr37544.c compilation failed to produce executable
FAIL: gcc.dg/profile-generate-3.c (test for excess errors)
FAIL: gcc.dg/trampoline-1.c (internal compiler error)
FAIL: gcc.dg/trampoline-1.c (test for excess errors)
UNRESOLVED: gcc.dg/trampoline-1.c compilation failed to produce executable
FAIL: gcc.dg/matrix/transpose-1.c compilation,  -fprofile-generate -O3
UNRESOLVED: gcc.dg/matrix/transpose-1.c execution,    -fprofile-generate -O3
UNRESOLVED: gcc.dg/matrix/transpose-1.c compilation,  -fprofile-use -fipa-matrix-reorg -fdump-ipa-matrix-reorg -O3 -fwhole-program -combine
UNRESOLVED: gcc.dg/matrix/transpose-1.c execution,    -fprofile-use -fipa-matrix-reorg -fdump-ipa-matrix-reorg -O3 -fwhole-program -combine
FAIL: gcc.dg/matrix/transpose-2.c compilation,  -fprofile-generate -O3
UNRESOLVED: gcc.dg/matrix/transpose-2.c execution,    -fprofile-generate -O3
UNRESOLVED: gcc.dg/matrix/transpose-2.c compilation,  -fprofile-use -fipa-matrix-reorg -fdump-ipa-matrix-reorg -O3 -fwhole-program -combine
UNRESOLVED: gcc.dg/matrix/transpose-2.c execution,    -fprofile-use -fipa-matrix-reorg -fdump-ipa-matrix-reorg -O3 -fwhole-program -combine
FAIL: gcc.dg/matrix/transpose-3.c compilation,  -fprofile-generate -O3
UNRESOLVED: gcc.dg/matrix/transpose-3.c execution,    -fprofile-generate -O3
UNRESOLVED: gcc.dg/matrix/transpose-3.c compilation,  -fprofile-use -fipa-matrix-reorg -fdump-ipa-matrix-reorg -O3 -fwhole-program -combine
UNRESOLVED: gcc.dg/matrix/transpose-3.c execution,    -fprofile-use -fipa-matrix-reorg -fdump-ipa-matrix-reorg -O3 -fwhole-program -combine
FAIL: gcc.dg/matrix/transpose-4.c compilation,  -fprofile-generate -O3
UNRESOLVED: gcc.dg/matrix/transpose-4.c execution,    -fprofile-generate -O3
UNRESOLVED: gcc.dg/matrix/transpose-4.c compilation,  -fprofile-use -fipa-matrix-reorg -fdump-ipa-matrix-reorg -O3 -fwhole-program -combine
UNRESOLVED: gcc.dg/matrix/transpose-4.c execution,    -fprofile-use -fipa-matrix-reorg -fdump-ipa-matrix-reorg -O3 -fwhole-program -combine
FAIL: gcc.dg/matrix/transpose-5.c compilation,  -fprofile-generate -O3
UNRESOLVED: gcc.dg/matrix/transpose-5.c execution,    -fprofile-generate -O3
UNRESOLVED: gcc.dg/matrix/transpose-5.c compilation,  -fprofile-use -fipa-matrix-reorg -fdump-ipa-matrix-reorg -O3 -fwhole-program -combine
UNRESOLVED: gcc.dg/matrix/transpose-5.c execution,    -fprofile-use -fipa-matrix-reorg -fdump-ipa-matrix-reorg -O3 -fwhole-program -combine
FAIL: gcc.dg/matrix/transpose-6.c compilation,  -fprofile-generate -O3
UNRESOLVED: gcc.dg/matrix/transpose-6.c execution,    -fprofile-generate -O3
UNRESOLVED: gcc.dg/matrix/transpose-6.c compilation,  -fprofile-use -fipa-matrix-reorg -fdump-ipa-matrix-reorg -O3 -fwhole-program -combine
UNRESOLVED: gcc.dg/matrix/transpose-6.c execution,    -fprofile-use -fipa-matrix-reorg -fdump-ipa-matrix-reorg -O3 -fwhole-program -combine
XPASS: gcc.dg/struct/wo_prof_array_through_pointer.c scan-ipa-dump ipa_struct_reorg "Number of structures to transform is 1"
FAIL: gcc.dg/struct/wo_prof_double_malloc.c (internal compiler error)
FAIL: gcc.dg/struct/wo_prof_double_malloc.c (test for excess errors)
UNRESOLVED: gcc.dg/struct/wo_prof_double_malloc.c compilation failed to produce executable
FAIL: gcc.dg/struct/wo_prof_escape_substr_array.c (internal compiler error)
FAIL: gcc.dg/struct/wo_prof_escape_substr_array.c (test for excess errors)
UNRESOLVED: gcc.dg/struct/wo_prof_escape_substr_array.c compilation failed to produce executable
FAIL: gcc.dg/struct/w_prof_global_array.c compilation,  -O3 -fwhole-program -combine -fipa-type-escape -fprofile-generate
UNRESOLVED: gcc.dg/struct/w_prof_global_array.c execution,    -O3 -fwhole-program -combine -fipa-type-escape -fprofile-generate
UNRESOLVED: gcc.dg/struct/w_prof_global_array.c compilation,  -O3 -fwhole-program -combine -fipa-type-escape -fprofile-use -fipa-struct-reorg -fdump-ipa-all
UNRESOLVED: gcc.dg/struct/w_prof_global_array.c execution,    -O3 -fwhole-program -combine -fipa-type-escape -fprofile-use -fipa-struct-reorg -fdump-ipa-all
FAIL: gcc.dg/struct/w_prof_global_var.c compilation,  -O3 -fwhole-program -combine -fipa-type-escape -fprofile-generate
UNRESOLVED: gcc.dg/struct/w_prof_global_var.c execution,    -O3 -fwhole-program -combine -fipa-type-escape -fprofile-generate
UNRESOLVED: gcc.dg/struct/w_prof_global_var.c compilation,  -O3 -fwhole-program -combine -fipa-type-escape -fprofile-use -fipa-struct-reorg -fdump-ipa-all
UNRESOLVED: gcc.dg/struct/w_prof_global_var.c execution,    -O3 -fwhole-program -combine -fipa-type-escape -fprofile-use -fipa-struct-reorg -fdump-ipa-all
FAIL: gcc.dg/struct/w_prof_local_array.c compilation,  -O3 -fwhole-program -combine -fipa-type-escape -fprofile-generate
UNRESOLVED: gcc.dg/struct/w_prof_local_array.c execution,    -O3 -fwhole-program -combine -fipa-type-escape -fprofile-generate
UNRESOLVED: gcc.dg/struct/w_prof_local_array.c compilation,  -O3 -fwhole-program -combine -fipa-type-escape -fprofile-use -fipa-struct-reorg -fdump-ipa-all
UNRESOLVED: gcc.dg/struct/w_prof_local_array.c execution,    -O3 -fwhole-program -combine -fipa-type-escape -fprofile-use -fipa-struct-reorg -fdump-ipa-all
FAIL: gcc.dg/struct/w_prof_local_var.c compilation,  -O3 -fwhole-program -combine -fipa-type-escape -fprofile-generate
UNRESOLVED: gcc.dg/struct/w_prof_local_var.c execution,    -O3 -fwhole-program -combine -fipa-type-escape -fprofile-generate
UNRESOLVED: gcc.dg/struct/w_prof_local_var.c compilation,  -O3 -fwhole-program -combine -fipa-type-escape -fprofile-use -fipa-struct-reorg -fdump-ipa-all
UNRESOLVED: gcc.dg/struct/w_prof_local_var.c execution,    -O3 -fwhole-program -combine -fipa-type-escape -fprofile-use -fipa-struct-reorg -fdump-ipa-all
FAIL: gcc.dg/struct/w_prof_single_str_global.c compilation,  -O3 -fwhole-program -combine -fipa-type-escape -fprofile-generate
UNRESOLVED: gcc.dg/struct/w_prof_single_str_global.c execution,    -O3 -fwhole-program -combine -fipa-type-escape -fprofile-generate
UNRESOLVED: gcc.dg/struct/w_prof_single_str_global.c compilation,  -O3 -fwhole-program -combine -fipa-type-escape -fprofile-use -fipa-struct-reorg -fdump-ipa-all
UNRESOLVED: gcc.dg/struct/w_prof_single_str_global.c execution,    -O3 -fwhole-program -combine -fipa-type-escape -fprofile-use -fipa-struct-reorg -fdump-ipa-all
FAIL: gcc.dg/struct/w_prof_two_strs.c compilation,  -O3 -fwhole-program -combine -fipa-type-escape -fprofile-generate
UNRESOLVED: gcc.dg/struct/w_prof_two_strs.c execution,    -O3 -fwhole-program -combine -fipa-type-escape -fprofile-generate
UNRESOLVED: gcc.dg/struct/w_prof_two_strs.c compilation,  -O3 -fwhole-program -combine -fipa-type-escape -fprofile-use -fipa-struct-reorg -fdump-ipa-all
UNRESOLVED: gcc.dg/struct/w_prof_two_strs.c execution,    -O3 -fwhole-program -combine -fipa-type-escape -fprofile-use -fipa-struct-reorg -fdump-ipa-all
FAIL: gcc.dg/struct/w_ratio_cold_str.c compilation,  -O3 -fwhole-program -combine -fipa-type-escape -fprofile-generate (internal compiler error)
UNRESOLVED: gcc.dg/struct/w_ratio_cold_str.c execution,    -O3 -fwhole-program -combine -fipa-type-escape -fprofile-generate
UNRESOLVED: gcc.dg/struct/w_ratio_cold_str.c compilation,  -O3 -fwhole-program -combine -fipa-type-escape -fprofile-use -fipa-struct-reorg -fdump-ipa-all --param struct-reorg-cold-struct-ratio=30
UNRESOLVED: gcc.dg/struct/w_ratio_cold_str.c execution,    -O3 -fwhole-program -combine -fipa-type-escape -fprofile-use -fipa-struct-reorg -fdump-ipa-all --param struct-reorg-cold-struct-ratio=30
FAIL: gcc.dg/tls/pr24428-2.c (internal compiler error)
FAIL: gcc.dg/tls/pr24428-2.c (test for excess errors)
UNRESOLVED: gcc.dg/tls/pr24428-2.c compilation failed to produce executable
FAIL: gcc.dg/tls/pr24428.c (internal compiler error)
FAIL: gcc.dg/tls/pr24428.c (test for excess errors)
UNRESOLVED: gcc.dg/tls/pr24428.c compilation failed to produce executable
FAIL: gcc.dg/torture/pr26222.c  -O1  (internal compiler error)
FAIL: gcc.dg/torture/pr26222.c  -O1  (test for excess errors)
FAIL: gcc.dg/torture/pr26222.c  -O2  (internal compiler error)
FAIL: gcc.dg/torture/pr26222.c  -O2  (test for excess errors)
FAIL: gcc.dg/torture/pr26222.c  -O3 -fomit-frame-pointer  (internal compiler error)
FAIL: gcc.dg/torture/pr26222.c  -O3 -fomit-frame-pointer  (test for excess errors)
FAIL: gcc.dg/torture/pr26222.c  -O3 -fomit-frame-pointer -funroll-loops  (internal compiler error)
FAIL: gcc.dg/torture/pr26222.c  -O3 -fomit-frame-pointer -funroll-loops  (test for excess errors)
FAIL: gcc.dg/torture/pr26222.c  -O3 -fomit-frame-pointer -funroll-all-loops -finline-functions  (internal compiler error)
FAIL: gcc.dg/torture/pr26222.c  -O3 -fomit-frame-pointer -funroll-all-loops -finline-functions  (test for excess errors)
FAIL: gcc.dg/torture/pr26222.c  -O3 -g  (internal compiler error)
FAIL: gcc.dg/torture/pr26222.c  -O3 -g  (test for excess errors)
FAIL: gcc.dg/torture/pr26222.c  -Os  (internal compiler error)
FAIL: gcc.dg/torture/pr26222.c  -Os  (test for excess errors)
FAIL: gcc.dg/torture/pr27136.c  -O1  (internal compiler error)
FAIL: gcc.dg/torture/pr27136.c  -O1  (test for excess errors)
FAIL: gcc.dg/torture/pr27136.c  -O2  (internal compiler error)
FAIL: gcc.dg/torture/pr27136.c  -O2  (test for excess errors)
FAIL: gcc.dg/torture/pr27136.c  -O3 -fomit-frame-pointer  (internal compiler error)
FAIL: gcc.dg/torture/pr27136.c  -O3 -fomit-frame-pointer  (test for excess errors)
FAIL: gcc.dg/torture/pr27136.c  -O3 -fomit-frame-pointer -funroll-loops  (internal compiler error)
FAIL: gcc.dg/torture/pr27136.c  -O3 -fomit-frame-pointer -funroll-loops  (test for excess errors)
FAIL: gcc.dg/torture/pr27136.c  -O3 -fomit-frame-pointer -funroll-all-loops -finline-functions  (internal compiler error)
FAIL: gcc.dg/torture/pr27136.c  -O3 -fomit-frame-pointer -funroll-all-loops -finline-functions  (test for excess errors)
FAIL: gcc.dg/torture/pr27136.c  -O3 -g  (internal compiler error)
FAIL: gcc.dg/torture/pr27136.c  -O3 -g  (test for excess errors)
FAIL: gcc.dg/torture/pr27136.c  -Os  (internal compiler error)
FAIL: gcc.dg/torture/pr27136.c  -Os  (test for excess errors)
FAIL: gcc.dg/torture/pr28900.c  -O1  (internal compiler error)
FAIL: gcc.dg/torture/pr28900.c  -O1  (test for excess errors)
FAIL: gcc.dg/torture/pr28900.c  -O2  (internal compiler error)
FAIL: gcc.dg/torture/pr28900.c  -O2  (test for excess errors)
FAIL: gcc.dg/torture/pr28900.c  -O3 -fomit-frame-pointer  (internal compiler error)
FAIL: gcc.dg/torture/pr28900.c  -O3 -fomit-frame-pointer  (test for excess errors)
FAIL: gcc.dg/torture/pr28900.c  -O3 -fomit-frame-pointer -funroll-loops  (internal compiler error)
FAIL: gcc.dg/torture/pr28900.c  -O3 -fomit-frame-pointer -funroll-loops  (test for excess errors)
FAIL: gcc.dg/torture/pr28900.c  -O3 -fomit-frame-pointer -funroll-all-loops -finline-functions  (internal compiler error)
FAIL: gcc.dg/torture/pr28900.c  -O3 -fomit-frame-pointer -funroll-all-loops -finline-functions  (test for excess errors)
FAIL: gcc.dg/torture/pr28900.c  -O3 -g  (internal compiler error)
FAIL: gcc.dg/torture/pr28900.c  -O3 -g  (test for excess errors)
FAIL: gcc.dg/torture/pr28900.c  -Os  (internal compiler error)
FAIL: gcc.dg/torture/pr28900.c  -Os  (test for excess errors)
FAIL: gcc.dg/torture/pr37969.c  -O1  (internal compiler error)
FAIL: gcc.dg/torture/pr37969.c  -O1  (test for excess errors)
FAIL: gcc.dg/torture/pr37969.c  -O2  (internal compiler error)
FAIL: gcc.dg/torture/pr37969.c  -O2  (test for excess errors)
FAIL: gcc.dg/torture/pr37969.c  -O3 -fomit-frame-pointer  (internal compiler error)
FAIL: gcc.dg/torture/pr37969.c  -O3 -fomit-frame-pointer  (test for excess errors)
FAIL: gcc.dg/torture/pr37969.c  -O3 -fomit-frame-pointer -funroll-loops  (internal compiler error)
FAIL: gcc.dg/torture/pr37969.c  -O3 -fomit-frame-pointer -funroll-loops  (test for excess errors)
FAIL: gcc.dg/torture/pr37969.c  -O3 -fomit-frame-pointer -funroll-all-loops -finline-functions  (internal compiler error)
FAIL: gcc.dg/torture/pr37969.c  -O3 -fomit-frame-pointer -funroll-all-loops -finline-functions  (test for excess errors)
FAIL: gcc.dg/torture/pr37969.c  -O3 -g  (internal compiler error)
FAIL: gcc.dg/torture/pr37969.c  -O3 -g  (test for excess errors)
FAIL: gcc.dg/torture/pr37969.c  -Os  (internal compiler error)
FAIL: gcc.dg/torture/pr37969.c  -Os  (test for excess errors)
FAIL: gcc.dg/torture/pr39074-2.c  -O1  scan-tree-dump alias "y.._., points-to vars: { i }"
FAIL: gcc.dg/torture/pr39074-2.c  -O2  scan-tree-dump alias "y.._., points-to vars: { i }"
FAIL: gcc.dg/torture/pr39074-2.c  -O3 -fomit-frame-pointer  scan-tree-dump alias "y.._., points-to vars: { i }"
FAIL: gcc.dg/torture/pr39074-2.c  -O3 -g  scan-tree-dump alias "y.._., points-to vars: { i }"
FAIL: gcc.dg/torture/pr39074-2.c  -Os  scan-tree-dump alias "y.._., points-to vars: { i }"
FAIL: gcc.dg/torture/pr39074.c  -O1  scan-tree-dump alias "y.._., points-to vars: { i }"
FAIL: gcc.dg/torture/pr39074.c  -O2  scan-tree-dump alias "y.._., points-to vars: { i }"
FAIL: gcc.dg/torture/pr39074.c  -O3 -fomit-frame-pointer  scan-tree-dump alias "y.._., points-to vars: { i }"
FAIL: gcc.dg/torture/pr39074.c  -O3 -g  scan-tree-dump alias "y.._., points-to vars: { i }"
FAIL: gcc.dg/torture/pr39074.c  -Os  scan-tree-dump alias "y.._., points-to vars: { i }"
FAIL: gcc.dg/torture/pr39132.c  -Os  execution test
FAIL: gcc.dg/torture/pta-callused-1.c  -O1  scan-tree-dump alias "p.._., points-to vars: { i j }"
FAIL: gcc.dg/torture/pta-callused-1.c  -O2  scan-tree-dump alias "p.._., points-to vars: { i j }"
FAIL: gcc.dg/torture/pta-callused-1.c  -O3 -fomit-frame-pointer  scan-tree-dump alias "p.._., points-to vars: { i j }"
FAIL: gcc.dg/torture/pta-callused-1.c  -O3 -g  scan-tree-dump alias "p.._., points-to vars: { i j }"
FAIL: gcc.dg/torture/pta-callused-1.c  -Os  scan-tree-dump alias "p.._., points-to vars: { i j }"
FAIL: gcc.dg/tree-prof/bb-reorg.c compilation,  -fprofile-generate -D_PROFILE_GENERATE
UNRESOLVED: gcc.dg/tree-prof/bb-reorg.c execution,    -fprofile-generate -D_PROFILE_GENERATE
UNRESOLVED: gcc.dg/tree-prof/bb-reorg.c compilation,  -fprofile-use -D_PROFILE_USE
UNRESOLVED: gcc.dg/tree-prof/bb-reorg.c execution,    -fprofile-use -D_PROFILE_USE
FAIL: gcc.dg/tree-prof/ic-misattribution-1.c compilation,  -fprofile-generate -D_PROFILE_GENERATE
UNRESOLVED: gcc.dg/tree-prof/ic-misattribution-1.c execution,    -fprofile-generate -D_PROFILE_GENERATE
UNRESOLVED: gcc.dg/tree-prof/ic-misattribution-1.c compilation,  -fprofile-use -D_PROFILE_USE
UNRESOLVED: gcc.dg/tree-prof/ic-misattribution-1.c execution,    -fprofile-use -D_PROFILE_USE
FAIL: gcc.dg/tree-prof/ic-misattribution-1a.c compilation,  -fprofile-generate -D_PROFILE_GENERATE
UNRESOLVED: gcc.dg/tree-prof/ic-misattribution-1a.c execution,    -fprofile-generate -D_PROFILE_GENERATE
UNRESOLVED: gcc.dg/tree-prof/ic-misattribution-1a.c compilation,  -fprofile-use -D_PROFILE_USE
UNRESOLVED: gcc.dg/tree-prof/ic-misattribution-1a.c execution,    -fprofile-use -D_PROFILE_USE
FAIL: gcc.dg/tree-prof/indir-call-prof.c compilation,  -fprofile-generate -D_PROFILE_GENERATE
UNRESOLVED: gcc.dg/tree-prof/indir-call-prof.c execution,    -fprofile-generate -D_PROFILE_GENERATE
UNRESOLVED: gcc.dg/tree-prof/indir-call-prof.c compilation,  -fprofile-use -D_PROFILE_USE
UNRESOLVED: gcc.dg/tree-prof/indir-call-prof.c execution,    -fprofile-use -D_PROFILE_USE
FAIL: gcc.dg/tree-prof/inliner-1.c compilation,  -fprofile-generate -D_PROFILE_GENERATE
UNRESOLVED: gcc.dg/tree-prof/inliner-1.c execution,    -fprofile-generate -D_PROFILE_GENERATE
UNRESOLVED: gcc.dg/tree-prof/inliner-1.c compilation,  -fprofile-use -D_PROFILE_USE
UNRESOLVED: gcc.dg/tree-prof/inliner-1.c execution,    -fprofile-use -D_PROFILE_USE
FAIL: gcc.dg/tree-prof/pr34999.c compilation,  -fprofile-generate -D_PROFILE_GENERATE
UNRESOLVED: gcc.dg/tree-prof/pr34999.c execution,    -fprofile-generate -D_PROFILE_GENERATE
UNRESOLVED: gcc.dg/tree-prof/pr34999.c compilation,  -fprofile-use -D_PROFILE_USE
UNRESOLVED: gcc.dg/tree-prof/pr34999.c execution,    -fprofile-use -D_PROFILE_USE
FAIL: gcc.dg/tree-prof/stringop-1.c compilation,  -fprofile-generate -D_PROFILE_GENERATE
UNRESOLVED: gcc.dg/tree-prof/stringop-1.c execution,    -fprofile-generate -D_PROFILE_GENERATE
UNRESOLVED: gcc.dg/tree-prof/stringop-1.c compilation,  -fprofile-use -D_PROFILE_USE
UNRESOLVED: gcc.dg/tree-prof/stringop-1.c execution,    -fprofile-use -D_PROFILE_USE
FAIL: gcc.dg/tree-prof/stringop-2.c compilation,  -fprofile-generate -D_PROFILE_GENERATE
UNRESOLVED: gcc.dg/tree-prof/stringop-2.c execution,    -fprofile-generate -D_PROFILE_GENERATE
UNRESOLVED: gcc.dg/tree-prof/stringop-2.c compilation,  -fprofile-use -D_PROFILE_USE
UNRESOLVED: gcc.dg/tree-prof/stringop-2.c execution,    -fprofile-use -D_PROFILE_USE
FAIL: gcc.dg/tree-prof/tracer-1.c compilation,  -fprofile-generate -D_PROFILE_GENERATE
UNRESOLVED: gcc.dg/tree-prof/tracer-1.c execution,    -fprofile-generate -D_PROFILE_GENERATE
UNRESOLVED: gcc.dg/tree-prof/tracer-1.c compilation,  -fprofile-use -D_PROFILE_USE
UNRESOLVED: gcc.dg/tree-prof/tracer-1.c execution,    -fprofile-use -D_PROFILE_USE
FAIL: gcc.dg/tree-prof/update-cunroll-2.c compilation,  -fprofile-generate -D_PROFILE_GENERATE
UNRESOLVED: gcc.dg/tree-prof/update-cunroll-2.c execution,    -fprofile-generate -D_PROFILE_GENERATE
UNRESOLVED: gcc.dg/tree-prof/update-cunroll-2.c compilation,  -fprofile-use -D_PROFILE_USE
UNRESOLVED: gcc.dg/tree-prof/update-cunroll-2.c execution,    -fprofile-use -D_PROFILE_USE
FAIL: gcc.dg/tree-prof/update-loopch.c compilation,  -fprofile-generate -D_PROFILE_GENERATE
UNRESOLVED: gcc.dg/tree-prof/update-loopch.c execution,    -fprofile-generate -D_PROFILE_GENERATE
UNRESOLVED: gcc.dg/tree-prof/update-loopch.c compilation,  -fprofile-use -D_PROFILE_USE
UNRESOLVED: gcc.dg/tree-prof/update-loopch.c execution,    -fprofile-use -D_PROFILE_USE
FAIL: gcc.dg/tree-prof/update-tailcall.c compilation,  -fprofile-generate -D_PROFILE_GENERATE
UNRESOLVED: gcc.dg/tree-prof/update-tailcall.c execution,    -fprofile-generate -D_PROFILE_GENERATE
UNRESOLVED: gcc.dg/tree-prof/update-tailcall.c compilation,  -fprofile-use -D_PROFILE_USE
UNRESOLVED: gcc.dg/tree-prof/update-tailcall.c execution,    -fprofile-use -D_PROFILE_USE
FAIL: gcc.dg/tree-prof/val-prof-1.c compilation,  -fprofile-generate -D_PROFILE_GENERATE
UNRESOLVED: gcc.dg/tree-prof/val-prof-1.c execution,    -fprofile-generate -D_PROFILE_GENERATE
UNRESOLVED: gcc.dg/tree-prof/val-prof-1.c compilation,  -fprofile-use -D_PROFILE_USE
UNRESOLVED: gcc.dg/tree-prof/val-prof-1.c execution,    -fprofile-use -D_PROFILE_USE
FAIL: gcc.dg/tree-prof/val-prof-2.c compilation,  -fprofile-generate -D_PROFILE_GENERATE
UNRESOLVED: gcc.dg/tree-prof/val-prof-2.c execution,    -fprofile-generate -D_PROFILE_GENERATE
UNRESOLVED: gcc.dg/tree-prof/val-prof-2.c compilation,  -fprofile-use -D_PROFILE_USE
UNRESOLVED: gcc.dg/tree-prof/val-prof-2.c execution,    -fprofile-use -D_PROFILE_USE
FAIL: gcc.dg/tree-prof/val-prof-3.c compilation,  -fprofile-generate -D_PROFILE_GENERATE
UNRESOLVED: gcc.dg/tree-prof/val-prof-3.c execution,    -fprofile-generate -D_PROFILE_GENERATE
UNRESOLVED: gcc.dg/tree-prof/val-prof-3.c compilation,  -fprofile-use -D_PROFILE_USE
UNRESOLVED: gcc.dg/tree-prof/val-prof-3.c execution,    -fprofile-use -D_PROFILE_USE
FAIL: gcc.dg/tree-prof/val-prof-4.c compilation,  -fprofile-generate -D_PROFILE_GENERATE
UNRESOLVED: gcc.dg/tree-prof/val-prof-4.c execution,    -fprofile-generate -D_PROFILE_GENERATE
UNRESOLVED: gcc.dg/tree-prof/val-prof-4.c compilation,  -fprofile-use -D_PROFILE_USE
UNRESOLVED: gcc.dg/tree-prof/val-prof-4.c execution,    -fprofile-use -D_PROFILE_USE
FAIL: gcc.dg/tree-prof/val-prof-5.c compilation,  -fprofile-generate -D_PROFILE_GENERATE
UNRESOLVED: gcc.dg/tree-prof/val-prof-5.c execution,    -fprofile-generate -D_PROFILE_GENERATE
UNRESOLVED: gcc.dg/tree-prof/val-prof-5.c compilation,  -fprofile-use -D_PROFILE_USE
UNRESOLVED: gcc.dg/tree-prof/val-prof-5.c execution,    -fprofile-use -D_PROFILE_USE
FAIL: gcc.dg/tree-prof/val-prof-6.c compilation,  -fprofile-generate -D_PROFILE_GENERATE
UNRESOLVED: gcc.dg/tree-prof/val-prof-6.c execution,    -fprofile-generate -D_PROFILE_GENERATE
UNRESOLVED: gcc.dg/tree-prof/val-prof-6.c compilation,  -fprofile-use -D_PROFILE_USE
UNRESOLVED: gcc.dg/tree-prof/val-prof-6.c execution,    -fprofile-use -D_PROFILE_USE
FAIL: gcc.dg/tree-prof/wcoverage-mismatch.c compilation,  -fprofile-generate -D_PROFILE_GENERATE
UNRESOLVED: gcc.dg/tree-prof/wcoverage-mismatch.c execution,    -fprofile-generate -D_PROFILE_GENERATE
UNRESOLVED: gcc.dg/tree-prof/wcoverage-mismatch.c compilation,  -fprofile-use -D_PROFILE_USE
UNRESOLVED: gcc.dg/tree-prof/wcoverage-mismatch.c execution,    -fprofile-use -D_PROFILE_USE
XPASS: gcc.dg/tree-ssa/20040204-1.c scan-tree-dump-times optimized "link_error" 0
FAIL: gcc.dg/tree-ssa/gen-vect-33.c (internal compiler error)
FAIL: gcc.dg/tree-ssa/gen-vect-33.c (test for excess errors)
FAIL: gcc.dg/tree-ssa/ldist-13.c (internal compiler error)
FAIL: gcc.dg/tree-ssa/ldist-13.c (test for excess errors)
FAIL: gcc.dg/tree-ssa/ldist-14.c (internal compiler error)
FAIL: gcc.dg/tree-ssa/ldist-14.c (test for excess errors)
FAIL: gcc.dg/tree-ssa/pr23391.c (internal compiler error)
FAIL: gcc.dg/tree-ssa/pr23391.c (test for excess errors)
FAIL: gcc.dg/tree-ssa/pr23433.c (internal compiler error)
FAIL: gcc.dg/tree-ssa/pr23433.c (test for excess errors)
FAIL: gcc.dg/tree-ssa/pr23434.c (internal compiler error)
FAIL: gcc.dg/tree-ssa/pr23434.c (test for excess errors)
FAIL: gcc.dg/tree-ssa/pr23820.c (internal compiler error)
FAIL: gcc.dg/tree-ssa/pr23820.c (test for excess errors)
FAIL: gcc.dg/tree-ssa/reassoc-1.c scan-tree-dump-times optimized "b.._. \\+ a.._." 1
FAIL: gcc.dg/tree-ssa/scev-2.c (internal compiler error)
FAIL: gcc.dg/tree-ssa/scev-2.c (test for excess errors)
UNRESOLVED: gcc.dg/tree-ssa/scev-2.c compilation failed to produce executable
FAIL: gcc.dg/tree-ssa/ssa-ccp-25.c scan-tree-dump ccp1 "&a\\[[iD]\\."
FAIL: gcc.dg/tree-ssa/ssa-ccp-25.c scan-tree-dump forwprop1 "= a\\[[iD]\\."
FAIL: gcc.dg/tree-ssa/ssa-pre-24.c (internal compiler error)
FAIL: gcc.dg/tree-ssa/ssa-pre-24.c (test for excess errors)
FAIL: gcc.dg/tree-ssa/stdarg-4.c (internal compiler error)
FAIL: gcc.dg/tree-ssa/stdarg-4.c (test for excess errors)
FAIL: gcc.dg/tree-ssa/vrp47.c scan-tree-dump-times vrp1 "[xy][^ ]* !=" 0
FAIL: gcc.dg/tree-ssa/vrp47.c scan-tree-dump-times dom1 "x[^ ]* & y" 1
FAIL: gcc.dg/tree-ssa/vrp47.c scan-tree-dump-times vrp1 "x[^ ]* [|] y" 1
FAIL: gcc.misc-tests/bprob-1.c compilation,  -fprofile-arcs
UNRESOLVED: gcc.misc-tests/bprob-1.c execution,    -fprofile-arcs
UNRESOLVED: gcc.misc-tests/bprob-1.c compilation,  -fprofile-use
UNRESOLVED: gcc.misc-tests/bprob-1.c execution,    -fprofile-use
FAIL: gcc.misc-tests/bprob-2.c compilation,  -fprofile-arcs
UNRESOLVED: gcc.misc-tests/bprob-2.c execution,    -fprofile-arcs
UNRESOLVED: gcc.misc-tests/bprob-2.c compilation,  -fprofile-use
UNRESOLVED: gcc.misc-tests/bprob-2.c execution,    -fprofile-use

		=== gcc Summary ===

# of expected passes		50346
# of unexpected failures	577
# of unexpected successes	5
# of expected failures		73
# of unresolved testcases	192
# of unsupported tests		705
/home/mstein/sim/trunk/mn10300-elf/build/gcc/xgcc  version 4.5.0 20090810 (experimental) [trunk revision 150635] (GCC) 


Compiler version: 4.5.0 20090810 (experimental) [trunk revision 150635] (GCC) gcc 
Platform: mn10300-unknown-elf
configure flags: --target=mn10300-elf --prefix=/home/mstein/cross-local/mn10300-elf --enable-languages=c --disable-nls --disable-build-warnings --with-sysroot=/home/mstein/cross-local/mn10300-elf --with-build-sysroot=/home/mstein/cross-local/mn10300-elf --with-ld=/home/mstein/cross-local/mn10300-elf/usr/bin/ld --with-as=/home/mstein/cross-local/mn10300-elf/usr/bin/as --disable-libssp --with-mpfr=/opt/cfarm/mpfr-2.3.2


Index Nav: [Date Index] [Subject Index] [Author Index] [Thread Index]
Message Nav: [Date Prev] [Date Next] [Thread Prev] [Thread Next]