This is the mail archive of the gcc-testresults@gcc.gnu.org mailing list for the GCC project.


Index Nav: [Date Index] [Subject Index] [Author Index] [Thread Index]
Message Nav: [Date Prev] [Date Next] [Thread Prev] [Thread Next]
Other format: [Raw text]

Results for 4.5.0 20090805 (experimental) [trunk revision 150475] (GCC) testsuite on hppa2.0w-hp-hpux11.11


LAST_UPDATED: Wed Aug  5 01:44:59 UTC 2009 (revision 150475)

		=== acats tests ===
FAIL:	c954a01

		=== acats Summary ===
# of expected passes		2314
# of unexpected failures	1
Native configuration is hppa2.0w-hp-hpux11.11

		=== g++ tests ===


Running target unix
FAIL: g++.dg/torture/pr34099.C  -O1  (internal compiler error)
FAIL: g++.dg/torture/pr34099.C  -O1  (test for excess errors)
WARNING: g++.dg/torture/pr34099.C  -O1  compilation failed to produce executable
FAIL: g++.dg/torture/pr34099.C  -O2  (internal compiler error)
FAIL: g++.dg/torture/pr34099.C  -O2  (test for excess errors)
WARNING: g++.dg/torture/pr34099.C  -O2  compilation failed to produce executable
FAIL: g++.dg/torture/pr34099.C  -O3 -fomit-frame-pointer  (internal compiler error)
FAIL: g++.dg/torture/pr34099.C  -O3 -fomit-frame-pointer  (test for excess errors)
WARNING: g++.dg/torture/pr34099.C  -O3 -fomit-frame-pointer  compilation failed to produce executable
FAIL: g++.dg/torture/pr34099.C  -O3 -fomit-frame-pointer -funroll-loops  (internal compiler error)
FAIL: g++.dg/torture/pr34099.C  -O3 -fomit-frame-pointer -funroll-loops  (test for excess errors)
WARNING: g++.dg/torture/pr34099.C  -O3 -fomit-frame-pointer -funroll-loops  compilation failed to produce executable
FAIL: g++.dg/torture/pr34099.C  -O3 -fomit-frame-pointer -funroll-all-loops -finline-functions  (internal compiler error)
FAIL: g++.dg/torture/pr34099.C  -O3 -fomit-frame-pointer -funroll-all-loops -finline-functions  (test for excess errors)
WARNING: g++.dg/torture/pr34099.C  -O3 -fomit-frame-pointer -funroll-all-loops -finline-functions  compilation failed to produce executable
FAIL: g++.dg/torture/pr34099.C  -O3 -g  (internal compiler error)
FAIL: g++.dg/torture/pr34099.C  -O3 -g  (test for excess errors)
WARNING: g++.dg/torture/pr34099.C  -O3 -g  compilation failed to produce executable
FAIL: g++.dg/torture/pr34099.C  -Os  execution test

		=== g++ Summary ===

# of expected passes		18797
# of unexpected failures	13
# of expected failures		151
# of unsupported tests		261
/test/gnu/gcc/objdir/gcc/testsuite/g++/../../g++  version 4.5.0 20090805 (experimental) [trunk revision 150475] (GCC) 

		=== gcc tests ===


Running target unix
XPASS: gcc.dg/Warray-bounds.c  (test for warnings, line 59)
XPASS: gcc.dg/Warray-bounds.c  (test for warnings, line 65)
XPASS: gcc.dg/Wunreachable-8.c  (test for bogus messages, line 7)
XPASS: gcc.dg/struct/wo_prof_array_through_pointer.c scan-ipa-dump ipa_struct_reorg "Number of structures to transform is 1"
FAIL: gcc.dg/struct/wo_prof_double_malloc.c (internal compiler error)
FAIL: gcc.dg/struct/wo_prof_double_malloc.c (test for excess errors)
WARNING: gcc.dg/struct/wo_prof_double_malloc.c compilation failed to produce executable
FAIL: gcc.dg/torture/pr26565.c  -O1  execution test
FAIL: gcc.dg/torture/pr26565.c  -O2  execution test
FAIL: gcc.dg/torture/pr26565.c  -Os  execution test

		=== gcc Summary ===

# of expected passes		50418
# of unexpected failures	5
# of unexpected successes	4
# of expected failures		80
# of unsupported tests		754
/test/gnu/gcc/objdir/gcc/xgcc  version 4.5.0 20090805 (experimental) [trunk revision 150475] (GCC) 

		=== gfortran tests ===


Running target unix

		=== gfortran Summary ===

# of expected passes		30727
# of expected failures		12
# of unsupported tests		272
/test/gnu/gcc/objdir/gcc/testsuite/gfortran/../../gfortran  version 4.5.0 20090805 (experimental) [trunk revision 150475] (GCC) 

		=== gnat tests ===


Running target unix

		=== gnat Summary ===

# of expected passes		682
# of expected failures		5
		=== obj-c++ tests ===


Running target unix
WARNING: obj-c++.dg/lookup-2.mm compilation failed to produce executable
WARNING: obj-c++.dg/try-catch-2.mm compilation failed to produce executable
WARNING: obj-c++.dg/try-catch-9.mm compilation failed to produce executable

		=== obj-c++ Summary ===

# of expected passes		436
# of expected failures		10
# of unsupported tests		14
/test/gnu/gcc/objdir/gcc/testsuite/obj-c++/../../g++  version 4.5.0 20090805 (experimental) [trunk revision 150475] (GCC) 

		=== objc tests ===


Running target unix

		=== objc Summary ===

# of expected passes		1861
# of expected failures		15
# of unsupported tests		27
/test/gnu/gcc/objdir/gcc/xgcc  version 4.5.0 20090805 (experimental) [trunk revision 150475] (GCC) 

		=== libffi tests ===


Running target unix
FAIL: libffi.call/cls_align_pointer.c -O0 -W -Wall (test for excess errors)
WARNING: libffi.call/cls_align_pointer.c -O0 -W -Wall compilation failed to produce executable
FAIL: libffi.call/cls_longdouble.c -O0 -W -Wall execution test
FAIL: libffi.call/cls_longdouble_va.c -O0 -W -Wall execution test
FAIL: libffi.call/cls_align_pointer.c -O2 (test for excess errors)
WARNING: libffi.call/cls_align_pointer.c -O2 compilation failed to produce executable
FAIL: libffi.call/cls_longdouble.c -O2 execution test
FAIL: libffi.call/cls_longdouble_va.c -O2 execution test
FAIL: libffi.call/cls_align_pointer.c -O3 (test for excess errors)
WARNING: libffi.call/cls_align_pointer.c -O3 compilation failed to produce executable
FAIL: libffi.call/cls_longdouble.c -O3 execution test
FAIL: libffi.call/cls_longdouble_va.c -O3 execution test
FAIL: libffi.call/cls_align_pointer.c -Os (test for excess errors)
WARNING: libffi.call/cls_align_pointer.c -Os compilation failed to produce executable
FAIL: libffi.call/cls_longdouble.c -Os execution test
FAIL: libffi.call/cls_longdouble_va.c -Os execution test
FAIL: libffi.call/cls_align_pointer.c -O2 -fomit-frame-pointer (test for excess errors)
WARNING: libffi.call/cls_align_pointer.c -O2 -fomit-frame-pointer compilation failed to produce executable
FAIL: libffi.call/cls_longdouble.c -O2 -fomit-frame-pointer execution test
FAIL: libffi.call/cls_longdouble_va.c -O2 -fomit-frame-pointer execution test

		=== libffi Summary ===

# of expected passes		1559
# of unexpected failures	15
# of expected failures		10
# of unsupported tests		15
		=== libgomp tests ===


Running target unix
FAIL: libgomp.fortran/vla6.f90  -O0  execution test

		=== libgomp Summary ===

# of expected passes		2389
# of unexpected failures	1
# of unsupported tests		9
		=== libjava tests ===


Running target unix
FAIL: LargeFile execution - source compiled test
FAIL: LargeFile -findirect-dispatch execution - source compiled test
FAIL: LargeFile -O3 execution - source compiled test
FAIL: LargeFile -O3 -findirect-dispatch execution - source compiled test

		=== libjava Summary ===

# of expected passes		2566
# of unexpected failures	4
# of untested testcases		4
		=== libstdc++ tests ===


Running target unix
FAIL: ext/new_allocator/deallocate_global.cc execution test
FAIL: ext/throw_allocator/deallocate_global.cc execution test

		=== libstdc++ Summary ===

# of expected passes		5778
# of unexpected failures	2
# of expected failures		80
# of unsupported tests		574

Compiler version: 4.5.0 20090805 (experimental) [trunk revision 150475] (GCC) 
Platform: hppa2.0w-hp-hpux11.11
configure flags: --with-gnu-as --with-as=/opt/gnu/bin/as --enable-shared --with-local-prefix=/opt/gnu --prefix=/opt/gnu/gcc/gcc-4.5.0 --with-gmp=/opt/gnu/gcc/gcc-4.5.0 --enable-threads=posix --enable-debug=no --disable-nls --without-cloog --without-ppl --enable-languages=c,c++,objc,fortran,java,ada,obj-c++


Index Nav: [Date Index] [Subject Index] [Author Index] [Thread Index]
Message Nav: [Date Prev] [Date Next] [Thread Prev] [Thread Next]