This is the mail archive of the gcc-testresults@gcc.gnu.org mailing list for the GCC project.


Index Nav: [Date Index] [Subject Index] [Author Index] [Thread Index]
Message Nav: [Date Prev] [Date Next] [Thread Prev] [Thread Next]
Other format: [Raw text]

Results for 4.3.4 (GCC) testsuite on sparc-sun-solaris2.10


Build info :
----------------------------------------

Built and tested on the Blastwave.org build farm - http://www.blastwave.org/

$ uname -a
SunOS osiris 5.10 Generic_138888-03 sun4u sparc SUNW,Sun-Fire-480R

cat /etc/release
                       Solaris 10 5/08 s10s_u5wos_10 SPARC
           Copyright 2008 Sun Microsystems, Inc.  All Rights Reserved.
                        Use is subject to license terms.
                             Assembled 24 March 2008

$ /opt/csw/bin/gas --version
GNU assembler (GNU Binutils) 2.19.1
Copyright 2007 Free Software Foundation, Inc.
This program is free software; you may redistribute it under the terms of
the GNU General Public License version 3 or later.
This program has absolutely no warranty.
This assembler was configured for a target of `sparc-sun-solaris2.8'.

$ /usr/ccs/bin/ld -V
ld: Software Generation Utilities - Solaris Link Editors: 5.10-1.491

$ psrinfo -pv
The physical processor has 1 virtual processor (0)
  UltraSPARC-III+ (portid 0 impl 0x15 ver 0x23 clock 900 MHz)
The physical processor has 1 virtual processor (1)
  UltraSPARC-III+ (portid 1 impl 0x15 ver 0x23 clock 900 MHz)
The physical processor has 1 virtual processor (2)
  UltraSPARC-III+ (portid 2 impl 0x15 ver 0x23 clock 900 MHz)
The physical processor has 1 virtual processor (3)
  UltraSPARC-III+ (portid 3 impl 0x15 ver 0x23 clock 900 MHz)

Bootstraped with :

$ /usr/sfw/bin/gcc -v
Reading specs from /usr/sfw/lib/gcc/sparc-sun-solaris2.10/3.4.3/specs
Configured with:
/sfw10/builds/build/sfw10-patch/usr/src/cmd/gcc/gcc-3.4.3/configure
--prefix=/usr/sfw --with-as=/usr/ccs/bin/as --without-gnu-as
--with-ld=/usr/ccs/bin/ld --without-gnu-ld --enable-languages=c,c++
--enable-shared
Thread model: posix
gcc version 3.4.3 (csl-sol210-3_4-branch+sol_rpath)

----------------------------------------


LAST_UPDATED: Obtained from SVN: branches/gcc-4_3-branch revision 150451

Native configuration is sparc-sun-solaris2.10

                === g++ tests ===


Running target unix
FAIL: g++.dg/opt/anchor1.C execution test
XPASS: g++.dg/other/ucnid-1.C (test for excess errors)
XPASS: g++.old-deja/g++.other/init19.C execution test

                === g++ Summary ===

# of expected passes            17482
# of unexpected failures        1
# of unexpected successes       2
# of expected failures          93
# of unsupported tests          214
/opt/build/jo/gcc/gcc/testsuite/g++/../../g++  version 4.3.4 (GCC)

                === gcc tests ===


Running target unix
FAIL: gcc.c-torture/compile/limits-exprparen.c  -O0  (test for excess errors)
FAIL: gcc.c-torture/compile/limits-exprparen.c  -O1  (test for excess errors)
FAIL: gcc.c-torture/compile/limits-exprparen.c  -O2  (test for excess errors)
FAIL: gcc.c-torture/compile/limits-exprparen.c  -O3
-fomit-frame-pointer  (test for excess errors)
FAIL: gcc.c-torture/compile/limits-exprparen.c  -O3 -g  (test for excess errors)
FAIL: gcc.c-torture/compile/limits-exprparen.c  -Os  (test for excess errors)
XPASS: gcc.dg/ucnid-2.c (test for excess errors)
XPASS: gcc.dg/ucnid-3.c (test for excess errors)
XPASS: gcc.dg/ucnid-4.c (test for excess errors)
FAIL: gcc.dg/vect/pr33804.c scan-tree-dump-times vect "vectorized 1 loops" 1
FAIL: gcc.dg/vect/pr33804.c scan-tree-dump-times vect "vectorizing
stmts using SLP" 1
FAIL: gcc.dg/vect/vect-35.c scan-tree-dump-times vect "vectorized 1 loops" 1
FAIL: gcc.dg/vect/vect-iv-6.c scan-tree-dump-times vect "vectorized 1 loops" 1
FAIL: gcc.dg/vect/vect-multitypes-5.c scan-tree-dump-times vect
"vectorized 1 loops" 1
FAIL: gcc.dg/vect/vect-multitypes-6.c scan-tree-dump-times vect
"vectorized 1 loops" 1
FAIL: gcc.dg/vect/vect-outer-5.c scan-tree-dump-times vect "OUTER LOOP
VECTORIZED" 1
FAIL: gcc.dg/vect/vect-outer-5.c scan-tree-dump-times vect "zero step
in outer loop." 1
FAIL: gcc.dg/vect/vect-outer-6.c scan-tree-dump-times vect "OUTER LOOP
VECTORIZED" 1
FAIL: gcc.dg/vect/vect-outer-6.c scan-tree-dump-times vect "zero step
in outer loop." 1
FAIL: gcc.dg/vect/vect-vfa-slp.c scan-tree-dump-times vect "vectorized
1 loops" 1
FAIL: gcc.dg/vect/slp-15.c scan-tree-dump-times vect "vectorizing
stmts using SLP" 2
FAIL: gcc.dg/vect/slp-25.c scan-tree-dump-times vect "Alignment of
access forced using peeling" 2
FAIL: gcc.dg/vect/slp-3.c scan-tree-dump-times vect "vectorized 3 loops" 1
FAIL: gcc.dg/vect/slp-3.c scan-tree-dump-times vect "vectorizing stmts
using SLP" 3
FAIL: gcc.dg/vect/no-vfa-pr29145.c scan-tree-dump-times vect
"vectorized 0 loops" 2
FAIL: gcc.dg/vect/no-vfa-pr29145.c scan-tree-dump-times vect
"vectorized 1 loops" 1
FAIL: gcc.dg/vect/no-vfa-vect-depend-1.c scan-tree-dump-times vect
"vectorized 1 loops" 1

                === gcc Summary ===

# of expected passes            47416
# of unexpected failures        24
# of unexpected successes       3
# of expected failures          194
# of untested testcases         35
# of unsupported tests          512
/opt/build/jo/gcc/gcc/xgcc  version 4.3.4 (GCC)

                === gfortran tests ===


Running target unix

                === gfortran Summary ===

# of expected passes            25388
# of expected failures          5
# of unsupported tests          53
/opt/build/jo/gcc/gcc/testsuite/gfortran/../../gfortran  version 4.3.4 (GCC)

                === libgomp tests ===


Running target unix

                === libgomp Summary ===

# of expected passes            1749
# of unsupported tests          7
                === libstdc++ tests ===


Running target unix
XPASS: 27_io/basic_istream/extractors_arithmetic/char/12.cc execution test
XPASS: 27_io/basic_istream/extractors_arithmetic/wchar_t/12.cc execution test

                === libstdc++ Summary ===

# of expected passes            4864
# of unexpected successes       2
# of expected failures          59
# of unsupported tests          369

Compiler version: 4.3.4 (GCC)
Platform: sparc-sun-solaris2.10
configure flags: --build=sparc-sun-solaris2.10 --enable-shared
--enable-languages=c,c++,fortran
--prefix=/home/jo/local/gcc4.3.4-sparc-sun-solaris2.10
--with-gmp=/home/jo/local/gmp-sparc-sun-solaris2.10
--with-mpfr=/home/jo/local/mpfr-sparc-sun-solaris2.10 --disable-nls
--enable-checking=release --enable-werror=no --enable-multilib
--with-system-zlib --enable-bootstrap --with-gnu-as
--with-as=/opt/csw/bin/gas --without-gnu-ld --with-ld=/usr/ccs/bin/ld
--with-x --with-libiconv-prefix=/opt/csw


Index Nav: [Date Index] [Subject Index] [Author Index] [Thread Index]
Message Nav: [Date Prev] [Date Next] [Thread Prev] [Thread Next]