This is the mail archive of the gcc-testresults@gcc.gnu.org mailing list for the GCC project.


Index Nav: [Date Index] [Subject Index] [Author Index] [Thread Index]
Message Nav: [Date Prev] [Date Next] [Thread Prev] [Thread Next]
Other format: [Raw text]

Results for 4.4.1 (GCC) testsuite on mipsel-unknown-linux-gnu


LAST_UPDATED: Obtained from SVN: tags/gcc_4_4_1_release revision 149916

		=== acats tests ===
FAIL:	c94020a
FAIL:	c974008
FAIL:	c974009
FAIL:	c9a009c
FAIL:	c9a009g

		=== acats Summary ===
# of expected passes		2310
# of unexpected failures	5
Native configuration is mipsel-unknown-linux-gnu

		=== gcc tests ===


Running target unix
WARNING: program timed out.
FAIL: gcc.c-torture/compile/limits-structnest.c  -O2  (test for excess errors)
WARNING: program timed out.
FAIL: gcc.c-torture/compile/limits-structnest.c  -O3 -fomit-frame-pointer  (test for excess errors)
WARNING: program timed out.
FAIL: gcc.c-torture/compile/limits-structnest.c  -O3 -g  (test for excess errors)
WARNING: program timed out.
FAIL: gcc.c-torture/compile/limits-structnest.c  -Os  (test for excess errors)
FAIL: gcc.dg/cleanup-11.c execution test
FAIL: gcc.dg/cleanup-12.c execution test
FAIL: gcc.dg/cleanup-5.c execution test
FAIL: gcc.dg/cleanup-8.c execution test
WARNING: program timed out.
FAIL: gcc.dg/cleanup-9.c execution test
FAIL: largefile.c -O0 -g -I. (test for excess errors)
FAIL: gcc.dg/pch/largefile.c -O0 -g assembly comparison
FAIL: largefile.c  -O0  -I. (test for excess errors)
FAIL: gcc.dg/pch/largefile.c  -O0  assembly comparison
FAIL: largefile.c  -O1  -I. (test for excess errors)
FAIL: gcc.dg/pch/largefile.c  -O1  assembly comparison
FAIL: largefile.c  -O2  -I. (test for excess errors)
FAIL: gcc.dg/pch/largefile.c  -O2  assembly comparison
FAIL: largefile.c  -O3 -fomit-frame-pointer  -I. (test for excess errors)
FAIL: gcc.dg/pch/largefile.c  -O3 -fomit-frame-pointer  assembly comparison
FAIL: largefile.c  -O3 -g  -I. (test for excess errors)
FAIL: gcc.dg/pch/largefile.c  -O3 -g  assembly comparison
FAIL: largefile.c  -Os  -I. (test for excess errors)
FAIL: gcc.dg/pch/largefile.c  -Os  assembly comparison
FAIL: gcc.target/mips/mips16-attributes.c (test for excess errors)

		=== gcc Summary ===

# of expected passes		51519
# of unexpected failures	24
# of expected failures		126
# of unsupported tests		500
/mnt/LG80A/home/guerby/build441/gcc/xgcc  version 4.4.1 (GCC) 

		=== gfortran tests ===


Running target unix

		=== gfortran Summary ===

# of expected passes		28635
# of expected failures		10
# of unsupported tests		263
/mnt/LG80A/home/guerby/build441/gcc/testsuite/gfortran/../../gfortran  version 4.4.1 (GCC) 

		=== g++ tests ===


Running target unix
FAIL: g++.dg/bprob/g++-bprob-1.C execution,    -Os  -fprofile-use
FAIL: g++.dg/compat/abi/vbase8-4 cp_compat_x_tst.o-cp_compat_y_tst.o execute 
FAIL: g++.dg/expr/ptrmem6.C execution test
FAIL: g++.dg/ext/is_base_of.C execution test
FAIL: g++.dg/inherit/covariant4.C execution test
FAIL: g++.dg/ipa/iinline-1.C scan-ipa-dump inline "String::funcOne[^\\n]*inline copy in int main"
FAIL: g++.dg/opt/nrv4.C execution test
FAIL: g++.old-deja/g++.abi/cxa_vec.C execution test
FAIL: g++.old-deja/g++.abi/primary3.C execution test
FAIL: g++.old-deja/g++.brendan/code-gen4.C execution test
FAIL: g++.old-deja/g++.ext/label2.C execution test
FAIL: g++.old-deja/g++.ext/typename1.C execution test
FAIL: g++.old-deja/g++.jason/overload19.C execution test
FAIL: g++.old-deja/g++.jason/return2.C execution test
FAIL: g++.old-deja/g++.mike/leak1.C execution test
FAIL: g++.old-deja/g++.mike/net40.C execution test
FAIL: g++.old-deja/g++.mike/ns10.C execution test
FAIL: g++.old-deja/g++.mike/p9732a.C execution test
FAIL: g++.old-deja/g++.other/externC3.C execution test
FAIL: g++.old-deja/g++.other/optimize1.C execution test

		=== g++ Summary ===

# of expected passes		19187
# of unexpected failures	20
# of expected failures		156
# of unsupported tests		157
/mnt/LG80A/home/guerby/build441/gcc/testsuite/g++/../../g++  version 4.4.1 (GCC) 

		=== gnat tests ===


Running target unix

		=== gnat Summary ===

# of expected passes		613
# of expected failures		6
		=== objc tests ===


Running target unix
FAIL: objc/execute/forward-1.m execution,  -O0 -fgnu-runtime
FAIL: objc/execute/forward-1.m execution,  -O1 -fgnu-runtime
FAIL: objc/execute/forward-1.m execution,  -O2 -fgnu-runtime
FAIL: objc/execute/forward-1.m execution,  -O3 -fomit-frame-pointer -fgnu-runtime
FAIL: objc/execute/forward-1.m execution,  -O3 -fomit-frame-pointer -funroll-loops -fgnu-runtime
FAIL: objc/execute/forward-1.m execution,  -O3 -fomit-frame-pointer -funroll-all-loops -finline-functions -fgnu-runtime
FAIL: objc/execute/forward-1.m execution,  -O3 -g -fgnu-runtime
FAIL: objc/execute/forward-1.m execution,  -Os -fgnu-runtime

		=== objc Summary ===

# of expected passes		1866
# of unexpected failures	8
# of expected failures		7
# of unsupported tests		24
/mnt/LG80A/home/guerby/build441/gcc/xgcc  version 4.4.1 (GCC) 

		=== libgomp tests ===


Running target unix
FAIL: libgomp.c++/collapse-1.C  -O3 -g  execution test
FAIL: libgomp.c++/loop-12.C  -O3 -fomit-frame-pointer -funroll-loops  execution test
FAIL: libgomp.c++/loop-9.C  -O0  execution test

		=== libgomp Summary ===

# of expected passes		2403
# of unexpected failures	3
		=== libmudflap tests ===


Running target unix
FAIL: libmudflap.c/fail17-frag.c (-static) (test for excess errors)
FAIL: libmudflap.c/fail23-frag.c (-static) (test for excess errors)
FAIL: libmudflap.c/fail25-frag.c (-static) (test for excess errors)
FAIL: libmudflap.c/fail4-frag.c (-static) (test for excess errors)
FAIL: libmudflap.c/fail5-frag.c (-static) (test for excess errors)
FAIL: libmudflap.c/fail6-frag.c (-static) (test for excess errors)
FAIL: libmudflap.c/fail7-frag.c (-static) (test for excess errors)
FAIL: libmudflap.c/fail8-frag.c (-static) (test for excess errors)
FAIL: libmudflap.c/fail9-frag.c (-static) (test for excess errors)
FAIL: libmudflap.c/heap-scalestress.c (-static) (test for excess errors)
FAIL: libmudflap.c/hook-allocstuff.c (-static) (test for excess errors)
FAIL: libmudflap.c/pass-stratcliff.c (-static) (test for excess errors)
FAIL: libmudflap.c/pass30-frag.c (-static) (test for excess errors)
FAIL: libmudflap.c/pass30-frag.c (-static) (test for excess errors)
FAIL: libmudflap.c/pass4-frag.c (-static) (test for excess errors)
FAIL: libmudflap.c/pass4-frag.c (-static) (test for excess errors)
FAIL: libmudflap.c/pass45-frag.c (-static) (test for excess errors)
FAIL: libmudflap.c/pass45-frag.c (-static) (test for excess errors)
FAIL: libmudflap.c/pass46-frag.c (-static) (test for excess errors)
FAIL: libmudflap.c/pass46-frag.c (-static) (test for excess errors)
FAIL: libmudflap.c/pass47-frag.c (-static) (test for excess errors)
FAIL: libmudflap.c/pass47-frag.c (-static) (test for excess errors)
FAIL: libmudflap.c/pass49-frag.c (-static) (test for excess errors)
FAIL: libmudflap.c/pass49-frag.c (-static) (test for excess errors)
FAIL: libmudflap.c/pass5-frag.c (-static) (test for excess errors)
FAIL: libmudflap.c/pass5-frag.c (-static) (test for excess errors)
FAIL: libmudflap.c/pass51-frag.c (-static) (test for excess errors)
FAIL: libmudflap.c/pass51-frag.c (-static) (test for excess errors)
FAIL: libmudflap.c/pass52-frag.c (-static) (test for excess errors)
FAIL: libmudflap.c/pass52-frag.c (-static) (test for excess errors)
FAIL: libmudflap.c/pass6-frag.c (-static) (test for excess errors)
FAIL: libmudflap.c/pass6-frag.c (-static) (test for excess errors)
FAIL: libmudflap.c/pass7-frag.c (-static) (test for excess errors)
FAIL: libmudflap.c/pass7-frag.c (-static) (test for excess errors)
FAIL: libmudflap.c/pass8-frag.c (-static) (test for excess errors)
FAIL: libmudflap.c/pass8-frag.c (-static) (test for excess errors)
FAIL: libmudflap.c/pass9-frag.c (-static) (test for excess errors)
FAIL: libmudflap.c/pass9-frag.c (-static) (test for excess errors)
FAIL: libmudflap.c++/pass41-frag.cxx execution test
FAIL: libmudflap.c++/fail24-frag.cxx (-static) (test for excess errors)
FAIL: libmudflap.c++/pass31-frag.cxx (-static) (test for excess errors)
FAIL: libmudflap.c++/pass41-frag.cxx (-static) execution test
FAIL: libmudflap.c++/pass41-frag.cxx (-O2) execution test
FAIL: libmudflap.c++/pass41-frag.cxx (-O3) execution test

		=== libmudflap Summary ===

# of expected passes		1850
# of unexpected failures	44
		=== libstdc++ tests ===


Running target unix
FAIL: 20_util/auto_ptr/3.cc execution test
FAIL: 20_util/hash/operators/size_t.cc execution test
FAIL: 20_util/tuple/comparison_operators/comparisons.cc execution test
FAIL: 22_locale/num_get/get/char/10.cc execution test
WARNING: program timed out.
FAIL: 22_locale/num_get/get/char/13.cc execution test
FAIL: 23_containers/deque/modifiers/erase/2.cc execution test
WARNING: program timed out.
FAIL: 23_containers/map/modifiers/swap/3.cc execution test
WARNING: program timed out.
FAIL: 23_containers/vector/bool/modifiers/insert/31370.cc execution test
FAIL: 23_containers/vector/capacity/29134-2.cc execution test
FAIL: 23_containers/vector/check_construct_destroy.cc execution test
FAIL: 23_containers/vector/cons/clear_allocator.cc execution test
FAIL: 23_containers/vector/zero_sized_allocations.cc execution test
FAIL: 25_algorithms/copy_n/3.cc execution test
FAIL: 25_algorithms/lower_bound/1.cc execution test
FAIL: 25_algorithms/max/4.cc execution test
FAIL: 25_algorithms/max_element/1.cc execution test
FAIL: 25_algorithms/merge/1.cc execution test
FAIL: 25_algorithms/minmax/2.cc execution test
FAIL: 25_algorithms/remove_if/moveable.cc execution test
WARNING: program timed out.
FAIL: 25_algorithms/set_difference/1.cc execution test
FAIL: 25_algorithms/upper_bound/2.cc execution test
FAIL: 26_numerics/adjacent_difference/1.cc execution test
FAIL: 26_numerics/complex/dr781.cc execution test
FAIL: 26_numerics/complex/pow.cc execution test
XPASS: 26_numerics/headers/cmath/c99_classification_macros_c.cc (test for excess errors)
FAIL: 26_numerics/headers/cmath/fabs_inline.cc execution test
WARNING: program timed out.
FAIL: 26_numerics/headers/cmath/powi.cc execution test
FAIL: 26_numerics/valarray/27867.cc execution test
FAIL: 26_numerics/valarray/28277.cc execution test
FAIL: 26_numerics/valarray/binary_closure.cc execution test
FAIL: 26_numerics/valarray/init-list.cc execution test
FAIL: 27_io/basic_filebuf/close/char/1.cc execution test
FAIL: 27_io/basic_filebuf/close/char/12790-3.cc execution test
FAIL: 27_io/basic_filebuf/open/char/9507.cc execution test
FAIL: 27_io/basic_filebuf/seekoff/12790-3.cc execution test
FAIL: 27_io/basic_filebuf/seekoff/char/12790-1.cc execution test
FAIL: 27_io/basic_filebuf/seekoff/wchar_t/12790-3.cc execution test
FAIL: 27_io/basic_filebuf/seekpos/wchar_t/12790-4.cc execution test
FAIL: 27_io/basic_filebuf/setbuf/char/1.cc execution test
FAIL: 27_io/basic_filebuf/setbuf/char/12875-1.cc execution test
FAIL: 27_io/basic_filebuf/sputbackc/char/1-io.cc execution test
FAIL: 27_io/basic_filebuf/sputbackc/char/2-in.cc execution test
FAIL: 27_io/basic_filebuf/underflow/10096.cc execution test
FAIL: 27_io/basic_ifstream/cons/2020.cc execution test
FAIL: 27_io/basic_ios/locales/char/1.cc execution test
FAIL: 27_io/basic_istream/seekg/wchar_t/2.cc execution test
WARNING: program timed out.
FAIL: 27_io/basic_istream/seekg/wchar_t/8348-1.cc execution test
FAIL: 30_threads/recursive_timed_mutex/native_handle/typesizes.cc execution test
FAIL: 30_threads/thread/members/hardware_concurrency.cc execution test
FAIL: 30_threads/unique_lock/cons/4.cc execution test
FAIL: abi/demangle/abi_examples/19.cc execution test
FAIL: ext/mt_allocator/22309_thread.cc execution test
FAIL: ext/mt_allocator/deallocate_local-8.cc execution test
FAIL: tr1/4_metaprogramming/is_volatile/value.cc execution test

		=== libstdc++ Summary ===

# of expected passes		5795
# of unexpected failures	53
# of unexpected successes	1
# of expected failures		79
# of unsupported tests		342

Compiler version: 4.4.1 (GCC) 
Platform: mipsel-unknown-linux-gnu
configure flags: --enable-languages=c,c++,fortran,objc,ada --prefix=/opt/cfarm/release/4.4.1 --disable-nls --disable-multilib --enable-__cxa_atexit --enable-threads=posix --build=mipsel-linux-gnu --host=mipsel-linux-gnu --target=mipsel-linux-gnu --with-mpfr=/opt/cfarm/mpfr-2.4.1 --with-gmp=/opt/cfarm/gmp-4.2.4


Index Nav: [Date Index] [Subject Index] [Author Index] [Thread Index]
Message Nav: [Date Prev] [Date Next] [Thread Prev] [Thread Next]