This is the mail archive of the gcc-testresults@gcc.gnu.org mailing list for the GCC project.


Index Nav: [Date Index] [Subject Index] [Author Index] [Thread Index]
Message Nav: [Date Prev] [Date Next] [Thread Prev] [Thread Next]
Other format: [Raw text]

Results for 4.3.4 (GCC) testsuite on i386-pc-solaris2.10


Build info :
----------------------------------------

Built and tested on the Blastwave.org build farm - http://www.blastwave.org/

$ uname -a
SunOS isis 5.10 Generic_141415-04 i86pc i386 i86pc


$ cat /etc/release
                        Solaris 10 5/08 s10x_u5wos_10 X86
           Copyright 2008 Sun Microsystems, Inc.  All Rights Reserved.
                        Use is subject to license terms.
                             Assembled 24 March 2008

$ /opt/csw/bin/gas --version
GNU assembler (GNU Binutils) 2.19.1
Copyright 2007 Free Software Foundation, Inc.
This program is free software; you may redistribute it under the terms of
the GNU General Public License version 3 or later.
This program has absolutely no warranty.
This assembler was configured for a target of `i386-pc-solaris2.8'.

$ /usr/ccs/bin/ld -V
ld: Software Generation Utilities - Solaris Link Editors: 5.10-1.493

$ psrinfo -pv
The physical processor has 1 virtual processor (0)
  x86 (AuthenticAMD family 15 model 5 step 8 clock 2193 MHz)
        AMD Opteron(tm) Processor 248
The physical processor has 1 virtual processor (1)
  x86 (AuthenticAMD family 15 model 5 step 8 clock 2193 MHz)
        AMD Opteron(tm) Processor 248

Bootstraped with :

$ /usr/sfw/bin/gcc -v
Reading specs from /usr/sfw/lib/gcc/i386-pc-solaris2.10/3.4.3/specs
Configured with:
/builds/sfw10-gate/usr/src/cmd/gcc/gcc-3.4.3/configure
--prefix=/usr/sfw --with-as=/usr/sfw/bin/gas --with-gnu-as
--with-ld=/usr/ccs/bin/ld --without-gnu-ld --enable-languages=c,c++
--enable-shared
Thread model: posix
gcc version 3.4.3 (csl-sol210-3_4-branch+sol_rpath)

----------------------------------------


LAST_UPDATED: Obtained from SVN: branches/gcc-4_3-branch revision 150451

Native configuration is i386-pc-solaris2.10

                === g++ tests ===


Running target unix
XPASS: g++.dg/other/ucnid-1.C (test for excess errors)
XPASS: g++.old-deja/g++.oliva/dwarf2.C (test for excess errors)
XPASS: g++.old-deja/g++.oliva/dwarf3.C (test for excess errors)
XPASS: g++.old-deja/g++.other/init19.C execution test

                === g++ Summary ===

# of expected passes            17563
# of unexpected successes       4
# of expected failures          93
# of unsupported tests          174
/opt/build/jo/gcc/gcc/testsuite/g++/../../g++  version 4.3.4 (GCC)

                === gcc tests ===


Running target unix
FAIL: gcc.c-torture/execute/990127-2.c execution,  -O2
FAIL: gcc.c-torture/execute/990127-2.c execution,  -Os
XPASS: gcc.dg/ucnid-2.c (test for excess errors)
XPASS: gcc.dg/ucnid-3.c (test for excess errors)
XPASS: gcc.dg/ucnid-4.c (test for excess errors)
XPASS: largefile.c -O0 -g (test for excess errors)
FAIL: gcc.dg/pch/largefile.c -O0 -g assembly comparison
XPASS: largefile.c  -O0  (test for excess errors)
FAIL: gcc.dg/pch/largefile.c  -O0  assembly comparison
XPASS: largefile.c  -O1  (test for excess errors)
FAIL: gcc.dg/pch/largefile.c  -O1  assembly comparison
XPASS: largefile.c  -O2  (test for excess errors)
FAIL: gcc.dg/pch/largefile.c  -O2  assembly comparison
XPASS: largefile.c  -O3 -fomit-frame-pointer  (test for excess errors)
FAIL: gcc.dg/pch/largefile.c  -O3 -fomit-frame-pointer  assembly comparison
XPASS: largefile.c  -O3 -g  (test for excess errors)
FAIL: gcc.dg/pch/largefile.c  -O3 -g  assembly comparison
XPASS: largefile.c  -Os  (test for excess errors)
FAIL: gcc.dg/pch/largefile.c  -Os  assembly comparison
FAIL: gcc.target/i386/sse-13.c (test for excess errors)
FAIL: gcc.target/i386/sse-14.c (test for excess errors)
FAIL: gcc.target/i386/sse5-haddX.c (test for excess errors)
WARNING: gcc.target/i386/sse5-haddX.c compilation failed to produce executable
FAIL: gcc.target/i386/sse5-hsubX.c (test for excess errors)
WARNING: gcc.target/i386/sse5-hsubX.c compilation failed to produce executable

                === gcc Summary ===

# of expected passes            49166
# of unexpected failures        13
# of unexpected successes       10
# of expected failures          177
# of untested testcases         35
# of unsupported tests          317
/opt/build/jo/gcc/gcc/xgcc  version 4.3.4 (GCC)

                === gfortran tests ===


Running target unix
FAIL: gfortran.dg/array_constructor_23.f  -O3 -fomit-frame-pointer
execution test
FAIL: gfortran.dg/array_constructor_23.f  -O3 -fomit-frame-pointer
-funroll-loops  execution test
FAIL: gfortran.dg/array_constructor_23.f  -O3 -fomit-frame-pointer
-funroll-all-loops -finline-functions  execution test
FAIL: gfortran.dg/array_constructor_23.f  -O3 -g  execution test

                === gfortran Summary ===

# of expected passes            25434
# of unexpected failures        4
# of expected failures          3
# of unsupported tests          32
/opt/build/jo/gcc/gcc/testsuite/gfortran/../../gfortran  version 4.3.4 (GCC)

                === libgomp tests ===


Running target unix

                === libgomp Summary ===

# of expected passes            1763
                === libstdc++ tests ===


Running target unix

                === libstdc++ Summary ===

# of expected passes            4864
# of expected failures          61
# of unsupported tests          369
                ===  tests ===


Running target unix

                ===  Summary ===


Compiler version: 4.3.4 (GCC)
Platform: i386-pc-solaris2.10
configure flags: --build=i386-pc-solaris2.10 --enable-shared
--enable-languages=c,c++,fortran
--prefix=/home/jo/local/gcc4.3.4-i386-pc-solaris2.10
--with-gmp=/home/jo/local/gmp-i386-pc-solaris2.10
--with-mpfr=/home/jo/local/mpfr-i386-pc-solaris2.10 --disable-nls
--enable-checking=release --enable-werror=no --enable-multilib
--with-system-zlib --enable-bootstrap --with-gnu-as
--with-as=/opt/csw/bin/gas --without-gnu-ld --with-ld=/usr/ccs/bin/ld
--with-x --with-libiconv-prefix=/opt/csw


Index Nav: [Date Index] [Subject Index] [Author Index] [Thread Index]
Message Nav: [Date Prev] [Date Next] [Thread Prev] [Thread Next]