This is the mail archive of the
gcc-testresults@gcc.gnu.org
mailing list for the GCC project.
Results for 4.5.0 20090803 (experimental) [trunk revision 150388] (Debian 20090803-1) testsuite on powerpc-unknown-linux-gnu
- From: Matthias Klose <doko at debian dot org>
- To: gcc-testresults at gcc dot gnu dot org
- Cc: debian-gcc at lists dot debian dot org
- Date: Thu, 06 Aug 2009 17:54:06 +0000
- Subject: Results for 4.5.0 20090803 (experimental) [trunk revision 150388] (Debian 20090803-1) testsuite on powerpc-unknown-linux-gnu
- Reply-to: Matthias Klose <doko at debian dot org>
LAST_UPDATED: Mon Aug 3 22:52:56 UTC 2009 (revision 150388)
Target: powerpc-linux-gnu
gcc version 4.5.0 20090803 (experimental) [trunk revision 150388] (Debian 20090803-1)
Native configuration is powerpc-unknown-linux-gnu
=== g++ tests ===
Running target unix
FAIL: g++.dg/ext/altivec-types-1.C (test for errors, line 30)
FAIL: g++.dg/ext/altivec-types-1.C (test for errors, line 40)
FAIL: g++.dg/ext/altivec-types-1.C (test for errors, line 41)
FAIL: g++.dg/ext/altivec-types-1.C (test for errors, line 42)
FAIL: g++.dg/ext/altivec-types-1.C (test for errors, line 43)
FAIL: g++.dg/ext/altivec-types-1.C (test for errors, line 44)
FAIL: g++.dg/ext/altivec-types-1.C (test for errors, line 45)
FAIL: g++.dg/ext/altivec-types-1.C (test for errors, line 46)
FAIL: g++.dg/ext/altivec-types-1.C (test for errors, line 47)
FAIL: g++.dg/ext/altivec-types-1.C (test for errors, line 48)
FAIL: g++.dg/ext/altivec-types-1.C (test for errors, line 49)
FAIL: g++.dg/ext/altivec-types-1.C (test for errors, line 50)
FAIL: g++.dg/ext/altivec-types-1.C (test for errors, line 51)
FAIL: g++.dg/ext/altivec-types-1.C (test for errors, line 52)
FAIL: g++.dg/ext/altivec-types-1.C (test for errors, line 53)
FAIL: g++.dg/ext/altivec-types-1.C (test for errors, line 54)
FAIL: g++.dg/ext/altivec-types-1.C (test for errors, line 55)
FAIL: g++.dg/ext/altivec-types-1.C (test for errors, line 56)
FAIL: g++.dg/ext/altivec-types-1.C (test for errors, line 57)
FAIL: g++.dg/ext/altivec-types-1.C (test for errors, line 58)
FAIL: g++.dg/ext/altivec-types-1.C (test for errors, line 59)
FAIL: g++.dg/ext/altivec-types-1.C (test for errors, line 60)
FAIL: g++.dg/ext/altivec-types-1.C (test for errors, line 61)
FAIL: g++.dg/ext/altivec-types-1.C (test for errors, line 62)
FAIL: g++.dg/ext/altivec-types-1.C (test for errors, line 63)
FAIL: g++.dg/ext/altivec-types-1.C (test for errors, line 64)
FAIL: g++.dg/ext/altivec-types-1.C (test for errors, line 65)
FAIL: g++.dg/ext/altivec-types-1.C (test for errors, line 66)
=== g++ Summary ===
# of expected passes 20043
# of unexpected failures 28
# of expected failures 149
# of unsupported tests 146
/build/buildd/gcc-snapshot-20090803/build/gcc/testsuite/g++/../../g++ version 4.5.0 20090803 (experimental) [trunk revision 150388] (Debian 20090803-1)
=== gcc tests ===
Running target unix
WARNING: program timed out.
FAIL: gcc.c-torture/compile/limits-fndefn.c -O3 -g (test for excess errors)
FAIL: gcc.dg/dfp/altivec-types.c (test for errors, line 7)
FAIL: gcc.dg/dfp/altivec-types.c (test for errors, line 8)
FAIL: gcc.dg/dfp/altivec-types.c (test for errors, line 9)
XPASS: gcc.dg/Warray-bounds.c (test for warnings, line 59)
XPASS: gcc.dg/Warray-bounds.c (test for warnings, line 65)
XPASS: gcc.dg/Wunreachable-8.c (test for bogus messages, line 7)
FAIL: gcc.dg/and-1.c scan-assembler-not nand
FAIL: gcc.dg/sms-2.c scan-rtl-dump-times sms "SMS succeeded" 1
FAIL: gcc.dg/sms-4.c scan-rtl-dump-times sms "SMS succeeded" 1
FAIL: gcc.dg/sms-6.c scan-rtl-dump-times sms "SMS succeeded" 3
FAIL: gcc.dg/sms-7.c scan-rtl-dump-times sms "SMS succeeded" 3
FAIL: gcc.dg/sms-8.c scan-rtl-dump-times sms "SMS succeeded" 1
XPASS: gcc.dg/struct/wo_prof_array_through_pointer.c scan-ipa-dump ipa_struct_reorg "Number of structures to transform is 1"
FAIL: gcc.dg/struct/wo_prof_double_malloc.c (internal compiler error)
FAIL: gcc.dg/struct/wo_prof_double_malloc.c (test for excess errors)
UNRESOLVED: gcc.dg/struct/wo_prof_double_malloc.c compilation failed to produce executable
FAIL: gcc.dg/tree-ssa/vrp47.c scan-tree-dump-times vrp1 "[xy][^ ]* !=" 0
FAIL: gcc.dg/tree-ssa/vrp47.c scan-tree-dump-times dom1 "x[^ ]* & y" 1
FAIL: gcc.dg/vect/costmodel/ppc/costmodel-vect-31d.c scan-tree-dump-times vect "vectorization not profitable" 1
FAIL: gcc.dg/vect/costmodel/ppc/costmodel-vect-68d.c scan-tree-dump-times vect "vectorization not profitable" 1
FAIL: gcc.dg/vect/costmodel/ppc/costmodel-vect-76a.c scan-tree-dump-times vect "vectorized 1 loops" 1
FAIL: gcc.dg/vect/costmodel/ppc/costmodel-vect-76b.c scan-tree-dump-times vect "vectorization not profitable" 1
FAIL: gcc.dg/vect/pr35821-altivec.c scan-tree-dump-times vect "vectorized 1 loops" 1
FAIL: gcc.dg/vect/vect-82_64.c (internal compiler error)
FAIL: gcc.dg/vect/vect-82_64.c (test for excess errors)
FAIL: gcc.dg/vect/vect-82_64.c scan-tree-dump-times vect "vectorized 1 loops" 1
FAIL: gcc.dg/vect/vect-83_64.c (internal compiler error)
FAIL: gcc.dg/vect/vect-83_64.c (test for excess errors)
FAIL: gcc.dg/vect/vect-83_64.c scan-tree-dump-times vect "vectorized 1 loops" 1
FAIL: gcc.dg/vect/section-anchors-nest-1.c scan-ipa-dump-times increase_alignment "Increasing alignment of decl" 3
FAIL: gcc.target/powerpc/405-dlmzb-strlen-1.c scan-assembler dlmzb\\\\.
FAIL: gcc.target/powerpc/440-dlmzb-strlen-1.c scan-assembler dlmzb\\\\.
FAIL: gcc.target/powerpc/altivec-types-1.c (test for errors, line 40)
FAIL: gcc.target/powerpc/altivec-types-1.c (test for errors, line 41)
FAIL: gcc.target/powerpc/altivec-types-1.c (test for errors, line 42)
FAIL: gcc.target/powerpc/altivec-types-1.c (test for errors, line 43)
FAIL: gcc.target/powerpc/altivec-types-1.c (test for errors, line 44)
FAIL: gcc.target/powerpc/altivec-types-1.c (test for errors, line 45)
FAIL: gcc.target/powerpc/altivec-types-1.c (test for errors, line 46)
FAIL: gcc.target/powerpc/altivec-types-1.c (test for errors, line 47)
FAIL: gcc.target/powerpc/altivec-types-1.c (test for errors, line 48)
FAIL: gcc.target/powerpc/altivec-types-1.c (test for errors, line 49)
FAIL: gcc.target/powerpc/altivec-types-1.c (test for errors, line 50)
FAIL: gcc.target/powerpc/altivec-types-1.c (test for errors, line 51)
FAIL: gcc.target/powerpc/altivec-types-1.c (test for errors, line 52)
FAIL: gcc.target/powerpc/altivec-types-1.c (test for errors, line 53)
FAIL: gcc.target/powerpc/altivec-types-1.c (test for errors, line 54)
FAIL: gcc.target/powerpc/altivec-types-1.c (test for errors, line 55)
FAIL: gcc.target/powerpc/altivec-types-1.c (test for errors, line 56)
FAIL: gcc.target/powerpc/altivec-types-1.c (test for errors, line 57)
FAIL: gcc.target/powerpc/altivec-types-1.c (test for errors, line 58)
FAIL: gcc.target/powerpc/altivec-types-1.c (test for errors, line 59)
FAIL: gcc.target/powerpc/altivec-types-1.c (test for errors, line 60)
FAIL: gcc.target/powerpc/altivec-types-1.c (test for errors, line 61)
FAIL: gcc.target/powerpc/altivec-types-1.c (test for errors, line 62)
FAIL: gcc.target/powerpc/altivec-types-1.c (test for errors, line 63)
FAIL: gcc.target/powerpc/altivec-types-1.c (test for errors, line 64)
FAIL: gcc.target/powerpc/altivec-types-1.c (test for errors, line 65)
FAIL: gcc.target/powerpc/altivec-types-1.c (test for errors, line 66)
FAIL: gcc.target/powerpc/ppc64-double-1.c (internal compiler error)
FAIL: gcc.target/powerpc/ppc64-double-1.c (test for excess errors)
ERROR: gcc.target/powerpc/ppc64-double-1.c: error executing dg-final: couldn't open "ppc64-double-1.s": no such file or directory
UNRESOLVED: gcc.target/powerpc/ppc64-double-1.c: error executing dg-final: couldn't open "ppc64-double-1.s": no such file or directory
FAIL: gcc.target/powerpc/rs6000-fpint-2.c (internal compiler error)
FAIL: gcc.target/powerpc/rs6000-fpint-2.c (test for excess errors)
=== gcc Summary ===
# of expected passes 55868
# of unexpected failures 59
# of unexpected successes 4
# of expected failures 155
# of unresolved testcases 2
# of unsupported tests 678
/build/buildd/gcc-snapshot-20090803/build/gcc/xgcc version 4.5.0 20090803 (experimental) [trunk revision 150388] (Debian 20090803-1)
=== gfortran tests ===
Running target unix
XPASS: gfortran.dg/nint_2.f90 -O0 execution test
WARNING: program timed out.
FAIL: gfortran.dg/vect/fast-math-pr38968.f90 execution test
=== gfortran Summary ===
# of expected passes 31627
# of unexpected failures 1
# of unexpected successes 1
# of expected failures 36
# of unsupported tests 126
/build/buildd/gcc-snapshot-20090803/build/gcc/testsuite/gfortran/../../gfortran version 4.5.0 20090803 (experimental) [trunk revision 150388] (Debian 20090803-1)
=== obj-c++ tests ===
Running target unix
UNRESOLVED: obj-c++.dg/lookup-2.mm compilation failed to produce executable
UNRESOLVED: obj-c++.dg/try-catch-2.mm compilation failed to produce executable
UNRESOLVED: obj-c++.dg/try-catch-9.mm compilation failed to produce executable
=== obj-c++ Summary ===
# of expected passes 438
# of expected failures 10
# of unresolved testcases 3
# of unsupported tests 13
/build/buildd/gcc-snapshot-20090803/build/gcc/testsuite/obj-c++/../../g++ version 4.5.0 20090803 (experimental) [trunk revision 150388] (Debian 20090803-1)
=== objc tests ===
Running target unix
=== objc Summary ===
# of expected passes 1867
# of expected failures 15
# of unsupported tests 24
/build/buildd/gcc-snapshot-20090803/build/gcc/xgcc version 4.5.0 20090803 (experimental) [trunk revision 150388] (Debian 20090803-1)
=== libffi tests ===
Running target unix
FAIL: libffi.call/cls_longdouble_va.c -O0 -W -Wall output pattern test, is %.1f
FAIL: libffi.call/cls_longdouble_va.c -O2 output pattern test, is %.1f
FAIL: libffi.call/cls_longdouble_va.c -O3 output pattern test, is %.1f
FAIL: libffi.call/cls_longdouble_va.c -Os output pattern test, is %.1f
FAIL: libffi.call/cls_longdouble_va.c -O2 -fomit-frame-pointer output pattern test, is %.1f
=== libffi Summary ===
# of expected passes 1589
# of unexpected failures 5
# of expected failures 10
# of unsupported tests 15
=== libgomp tests ===
Running target unix
=== libgomp Summary ===
# of expected passes 2408
=== libjava tests ===
Running target unix
=== libjava Summary ===
# of expected passes 2574
=== libmudflap tests ===
Running target unix
FAIL: libmudflap.c/pass54-frag.c execution test
FAIL: libmudflap.c/pass54-frag.c execution test
FAIL: libmudflap.c/pass54-frag.c (-static) execution test
FAIL: libmudflap.c/pass54-frag.c (-static) execution test
FAIL: libmudflap.c/fail31-frag.c (-O3) crash test
FAIL: libmudflap.c/fail31-frag.c (-O3) output pattern test
FAIL: libmudflap.c/pass45-frag.c (-O3) execution test
FAIL: libmudflap.c/pass45-frag.c (-O3) output pattern test
FAIL: libmudflap.c/pass45-frag.c (-O3) execution test
FAIL: libmudflap.c/pass45-frag.c (-O3) output pattern test
FAIL: libmudflap.c++/pass41-frag.cxx execution test
FAIL: libmudflap.c++/pass41-frag.cxx ( -O) execution test
FAIL: libmudflap.c++/pass41-frag.cxx (-O2) execution test
FAIL: libmudflap.c++/pass41-frag.cxx (-O3) execution test
=== libmudflap Summary ===
# of expected passes 1848
# of unexpected failures 14
=== libstdc++ tests ===
Running target unix
XPASS: 26_numerics/headers/cmath/c99_classification_macros_c.cc (test for excess errors)
=== libstdc++ Summary ===
# of expected passes 6254
# of unexpected successes 1
# of expected failures 84
# of unsupported tests 335
Compiler version: 4.5.0 20090803 (experimental) [trunk revision 150388] (Debian 20090803-1)
Platform: powerpc-unknown-linux-gnu
configure flags: -v --with-pkgversion='Debian 20090803-1' --with-bugurl=file:///usr/share/doc/gcc-snapshot/README.Bugs --enable-languages=c,c++,java,fortran,objc,obj-c++ --prefix=/usr/lib/gcc-snapshot --enable-shared --enable-multiarch --enable-linker-build-id --with-system-zlib --disable-nls --enable-clocale=gnu --enable-libstdcxx-debug --enable-mpfr --enable-java-awt=gtk --enable-gtk-cairo --disable-plugin --with-java-home=/usr/lib/gcc-snapshot/java-1.5.0-gcj-4.5/jre --enable-java-home --with-jvm-root-dir=/usr/lib/gcc-snapshot/java-1.5.0-gcj-4.5 --with-arch-directory=ppc --with-ecj-jar=/usr/share/java/eclipse-ecj.jar --enable-objc-gc --disable-softfloat --enable-secureplt --enable-targets=powerpc-linux,powerpc64-linux --with-cpu=default32 --with-long-double-128 --disable-werror --build=powerpc-linux-gnu --host=powerpc-linux-gnu --target=powerpc-linux-gnu
BOOT_CFLAGS=
Build Dependencies:
Desired=Unknown/Install/Remove/Purge/Hold
| Status=Not/Inst/Cfg-files/Unpacked/Failed-cfg/Half-inst/trig-aWait/Trig-pend
|/ Err?=(none)/Hold/Reinst-required/X=both-problems (Status,Err: uppercase=bad)
||/ Name Version Description
+++-=======================================================-===================-==============================================
ii binutils 2.19.51.20090723-1 The GNU assembler, linker and binary utilities
ii libc6 2.9-23 GNU C Library: Shared libraries
gcc-ice-hack:
Retry the build on an ice, save the calling options and preprocessed
source when the ice is reproducible.
gcc-ice-apport:
Report an ICE to apport (if apport is available
and the environment variable GCC_NOAPPORT is not set)
libjava-disable-static:
Disable building the static libjava.
libjava-fixed-symlinks:
Remove unneed '..' elements from symlinks in JAVA_HOME
pr39491:
Proposed patch for PR libstdc++/39491.
arm-unbreak-eabi-armv4t:
Fix armv4t build on ARM
libjava-nobiarch-check:
For biarch builds, disable the testsuite for the non-default architecture
for runtime libraries, which are not built by default (libjava).
config-ml:
disable some biarch libraries for biarch builds
powerpc-biarch:
enable biarch for 32 bit compiler
Counting all warnings,
there are 0 warnings in stage3 of this bootstrap.
Number of warnings per file:
Number of warning types: