This is the mail archive of the gcc-testresults@gcc.gnu.org mailing list for the GCC project.


Index Nav: [Date Index] [Subject Index] [Author Index] [Thread Index]
Message Nav: [Date Prev] [Date Next] [Thread Prev] [Thread Next]
Other format: [Raw text]

Results for 4.5.0 20090802 (experimental) (lto merged with rev 150345) testsuite on x86_64-unknown-linux-gnu


Native configuration is x86_64-unknown-linux-gnu

		=== g++ tests ===


Running target unix
FAIL: g++.dg/inherit/thunk1.C (test for excess errors)
UNRESOLVED: g++.dg/inherit/thunk1.C compilation failed to produce executable
FAIL: g++.dg/lto/20090106 cp_lto_20090106_0.o-cp_lto_20090106_0.o link
UNRESOLVED: g++.dg/lto/20090106 cp_lto_20090106_0.o-cp_lto_20090106_0.o execute -O2 -fwhopr
FAIL: g++.dg/lto/20090106 cp_lto_20090106_0.o-cp_lto_20090106_0.o link
UNRESOLVED: g++.dg/lto/20090106 cp_lto_20090106_0.o-cp_lto_20090106_0.o execute -O2 -flto
FAIL: g++.dg/lto/pr40818 cp_lto_pr40818_0.o assemble, -O0 -fwhopr (internal compiler error)
FAIL: g++.dg/lto/pr40818 cp_lto_pr40818_0.o assemble, -O2 -fwhopr (internal compiler error)
FAIL: g++.dg/lto/pr40818 cp_lto_pr40818_0.o assemble, -O0 -flto (internal compiler error)
FAIL: g++.dg/lto/pr40818 cp_lto_pr40818_0.o assemble, -O2 -flto (internal compiler error)
FAIL: g++.old-deja/g++.jason/thunk3.C (test for excess errors)
UNRESOLVED: g++.old-deja/g++.jason/thunk3.C compilation failed to produce executable

		=== g++ Summary ===

# of expected passes		21470
# of unexpected failures	8
# of expected failures		155
# of unresolved testcases	4
# of unsupported tests		373
/usr/local/google/homedirs/dnovillo/notnfs/perf/sbox/lto/local.x86_64/bld/gcc/testsuite/g++/../../g++  version 4.5.0 20090802 (experimental) (lto merged with rev 150345) 

		=== gcc tests ===


Running target unix
FAIL: gcc.c-torture/execute/builtins/strncpy.c execution,  -O3 -flto 
FAIL: gcc.dg/autopar/parallelization-1.c scan-tree-dump-times optimized "loopfn" 5
XPASS: gcc.dg/Warray-bounds.c  (test for warnings, line 59)
XPASS: gcc.dg/Warray-bounds.c  (test for warnings, line 65)
XPASS: gcc.dg/Wunreachable-8.c  (test for bogus messages, line 7)
FAIL: gcc.dg/pr34989-1.c (internal compiler error)
FAIL: gcc.dg/pr34989-1.c (test for excess errors)
FAIL: gcc.dg/visibility-7.c  (test for warnings, line 8)
FAIL: gcc.dg/visibility-7.c (test for excess errors)
FAIL: gcc.dg/lto/20090116 c_lto_20090116_0.o-c_lto_20090116_0.o link,  (internal compiler error)
UNRESOLVED: gcc.dg/lto/20090116 c_lto_20090116_0.o-c_lto_20090116_0.o execute -O1 -fwhopr -fPIC
XPASS: gcc.dg/struct/wo_prof_array_through_pointer.c scan-ipa-dump ipa_struct_reorg "Number of structures to transform is 1"
FAIL: gcc.dg/struct/wo_prof_double_malloc.c (internal compiler error)
FAIL: gcc.dg/struct/wo_prof_double_malloc.c (test for excess errors)
UNRESOLVED: gcc.dg/struct/wo_prof_double_malloc.c compilation failed to produce executable
FAIL: gcc.dg/tree-ssa/pr27236.c scan-tree-dump-times optimized "foo_read" 5
FAIL: gcc.dg/tree-ssa/tailrecursion-5.c scan-tree-dump-times optimized "\\msum\\M" 4
FAIL: gcc.dg/tree-ssa/tailrecursion-5.c scan-tree-dump-times optimized "\\mfac\\M" 4
FAIL: gcc.dg/tree-ssa/tailrecursion-5.c scan-tree-dump-times optimized "\\msq_sum\\M" 4
FAIL: gcc.dg/tree-ssa/tailrecursion-5.c scan-tree-dump-times optimized "\\mpow2m1\\M" 4
FAIL: gcc.dg/tree-ssa/tailrecursion-5.c scan-tree-dump-times optimized "\\mfib\\M" 5
FAIL: gcc.target/i386/funcspec-3.c (internal compiler error)
FAIL: gcc.target/i386/funcspec-3.c (test for excess errors)
ERROR: gcc.target/i386/funcspec-3.c: error executing dg-final: couldn't open "funcspec-3.s": no such file or directory
UNRESOLVED: gcc.target/i386/funcspec-3.c: error executing dg-final: couldn't open "funcspec-3.s": no such file or directory

		=== gcc Summary ===

# of expected passes		88254
# of unexpected failures	17
# of unexpected successes	4
# of expected failures		195
# of unresolved testcases	3
# of unsupported tests		1698
/usr/local/google/homedirs/dnovillo/notnfs/perf/sbox/lto/local.x86_64/bld/gcc/xgcc  version 4.5.0 20090802 (experimental) (lto merged with rev 150345) 

		=== gfortran tests ===


Running target unix
FAIL: gfortran.dg/actual_array_constructor_2.f90  -O3 -flto  (internal compiler error)
FAIL: gfortran.dg/actual_array_constructor_2.f90  -O3 -flto  (test for excess errors)
UNRESOLVED: gfortran.dg/actual_array_constructor_2.f90  -O3 -flto  compilation failed to produce executable
FAIL: gfortran.dg/actual_array_constructor_2.f90  -O3 -fwhopr  (internal compiler error)
FAIL: gfortran.dg/actual_array_constructor_2.f90  -O3 -fwhopr  (test for excess errors)
UNRESOLVED: gfortran.dg/actual_array_constructor_2.f90  -O3 -fwhopr  compilation failed to produce executable
FAIL: gfortran.dg/bind_c_coms.f90  -O0 -flto  (test for excess errors)
FAIL: gfortran.dg/bind_c_coms.f90  -O2 -flto  (test for excess errors)
FAIL: gfortran.dg/bind_c_coms.f90  -O3 -flto  (test for excess errors)
FAIL: gfortran.dg/bind_c_coms.f90  -O3 -flto  execution test
FAIL: gfortran.dg/bind_c_coms.f90  -O0 -fwhopr  (test for excess errors)
FAIL: gfortran.dg/bind_c_coms.f90  -O2 -fwhopr  (test for excess errors)
FAIL: gfortran.dg/bind_c_coms.f90  -O3 -fwhopr  (test for excess errors)
FAIL: gfortran.dg/bind_c_coms.f90  -O3 -fwhopr  execution test
FAIL: gfortran.dg/bind_c_dts.f90  -O0 -flto  (test for excess errors)
FAIL: gfortran.dg/bind_c_dts.f90  -O2 -flto  (test for excess errors)
FAIL: gfortran.dg/bind_c_dts.f90  -O3 -flto  (test for excess errors)
FAIL: gfortran.dg/bind_c_dts.f90  -O3 -flto  execution test
FAIL: gfortran.dg/bind_c_dts.f90  -O0 -fwhopr  (test for excess errors)
FAIL: gfortran.dg/bind_c_dts.f90  -O2 -fwhopr  (test for excess errors)
FAIL: gfortran.dg/bind_c_dts.f90  -O3 -fwhopr  (test for excess errors)
FAIL: gfortran.dg/bind_c_dts.f90  -O3 -fwhopr  execution test
FAIL: gfortran.dg/bind_c_usage_16.f03  -O2 -flto  (internal compiler error)
FAIL: gfortran.dg/bind_c_usage_16.f03  -O2 -flto  (test for excess errors)
UNRESOLVED: gfortran.dg/bind_c_usage_16.f03  -O2 -flto  compilation failed to produce executable
FAIL: gfortran.dg/bind_c_usage_16.f03  -O3 -flto  (internal compiler error)
FAIL: gfortran.dg/bind_c_usage_16.f03  -O3 -flto  (test for excess errors)
UNRESOLVED: gfortran.dg/bind_c_usage_16.f03  -O3 -flto  compilation failed to produce executable
FAIL: gfortran.dg/bind_c_usage_16.f03  -O2 -fwhopr  (internal compiler error)
FAIL: gfortran.dg/bind_c_usage_16.f03  -O2 -fwhopr  (test for excess errors)
UNRESOLVED: gfortran.dg/bind_c_usage_16.f03  -O2 -fwhopr  compilation failed to produce executable
FAIL: gfortran.dg/bind_c_usage_16.f03  -O3 -fwhopr  (internal compiler error)
FAIL: gfortran.dg/bind_c_usage_16.f03  -O3 -fwhopr  (test for excess errors)
UNRESOLVED: gfortran.dg/bind_c_usage_16.f03  -O3 -fwhopr  compilation failed to produce executable
FAIL: gfortran.dg/bind_c_usage_17.f90  -O2 -flto  (internal compiler error)
FAIL: gfortran.dg/bind_c_usage_17.f90  -O2 -flto  (test for excess errors)
UNRESOLVED: gfortran.dg/bind_c_usage_17.f90  -O2 -flto  compilation failed to produce executable
FAIL: gfortran.dg/bind_c_usage_17.f90  -O3 -flto  (internal compiler error)
FAIL: gfortran.dg/bind_c_usage_17.f90  -O3 -flto  (test for excess errors)
UNRESOLVED: gfortran.dg/bind_c_usage_17.f90  -O3 -flto  compilation failed to produce executable
FAIL: gfortran.dg/bind_c_usage_17.f90  -O2 -fwhopr  (internal compiler error)
FAIL: gfortran.dg/bind_c_usage_17.f90  -O2 -fwhopr  (test for excess errors)
UNRESOLVED: gfortran.dg/bind_c_usage_17.f90  -O2 -fwhopr  compilation failed to produce executable
FAIL: gfortran.dg/bind_c_usage_17.f90  -O3 -fwhopr  (internal compiler error)
FAIL: gfortran.dg/bind_c_usage_17.f90  -O3 -fwhopr  (test for excess errors)
UNRESOLVED: gfortran.dg/bind_c_usage_17.f90  -O3 -fwhopr  compilation failed to produce executable
FAIL: gfortran.dg/bind_c_vars.f90  -O0 -flto  (test for excess errors)
FAIL: gfortran.dg/bind_c_vars.f90  -O2 -flto  (test for excess errors)
FAIL: gfortran.dg/bind_c_vars.f90  -O3 -flto  (test for excess errors)
FAIL: gfortran.dg/bind_c_vars.f90  -O3 -flto  execution test
FAIL: gfortran.dg/bind_c_vars.f90  -O0 -fwhopr  (test for excess errors)
FAIL: gfortran.dg/bind_c_vars.f90  -O2 -fwhopr  (test for excess errors)
FAIL: gfortran.dg/bind_c_vars.f90  -O3 -fwhopr  (test for excess errors)
FAIL: gfortran.dg/bind_c_vars.f90  -O3 -fwhopr  execution test
FAIL: gfortran.dg/blockdata_1.f90  -O0 -flto  (test for excess errors)
FAIL: gfortran.dg/blockdata_1.f90  -O2 -flto  (test for excess errors)
FAIL: gfortran.dg/blockdata_1.f90  -O3 -flto  (test for excess errors)
FAIL: gfortran.dg/blockdata_1.f90  -O0 -fwhopr  (test for excess errors)
FAIL: gfortran.dg/blockdata_1.f90  -O2 -fwhopr  (test for excess errors)
FAIL: gfortran.dg/blockdata_1.f90  -O3 -fwhopr  (test for excess errors)
FAIL: gfortran.dg/bounds_check_strlen_1.f90  -O0 -flto  (test for excess errors)
FAIL: gfortran.dg/bounds_check_strlen_1.f90  -O2 -flto  (test for excess errors)
FAIL: gfortran.dg/bounds_check_strlen_1.f90  -O3 -flto  (test for excess errors)
FAIL: gfortran.dg/bounds_check_strlen_1.f90  -O0 -fwhopr  (test for excess errors)
FAIL: gfortran.dg/bounds_check_strlen_1.f90  -O2 -fwhopr  (test for excess errors)
FAIL: gfortran.dg/bounds_check_strlen_1.f90  -O3 -fwhopr  (test for excess errors)
FAIL: gfortran.dg/c_funloc_tests_3.f03  -O2 -flto  (internal compiler error)
FAIL: gfortran.dg/c_funloc_tests_3.f03  -O2 -flto  (test for excess errors)
UNRESOLVED: gfortran.dg/c_funloc_tests_3.f03  -O2 -flto  compilation failed to produce executable
FAIL: gfortran.dg/c_funloc_tests_3.f03  -O3 -flto  (internal compiler error)
FAIL: gfortran.dg/c_funloc_tests_3.f03  -O3 -flto  (test for excess errors)
UNRESOLVED: gfortran.dg/c_funloc_tests_3.f03  -O3 -flto  compilation failed to produce executable
FAIL: gfortran.dg/c_funloc_tests_3.f03  -O2 -fwhopr  (internal compiler error)
FAIL: gfortran.dg/c_funloc_tests_3.f03  -O2 -fwhopr  (test for excess errors)
UNRESOLVED: gfortran.dg/c_funloc_tests_3.f03  -O2 -fwhopr  compilation failed to produce executable
FAIL: gfortran.dg/c_funloc_tests_3.f03  -O3 -fwhopr  (internal compiler error)
FAIL: gfortran.dg/c_funloc_tests_3.f03  -O3 -fwhopr  (test for excess errors)
UNRESOLVED: gfortran.dg/c_funloc_tests_3.f03  -O3 -fwhopr  compilation failed to produce executable
FAIL: gfortran.dg/common_align_2.f90  -O0 -flto  (test for excess errors)
FAIL: gfortran.dg/common_align_2.f90  -O2 -flto  (test for excess errors)
FAIL: gfortran.dg/common_align_2.f90  -O3 -flto  (test for excess errors)
FAIL: gfortran.dg/common_align_2.f90  -O0 -fwhopr  (test for excess errors)
FAIL: gfortran.dg/common_align_2.f90  -O2 -fwhopr  (test for excess errors)
FAIL: gfortran.dg/common_align_2.f90  -O3 -fwhopr  (test for excess errors)
FAIL: gfortran.dg/equiv_7.f90  -O0 -flto  (test for excess errors)
FAIL: gfortran.dg/equiv_7.f90  -O2 -flto  (test for excess errors)
FAIL: gfortran.dg/equiv_7.f90  -O3 -flto  (test for excess errors)
FAIL: gfortran.dg/equiv_7.f90  -O0 -fwhopr  (test for excess errors)
FAIL: gfortran.dg/equiv_7.f90  -O2 -fwhopr  (test for excess errors)
FAIL: gfortran.dg/equiv_7.f90  -O3 -fwhopr  (test for excess errors)
FAIL: gfortran.dg/gamma_5.f90  -O0 -flto  execution test
FAIL: gfortran.dg/gamma_5.f90  -O2 -flto  execution test
FAIL: gfortran.dg/gamma_5.f90  -O3 -flto  execution test
FAIL: gfortran.dg/gamma_5.f90  -O0 -fwhopr  execution test
FAIL: gfortran.dg/gamma_5.f90  -O2 -fwhopr  execution test
FAIL: gfortran.dg/gamma_5.f90  -O3 -fwhopr  execution test
FAIL: gfortran.dg/global_vars_f90_init.f90  -O0 -flto  execution test
FAIL: gfortran.dg/global_vars_f90_init.f90  -O2 -flto  execution test
FAIL: gfortran.dg/global_vars_f90_init.f90  -O3 -flto  execution test
FAIL: gfortran.dg/global_vars_f90_init.f90  -O0 -fwhopr  execution test
FAIL: gfortran.dg/global_vars_f90_init.f90  -O2 -fwhopr  execution test
FAIL: gfortran.dg/global_vars_f90_init.f90  -O3 -fwhopr  execution test
FAIL: gfortran.dg/gnu_logical_1.F  -O0 -flto  (test for excess errors)
FAIL: gfortran.dg/gnu_logical_1.F  -O2 -flto  (test for excess errors)
FAIL: gfortran.dg/gnu_logical_1.F  -O3 -flto  (test for excess errors)
FAIL: gfortran.dg/gnu_logical_1.F  -O0 -fwhopr  (test for excess errors)
FAIL: gfortran.dg/gnu_logical_1.F  -O2 -fwhopr  (test for excess errors)
FAIL: gfortran.dg/gnu_logical_1.F  -O3 -fwhopr  (test for excess errors)
FAIL: gfortran.dg/hollerith.f90  -O0 -flto  (test for excess errors)
UNRESOLVED: gfortran.dg/hollerith.f90  -O0 -flto  compilation failed to produce executable
FAIL: gfortran.dg/hollerith.f90  -O2 -flto  (test for excess errors)
UNRESOLVED: gfortran.dg/hollerith.f90  -O2 -flto  compilation failed to produce executable
FAIL: gfortran.dg/hollerith.f90  -O3 -flto  (test for excess errors)
UNRESOLVED: gfortran.dg/hollerith.f90  -O3 -flto  compilation failed to produce executable
FAIL: gfortran.dg/hollerith.f90  -O0 -fwhopr  (test for excess errors)
UNRESOLVED: gfortran.dg/hollerith.f90  -O0 -fwhopr  compilation failed to produce executable
FAIL: gfortran.dg/hollerith.f90  -O2 -fwhopr  (test for excess errors)
UNRESOLVED: gfortran.dg/hollerith.f90  -O2 -fwhopr  compilation failed to produce executable
FAIL: gfortran.dg/hollerith.f90  -O3 -fwhopr  (test for excess errors)
UNRESOLVED: gfortran.dg/hollerith.f90  -O3 -fwhopr  compilation failed to produce executable
FAIL: gfortran.dg/integer_exponentiation_2.f90  -O0 -flto  (test for excess errors)
FAIL: gfortran.dg/integer_exponentiation_2.f90  -O2 -flto  (test for excess errors)
FAIL: gfortran.dg/integer_exponentiation_2.f90  -O3 -flto  (test for excess errors)
FAIL: gfortran.dg/integer_exponentiation_2.f90  -O0 -fwhopr  (test for excess errors)
FAIL: gfortran.dg/integer_exponentiation_2.f90  -O2 -fwhopr  (test for excess errors)
FAIL: gfortran.dg/integer_exponentiation_2.f90  -O3 -fwhopr  (test for excess errors)
FAIL: gfortran.dg/literal_character_constant_1_y.F  -O0 -flto  (test for excess errors)
FAIL: gfortran.dg/literal_character_constant_1_y.F  -O2 -flto  (test for excess errors)
FAIL: gfortran.dg/literal_character_constant_1_y.F  -O3 -flto  (test for excess errors)
FAIL: gfortran.dg/literal_character_constant_1_y.F  -O0 -fwhopr  (test for excess errors)
FAIL: gfortran.dg/literal_character_constant_1_y.F  -O2 -fwhopr  (test for excess errors)
FAIL: gfortran.dg/literal_character_constant_1_y.F  -O3 -fwhopr  (test for excess errors)
FAIL: gfortran.dg/literal_character_constant_1_z.F  -O0 -flto  (test for excess errors)
FAIL: gfortran.dg/literal_character_constant_1_z.F  -O2 -flto  (test for excess errors)
FAIL: gfortran.dg/literal_character_constant_1_z.F  -O3 -flto  (test for excess errors)
FAIL: gfortran.dg/literal_character_constant_1_z.F  -O0 -fwhopr  (test for excess errors)
FAIL: gfortran.dg/literal_character_constant_1_z.F  -O2 -fwhopr  (test for excess errors)
FAIL: gfortran.dg/literal_character_constant_1_z.F  -O3 -fwhopr  (test for excess errors)
FAIL: gfortran.dg/loc_1.f90  -O0 -flto  (test for excess errors)
UNRESOLVED: gfortran.dg/loc_1.f90  -O0 -flto  compilation failed to produce executable
FAIL: gfortran.dg/loc_1.f90  -O2 -flto  (test for excess errors)
UNRESOLVED: gfortran.dg/loc_1.f90  -O2 -flto  compilation failed to produce executable
FAIL: gfortran.dg/loc_1.f90  -O3 -flto  (test for excess errors)
UNRESOLVED: gfortran.dg/loc_1.f90  -O3 -flto  compilation failed to produce executable
FAIL: gfortran.dg/loc_1.f90  -O0 -fwhopr  (test for excess errors)
UNRESOLVED: gfortran.dg/loc_1.f90  -O0 -fwhopr  compilation failed to produce executable
FAIL: gfortran.dg/loc_1.f90  -O2 -fwhopr  (test for excess errors)
UNRESOLVED: gfortran.dg/loc_1.f90  -O2 -fwhopr  compilation failed to produce executable
FAIL: gfortran.dg/loc_1.f90  -O3 -fwhopr  (test for excess errors)
UNRESOLVED: gfortran.dg/loc_1.f90  -O3 -fwhopr  compilation failed to produce executable
FAIL: gfortran.dg/mapping_3.f90  -O2 -flto  (internal compiler error)
FAIL: gfortran.dg/mapping_3.f90  -O2 -flto  (test for excess errors)
UNRESOLVED: gfortran.dg/mapping_3.f90  -O2 -flto  compilation failed to produce executable
FAIL: gfortran.dg/mapping_3.f90  -O3 -flto  (internal compiler error)
FAIL: gfortran.dg/mapping_3.f90  -O3 -flto  (test for excess errors)
UNRESOLVED: gfortran.dg/mapping_3.f90  -O3 -flto  compilation failed to produce executable
FAIL: gfortran.dg/mapping_3.f90  -O2 -fwhopr  (internal compiler error)
FAIL: gfortran.dg/mapping_3.f90  -O2 -fwhopr  (test for excess errors)
UNRESOLVED: gfortran.dg/mapping_3.f90  -O2 -fwhopr  compilation failed to produce executable
FAIL: gfortran.dg/mapping_3.f90  -O3 -fwhopr  (internal compiler error)
FAIL: gfortran.dg/mapping_3.f90  -O3 -fwhopr  (test for excess errors)
UNRESOLVED: gfortran.dg/mapping_3.f90  -O3 -fwhopr  compilation failed to produce executable
FAIL: gfortran.dg/pr37243.f  -O0 -flto  (test for excess errors)
UNRESOLVED: gfortran.dg/pr37243.f  -O0 -flto  compilation failed to produce executable
FAIL: gfortran.dg/pr37243.f  -O2 -flto  (test for excess errors)
UNRESOLVED: gfortran.dg/pr37243.f  -O2 -flto  compilation failed to produce executable
FAIL: gfortran.dg/pr37243.f  -O3 -flto  (test for excess errors)
UNRESOLVED: gfortran.dg/pr37243.f  -O3 -flto  compilation failed to produce executable
FAIL: gfortran.dg/pr37243.f  -O0 -fwhopr  (test for excess errors)
UNRESOLVED: gfortran.dg/pr37243.f  -O0 -fwhopr  compilation failed to produce executable
FAIL: gfortran.dg/pr37243.f  -O2 -fwhopr  (test for excess errors)
UNRESOLVED: gfortran.dg/pr37243.f  -O2 -fwhopr  compilation failed to produce executable
FAIL: gfortran.dg/pr37243.f  -O3 -fwhopr  (test for excess errors)
UNRESOLVED: gfortran.dg/pr37243.f  -O3 -fwhopr  compilation failed to produce executable
FAIL: gfortran.dg/proc_ptr_7.f90  -O2 -flto  execution test
FAIL: gfortran.dg/proc_ptr_7.f90  -O3 -flto  execution test
FAIL: gfortran.dg/proc_ptr_7.f90  -O2 -fwhopr  execution test
FAIL: gfortran.dg/proc_ptr_7.f90  -O3 -fwhopr  execution test
FAIL: gfortran.dg/proc_ptr_8.f90  -O0 -flto  (test for excess errors)
FAIL: gfortran.dg/proc_ptr_8.f90  -O2 -flto  (test for excess errors)
FAIL: gfortran.dg/proc_ptr_8.f90  -O3 -flto  (test for excess errors)
FAIL: gfortran.dg/proc_ptr_8.f90  -O0 -fwhopr  (test for excess errors)
FAIL: gfortran.dg/proc_ptr_8.f90  -O2 -fwhopr  (test for excess errors)
FAIL: gfortran.dg/proc_ptr_8.f90  -O3 -fwhopr  (test for excess errors)
FAIL: gfortran.dg/sizeof.f90  -O0 -flto  (test for excess errors)
UNRESOLVED: gfortran.dg/sizeof.f90  -O0 -flto  compilation failed to produce executable
FAIL: gfortran.dg/sizeof.f90  -O2 -flto  (test for excess errors)
UNRESOLVED: gfortran.dg/sizeof.f90  -O2 -flto  compilation failed to produce executable
FAIL: gfortran.dg/sizeof.f90  -O3 -flto  (test for excess errors)
UNRESOLVED: gfortran.dg/sizeof.f90  -O3 -flto  compilation failed to produce executable
FAIL: gfortran.dg/sizeof.f90  -O0 -fwhopr  (test for excess errors)
UNRESOLVED: gfortran.dg/sizeof.f90  -O0 -fwhopr  compilation failed to produce executable
FAIL: gfortran.dg/sizeof.f90  -O2 -fwhopr  (test for excess errors)
UNRESOLVED: gfortran.dg/sizeof.f90  -O2 -fwhopr  compilation failed to produce executable
FAIL: gfortran.dg/sizeof.f90  -O3 -fwhopr  (test for excess errors)
UNRESOLVED: gfortran.dg/sizeof.f90  -O3 -fwhopr  compilation failed to produce executable
FAIL: gfortran.dg/transfer_array_intrinsic_2.f90  -O2 -flto  (internal compiler error)
FAIL: gfortran.dg/transfer_array_intrinsic_2.f90  -O2 -flto  (test for excess errors)
UNRESOLVED: gfortran.dg/transfer_array_intrinsic_2.f90  -O2 -flto  compilation failed to produce executable
FAIL: gfortran.dg/transfer_array_intrinsic_2.f90  -O3 -flto  (internal compiler error)
FAIL: gfortran.dg/transfer_array_intrinsic_2.f90  -O3 -flto  (test for excess errors)
UNRESOLVED: gfortran.dg/transfer_array_intrinsic_2.f90  -O3 -flto  compilation failed to produce executable
FAIL: gfortran.dg/transfer_array_intrinsic_2.f90  -O2 -fwhopr  (internal compiler error)
FAIL: gfortran.dg/transfer_array_intrinsic_2.f90  -O2 -fwhopr  (test for excess errors)
UNRESOLVED: gfortran.dg/transfer_array_intrinsic_2.f90  -O2 -fwhopr  compilation failed to produce executable
FAIL: gfortran.dg/transfer_array_intrinsic_2.f90  -O3 -fwhopr  (internal compiler error)
FAIL: gfortran.dg/transfer_array_intrinsic_2.f90  -O3 -fwhopr  (test for excess errors)
UNRESOLVED: gfortran.dg/transfer_array_intrinsic_2.f90  -O3 -fwhopr  compilation failed to produce executable
FAIL: gfortran.dg/lto/pr40724_1.f f_lto_pr40724_1_0.o-f_lto_pr40724_1_0.o link
UNRESOLVED: gfortran.dg/lto/pr40724_1.f f_lto_pr40724_1_0.o-f_lto_pr40724_1_0.o execute -O0 -fwhopr
FAIL: gfortran.dg/lto/pr40724_1.f f_lto_pr40724_1_0.o-f_lto_pr40724_1_0.o link
UNRESOLVED: gfortran.dg/lto/pr40724_1.f f_lto_pr40724_1_0.o-f_lto_pr40724_1_0.o execute -O2 -fwhopr
FAIL: gfortran.dg/lto/pr40724_1.f f_lto_pr40724_1_0.o-f_lto_pr40724_1_0.o link
UNRESOLVED: gfortran.dg/lto/pr40724_1.f f_lto_pr40724_1_0.o-f_lto_pr40724_1_0.o execute -O0 -flto
FAIL: gfortran.dg/lto/pr40724_1.f f_lto_pr40724_1_0.o-f_lto_pr40724_1_0.o link
UNRESOLVED: gfortran.dg/lto/pr40724_1.f f_lto_pr40724_1_0.o-f_lto_pr40724_1_0.o execute -O2 -flto

		=== gfortran Summary ===

# of expected passes		52335
# of unexpected failures	166
# of expected failures		20
# of unresolved testcases	50
# of unsupported tests		56
/usr/local/google/homedirs/dnovillo/notnfs/perf/sbox/lto/local.x86_64/bld/gcc/testsuite/gfortran/../../gfortran  version 4.5.0 20090802 (experimental) (lto merged with rev 150345) 

		=== objc tests ===


Running target unix
FAIL: objc/execute/exceptions/catchall-1.m execution,  -O0 -fgnu-runtime
FAIL: objc/execute/exceptions/catchall-1.m execution,  -O1 -fgnu-runtime
FAIL: objc/execute/exceptions/catchall-1.m execution,  -O2 -fgnu-runtime
FAIL: objc/execute/exceptions/catchall-1.m execution,  -Os -fgnu-runtime
FAIL: objc/execute/exceptions/catchall-1.m execution, 
FAIL: objc/execute/exceptions/handler-1.m execution,  -O0 -fgnu-runtime
FAIL: objc/execute/exceptions/handler-1.m execution,  -O1 -fgnu-runtime
FAIL: objc/execute/exceptions/handler-1.m execution,  -O2 -fgnu-runtime
FAIL: objc/execute/exceptions/handler-1.m execution,  -O3 -fomit-frame-pointer -fgnu-runtime
FAIL: objc/execute/exceptions/handler-1.m execution,  -O3 -g -fgnu-runtime
FAIL: objc/execute/exceptions/handler-1.m execution,  -Os -fgnu-runtime
FAIL: objc/execute/exceptions/handler-1.m execution, 
FAIL: objc/execute/exceptions/local-variables-1.m execution,  -O0 -fgnu-runtime
FAIL: objc/execute/exceptions/local-variables-1.m execution,  -O1 -fgnu-runtime
FAIL: objc/execute/exceptions/local-variables-1.m execution,  -O2 -fgnu-runtime
FAIL: objc/execute/exceptions/local-variables-1.m execution,  -Os -fgnu-runtime
FAIL: objc/execute/exceptions/local-variables-1.m execution, 

		=== objc Summary ===

# of expected passes		2056
# of unexpected failures	17
# of expected failures		16
# of unsupported tests		24
/usr/local/google/homedirs/dnovillo/notnfs/perf/sbox/lto/local.x86_64/bld/gcc/xgcc  version 4.5.0 20090802 (experimental) (lto merged with rev 150345) 

		=== libffi tests ===


Running target unix

		=== libffi Summary ===

# of expected passes		1584
# of expected failures		20
# of unsupported tests		15
		=== libjava tests ===


Running target unix
FAIL: StackTrace2 output - source compiled test
FAIL: StackTrace2 -findirect-dispatch output - source compiled test
FAIL: StackTrace2 -O3 output - source compiled test
FAIL: StackTrace2 -O3 -findirect-dispatch output - source compiled test

		=== libjava Summary ===

# of expected passes		2570
# of unexpected failures	4
		=== libstdc++ tests ===


Running target unix
FAIL: abi_check
XPASS: 26_numerics/headers/cmath/c99_classification_macros_c.cc (test for excess errors)
FAIL: 27_io/basic_filebuf/underflow/wchar_t/9178.cc execution test
FAIL: ext/pb_ds/regression/hash_data_map_rand.cc execution test
FAIL: ext/pb_ds/regression/hash_no_data_map_rand.cc execution test
FAIL: ext/pb_ds/regression/priority_queue_rand.cc execution test
FAIL: ext/pb_ds/regression/tree_data_map_rand.cc execution test
FAIL: ext/pb_ds/regression/tree_no_data_map_rand.cc execution test
FAIL: ext/pb_ds/regression/trie_no_data_map_rand.cc execution test

		=== libstdc++ Summary ===

# of expected passes		6246
# of unexpected failures	8
# of unexpected successes	1
# of expected failures		84
# of unsupported tests		335

Compiler version: 4.5.0 20090802 (experimental) (lto merged with rev 150345) 
Platform: x86_64-unknown-linux-gnu
configure flags: --prefix=/usr/local/google/homedirs/dnovillo/perf/sbox/lto/local.x86_64/inst --srcdir=/usr/local/google/homedirs/dnovillo/perf/sbox/lto/local.x86_64/src --with-gmp=/usr/local/google/homedirs/dnovillo/x86_64 --with-mpfr=/usr/local/google/homedirs/dnovillo/x86_64 --disable-libmudflap


Index Nav: [Date Index] [Subject Index] [Author Index] [Thread Index]
Message Nav: [Date Prev] [Date Next] [Thread Prev] [Thread Next]