This is the mail archive of the gcc-testresults@gcc.gnu.org mailing list for the GCC project.


Index Nav: [Date Index] [Subject Index] [Author Index] [Thread Index]
Message Nav: [Date Prev] [Date Next] [Thread Prev] [Thread Next]
Other format: [Raw text]

Results for 4.4.1 (GCC) testsuite on hppa2.0-unknown-linux-gnu


LAST_UPDATED: Obtained from SVN: tags/gcc_4_4_1_release revision 149916

		=== acats tests ===

		=== acats Summary ===
# of expected passes		2315
# of unexpected failures	0
Native configuration is hppa2.0-unknown-linux-gnu

		=== g++ tests ===


Running target unix
WARNING: program timed out.
FAIL: g++.dg/torture/pr31863.C  -O2  (test for excess errors)
WARNING: program timed out.
FAIL: g++.dg/torture/pr31863.C  -O3 -fomit-frame-pointer  (test for excess errors)
WARNING: program timed out.
FAIL: g++.dg/torture/pr31863.C  -O3 -g  (test for excess errors)
WARNING: program timed out.
FAIL: g++.dg/torture/pr31863.C  -Os  (test for excess errors)

		=== g++ Summary ===

# of expected passes		19200
# of unexpected failures	4
# of expected failures		156
# of unsupported tests		158
/home/guerby/build441/gcc/testsuite/g++/../../g++  version 4.4.1 (GCC) 

		=== gcc tests ===


Running target unix
XPASS: gcc.dg/tree-ssa/loop-1.c scan-assembler-times foo 5

		=== gcc Summary ===

# of expected passes		49606
# of unexpected successes	1
# of expected failures		128
# of unsupported tests		537
/home/guerby/build441/gcc/xgcc  version 4.4.1 (GCC) 

		=== gfortran tests ===


Running target unix
WARNING: program timed out.
FAIL: gfortran.dg/cray_pointers_2.f90  -O2  (test for excess errors)
UNRESOLVED: gfortran.dg/cray_pointers_2.f90  -O2  compilation failed to produce executable
WARNING: program timed out.
FAIL: gfortran.dg/cray_pointers_2.f90  -O3 -fomit-frame-pointer  (test for excess errors)
UNRESOLVED: gfortran.dg/cray_pointers_2.f90  -O3 -fomit-frame-pointer  compilation failed to produce executable
WARNING: program timed out.
FAIL: gfortran.dg/cray_pointers_2.f90  -O3 -fomit-frame-pointer -funroll-loops  (test for excess errors)
UNRESOLVED: gfortran.dg/cray_pointers_2.f90  -O3 -fomit-frame-pointer -funroll-loops  compilation failed to produce executable
WARNING: program timed out.
FAIL: gfortran.dg/cray_pointers_2.f90  -O3 -fomit-frame-pointer -funroll-all-loops -finline-functions  (test for excess errors)
UNRESOLVED: gfortran.dg/cray_pointers_2.f90  -O3 -fomit-frame-pointer -funroll-all-loops -finline-functions  compilation failed to produce executable
WARNING: program timed out.
FAIL: gfortran.dg/cray_pointers_2.f90  -O3 -g  (test for excess errors)
UNRESOLVED: gfortran.dg/cray_pointers_2.f90  -O3 -g  compilation failed to produce executable
WARNING: program timed out.
FAIL: gfortran.dg/cray_pointers_2.f90  -Os  (test for excess errors)
UNRESOLVED: gfortran.dg/cray_pointers_2.f90  -Os  compilation failed to produce executable

		=== gfortran Summary ===

# of expected passes		28623
# of unexpected failures	6
# of expected failures		10
# of unresolved testcases	6
# of unsupported tests		263
/home/guerby/build441/gcc/testsuite/gfortran/../../gfortran  version 4.4.1 (GCC) 

		=== gnat tests ===


Running target unix

		=== gnat Summary ===

# of expected passes		613
# of expected failures		6
		=== objc tests ===


Running target unix

		=== objc Summary ===

# of expected passes		1866
# of expected failures		15
# of unsupported tests		24
/home/guerby/build441/gcc/xgcc  version 4.4.1 (GCC) 

		=== libffi tests ===


Running target unix

		=== libffi Summary ===

# of expected passes		1389
# of unsupported tests		10
		=== libgomp tests ===


Running target unix
FAIL: libgomp.fortran/vla6.f90  -O0  execution test

		=== libgomp Summary ===

# of expected passes		2391
# of unexpected failures	1
# of unsupported tests		7
		=== libjava tests ===


Running target unix
FAIL: /home/guerby/gcc-4.4.1/libjava/testsuite/libjava.jar/TestClosureGC.jar output - gij test
FAIL: /home/guerby/gcc-4.4.1/libjava/testsuite/libjava.jar/simple.jar output - gij test
FAIL: PR15133 output - gij test
FAIL: PR18116 output - gij test
FAIL: PR28178 output - gij test
FAIL: bytebuffer output - gij test
FAIL: calls output - gij test
FAIL: cxxtest output - gij test
FAIL: directbuffer output - gij test
FAIL: field output - gij test
FAIL: final_method output - gij test
FAIL: findclass output - gij test
FAIL: findclass2 output - gij test
FAIL: iface output - gij test
FAIL: init output - gij test
FAIL: invoke output - gij test
FAIL: jniutf output - gij test
FAIL: martin output - gij test
FAIL: noclass output - gij test
FAIL: overload output - gij test
FAIL: pr11951 output - gij test
FAIL: pr18278 output - gij test
FAIL: pr23739 output - gij test
FAIL: register output - gij test
FAIL: register2 output - gij test
FAIL: simple_int output - gij test
FAIL: throwit output - gij test
FAIL: virtual output - gij test
FAIL: pr29812 output - gij test
FAIL: getargssize output
FAIL: getlocalvartable output
FAIL: getstacktrace output

		=== libjava Summary ===

# of expected passes		2542
# of unexpected failures	32
		=== libmudflap tests ===


Running target unix
FAIL: libmudflap.c++/pass41-frag.cxx execution test
FAIL: libmudflap.c++/pass41-frag.cxx (-static) execution test
FAIL: libmudflap.c++/pass41-frag.cxx (-O2) execution test
FAIL: libmudflap.c++/pass41-frag.cxx (-O3) execution test

		=== libmudflap Summary ===

# of expected passes		1890
# of unexpected failures	4
		=== libstdc++ tests ===


Running target unix
FAIL: abi_check

Compiler version: 4.4.1 (GCC) 
Platform: hppa2.0-unknown-linux-gnu
configure flags: --enable-languages=all,ada --enable-__cxa_atexit --disable-nls --prefix=/opt/cfarm/release/4.4.1 --with-mpfr=/opt/cfarm/mpfr-2.4.1 --with-gmp=/opt/cfarm/gmp-4.2.4


Index Nav: [Date Index] [Subject Index] [Author Index] [Thread Index]
Message Nav: [Date Prev] [Date Next] [Thread Prev] [Thread Next]