This is the mail archive of the
gcc-testresults@gcc.gnu.org
mailing list for the GCC project.
Results for 4.4.1 (GCC) testsuite on powerpc64-unknown-linux-gnu
- From: Laurent GUERBY gcc40 <guerby at gcc40 dot fsffrance dot org>
- To: gcc-testresults at gcc dot gnu dot org
- Date: Mon, 03 Aug 2009 11:25:04 +0200
- Subject: Results for 4.4.1 (GCC) testsuite on powerpc64-unknown-linux-gnu
LAST_UPDATED: Obtained from SVN: tags/gcc_4_4_1_release revision 149916
=== acats tests ===
=== acats Summary ===
# of expected passes 2315
# of unexpected failures 0
Native configuration is powerpc64-unknown-linux-gnu
=== gcc tests ===
Running target unix
FAIL: gcc.c-torture/compile/limits-structnest.c -O2 (test for excess errors)
FAIL: gcc.c-torture/compile/limits-structnest.c -O3 -fomit-frame-pointer (test for excess errors)
FAIL: gcc.c-torture/compile/limits-structnest.c -O3 -g (test for excess errors)
FAIL: gcc.c-torture/compile/limits-structnest.c -Os (test for excess errors)
FAIL: gcc.c-torture/execute/va-arg-trap-1.c compilation, -O2 (internal compiler error)
UNRESOLVED: gcc.c-torture/execute/va-arg-trap-1.c execution, -O2
FAIL: gcc.c-torture/execute/va-arg-trap-1.c compilation, -Os (internal compiler error)
UNRESOLVED: gcc.c-torture/execute/va-arg-trap-1.c execution, -Os
FAIL: gcc.target/powerpc/dfp-dd.c scan-assembler dadd
FAIL: gcc.target/powerpc/dfp-dd.c scan-assembler ddiv
FAIL: gcc.target/powerpc/dfp-dd.c scan-assembler dmul
FAIL: gcc.target/powerpc/dfp-dd.c scan-assembler dsub
FAIL: gcc.target/powerpc/dfp-dd.c scan-assembler-times dcmpu 6
FAIL: gcc.target/powerpc/dfp-dd.c scan-assembler-times dctfix 2
FAIL: gcc.target/powerpc/dfp-dd.c scan-assembler-times drintn 2
FAIL: gcc.target/powerpc/dfp-dd.c scan-assembler-times dcffixq 2
FAIL: gcc.target/powerpc/dfp-td.c scan-assembler daddq
FAIL: gcc.target/powerpc/dfp-td.c scan-assembler ddivq
FAIL: gcc.target/powerpc/dfp-td.c scan-assembler dmulq
FAIL: gcc.target/powerpc/dfp-td.c scan-assembler dsubq
FAIL: gcc.target/powerpc/dfp-td.c scan-assembler-times dcmpuq 6
FAIL: gcc.target/powerpc/dfp-td.c scan-assembler-times dctfixq 2
FAIL: gcc.target/powerpc/dfp-td.c scan-assembler-times drintnq 2
FAIL: gcc.target/powerpc/dfp-td.c scan-assembler-times dcffixq 2
FAIL: gcc.target/powerpc/ppu-intrinsics.c (test for excess errors)
=== gcc Summary ===
# of expected passes 53460
# of unexpected failures 23
# of expected failures 209
# of unresolved testcases 2
# of unsupported tests 634
/home/guerby/build441/gcc/xgcc version 4.4.1 (GCC)
=== gfortran tests ===
Running target unix
=== gfortran Summary ===
# of expected passes 29340
# of expected failures 11
# of unsupported tests 183
/home/guerby/build441/gcc/testsuite/gfortran/../../gfortran version 4.4.1 (GCC)
=== g++ tests ===
Running target unix
=== g++ Summary ===
# of expected passes 19304
# of expected failures 156
# of unsupported tests 135
/home/guerby/build441/gcc/testsuite/g++/../../g++ version 4.4.1 (GCC)
=== gnat tests ===
Running target unix
=== gnat Summary ===
# of expected passes 612
# of expected failures 6
=== objc tests ===
Running target unix
=== objc Summary ===
# of expected passes 1866
# of expected failures 15
# of unsupported tests 24
/home/guerby/build441/gcc/xgcc version 4.4.1 (GCC)
=== libffi tests ===
Running target unix
=== libffi Summary ===
# of expected passes 1389
# of unsupported tests 10
=== libgomp tests ===
Running target unix
=== libgomp Summary ===
# of expected passes 2406
=== libjava tests ===
Running target unix
FAIL: getlocalvartable output
=== libjava Summary ===
# of expected passes 2573
# of unexpected failures 1
=== libmudflap tests ===
Running target unix
FAIL: libmudflap.c++/pass41-frag.cxx execution test
FAIL: libmudflap.c++/pass41-frag.cxx (-static) execution test
FAIL: libmudflap.c++/pass41-frag.cxx (-O2) execution test
FAIL: libmudflap.c++/pass41-frag.cxx (-O3) execution test
=== libmudflap Summary ===
# of expected passes 1890
# of unexpected failures 4
=== libstdc++ tests ===
Running target unix
FAIL: abi_check
XPASS: 26_numerics/complex/13450.cc execution test
XPASS: 26_numerics/complex/complex_value.cc execution test
XPASS: 26_numerics/complex/pow.cc execution test
XPASS: 26_numerics/headers/cmath/c99_classification_macros_c.cc (test for excess errors)
=== libstdc++ Summary ===
# of expected passes 5862
# of unexpected failures 1
# of unexpected successes 4
# of expected failures 79
# of unsupported tests 333
Compiler version: 4.4.1 (GCC)
Platform: powerpc64-unknown-linux-gnu
configure flags: --disable-nls --enable-__cxa_atexit --enable-threads=posix --with-mpfr=/opt/cfarm/mpfr-2.4.1-64 --enable-languages=all,ada --prefix=/opt/cfarm/release/4.4.1 --with-gmp=/opt/cfarm/gmp-4.2.4-64/ --disable-multilib --enable-stage1-checking=release --disable-werror