This is the mail archive of the gcc-testresults@gcc.gnu.org mailing list for the GCC project.


Index Nav: [Date Index] [Subject Index] [Author Index] [Thread Index]
Message Nav: [Date Prev] [Date Next] [Thread Prev] [Thread Next]
Other format: [Raw text]

Results for 4.5.0 20090802 (experimental) [trunk revision 150343] (GCC) testsuite on powerpc64-unknown-linux-gnu


Linux 2.6.16.46-0.4-ppc64 ppc64
GNU C Library development release version 2.4 (20070330)
GNU ld (GNU Binutils) 2.19
GNU assembler (GNU Binutils) 2.19
GNU Make 3.80

DejaGnu:
	Expect version is	5.43.0
	Tcl version is		8.4
	Framework version is	1.4.4

32-bit biarch default32

LAST_UPDATED: Sun Aug  2 03:06:38 UTC 2009 (revision 150343)

Native configuration is powerpc64-unknown-linux-gnu

		=== gcc tests ===


Running target unix/-m32
FAIL: gcc.c-torture/compile/20030903-1.c  -O0  (internal compiler error)
FAIL: gcc.c-torture/compile/20030903-1.c  -O0  (test for excess errors)
FAIL: gcc.c-torture/compile/20030903-1.c  -O1  (internal compiler error)
FAIL: gcc.c-torture/compile/20030903-1.c  -O1  (test for excess errors)
FAIL: gcc.c-torture/compile/20030903-1.c  -O2  (internal compiler error)
FAIL: gcc.c-torture/compile/20030903-1.c  -O2  (test for excess errors)
FAIL: gcc.c-torture/compile/20030903-1.c  -O3 -fomit-frame-pointer  (internal compiler error)
FAIL: gcc.c-torture/compile/20030903-1.c  -O3 -fomit-frame-pointer  (test for excess errors)
FAIL: gcc.c-torture/compile/20030903-1.c  -O3 -g  (internal compiler error)
FAIL: gcc.c-torture/compile/20030903-1.c  -O3 -g  (test for excess errors)
FAIL: gcc.c-torture/compile/20030903-1.c  -Os  (internal compiler error)
FAIL: gcc.c-torture/compile/20030903-1.c  -Os  (test for excess errors)
FAIL: gcc.c-torture/compile/complex-1.c  -O0  (internal compiler error)
FAIL: gcc.c-torture/compile/complex-1.c  -O0  (test for excess errors)
FAIL: gcc.c-torture/compile/complex-1.c  -O1  (internal compiler error)
FAIL: gcc.c-torture/compile/complex-1.c  -O1  (test for excess errors)
FAIL: gcc.c-torture/compile/complex-1.c  -O2  (internal compiler error)
FAIL: gcc.c-torture/compile/complex-1.c  -O2  (test for excess errors)
FAIL: gcc.c-torture/compile/complex-1.c  -O3 -fomit-frame-pointer  (internal compiler error)
FAIL: gcc.c-torture/compile/complex-1.c  -O3 -fomit-frame-pointer  (test for excess errors)
FAIL: gcc.c-torture/compile/complex-1.c  -O3 -g  (internal compiler error)
FAIL: gcc.c-torture/compile/complex-1.c  -O3 -g  (test for excess errors)
FAIL: gcc.c-torture/compile/complex-1.c  -Os  (internal compiler error)
FAIL: gcc.c-torture/compile/complex-1.c  -Os  (test for excess errors)
FAIL: gcc.c-torture/compile/complex-5.c  -O0  (internal compiler error)
FAIL: gcc.c-torture/compile/complex-5.c  -O0  (test for excess errors)
FAIL: gcc.c-torture/compile/complex-5.c  -O1  (internal compiler error)
FAIL: gcc.c-torture/compile/complex-5.c  -O1  (test for excess errors)
FAIL: gcc.c-torture/compile/complex-5.c  -O2  (internal compiler error)
FAIL: gcc.c-torture/compile/complex-5.c  -O2  (test for excess errors)
FAIL: gcc.c-torture/compile/complex-5.c  -O3 -fomit-frame-pointer  (internal compiler error)
FAIL: gcc.c-torture/compile/complex-5.c  -O3 -fomit-frame-pointer  (test for excess errors)
FAIL: gcc.c-torture/compile/complex-5.c  -O3 -g  (internal compiler error)
FAIL: gcc.c-torture/compile/complex-5.c  -O3 -g  (test for excess errors)
FAIL: gcc.c-torture/compile/complex-5.c  -Os  (internal compiler error)
FAIL: gcc.c-torture/compile/complex-5.c  -Os  (test for excess errors)
FAIL: gcc.c-torture/compile/limits-exprparen.c  -O0  (test for excess errors)
FAIL: gcc.c-torture/compile/limits-exprparen.c  -O1  (test for excess errors)
FAIL: gcc.c-torture/compile/limits-exprparen.c  -O2  (test for excess errors)
FAIL: gcc.c-torture/compile/limits-exprparen.c  -O3 -fomit-frame-pointer  (test for excess errors)
FAIL: gcc.c-torture/compile/limits-exprparen.c  -O3 -g  (test for excess errors)
FAIL: gcc.c-torture/compile/limits-exprparen.c  -Os  (test for excess errors)
FAIL: gcc.c-torture/execute/complex-6.c compilation,  -O0  (internal compiler error)
UNRESOLVED: gcc.c-torture/execute/complex-6.c execution,  -O0 
FAIL: gcc.c-torture/execute/complex-6.c compilation,  -O1  (internal compiler error)
UNRESOLVED: gcc.c-torture/execute/complex-6.c execution,  -O1 
FAIL: gcc.c-torture/execute/complex-6.c compilation,  -O2  (internal compiler error)
UNRESOLVED: gcc.c-torture/execute/complex-6.c execution,  -O2 
FAIL: gcc.c-torture/execute/complex-6.c compilation,  -O3 -fomit-frame-pointer  (internal compiler error)
UNRESOLVED: gcc.c-torture/execute/complex-6.c execution,  -O3 -fomit-frame-pointer 
FAIL: gcc.c-torture/execute/complex-6.c compilation,  -O3 -g  (internal compiler error)
UNRESOLVED: gcc.c-torture/execute/complex-6.c execution,  -O3 -g 
FAIL: gcc.c-torture/execute/complex-6.c compilation,  -Os  (internal compiler error)
UNRESOLVED: gcc.c-torture/execute/complex-6.c execution,  -Os 
FAIL: gcc.dg/compat/scalar-by-value-3 c_compat_x_tst.o compile,  (internal compiler error)
FAIL: gcc.dg/compat/scalar-by-value-3 c_compat_y_tst.o compile,  (internal compiler error)
UNRESOLVED: gcc.dg/compat/scalar-by-value-3 c_compat_x_tst.o-c_compat_y_tst.o link 
UNRESOLVED: gcc.dg/compat/scalar-by-value-3 c_compat_x_tst.o-c_compat_y_tst.o execute 
FAIL: gcc.dg/compat/scalar-by-value-4 c_compat_x_tst.o compile,  (internal compiler error)
FAIL: gcc.dg/compat/scalar-by-value-4 c_compat_y_tst.o compile,  (internal compiler error)
UNRESOLVED: gcc.dg/compat/scalar-by-value-4 c_compat_x_tst.o-c_compat_y_tst.o link 
UNRESOLVED: gcc.dg/compat/scalar-by-value-4 c_compat_x_tst.o-c_compat_y_tst.o execute 
FAIL: gcc.dg/compat/scalar-by-value-5 c_compat_x_tst.o compile,  (internal compiler error)
FAIL: gcc.dg/compat/scalar-by-value-5 c_compat_y_tst.o compile,  (internal compiler error)
UNRESOLVED: gcc.dg/compat/scalar-by-value-5 c_compat_x_tst.o-c_compat_y_tst.o link 
UNRESOLVED: gcc.dg/compat/scalar-by-value-5 c_compat_x_tst.o-c_compat_y_tst.o execute 
FAIL: gcc.dg/compat/scalar-return-3 c_compat_x_tst.o compile,  (internal compiler error)
FAIL: gcc.dg/compat/scalar-return-3 c_compat_y_tst.o compile,  (internal compiler error)
UNRESOLVED: gcc.dg/compat/scalar-return-3 c_compat_x_tst.o-c_compat_y_tst.o link 
UNRESOLVED: gcc.dg/compat/scalar-return-3 c_compat_x_tst.o-c_compat_y_tst.o execute 
FAIL: gcc.dg/compat/scalar-return-4 c_compat_x_tst.o compile,  (internal compiler error)
FAIL: gcc.dg/compat/scalar-return-4 c_compat_y_tst.o compile,  (internal compiler error)
UNRESOLVED: gcc.dg/compat/scalar-return-4 c_compat_x_tst.o-c_compat_y_tst.o link 
UNRESOLVED: gcc.dg/compat/scalar-return-4 c_compat_x_tst.o-c_compat_y_tst.o execute 
FAIL: gcc.dg/compat/struct-by-value-11 c_compat_x_tst.o compile,  (internal compiler error)
FAIL: gcc.dg/compat/struct-by-value-11 c_compat_y_tst.o compile,  (internal compiler error)
UNRESOLVED: gcc.dg/compat/struct-by-value-11 c_compat_x_tst.o-c_compat_y_tst.o link 
UNRESOLVED: gcc.dg/compat/struct-by-value-11 c_compat_x_tst.o-c_compat_y_tst.o execute 
FAIL: gcc.dg/compat/struct-by-value-12 c_compat_x_tst.o compile,  (internal compiler error)
FAIL: gcc.dg/compat/struct-by-value-12 c_compat_y_tst.o compile,  (internal compiler error)
UNRESOLVED: gcc.dg/compat/struct-by-value-12 c_compat_x_tst.o-c_compat_y_tst.o link 
UNRESOLVED: gcc.dg/compat/struct-by-value-12 c_compat_x_tst.o-c_compat_y_tst.o execute 
FAIL: gcc.dg/compat/struct-by-value-13 c_compat_x_tst.o compile,  (internal compiler error)
FAIL: gcc.dg/compat/struct-by-value-13 c_compat_y_tst.o compile,  (internal compiler error)
UNRESOLVED: gcc.dg/compat/struct-by-value-13 c_compat_x_tst.o-c_compat_y_tst.o link 
UNRESOLVED: gcc.dg/compat/struct-by-value-13 c_compat_x_tst.o-c_compat_y_tst.o execute 
FAIL: gcc.dg/compat/struct-by-value-14 c_compat_x_tst.o compile,  (internal compiler error)
FAIL: gcc.dg/compat/struct-by-value-14 c_compat_y_tst.o compile,  (internal compiler error)
UNRESOLVED: gcc.dg/compat/struct-by-value-14 c_compat_x_tst.o-c_compat_y_tst.o link 
UNRESOLVED: gcc.dg/compat/struct-by-value-14 c_compat_x_tst.o-c_compat_y_tst.o execute 
FAIL: gcc.dg/compat/struct-by-value-15 c_compat_x_tst.o compile,  (internal compiler error)
FAIL: gcc.dg/compat/struct-by-value-15 c_compat_y_tst.o compile,  (internal compiler error)
UNRESOLVED: gcc.dg/compat/struct-by-value-15 c_compat_x_tst.o-c_compat_y_tst.o link 
UNRESOLVED: gcc.dg/compat/struct-by-value-15 c_compat_x_tst.o-c_compat_y_tst.o execute 
FAIL: gcc.dg/dfp/altivec-types.c  (test for errors, line 7)
FAIL: gcc.dg/dfp/altivec-types.c  (test for errors, line 8)
FAIL: gcc.dg/dfp/altivec-types.c  (test for errors, line 9)
XPASS: gcc.dg/Warray-bounds.c  (test for warnings, line 59)
XPASS: gcc.dg/Warray-bounds.c  (test for warnings, line 65)
XPASS: gcc.dg/Wunreachable-8.c  (test for bogus messages, line 7)
FAIL: gcc.dg/and-1.c scan-assembler-not nand
FAIL: gcc.dg/fold-mulconj-1.c (internal compiler error)
FAIL: gcc.dg/fold-mulconj-1.c (test for excess errors)
FAIL: gcc.dg/fold-mulconj-1.c scan-tree-dump-times gimple "CONJ_EXPR" 0: dump file does not exist
FAIL: gcc.dg/pr34989-1.c (internal compiler error)
FAIL: gcc.dg/pr34989-1.c (test for excess errors)
FAIL: gcc.dg/pr35430.c (internal compiler error)
FAIL: gcc.dg/pr35430.c (test for excess errors)
FAIL: gcc.dg/sms-2.c scan-rtl-dump-times sms "SMS succeeded" 1
FAIL: gcc.dg/sms-4.c scan-rtl-dump-times sms "SMS succeeded" 1
FAIL: gcc.dg/sms-6.c scan-rtl-dump-times sms "SMS succeeded" 3
FAIL: gcc.dg/sms-7.c scan-rtl-dump-times sms "SMS succeeded" 3
FAIL: gcc.dg/sms-8.c scan-rtl-dump-times sms "SMS succeeded" 1
XPASS: gcc.dg/struct/wo_prof_array_through_pointer.c scan-ipa-dump ipa_struct_reorg "Number of structures to transform is 1"
FAIL: gcc.dg/struct/wo_prof_double_malloc.c (internal compiler error)
FAIL: gcc.dg/struct/wo_prof_double_malloc.c (test for excess errors)
WARNING: gcc.dg/struct/wo_prof_double_malloc.c compilation failed to produce executable
FAIL: gcc.dg/tree-ssa/vrp47.c scan-tree-dump-times vrp1 "[xy][^ ]* !=" 0
FAIL: gcc.dg/tree-ssa/vrp47.c scan-tree-dump-times dom1 "x[^ ]* & y" 1
FAIL: gcc.dg/vect/costmodel/ppc/costmodel-vect-31d.c scan-tree-dump-times vect "vectorization not profitable" 1
FAIL: gcc.dg/vect/costmodel/ppc/costmodel-vect-68d.c scan-tree-dump-times vect "vectorization not profitable" 1
FAIL: gcc.dg/vect/costmodel/ppc/costmodel-vect-76a.c scan-tree-dump-times vect "vectorized 1 loops" 1
FAIL: gcc.dg/vect/costmodel/ppc/costmodel-vect-76b.c scan-tree-dump-times vect "vectorization not profitable" 1
FAIL: gcc.dg/vect/pr35821-altivec.c scan-tree-dump-times vect "vectorized 1 loops" 1
FAIL: gcc.dg/vect/section-anchors-nest-1.c scan-ipa-dump-times increase_alignment "Increasing alignment of decl" 3
FAIL: gcc.target/powerpc/405-dlmzb-strlen-1.c scan-assembler dlmzb\\\\. 
FAIL: gcc.target/powerpc/440-dlmzb-strlen-1.c scan-assembler dlmzb\\\\. 
FAIL: gcc.target/powerpc/altivec-types-1.c  (test for errors, line 40)
FAIL: gcc.target/powerpc/altivec-types-1.c  (test for errors, line 41)
FAIL: gcc.target/powerpc/altivec-types-1.c  (test for errors, line 42)
FAIL: gcc.target/powerpc/altivec-types-1.c  (test for errors, line 43)
FAIL: gcc.target/powerpc/altivec-types-1.c  (test for errors, line 44)
FAIL: gcc.target/powerpc/altivec-types-1.c  (test for errors, line 45)
FAIL: gcc.target/powerpc/altivec-types-1.c  (test for errors, line 46)
FAIL: gcc.target/powerpc/altivec-types-1.c  (test for errors, line 47)
FAIL: gcc.target/powerpc/altivec-types-1.c  (test for errors, line 48)
FAIL: gcc.target/powerpc/altivec-types-1.c  (test for errors, line 49)
FAIL: gcc.target/powerpc/altivec-types-1.c  (test for errors, line 50)
FAIL: gcc.target/powerpc/altivec-types-1.c  (test for errors, line 51)
FAIL: gcc.target/powerpc/altivec-types-1.c  (test for errors, line 52)
FAIL: gcc.target/powerpc/altivec-types-1.c  (test for errors, line 53)
FAIL: gcc.target/powerpc/altivec-types-1.c  (test for errors, line 54)
FAIL: gcc.target/powerpc/altivec-types-1.c  (test for errors, line 55)
FAIL: gcc.target/powerpc/altivec-types-1.c  (test for errors, line 56)
FAIL: gcc.target/powerpc/altivec-types-1.c  (test for errors, line 57)
FAIL: gcc.target/powerpc/altivec-types-1.c  (test for errors, line 58)
FAIL: gcc.target/powerpc/altivec-types-1.c  (test for errors, line 59)
FAIL: gcc.target/powerpc/altivec-types-1.c  (test for errors, line 60)
FAIL: gcc.target/powerpc/altivec-types-1.c  (test for errors, line 61)
FAIL: gcc.target/powerpc/altivec-types-1.c  (test for errors, line 62)
FAIL: gcc.target/powerpc/altivec-types-1.c  (test for errors, line 63)
FAIL: gcc.target/powerpc/altivec-types-1.c  (test for errors, line 64)
FAIL: gcc.target/powerpc/altivec-types-1.c  (test for errors, line 65)
FAIL: gcc.target/powerpc/altivec-types-1.c  (test for errors, line 66)
FAIL: gcc.target/powerpc/popcount-2.c scan-assembler popcntw

		=== gcc Summary for unix/-m32 ===

# of expected passes		55779
# of unexpected successes	4
# of unexpected failures	124
# of expected failures		153
# of unresolved testcases	26
# of unsupported tests		681

Running target unix/-m64
FAIL: gcc.c-torture/compile/limits-exprparen.c  -O0  (test for excess errors)
FAIL: gcc.c-torture/compile/limits-exprparen.c  -O1  (test for excess errors)
FAIL: gcc.c-torture/compile/limits-exprparen.c  -O2  (test for excess errors)
FAIL: gcc.c-torture/compile/limits-exprparen.c  -O3 -fomit-frame-pointer  (test for excess errors)
FAIL: gcc.c-torture/compile/limits-exprparen.c  -O3 -g  (test for excess errors)
FAIL: gcc.c-torture/compile/limits-exprparen.c  -Os  (test for excess errors)
FAIL: gcc.c-torture/compile/pr27889.c  -O0  (internal compiler error)
FAIL: gcc.c-torture/compile/pr27889.c  -O0  (test for excess errors)
FAIL: gcc.c-torture/compile/pr27889.c  -O1  (internal compiler error)
FAIL: gcc.c-torture/compile/pr27889.c  -O1  (test for excess errors)
FAIL: gcc.c-torture/compile/pr27889.c  -O2  (internal compiler error)
FAIL: gcc.c-torture/compile/pr27889.c  -O2  (test for excess errors)
FAIL: gcc.c-torture/compile/pr27889.c  -O3 -fomit-frame-pointer  (internal compiler error)
FAIL: gcc.c-torture/compile/pr27889.c  -O3 -fomit-frame-pointer  (test for excess errors)
FAIL: gcc.c-torture/compile/pr27889.c  -O3 -g  (internal compiler error)
FAIL: gcc.c-torture/compile/pr27889.c  -O3 -g  (test for excess errors)
FAIL: gcc.c-torture/compile/pr27889.c  -Os  (internal compiler error)
FAIL: gcc.c-torture/compile/pr27889.c  -Os  (test for excess errors)
FAIL: gcc.c-torture/execute/20050121-1.c compilation,  -O0  (internal compiler error)
UNRESOLVED: gcc.c-torture/execute/20050121-1.c execution,  -O0 
FAIL: gcc.c-torture/execute/20050121-1.c compilation,  -O1  (internal compiler error)
UNRESOLVED: gcc.c-torture/execute/20050121-1.c execution,  -O1 
FAIL: gcc.c-torture/execute/20050121-1.c compilation,  -O2  (internal compiler error)
UNRESOLVED: gcc.c-torture/execute/20050121-1.c execution,  -O2 
FAIL: gcc.c-torture/execute/20050121-1.c compilation,  -O3 -fomit-frame-pointer  (internal compiler error)
UNRESOLVED: gcc.c-torture/execute/20050121-1.c execution,  -O3 -fomit-frame-pointer 
FAIL: gcc.c-torture/execute/20050121-1.c compilation,  -O3 -g  (internal compiler error)
UNRESOLVED: gcc.c-torture/execute/20050121-1.c execution,  -O3 -g 
FAIL: gcc.c-torture/execute/20050121-1.c compilation,  -Os  (internal compiler error)
UNRESOLVED: gcc.c-torture/execute/20050121-1.c execution,  -Os 
FAIL: gcc.c-torture/execute/20071030-1.c execution,  -O2 
FAIL: gcc.c-torture/execute/20071030-1.c execution,  -O3 -fomit-frame-pointer 
FAIL: gcc.c-torture/execute/20071030-1.c execution,  -O3 -fomit-frame-pointer -funroll-loops 
FAIL: gcc.c-torture/execute/20071030-1.c execution,  -O3 -fomit-frame-pointer -funroll-all-loops -finline-functions 
FAIL: gcc.c-torture/execute/20071030-1.c execution,  -O3 -g 
FAIL: gcc.c-torture/execute/complex-6.c compilation,  -O0  (internal compiler error)
UNRESOLVED: gcc.c-torture/execute/complex-6.c execution,  -O0 
FAIL: gcc.c-torture/execute/complex-6.c compilation,  -O1  (internal compiler error)
UNRESOLVED: gcc.c-torture/execute/complex-6.c execution,  -O1 
FAIL: gcc.c-torture/execute/complex-6.c compilation,  -O2  (internal compiler error)
UNRESOLVED: gcc.c-torture/execute/complex-6.c execution,  -O2 
FAIL: gcc.c-torture/execute/complex-6.c compilation,  -O3 -fomit-frame-pointer  (internal compiler error)
UNRESOLVED: gcc.c-torture/execute/complex-6.c execution,  -O3 -fomit-frame-pointer 
FAIL: gcc.c-torture/execute/complex-6.c compilation,  -O3 -g  (internal compiler error)
UNRESOLVED: gcc.c-torture/execute/complex-6.c execution,  -O3 -g 
FAIL: gcc.c-torture/execute/complex-6.c compilation,  -Os  (internal compiler error)
UNRESOLVED: gcc.c-torture/execute/complex-6.c execution,  -Os 
FAIL: gcc.dg/compat/scalar-return-3 c_compat_y_tst.o compile,  (internal compiler error)
UNRESOLVED: gcc.dg/compat/scalar-return-3 c_compat_x_tst.o-c_compat_y_tst.o link 
UNRESOLVED: gcc.dg/compat/scalar-return-3 c_compat_x_tst.o-c_compat_y_tst.o execute 
FAIL: gcc.dg/compat/scalar-return-4 c_compat_y_tst.o compile,  (internal compiler error)
UNRESOLVED: gcc.dg/compat/scalar-return-4 c_compat_x_tst.o-c_compat_y_tst.o link 
UNRESOLVED: gcc.dg/compat/scalar-return-4 c_compat_x_tst.o-c_compat_y_tst.o execute 
FAIL: gcc.dg/compat/struct-by-value-11 c_compat_x_tst.o compile,  (internal compiler error)
FAIL: gcc.dg/compat/struct-by-value-11 c_compat_y_tst.o compile,  (internal compiler error)
UNRESOLVED: gcc.dg/compat/struct-by-value-11 c_compat_x_tst.o-c_compat_y_tst.o link 
UNRESOLVED: gcc.dg/compat/struct-by-value-11 c_compat_x_tst.o-c_compat_y_tst.o execute 
FAIL: gcc.dg/compat/struct-by-value-12 c_compat_x_tst.o compile,  (internal compiler error)
FAIL: gcc.dg/compat/struct-by-value-12 c_compat_y_tst.o compile,  (internal compiler error)
UNRESOLVED: gcc.dg/compat/struct-by-value-12 c_compat_x_tst.o-c_compat_y_tst.o link 
UNRESOLVED: gcc.dg/compat/struct-by-value-12 c_compat_x_tst.o-c_compat_y_tst.o execute 
FAIL: gcc.dg/compat/struct-by-value-13 c_compat_x_tst.o compile,  (internal compiler error)
FAIL: gcc.dg/compat/struct-by-value-13 c_compat_y_tst.o compile,  (internal compiler error)
UNRESOLVED: gcc.dg/compat/struct-by-value-13 c_compat_x_tst.o-c_compat_y_tst.o link 
UNRESOLVED: gcc.dg/compat/struct-by-value-13 c_compat_x_tst.o-c_compat_y_tst.o execute 
FAIL: gcc.dg/compat/struct-by-value-14 c_compat_x_tst.o compile,  (internal compiler error)
FAIL: gcc.dg/compat/struct-by-value-14 c_compat_y_tst.o compile,  (internal compiler error)
UNRESOLVED: gcc.dg/compat/struct-by-value-14 c_compat_x_tst.o-c_compat_y_tst.o link 
UNRESOLVED: gcc.dg/compat/struct-by-value-14 c_compat_x_tst.o-c_compat_y_tst.o execute 
FAIL: gcc.dg/compat/struct-by-value-15 c_compat_x_tst.o compile,  (internal compiler error)
FAIL: gcc.dg/compat/struct-by-value-15 c_compat_y_tst.o compile,  (internal compiler error)
UNRESOLVED: gcc.dg/compat/struct-by-value-15 c_compat_x_tst.o-c_compat_y_tst.o link 
UNRESOLVED: gcc.dg/compat/struct-by-value-15 c_compat_x_tst.o-c_compat_y_tst.o execute 
FAIL: tmpdir-gcc.dg-struct-layout-1/t024 c_compat_x_tst.o compile,  (internal compiler error)
FAIL: tmpdir-gcc.dg-struct-layout-1/t024 c_compat_y_tst.o compile,  (internal compiler error)
UNRESOLVED: tmpdir-gcc.dg-struct-layout-1/t024 c_compat_x_tst.o-c_compat_y_tst.o link 
UNRESOLVED: tmpdir-gcc.dg-struct-layout-1/t024 c_compat_x_tst.o-c_compat_y_tst.o execute 
FAIL: gcc.dg/dfp/altivec-types.c  (test for errors, line 7)
FAIL: gcc.dg/dfp/altivec-types.c  (test for errors, line 8)
FAIL: gcc.dg/dfp/altivec-types.c  (test for errors, line 9)
XPASS: gcc.dg/Warray-bounds.c  (test for warnings, line 59)
XPASS: gcc.dg/Warray-bounds.c  (test for warnings, line 65)
XPASS: gcc.dg/Wunreachable-8.c  (test for bogus messages, line 7)
FAIL: gcc.dg/and-1.c scan-assembler-not nand
FAIL: gcc.dg/fold-mulconj-1.c (internal compiler error)
FAIL: gcc.dg/fold-mulconj-1.c (test for excess errors)
FAIL: gcc.dg/pr34989-1.c (internal compiler error)
FAIL: gcc.dg/pr34989-1.c (test for excess errors)
FAIL: gcc.dg/sms-2.c scan-rtl-dump-times sms "SMS succeeded" 1
FAIL: gcc.dg/sms-4.c scan-rtl-dump-times sms "SMS succeeded" 1
FAIL: gcc.dg/sms-6.c scan-rtl-dump-times sms "SMS succeeded" 3
FAIL: gcc.dg/sms-7.c scan-rtl-dump-times sms "SMS succeeded" 3
FAIL: gcc.dg/sms-8.c scan-rtl-dump-times sms "SMS succeeded" 1
XPASS: gcc.dg/struct/wo_prof_array_through_pointer.c scan-ipa-dump ipa_struct_reorg "Number of structures to transform is 1"
FAIL: gcc.dg/struct/wo_prof_double_malloc.c (internal compiler error)
FAIL: gcc.dg/struct/wo_prof_double_malloc.c (test for excess errors)
WARNING: gcc.dg/struct/wo_prof_double_malloc.c compilation failed to produce executable
FAIL: gcc.dg/tree-ssa/vrp47.c scan-tree-dump-times vrp1 "[xy][^ ]* !=" 0
FAIL: gcc.dg/tree-ssa/vrp47.c scan-tree-dump-times dom1 "x[^ ]* & y" 1
FAIL: gcc.dg/vect/costmodel/ppc/costmodel-vect-31d.c scan-tree-dump-times vect "vectorization not profitable" 1
FAIL: gcc.dg/vect/costmodel/ppc/costmodel-vect-68d.c scan-tree-dump-times vect "vectorization not profitable" 1
FAIL: gcc.dg/vect/costmodel/ppc/costmodel-vect-76a.c scan-tree-dump-times vect "vectorized 1 loops" 1
FAIL: gcc.dg/vect/costmodel/ppc/costmodel-vect-76b.c scan-tree-dump-times vect "vectorization not profitable" 1
FAIL: gcc.dg/vect/pr35821-altivec.c scan-tree-dump-times vect "vectorized 1 loops" 1
FAIL: gcc.target/powerpc/altivec-types-1.c  (test for errors, line 40)
FAIL: gcc.target/powerpc/altivec-types-1.c  (test for errors, line 41)
FAIL: gcc.target/powerpc/altivec-types-1.c  (test for errors, line 42)
FAIL: gcc.target/powerpc/altivec-types-1.c  (test for errors, line 43)
FAIL: gcc.target/powerpc/altivec-types-1.c  (test for errors, line 44)
FAIL: gcc.target/powerpc/altivec-types-1.c  (test for errors, line 45)
FAIL: gcc.target/powerpc/altivec-types-1.c  (test for errors, line 46)
FAIL: gcc.target/powerpc/altivec-types-1.c  (test for errors, line 47)
FAIL: gcc.target/powerpc/altivec-types-1.c  (test for errors, line 48)
FAIL: gcc.target/powerpc/altivec-types-1.c  (test for errors, line 49)
FAIL: gcc.target/powerpc/altivec-types-1.c  (test for errors, line 50)
FAIL: gcc.target/powerpc/altivec-types-1.c  (test for errors, line 51)
FAIL: gcc.target/powerpc/altivec-types-1.c  (test for errors, line 52)
FAIL: gcc.target/powerpc/altivec-types-1.c  (test for errors, line 53)
FAIL: gcc.target/powerpc/altivec-types-1.c  (test for errors, line 54)
FAIL: gcc.target/powerpc/altivec-types-1.c  (test for errors, line 55)
FAIL: gcc.target/powerpc/altivec-types-1.c  (test for errors, line 56)
FAIL: gcc.target/powerpc/altivec-types-1.c  (test for errors, line 57)
FAIL: gcc.target/powerpc/altivec-types-1.c  (test for errors, line 58)
FAIL: gcc.target/powerpc/altivec-types-1.c  (test for errors, line 59)
FAIL: gcc.target/powerpc/altivec-types-1.c  (test for errors, line 60)
FAIL: gcc.target/powerpc/altivec-types-1.c  (test for errors, line 61)
FAIL: gcc.target/powerpc/altivec-types-1.c  (test for errors, line 62)
FAIL: gcc.target/powerpc/altivec-types-1.c  (test for errors, line 63)
FAIL: gcc.target/powerpc/altivec-types-1.c  (test for errors, line 64)
FAIL: gcc.target/powerpc/altivec-types-1.c  (test for errors, line 65)
FAIL: gcc.target/powerpc/altivec-types-1.c  (test for errors, line 66)
FAIL: gcc.target/powerpc/optimize-bswapdi-3.c scan-assembler ldbrx
FAIL: gcc.target/powerpc/optimize-bswapdi-3.c scan-assembler stdbrx
FAIL: gcc.target/powerpc/popcount-3.c scan-assembler popcntd
FAIL: gcc.target/powerpc/ppc64-abi-1.c execution test
FAIL: gcc.target/powerpc/ppc64-double-1.c scan-assembler-not stfd

		=== gcc Summary for unix/-m64 ===

# of expected passes		55651
# of unexpected successes	4
# of unexpected failures	103
# of expected failures		156
# of unresolved testcases	28
# of unsupported tests		737

		=== gcc Summary ===

# of expected passes		111430
# of unexpected failures	227
# of unexpected successes	8
# of expected failures		309
# of unresolved testcases	54
# of unsupported tests		1418
/home/gccbuild/build/nightly/build-gcc-trunk/gcc/xgcc  version 4.5.0 20090802 (experimental) [trunk revision 150343] (GCC) 

		=== gfortran tests ===


Running target unix/-m32
XPASS: gfortran.dg/default_format_denormal_2.f90  -O0  execution test
XPASS: gfortran.dg/default_format_denormal_2.f90  -O1  execution test
XPASS: gfortran.dg/default_format_denormal_2.f90  -O2  execution test
XPASS: gfortran.dg/default_format_denormal_2.f90  -O3 -fomit-frame-pointer  execution test
XPASS: gfortran.dg/default_format_denormal_2.f90  -O3 -fomit-frame-pointer -funroll-loops  execution test
XPASS: gfortran.dg/default_format_denormal_2.f90  -O3 -fomit-frame-pointer -funroll-all-loops -finline-functions  execution test
XPASS: gfortran.dg/default_format_denormal_2.f90  -O3 -g  execution test
XPASS: gfortran.dg/default_format_denormal_2.f90  -Os  execution test

		=== gfortran Summary for unix/-m32 ===

# of expected passes		31609
# of unexpected successes	8
# of expected failures		29
# of unsupported tests		127

Running target unix/-m64
XPASS: gfortran.dg/default_format_denormal_2.f90  -O0  execution test
XPASS: gfortran.dg/default_format_denormal_2.f90  -O1  execution test
XPASS: gfortran.dg/default_format_denormal_2.f90  -O2  execution test
XPASS: gfortran.dg/default_format_denormal_2.f90  -O3 -fomit-frame-pointer  execution test
XPASS: gfortran.dg/default_format_denormal_2.f90  -O3 -fomit-frame-pointer -funroll-loops  execution test
XPASS: gfortran.dg/default_format_denormal_2.f90  -O3 -fomit-frame-pointer -funroll-all-loops -finline-functions  execution test
XPASS: gfortran.dg/default_format_denormal_2.f90  -O3 -g  execution test
XPASS: gfortran.dg/default_format_denormal_2.f90  -Os  execution test

		=== gfortran Summary for unix/-m64 ===

# of expected passes		31776
# of unexpected successes	8
# of expected failures		29
# of unsupported tests		46

		=== gfortran Summary ===

# of expected passes		63385
# of unexpected successes	16
# of expected failures		58
# of unsupported tests		173
/home/gccbuild/build/nightly/build-gcc-trunk/gcc/testsuite/gfortran/../../gfortran  version 4.5.0 20090802 (experimental) [trunk revision 150343] (GCC) 

		=== g++ tests ===


Running target unix/-m32
FAIL: g++.dg/ext/altivec-types-1.C  (test for errors, line 30)
FAIL: g++.dg/ext/altivec-types-1.C  (test for errors, line 40)
FAIL: g++.dg/ext/altivec-types-1.C  (test for errors, line 41)
FAIL: g++.dg/ext/altivec-types-1.C  (test for errors, line 42)
FAIL: g++.dg/ext/altivec-types-1.C  (test for errors, line 43)
FAIL: g++.dg/ext/altivec-types-1.C  (test for errors, line 44)
FAIL: g++.dg/ext/altivec-types-1.C  (test for errors, line 45)
FAIL: g++.dg/ext/altivec-types-1.C  (test for errors, line 46)
FAIL: g++.dg/ext/altivec-types-1.C  (test for errors, line 47)
FAIL: g++.dg/ext/altivec-types-1.C  (test for errors, line 48)
FAIL: g++.dg/ext/altivec-types-1.C  (test for errors, line 49)
FAIL: g++.dg/ext/altivec-types-1.C  (test for errors, line 50)
FAIL: g++.dg/ext/altivec-types-1.C  (test for errors, line 51)
FAIL: g++.dg/ext/altivec-types-1.C  (test for errors, line 52)
FAIL: g++.dg/ext/altivec-types-1.C  (test for errors, line 53)
FAIL: g++.dg/ext/altivec-types-1.C  (test for errors, line 54)
FAIL: g++.dg/ext/altivec-types-1.C  (test for errors, line 55)
FAIL: g++.dg/ext/altivec-types-1.C  (test for errors, line 56)
FAIL: g++.dg/ext/altivec-types-1.C  (test for errors, line 57)
FAIL: g++.dg/ext/altivec-types-1.C  (test for errors, line 58)
FAIL: g++.dg/ext/altivec-types-1.C  (test for errors, line 59)
FAIL: g++.dg/ext/altivec-types-1.C  (test for errors, line 60)
FAIL: g++.dg/ext/altivec-types-1.C  (test for errors, line 61)
FAIL: g++.dg/ext/altivec-types-1.C  (test for errors, line 62)
FAIL: g++.dg/ext/altivec-types-1.C  (test for errors, line 63)
FAIL: g++.dg/ext/altivec-types-1.C  (test for errors, line 64)
FAIL: g++.dg/ext/altivec-types-1.C  (test for errors, line 65)
FAIL: g++.dg/ext/altivec-types-1.C  (test for errors, line 66)
FAIL: g++.dg/ext/complex3.C (internal compiler error)
FAIL: g++.dg/ext/complex3.C (test for excess errors)
WARNING: g++.dg/ext/complex3.C compilation failed to produce executable
FAIL: g++.dg/warn/Wsign-compare-2.C (internal compiler error)
FAIL: g++.dg/warn/Wsign-compare-2.C (test for excess errors)

		=== g++ Summary for unix/-m32 ===

# of expected passes		20097
# of unexpected failures	32
# of expected failures		149
# of unsupported tests		146

Running target unix/-m64
FAIL: g++.dg/ext/altivec-types-1.C  (test for errors, line 30)
FAIL: g++.dg/ext/altivec-types-1.C  (test for errors, line 40)
FAIL: g++.dg/ext/altivec-types-1.C  (test for errors, line 41)
FAIL: g++.dg/ext/altivec-types-1.C  (test for errors, line 42)
FAIL: g++.dg/ext/altivec-types-1.C  (test for errors, line 43)
FAIL: g++.dg/ext/altivec-types-1.C  (test for errors, line 44)
FAIL: g++.dg/ext/altivec-types-1.C  (test for errors, line 45)
FAIL: g++.dg/ext/altivec-types-1.C  (test for errors, line 46)
FAIL: g++.dg/ext/altivec-types-1.C  (test for errors, line 47)
FAIL: g++.dg/ext/altivec-types-1.C  (test for errors, line 48)
FAIL: g++.dg/ext/altivec-types-1.C  (test for errors, line 49)
FAIL: g++.dg/ext/altivec-types-1.C  (test for errors, line 50)
FAIL: g++.dg/ext/altivec-types-1.C  (test for errors, line 51)
FAIL: g++.dg/ext/altivec-types-1.C  (test for errors, line 52)
FAIL: g++.dg/ext/altivec-types-1.C  (test for errors, line 53)
FAIL: g++.dg/ext/altivec-types-1.C  (test for errors, line 54)
FAIL: g++.dg/ext/altivec-types-1.C  (test for errors, line 55)
FAIL: g++.dg/ext/altivec-types-1.C  (test for errors, line 56)
FAIL: g++.dg/ext/altivec-types-1.C  (test for errors, line 57)
FAIL: g++.dg/ext/altivec-types-1.C  (test for errors, line 58)
FAIL: g++.dg/ext/altivec-types-1.C  (test for errors, line 59)
FAIL: g++.dg/ext/altivec-types-1.C  (test for errors, line 60)
FAIL: g++.dg/ext/altivec-types-1.C  (test for errors, line 61)
FAIL: g++.dg/ext/altivec-types-1.C  (test for errors, line 62)
FAIL: g++.dg/ext/altivec-types-1.C  (test for errors, line 63)
FAIL: g++.dg/ext/altivec-types-1.C  (test for errors, line 64)
FAIL: g++.dg/ext/altivec-types-1.C  (test for errors, line 65)
FAIL: g++.dg/ext/altivec-types-1.C  (test for errors, line 66)

		=== g++ Summary for unix/-m64 ===

# of expected passes		20060
# of unexpected failures	28
# of expected failures		149
# of unsupported tests		148

		=== g++ Summary ===

# of expected passes		40157
# of unexpected failures	60
# of expected failures		298
# of unsupported tests		294
/home/gccbuild/build/nightly/build-gcc-trunk/gcc/testsuite/g++/../../g++  version 4.5.0 20090802 (experimental) [trunk revision 150343] (GCC) 

		=== obj-c++ tests ===


Running target unix/-m32
WARNING: obj-c++.dg/lookup-2.mm compilation failed to produce executable
WARNING: obj-c++.dg/try-catch-2.mm compilation failed to produce executable
WARNING: obj-c++.dg/try-catch-9.mm compilation failed to produce executable

		=== obj-c++ Summary for unix/-m32 ===

# of expected passes		438
# of expected failures		10
# of unsupported tests		13

Running target unix/-m64
WARNING: obj-c++.dg/lookup-2.mm compilation failed to produce executable
WARNING: obj-c++.dg/try-catch-2.mm compilation failed to produce executable
WARNING: obj-c++.dg/try-catch-9.mm compilation failed to produce executable

		=== obj-c++ Summary for unix/-m64 ===

# of expected passes		427
# of expected failures		21
# of unsupported tests		13

		=== obj-c++ Summary ===

# of expected passes		865
# of expected failures		31
# of unsupported tests		26
/home/gccbuild/build/nightly/build-gcc-trunk/gcc/testsuite/obj-c++/../../g++  version 4.5.0 20090802 (experimental) [trunk revision 150343] (GCC) 

		=== objc tests ===


Running target unix/-m32

		=== objc Summary for unix/-m32 ===

# of expected passes		1867
# of expected failures		15
# of unsupported tests		24

Running target unix/-m64

		=== objc Summary for unix/-m64 ===

# of expected passes		1867
# of expected failures		15
# of unsupported tests		24

		=== objc Summary ===

# of expected passes		3734
# of expected failures		30
# of unsupported tests		48
/home/gccbuild/build/nightly/build-gcc-trunk/gcc/xgcc  version 4.5.0 20090802 (experimental) [trunk revision 150343] (GCC) 

		=== libffi tests ===


Running target unix/-m32
FAIL: libffi.call/cls_longdouble_va.c -O0 -W -Wall output pattern test, is %.1f
FAIL: libffi.call/cls_longdouble_va.c -O2 output pattern test, is %.1f
FAIL: libffi.call/cls_longdouble_va.c -O3 output pattern test, is %.1f
FAIL: libffi.call/cls_longdouble_va.c -Os output pattern test, is %.1f
FAIL: libffi.call/cls_longdouble_va.c -O2 -fomit-frame-pointer output pattern test, is %.1f

		=== libffi Summary for unix/-m32 ===

# of expected passes		1589
# of unexpected failures	5
# of expected failures		10
# of unsupported tests		15

Running target unix/-m64
FAIL: libffi.call/cls_longdouble_va.c -O0 -W -Wall output pattern test, is %.1f
FAIL: libffi.call/cls_longdouble_va.c -O2 output pattern test, is %.1f
FAIL: libffi.call/cls_longdouble_va.c -O3 output pattern test, is %.1f
FAIL: libffi.call/cls_longdouble_va.c -Os output pattern test, is %.1f
FAIL: libffi.call/cls_longdouble_va.c -O2 -fomit-frame-pointer output pattern test, is %.1f

		=== libffi Summary for unix/-m64 ===

# of expected passes		1589
# of unexpected failures	5
# of expected failures		10
# of unsupported tests		15

		=== libffi Summary ===

# of expected passes		3178
# of unexpected failures	10
# of expected failures		20
# of unsupported tests		30
		=== libgomp tests ===


Running target unix/-m32

		=== libgomp Summary for unix/-m32 ===

# of expected passes		2408

Running target unix/-m64

		=== libgomp Summary for unix/-m64 ===

# of expected passes		2408

		=== libgomp Summary ===

# of expected passes		4816
		=== libjava tests ===


Running target unix/-m32
FAIL: StackTrace2 output - source compiled test
FAIL: StackTrace2 -findirect-dispatch output - source compiled test
FAIL: StackTrace2 -O3 output - source compiled test
FAIL: StackTrace2 -O3 -findirect-dispatch output - source compiled test

		=== libjava Summary for unix/-m32 ===

# of expected passes		2570
# of unexpected failures	4

Running target unix/-m64
FAIL: getlocalvartable output
FAIL: StackTrace2 output - source compiled test
FAIL: StackTrace2 -findirect-dispatch output - source compiled test
FAIL: StackTrace2 -O3 output - source compiled test
FAIL: StackTrace2 -O3 -findirect-dispatch output - source compiled test

		=== libjava Summary for unix/-m64 ===

# of expected passes		2569
# of unexpected failures	5

		=== libjava Summary ===

# of expected passes		5139
# of unexpected failures	9
		=== libmudflap tests ===


Running target unix/-m32
FAIL: libmudflap.c/pass54-frag.c execution test
FAIL: libmudflap.c/pass54-frag.c execution test
FAIL: libmudflap.c/pass54-frag.c (-static) execution test
FAIL: libmudflap.c/pass54-frag.c (-static) execution test
FAIL: libmudflap.c/fail31-frag.c (-O3) crash test
FAIL: libmudflap.c/fail31-frag.c (-O3) output pattern test
FAIL: libmudflap.c/pass45-frag.c (-O3) execution test
FAIL: libmudflap.c/pass45-frag.c (-O3) output pattern test
FAIL: libmudflap.c/pass45-frag.c (-O3) execution test
FAIL: libmudflap.c/pass45-frag.c (-O3) output pattern test
FAIL: libmudflap.c++/pass41-frag.cxx execution test
FAIL: libmudflap.c++/pass41-frag.cxx (-static) execution test
FAIL: libmudflap.c++/pass41-frag.cxx ( -O) execution test
FAIL: libmudflap.c++/pass41-frag.cxx (-O2) execution test
FAIL: libmudflap.c++/pass41-frag.cxx (-O3) execution test

		=== libmudflap Summary for unix/-m32 ===

# of expected passes		1879
# of unexpected failures	15

Running target unix/-m64
FAIL: libmudflap.c/pass54-frag.c execution test
FAIL: libmudflap.c/pass54-frag.c execution test
FAIL: libmudflap.c/pass54-frag.c (-static) execution test
FAIL: libmudflap.c/pass54-frag.c (-static) execution test
FAIL: libmudflap.c/fail31-frag.c (-O3) crash test
FAIL: libmudflap.c/fail31-frag.c (-O3) output pattern test
FAIL: libmudflap.c/pass45-frag.c (-O3) execution test
FAIL: libmudflap.c/pass45-frag.c (-O3) output pattern test
FAIL: libmudflap.c/pass45-frag.c (-O3) execution test
FAIL: libmudflap.c/pass45-frag.c (-O3) output pattern test
FAIL: libmudflap.c++/pass41-frag.cxx execution test
FAIL: libmudflap.c++/pass41-frag.cxx (-static) execution test
FAIL: libmudflap.c++/pass41-frag.cxx ( -O) execution test
FAIL: libmudflap.c++/pass41-frag.cxx (-O2) execution test
FAIL: libmudflap.c++/pass41-frag.cxx (-O3) execution test

		=== libmudflap Summary for unix/-m64 ===

# of expected passes		1879
# of unexpected failures	15

		=== libmudflap Summary ===

# of expected passes		3758
# of unexpected failures	30
		=== libstdc++ tests ===


Running target unix/-m32
FAIL: abi_check
XPASS: 26_numerics/headers/cmath/c99_classification_macros_c.cc (test for excess errors)

		=== libstdc++ Summary for unix/-m32 ===

# of expected passes		6893
# of unexpected successes	1
# of unexpected failures	1
# of expected failures		84
# of unsupported tests		15

Running target unix/-m64
XPASS: 26_numerics/headers/cmath/c99_classification_macros_c.cc (test for excess errors)

		=== libstdc++ Summary for unix/-m64 ===

# of expected passes		6894
# of unexpected successes	1
# of expected failures		84
# of unsupported tests		15

		=== libstdc++ Summary ===

# of expected passes		13787
# of unexpected failures	1
# of unexpected successes	2
# of expected failures		168
# of unsupported tests		30

Compiler version: 4.5.0 20090802 (experimental) [trunk revision 150343] (GCC) 
Platform: powerpc64-unknown-linux-gnu
configure flags: --prefix=/opt/gcc-nightly/trunk-20090802 --build=powerpc64-linux --host=powerpc64-linux --target=powerpc64-linux --with-cpu=default32 --with-as=/opt/gcc-nightly/binutils-2.19/bin/as --with-ld=/opt/gcc-nightly/binutils-2.19/bin/ld --enable-threads=posix --enable-shared --enable-__cxa_atexit --enable-languages=c,c++,fortran,objc,obj-c++,java --with-long-double-128 --enable-secureplt --enable-checking --disable-alsa --with-gmp=/opt/gcc-nightly/gmp-mpfr --with-mpfr=/opt/gcc-nightly/gmp-mpfr
fail   XPASS: gcc.test-framework/dg-bogus-exp-XF.c bogus pass test (test for bogus messages, line 6)
fail   FAIL: gcc.test-framework/dg-warning-exp-P.c warning test (test for warnings, line 6) (PRMS 42)
fail   FAIL: gcc.test-framework/dg-warning-exp-P.c warning test (test for warnings, line 10) (PRMS 42)
fail   FAIL: gcc.test-framework/dg-warning-exp-P.c (test for excess errors) (PRMS 42)

		=== Test Framework Summary ===

# of expected passes		2527
# of unexpected failures	4


Index Nav: [Date Index] [Subject Index] [Author Index] [Thread Index]
Message Nav: [Date Prev] [Date Next] [Thread Prev] [Thread Next]