This is the mail archive of the
gcc-testresults@gcc.gnu.org
mailing list for the GCC project.
Results for 4.5.0 20090801 (experimental) [trunk revision 150336] (GCC) testsuite on i686-pc-linux-gnu
- From: hjl at gnu-31 dot sc dot intel dot com (H.J. Lu (ia32))
- To: gcc-testresults at gcc dot gnu dot org
- Date: Sat, 01 Aug 2009 19:05:51 -0700
- Subject: Results for 4.5.0 20090801 (experimental) [trunk revision 150336] (GCC) testsuite on i686-pc-linux-gnu
LAST_UPDATED: Sat Aug 1 23:12:34 UTC 2009 (revision 150336)
Native configuration is i686-pc-linux-gnu
=== g++ tests ===
Running target unix
FAIL: g++.dg/ext/complex3.C (internal compiler error)
FAIL: g++.dg/ext/complex3.C (test for excess errors)
WARNING: g++.dg/ext/complex3.C compilation failed to produce executable
FAIL: g++.dg/warn/Wsign-compare-2.C (internal compiler error)
FAIL: g++.dg/warn/Wsign-compare-2.C (test for excess errors)
=== g++ Summary ===
# of expected passes 20610
# of unexpected failures 4
# of expected failures 149
# of unsupported tests 114
/export/gnu/import/svn/gcc-test/bld/gcc/testsuite/g++/../../g++ version 4.5.0 20090801 (experimental) [trunk revision 150336] (GCC)
=== gcc tests ===
Running target unix
FAIL: gcc.c-torture/compile/20030903-1.c -O0 (internal compiler error)
FAIL: gcc.c-torture/compile/20030903-1.c -O0 (test for excess errors)
FAIL: gcc.c-torture/compile/20030903-1.c -O1 (internal compiler error)
FAIL: gcc.c-torture/compile/20030903-1.c -O1 (test for excess errors)
FAIL: gcc.c-torture/compile/20030903-1.c -O2 (internal compiler error)
FAIL: gcc.c-torture/compile/20030903-1.c -O2 (test for excess errors)
FAIL: gcc.c-torture/compile/20030903-1.c -O3 -fomit-frame-pointer (internal compiler error)
FAIL: gcc.c-torture/compile/20030903-1.c -O3 -fomit-frame-pointer (test for excess errors)
FAIL: gcc.c-torture/compile/20030903-1.c -O3 -g (internal compiler error)
FAIL: gcc.c-torture/compile/20030903-1.c -O3 -g (test for excess errors)
FAIL: gcc.c-torture/compile/20030903-1.c -Os (internal compiler error)
FAIL: gcc.c-torture/compile/20030903-1.c -Os (test for excess errors)
FAIL: gcc.c-torture/compile/complex-1.c -O0 (internal compiler error)
FAIL: gcc.c-torture/compile/complex-1.c -O0 (test for excess errors)
FAIL: gcc.c-torture/compile/complex-1.c -O1 (internal compiler error)
FAIL: gcc.c-torture/compile/complex-1.c -O1 (test for excess errors)
FAIL: gcc.c-torture/compile/complex-1.c -O2 (internal compiler error)
FAIL: gcc.c-torture/compile/complex-1.c -O2 (test for excess errors)
FAIL: gcc.c-torture/compile/complex-1.c -O3 -fomit-frame-pointer (internal compiler error)
FAIL: gcc.c-torture/compile/complex-1.c -O3 -fomit-frame-pointer (test for excess errors)
FAIL: gcc.c-torture/compile/complex-1.c -O3 -g (internal compiler error)
FAIL: gcc.c-torture/compile/complex-1.c -O3 -g (test for excess errors)
FAIL: gcc.c-torture/compile/complex-1.c -Os (internal compiler error)
FAIL: gcc.c-torture/compile/complex-1.c -Os (test for excess errors)
FAIL: gcc.c-torture/compile/complex-5.c -O0 (internal compiler error)
FAIL: gcc.c-torture/compile/complex-5.c -O0 (test for excess errors)
FAIL: gcc.c-torture/compile/complex-5.c -O1 (internal compiler error)
FAIL: gcc.c-torture/compile/complex-5.c -O1 (test for excess errors)
FAIL: gcc.c-torture/compile/complex-5.c -O2 (internal compiler error)
FAIL: gcc.c-torture/compile/complex-5.c -O2 (test for excess errors)
FAIL: gcc.c-torture/compile/complex-5.c -O3 -fomit-frame-pointer (internal compiler error)
FAIL: gcc.c-torture/compile/complex-5.c -O3 -fomit-frame-pointer (test for excess errors)
FAIL: gcc.c-torture/compile/complex-5.c -O3 -g (internal compiler error)
FAIL: gcc.c-torture/compile/complex-5.c -O3 -g (test for excess errors)
FAIL: gcc.c-torture/compile/complex-5.c -Os (internal compiler error)
FAIL: gcc.c-torture/compile/complex-5.c -Os (test for excess errors)
FAIL: gcc.c-torture/execute/complex-6.c compilation, -O0 (internal compiler error)
UNRESOLVED: gcc.c-torture/execute/complex-6.c execution, -O0
FAIL: gcc.c-torture/execute/complex-6.c compilation, -O1 (internal compiler error)
UNRESOLVED: gcc.c-torture/execute/complex-6.c execution, -O1
FAIL: gcc.c-torture/execute/complex-6.c compilation, -O2 (internal compiler error)
UNRESOLVED: gcc.c-torture/execute/complex-6.c execution, -O2
FAIL: gcc.c-torture/execute/complex-6.c compilation, -O3 -fomit-frame-pointer (internal compiler error)
UNRESOLVED: gcc.c-torture/execute/complex-6.c execution, -O3 -fomit-frame-pointer
FAIL: gcc.c-torture/execute/complex-6.c compilation, -O3 -g (internal compiler error)
UNRESOLVED: gcc.c-torture/execute/complex-6.c execution, -O3 -g
FAIL: gcc.c-torture/execute/complex-6.c compilation, -Os (internal compiler error)
UNRESOLVED: gcc.c-torture/execute/complex-6.c execution, -Os
FAIL: gcc.dg/compat/scalar-by-value-3 c_compat_x_tst.o compile, (internal compiler error)
FAIL: gcc.dg/compat/scalar-by-value-3 c_compat_y_tst.o compile, (internal compiler error)
UNRESOLVED: gcc.dg/compat/scalar-by-value-3 c_compat_x_tst.o-c_compat_y_tst.o link
UNRESOLVED: gcc.dg/compat/scalar-by-value-3 c_compat_x_tst.o-c_compat_y_tst.o execute
FAIL: gcc.dg/compat/scalar-by-value-4 c_compat_x_tst.o compile, (internal compiler error)
FAIL: gcc.dg/compat/scalar-by-value-4 c_compat_y_tst.o compile, (internal compiler error)
UNRESOLVED: gcc.dg/compat/scalar-by-value-4 c_compat_x_tst.o-c_compat_y_tst.o link
UNRESOLVED: gcc.dg/compat/scalar-by-value-4 c_compat_x_tst.o-c_compat_y_tst.o execute
FAIL: gcc.dg/compat/scalar-by-value-5 c_compat_x_tst.o compile, (internal compiler error)
FAIL: gcc.dg/compat/scalar-by-value-5 c_compat_y_tst.o compile, (internal compiler error)
UNRESOLVED: gcc.dg/compat/scalar-by-value-5 c_compat_x_tst.o-c_compat_y_tst.o link
UNRESOLVED: gcc.dg/compat/scalar-by-value-5 c_compat_x_tst.o-c_compat_y_tst.o execute
FAIL: gcc.dg/compat/scalar-return-3 c_compat_x_tst.o compile, (internal compiler error)
FAIL: gcc.dg/compat/scalar-return-3 c_compat_y_tst.o compile, (internal compiler error)
UNRESOLVED: gcc.dg/compat/scalar-return-3 c_compat_x_tst.o-c_compat_y_tst.o link
UNRESOLVED: gcc.dg/compat/scalar-return-3 c_compat_x_tst.o-c_compat_y_tst.o execute
FAIL: gcc.dg/compat/scalar-return-4 c_compat_x_tst.o compile, (internal compiler error)
FAIL: gcc.dg/compat/scalar-return-4 c_compat_y_tst.o compile, (internal compiler error)
UNRESOLVED: gcc.dg/compat/scalar-return-4 c_compat_x_tst.o-c_compat_y_tst.o link
UNRESOLVED: gcc.dg/compat/scalar-return-4 c_compat_x_tst.o-c_compat_y_tst.o execute
FAIL: gcc.dg/compat/struct-by-value-11 c_compat_x_tst.o compile, (internal compiler error)
FAIL: gcc.dg/compat/struct-by-value-11 c_compat_y_tst.o compile, (internal compiler error)
UNRESOLVED: gcc.dg/compat/struct-by-value-11 c_compat_x_tst.o-c_compat_y_tst.o link
UNRESOLVED: gcc.dg/compat/struct-by-value-11 c_compat_x_tst.o-c_compat_y_tst.o execute
FAIL: gcc.dg/compat/struct-by-value-12 c_compat_x_tst.o compile, (internal compiler error)
FAIL: gcc.dg/compat/struct-by-value-12 c_compat_y_tst.o compile, (internal compiler error)
UNRESOLVED: gcc.dg/compat/struct-by-value-12 c_compat_x_tst.o-c_compat_y_tst.o link
UNRESOLVED: gcc.dg/compat/struct-by-value-12 c_compat_x_tst.o-c_compat_y_tst.o execute
FAIL: gcc.dg/compat/struct-by-value-13 c_compat_x_tst.o compile, (internal compiler error)
FAIL: gcc.dg/compat/struct-by-value-13 c_compat_y_tst.o compile, (internal compiler error)
UNRESOLVED: gcc.dg/compat/struct-by-value-13 c_compat_x_tst.o-c_compat_y_tst.o link
UNRESOLVED: gcc.dg/compat/struct-by-value-13 c_compat_x_tst.o-c_compat_y_tst.o execute
FAIL: gcc.dg/compat/struct-by-value-14 c_compat_x_tst.o compile, (internal compiler error)
FAIL: gcc.dg/compat/struct-by-value-14 c_compat_y_tst.o compile, (internal compiler error)
UNRESOLVED: gcc.dg/compat/struct-by-value-14 c_compat_x_tst.o-c_compat_y_tst.o link
UNRESOLVED: gcc.dg/compat/struct-by-value-14 c_compat_x_tst.o-c_compat_y_tst.o execute
FAIL: gcc.dg/compat/struct-by-value-15 c_compat_x_tst.o compile, (internal compiler error)
FAIL: gcc.dg/compat/struct-by-value-15 c_compat_y_tst.o compile, (internal compiler error)
UNRESOLVED: gcc.dg/compat/struct-by-value-15 c_compat_x_tst.o-c_compat_y_tst.o link
UNRESOLVED: gcc.dg/compat/struct-by-value-15 c_compat_x_tst.o-c_compat_y_tst.o execute
FAIL: tmpdir-gcc.dg-struct-layout-1/t024 c_compat_x_tst.o compile, (internal compiler error)
FAIL: tmpdir-gcc.dg-struct-layout-1/t024 c_compat_y_tst.o compile, (internal compiler error)
UNRESOLVED: tmpdir-gcc.dg-struct-layout-1/t024 c_compat_x_tst.o-c_compat_y_tst.o link
UNRESOLVED: tmpdir-gcc.dg-struct-layout-1/t024 c_compat_x_tst.o-c_compat_y_tst.o execute
XPASS: gcc.dg/Warray-bounds.c (test for warnings, line 59)
XPASS: gcc.dg/Warray-bounds.c (test for warnings, line 65)
XPASS: gcc.dg/Wunreachable-8.c (test for bogus messages, line 7)
FAIL: gcc.dg/fold-mulconj-1.c (internal compiler error)
FAIL: gcc.dg/fold-mulconj-1.c (test for excess errors)
FAIL: gcc.dg/fold-mulconj-1.c scan-tree-dump-times gimple "CONJ_EXPR" 0: dump file does not exist
FAIL: gcc.dg/pr34989-1.c (internal compiler error)
FAIL: gcc.dg/pr34989-1.c (test for excess errors)
FAIL: gcc.dg/pr35430.c (internal compiler error)
FAIL: gcc.dg/pr35430.c (test for excess errors)
XPASS: gcc.dg/struct/wo_prof_array_through_pointer.c scan-ipa-dump ipa_struct_reorg "Number of structures to transform is 1"
FAIL: gcc.dg/struct/wo_prof_double_malloc.c (internal compiler error)
FAIL: gcc.dg/struct/wo_prof_double_malloc.c (test for excess errors)
WARNING: gcc.dg/struct/wo_prof_double_malloc.c compilation failed to produce executable
=== gcc Summary ===
# of expected passes 59231
# of unexpected failures 73
# of unexpected successes 4
# of expected failures 194
# of unresolved testcases 28
# of unsupported tests 532
/export/gnu/import/svn/gcc-test/bld/gcc/xgcc version 4.5.0 20090801 (experimental) [trunk revision 150336] (GCC)
=== gfortran tests ===
Running target unix
=== gfortran Summary ===
# of expected passes 31675
# of expected failures 20
# of unsupported tests 104
/export/gnu/import/svn/gcc-test/bld/gcc/testsuite/gfortran/../../gfortran version 4.5.0 20090801 (experimental) [trunk revision 150336] (GCC)
=== objc tests ===
Running target unix
=== objc Summary ===
# of expected passes 1875
# of expected failures 7
# of unsupported tests 24
/export/gnu/import/svn/gcc-test/bld/gcc/xgcc version 4.5.0 20090801 (experimental) [trunk revision 150336] (GCC)
=== libffi tests ===
Running target unix
=== libffi Summary ===
# of expected passes 1589
# of expected failures 15
# of unsupported tests 15
=== libgomp tests ===
Running target unix
=== libgomp Summary ===
# of expected passes 2408
=== libjava tests ===
Running target unix
=== libjava Summary ===
# of expected passes 2574
=== libmudflap tests ===
Running target unix
FAIL: libmudflap.c/fail31-frag.c (-O3) output pattern test
FAIL: libmudflap.c/pass45-frag.c (-O3) execution test
FAIL: libmudflap.c/pass45-frag.c (-O3) output pattern test
FAIL: libmudflap.c/pass45-frag.c (-O3) execution test
FAIL: libmudflap.c/pass45-frag.c (-O3) output pattern test
FAIL: libmudflap.c++/pass41-frag.cxx execution test
FAIL: libmudflap.c++/pass41-frag.cxx (-static) execution test
FAIL: libmudflap.c++/pass41-frag.cxx ( -O) execution test
FAIL: libmudflap.c++/pass41-frag.cxx (-O2) execution test
FAIL: libmudflap.c++/pass41-frag.cxx (-O3) execution test
=== libmudflap Summary ===
# of expected passes 1884
# of unexpected failures 10
=== libstdc++ tests ===
Running target unix
XPASS: 26_numerics/headers/cmath/c99_classification_macros_c.cc (test for excess errors)
=== libstdc++ Summary ===
# of expected passes 6750
# of unexpected successes 1
# of expected failures 82
# of unsupported tests 84
Compiler version: 4.5.0 20090801 (experimental) [trunk revision 150336] (GCC)
Platform: i686-pc-linux-gnu
configure flags: --enable-clocale=gnu --with-system-zlib --enable-shared --with-demangler-in-ld