This is the mail archive of the
gcc-testresults@gcc.gnu.org
mailing list for the GCC project.
Results for 4.4.2 20090730 (prerelease) [gcc-4_4-branch revision 150239] (GCC) testsuite on armv5tel-unknown-linux-gnueabi
- From: Robert Nelson <robertcnelson at gmail dot com>
- To: gcc-testresults at gcc dot gnu dot org
- Date: Thu, 30 Jul 2009 16:36:04 -0500
- Subject: Results for 4.4.2 20090730 (prerelease) [gcc-4_4-branch revision 150239] (GCC) testsuite on armv5tel-unknown-linux-gnueabi
LAST_UPDATED: Thu Jul 30 02:47:08 UTC 2009 (revision 150239)
Native configuration is armv5tel-unknown-linux-gnueabi
=== libgomp tests ===
Running target unix
WARNING: program timed out.
FAIL: libgomp.fortran/strassen.f90 -O execution test
=== libgomp Summary ===
# of expected passes 2391
# of unexpected failures 1
# of unsupported tests 7
=== libmudflap tests ===
Running target unix
FAIL: libmudflap.c++/pass41-frag.cxx execution test
FAIL: libmudflap.c++/pass41-frag.cxx (-static) execution test
FAIL: libmudflap.c++/pass41-frag.cxx (-O2) execution test
FAIL: libmudflap.c++/pass41-frag.cxx (-O3) execution test
=== libmudflap Summary ===
# of expected passes 1890
# of unexpected failures 4
=== libstdc++ tests ===
Running target unix
XPASS: 26_numerics/headers/cmath/c99_classification_macros_c.cc (test for excess errors)
=== libstdc++ Summary ===
# of expected passes 5838
# of unexpected successes 1
# of expected failures 79
# of unsupported tests 347
=== g++ tests ===
Running target unix
FAIL: g++.dg/ipa/iinline-1.C scan-ipa-dump inline "String::funcOne[^\\n]*inline copy in int main"
FAIL: g++.dg/tree-ssa/new1.C scan-tree-dump-not forwprop1 "= .* \\+ -"
=== g++ Summary ===
# of expected passes 19281
# of unexpected failures 2
# of expected failures 156
# of unsupported tests 150
/opt/gcc-4.4/objdir/gcc/testsuite/g++/../../g++ version 4.4.2 20090730 (prerelease) [gcc-4_4-branch revision 150239] (GCC)
=== gcc tests ===
Running target unix
FAIL: gcc.c-torture/compile/pr11832.c -O0 (internal compiler error)
FAIL: gcc.c-torture/compile/pr11832.c -O1 (internal compiler error)
FAIL: gcc.c-torture/compile/pr11832.c -O2 (internal compiler error)
FAIL: gcc.c-torture/compile/pr11832.c -O3 -fomit-frame-pointer (internal compiler error)
FAIL: gcc.c-torture/compile/pr11832.c -O3 -fomit-frame-pointer -funroll-loops (internal compiler error)
FAIL: gcc.c-torture/compile/pr11832.c -O3 -fomit-frame-pointer -funroll-all-loops -finline-functions (internal compiler error)
FAIL: gcc.c-torture/compile/pr11832.c -O3 -g (internal compiler error)
FAIL: gcc.c-torture/compile/pr11832.c -Os (internal compiler error)
FAIL: gcc.c-torture/compile/pr33009.c -O0 (internal compiler error)
FAIL: gcc.c-torture/compile/pr33009.c -O1 (internal compiler error)
FAIL: gcc.c-torture/compile/pr33009.c -O2 (internal compiler error)
FAIL: gcc.c-torture/compile/pr33009.c -O3 -fomit-frame-pointer (internal compiler error)
FAIL: gcc.c-torture/compile/pr33009.c -O3 -fomit-frame-pointer -funroll-loops (internal compiler error)
FAIL: gcc.c-torture/compile/pr33009.c -O3 -fomit-frame-pointer -funroll-all-loops -finline-functions (internal compiler error)
FAIL: gcc.c-torture/compile/pr33009.c -O3 -g (internal compiler error)
FAIL: gcc.c-torture/compile/pr33009.c -Os (internal compiler error)
FAIL: gcc.dg/uninit-13.c unconditional (test for warnings, line 8)
FAIL: gcc.dg/uninit-13.c (test for excess errors)
FAIL: gcc.dg/tree-prof/bb-reorg.c compilation, -fprofile-use -D_PROFILE_USE
UNRESOLVED: gcc.dg/tree-prof/bb-reorg.c execution, -fprofile-use -D_PROFILE_USE
FAIL: gcc.dg/tree-prof/pr34999.c compilation, -fprofile-use -D_PROFILE_USE
UNRESOLVED: gcc.dg/tree-prof/pr34999.c execution, -fprofile-use -D_PROFILE_USE
FAIL: gcc.target/arm/neon/polytypes.c (test for excess errors)
FAIL: gcc.target/arm/neon/vget_lowf32.c scan-assembler vmov[ \\t]+[dD][0-9]+, [dD][0-9]+!?([ \\t]+@[a-zA-Z0-9 ]+)?\\n
FAIL: gcc.target/arm/neon/vget_lowp16.c scan-assembler vmov[ \\t]+[dD][0-9]+, [dD][0-9]+!?([ \\t]+@[a-zA-Z0-9 ]+)?\\n
FAIL: gcc.target/arm/neon/vget_lowp8.c scan-assembler vmov[ \\t]+[dD][0-9]+, [dD][0-9]+!?([ \\t]+@[a-zA-Z0-9 ]+)?\\n
FAIL: gcc.target/arm/neon/vget_lows16.c scan-assembler vmov[ \\t]+[dD][0-9]+, [dD][0-9]+!?([ \\t]+@[a-zA-Z0-9 ]+)?\\n
FAIL: gcc.target/arm/neon/vget_lows32.c scan-assembler vmov[ \\t]+[dD][0-9]+, [dD][0-9]+!?([ \\t]+@[a-zA-Z0-9 ]+)?\\n
FAIL: gcc.target/arm/neon/vget_lows64.c scan-assembler vmov[ \\t]+[dD][0-9]+, [dD][0-9]+!?([ \\t]+@[a-zA-Z0-9 ]+)?\\n
FAIL: gcc.target/arm/neon/vget_lows8.c scan-assembler vmov[ \\t]+[dD][0-9]+, [dD][0-9]+!?([ \\t]+@[a-zA-Z0-9 ]+)?\\n
FAIL: gcc.target/arm/neon/vget_lowu16.c scan-assembler vmov[ \\t]+[dD][0-9]+, [dD][0-9]+!?([ \\t]+@[a-zA-Z0-9 ]+)?\\n
FAIL: gcc.target/arm/neon/vget_lowu32.c scan-assembler vmov[ \\t]+[dD][0-9]+, [dD][0-9]+!?([ \\t]+@[a-zA-Z0-9 ]+)?\\n
FAIL: gcc.target/arm/neon/vget_lowu64.c scan-assembler vmov[ \\t]+[dD][0-9]+, [dD][0-9]+!?([ \\t]+@[a-zA-Z0-9 ]+)?\\n
FAIL: gcc.target/arm/neon/vget_lowu8.c scan-assembler vmov[ \\t]+[dD][0-9]+, [dD][0-9]+!?([ \\t]+@[a-zA-Z0-9 ]+)?\\n
=== gcc Summary ===
# of expected passes 54246
# of unexpected failures 32
# of expected failures 240
# of unresolved testcases 2
# of unsupported tests 591
/opt/gcc-4.4/objdir/gcc/xgcc version 4.4.2 20090730 (prerelease) [gcc-4_4-branch revision 150239] (GCC)
=== gfortran tests ===
Running target unix
FAIL: gfortran.dg/vect/pr39318.f90 -O (internal compiler error)
FAIL: gfortran.dg/vect/pr39318.f90 -O (test for excess errors)
=== gfortran Summary ===
# of expected passes 28708
# of unexpected failures 2
# of expected failures 18
# of unsupported tests 264
/opt/gcc-4.4/objdir/gcc/testsuite/gfortran/../../gfortran version 4.4.2 20090730 (prerelease) [gcc-4_4-branch revision 150239] (GCC)
=== objc tests ===
Running target unix
FAIL: objc/execute/class-13.m compilation, -O1 -fgnu-runtime
UNRESOLVED: objc/execute/class-13.m execution, -O1 -fgnu-runtime
FAIL: objc/execute/class-13.m compilation, -O2 -fgnu-runtime
UNRESOLVED: objc/execute/class-13.m execution, -O2 -fgnu-runtime
FAIL: objc/execute/class-13.m compilation, -O3 -fomit-frame-pointer -fgnu-runtime
UNRESOLVED: objc/execute/class-13.m execution, -O3 -fomit-frame-pointer -fgnu-runtime
FAIL: objc/execute/class-13.m compilation, -O3 -g -fgnu-runtime
UNRESOLVED: objc/execute/class-13.m execution, -O3 -g -fgnu-runtime
FAIL: objc/execute/class-13.m compilation, -Os -fgnu-runtime
UNRESOLVED: objc/execute/class-13.m execution, -Os -fgnu-runtime
FAIL: objc/execute/class-6.m compilation, -O1 -fgnu-runtime
UNRESOLVED: objc/execute/class-6.m execution, -O1 -fgnu-runtime
FAIL: objc/execute/class-6.m compilation, -O2 -fgnu-runtime
UNRESOLVED: objc/execute/class-6.m execution, -O2 -fgnu-runtime
FAIL: objc/execute/class-6.m compilation, -O3 -fomit-frame-pointer -fgnu-runtime
UNRESOLVED: objc/execute/class-6.m execution, -O3 -fomit-frame-pointer -fgnu-runtime
FAIL: objc/execute/class-6.m compilation, -O3 -g -fgnu-runtime
UNRESOLVED: objc/execute/class-6.m execution, -O3 -g -fgnu-runtime
FAIL: objc/execute/class-6.m compilation, -Os -fgnu-runtime
UNRESOLVED: objc/execute/class-6.m execution, -Os -fgnu-runtime
FAIL: objc/execute/forward-1.m execution, -O0 -fgnu-runtime
FAIL: objc/execute/forward-1.m compilation, -O1 -fgnu-runtime
UNRESOLVED: objc/execute/forward-1.m execution, -O1 -fgnu-runtime
FAIL: objc/execute/forward-1.m compilation, -O2 -fgnu-runtime
UNRESOLVED: objc/execute/forward-1.m execution, -O2 -fgnu-runtime
FAIL: objc/execute/forward-1.m compilation, -O3 -fomit-frame-pointer -fgnu-runtime
UNRESOLVED: objc/execute/forward-1.m execution, -O3 -fomit-frame-pointer -fgnu-runtime
FAIL: objc/execute/forward-1.m compilation, -O3 -fomit-frame-pointer -funroll-loops -fgnu-runtime
UNRESOLVED: objc/execute/forward-1.m execution, -O3 -fomit-frame-pointer -funroll-loops -fgnu-runtime
FAIL: objc/execute/forward-1.m compilation, -O3 -fomit-frame-pointer -funroll-all-loops -finline-functions -fgnu-runtime
UNRESOLVED: objc/execute/forward-1.m execution, -O3 -fomit-frame-pointer -funroll-all-loops -finline-functions -fgnu-runtime
FAIL: objc/execute/forward-1.m compilation, -O3 -g -fgnu-runtime
UNRESOLVED: objc/execute/forward-1.m execution, -O3 -g -fgnu-runtime
FAIL: objc/execute/forward-1.m compilation, -Os -fgnu-runtime
UNRESOLVED: objc/execute/forward-1.m execution, -Os -fgnu-runtime
FAIL: objc/execute/object_is_class.m compilation, -O1 -fgnu-runtime
UNRESOLVED: objc/execute/object_is_class.m execution, -O1 -fgnu-runtime
FAIL: objc/execute/object_is_class.m compilation, -O2 -fgnu-runtime
UNRESOLVED: objc/execute/object_is_class.m execution, -O2 -fgnu-runtime
FAIL: objc/execute/object_is_class.m compilation, -O3 -fomit-frame-pointer -fgnu-runtime
UNRESOLVED: objc/execute/object_is_class.m execution, -O3 -fomit-frame-pointer -fgnu-runtime
FAIL: objc/execute/object_is_class.m compilation, -O3 -g -fgnu-runtime
UNRESOLVED: objc/execute/object_is_class.m execution, -O3 -g -fgnu-runtime
FAIL: objc/execute/object_is_class.m compilation, -Os -fgnu-runtime
UNRESOLVED: objc/execute/object_is_class.m execution, -Os -fgnu-runtime
FAIL: objc/execute/object_is_meta_class.m compilation, -O1 -fgnu-runtime
UNRESOLVED: objc/execute/object_is_meta_class.m execution, -O1 -fgnu-runtime
FAIL: objc/execute/object_is_meta_class.m compilation, -O2 -fgnu-runtime
UNRESOLVED: objc/execute/object_is_meta_class.m execution, -O2 -fgnu-runtime
FAIL: objc/execute/object_is_meta_class.m compilation, -O3 -fomit-frame-pointer -fgnu-runtime
UNRESOLVED: objc/execute/object_is_meta_class.m execution, -O3 -fomit-frame-pointer -fgnu-runtime
FAIL: objc/execute/object_is_meta_class.m compilation, -O3 -g -fgnu-runtime
UNRESOLVED: objc/execute/object_is_meta_class.m execution, -O3 -g -fgnu-runtime
FAIL: objc/execute/object_is_meta_class.m compilation, -Os -fgnu-runtime
UNRESOLVED: objc/execute/object_is_meta_class.m execution, -Os -fgnu-runtime
=== objc Summary ===
# of expected passes 1819
# of unexpected failures 28
# of expected failures 7
# of unresolved testcases 27
# of unsupported tests 24
/opt/gcc-4.4/objdir/gcc/xgcc version 4.4.2 20090730 (prerelease) [gcc-4_4-branch revision 150239] (GCC)
Compiler version: 4.4.2 20090730 (prerelease) [gcc-4_4-branch revision 150239] (GCC)
Platform: armv5tel-unknown-linux-gnueabi
configure flags: --prefix=/opt/install-gcc-4.4 --enable-languages=c,c++,fortran,objc --enable-stage1-checking=release
Build Logs: http://rcn-ee.homeip.net:81/dl/gcc/