This is the mail archive of the gcc-testresults@gcc.gnu.org mailing list for the GCC project.


Index Nav: [Date Index] [Subject Index] [Author Index] [Thread Index]
Message Nav: [Date Prev] [Date Next] [Thread Prev] [Thread Next]
Other format: [Raw text]

Results for 4.5.0 20090725 (experimental) [trunk revision 150091] (GCC) gcc testsuite on mips-unknown-elf


Debian 4 on x86_64
cross tool versions:
GNU assembler (GNU Binutils) 2.18.50.20080419
GNU gdb 6.8.50.20080419-cvs
GNU ld (GNU Binutils) 2.18.50.20080419

GNU Make 3.81
expect version 5.43.0
host gcc version: gcc (GCC) 4.5.0 20090725 (experimental) [trunk revision 150091]
LAST_UPDATED: Sat Jul 25 22:07:16 UTC 2009 (revision 150091)

Target is mips-unknown-elf
Host   is x86_64-unknown-linux-gnu

		=== gcc tests ===


Running target mips-sim
FAIL: gcc.dg/20061124-1.c (test for excess errors)
UNRESOLVED: gcc.dg/20061124-1.c compilation failed to produce executable
XPASS: gcc.dg/Warray-bounds.c  (test for warnings, line 59)
XPASS: gcc.dg/Warray-bounds.c  (test for warnings, line 65)
XPASS: gcc.dg/Wunreachable-8.c  (test for bogus messages, line 7)
FAIL: gcc.dg/c99-stdint-7.c (test for excess errors)
FAIL: gcc.dg/ia64-sync-1.c (test for excess errors)
UNRESOLVED: gcc.dg/ia64-sync-1.c compilation failed to produce executable
FAIL: gcc.dg/ia64-sync-2.c (test for excess errors)
UNRESOLVED: gcc.dg/ia64-sync-2.c compilation failed to produce executable
FAIL: gcc.dg/ia64-sync-3.c (test for excess errors)
UNRESOLVED: gcc.dg/ia64-sync-3.c compilation failed to produce executable
FAIL: gcc.dg/pr34989-1.c (internal compiler error)
FAIL: gcc.dg/pr34989-1.c (test for excess errors)
FAIL: gcc.dg/pr37908.c (test for excess errors)
UNRESOLVED: gcc.dg/pr37908.c compilation failed to produce executable
FAIL: gcc.dg/sync-2.c (test for excess errors)
UNRESOLVED: gcc.dg/sync-2.c compilation failed to produce executable
FAIL: gcc.dg/sync-3.c (test for excess errors)
UNRESOLVED: gcc.dg/sync-3.c compilation failed to produce executable
FAIL: gcc.dg/fixed-point/addsub.c  (test for warnings, line 6)
FAIL: gcc.dg/fixed-point/addsub.c  (test for warnings, line 7)
FAIL: gcc.dg/fixed-point/addsub.c  (test for warnings, line 11)
FAIL: gcc.dg/fixed-point/addsub.c  (test for warnings, line 14)
FAIL: gcc.dg/fixed-point/addsub.c  (test for warnings, line 16)
FAIL: gcc.dg/fixed-point/addsub.c  (test for warnings, line 21)
FAIL: gcc.dg/fixed-point/addsub.c  (test for warnings, line 22)
FAIL: gcc.dg/fixed-point/addsub.c  (test for warnings, line 25)
FAIL: gcc.dg/fixed-point/addsub.c  (test for warnings, line 26)
FAIL: gcc.dg/fixed-point/addsub.c  (test for warnings, line 30)
FAIL: gcc.dg/fixed-point/muldiv-warning.c  (test for warnings, line 6)
FAIL: gcc.dg/fixed-point/muldiv-warning.c  (test for warnings, line 7)
FAIL: gcc.dg/fixed-point/muldiv-warning.c  (test for warnings, line 8)
FAIL: gcc.dg/fixed-point/muldiv-warning.c  (test for warnings, line 9)
FAIL: gcc.dg/fixed-point/muldiv-warning.c  (test for warnings, line 14)
FAIL: gcc.dg/fixed-point/muldiv-warning.c  (test for warnings, line 15)
FAIL: gcc.dg/fixed-point/muldiv-warning.c  (test for warnings, line 16)
FAIL: gcc.dg/fixed-point/muldiv-warning.c  (test for warnings, line 17)
FAIL: gcc.dg/fixed-point/muldiv-warning.c  (test for warnings, line 31)
FAIL: gcc.dg/fixed-point/muldiv-warning.c  (test for warnings, line 32)
FAIL: gcc.dg/fixed-point/muldiv-warning.c  (test for warnings, line 33)
FAIL: gcc.dg/fixed-point/muldiv-warning.c  (test for warnings, line 34)
FAIL: gcc.dg/fixed-point/muldiv-warning.c  (test for warnings, line 40)
FAIL: gcc.dg/fixed-point/muldiv-warning.c  (test for warnings, line 41)
FAIL: gcc.dg/fixed-point/muldiv-warning.c  (test for warnings, line 42)
FAIL: gcc.dg/fixed-point/muldiv-warning.c  (test for warnings, line 43)
FAIL: gcc.dg/fixed-point/muldiv-warning.c  (test for warnings, line 48)
FAIL: gcc.dg/fixed-point/muldiv-warning.c  (test for warnings, line 49)
FAIL: gcc.dg/fixed-point/muldiv-warning.c  (test for warnings, line 50)
FAIL: gcc.dg/fixed-point/muldiv-warning.c  (test for warnings, line 51)
FAIL: gcc.dg/fixed-point/muldiv-warning.c  (test for warnings, line 61)
FAIL: gcc.dg/fixed-point/muldiv-warning.c  (test for warnings, line 62)
FAIL: gcc.dg/fixed-point/muldiv-warning.c  (test for warnings, line 63)
FAIL: gcc.dg/fixed-point/muldiv-warning.c  (test for warnings, line 64)
FAIL: gcc.dg/fixed-point/muldiv-warning.c  (test for warnings, line 65)
FAIL: gcc.dg/fixed-point/muldiv-warning.c  (test for warnings, line 66)
FAIL: gcc.dg/fixed-point/muldiv-warning.c  (test for warnings, line 67)
FAIL: gcc.dg/fixed-point/muldiv-warning.c  (test for warnings, line 68)
XPASS: gcc.dg/struct/wo_prof_array_through_pointer.c scan-ipa-dump ipa_struct_reorg "Number of structures to transform is 1"
FAIL: gcc.dg/struct/wo_prof_double_malloc.c (internal compiler error)
FAIL: gcc.dg/struct/wo_prof_double_malloc.c (test for excess errors)
UNRESOLVED: gcc.dg/struct/wo_prof_double_malloc.c compilation failed to produce executable
FAIL: gcc.dg/torture/pr26565.c  -O1  execution test
FAIL: gcc.dg/torture/pr26565.c  -O2  execution test
FAIL: gcc.dg/torture/pr26565.c  -Os  execution test
FAIL: gcc.target/mips/atomic-memory-1.c  (test for warnings, line )
FAIL: gcc.target/mips/extend-1.c (test for excess errors)
ERROR: gcc.target/mips/extend-1.c: error executing dg-final: couldn't open "extend-1.s": no such file or directory
UNRESOLVED: gcc.target/mips/extend-1.c: error executing dg-final: couldn't open "extend-1.s": no such file or directory
FAIL: gcc.target/mips/octeon-bbit-1.c scan-assembler-times 	bbit1	 4
FAIL: gcc.target/mips/octeon-bbit-1.c scan-assembler-times 	bbit0	 2

		=== gcc Summary ===

# of expected passes		52780
# of unexpected failures	57
# of unexpected successes	4
# of expected failures		70
# of unresolved testcases	9
# of unsupported tests		645
/home/mstein/sim/trunk/mips-elf/build/gcc/xgcc  version 4.5.0 20090725 (experimental) [trunk revision 150091] (GCC) 


Compiler version: 4.5.0 20090725 (experimental) [trunk revision 150091] (GCC) gcc 
Platform: mips-unknown-elf
configure flags: --target=mips-elf --prefix=/home/mstein/cross-local/mips-elf --enable-languages=c --disable-nls --disable-build-warnings --with-sysroot=/home/mstein/cross-local/mips-elf --with-build-sysroot=/home/mstein/cross-local/mips-elf --with-ld=/home/mstein/cross-local/mips-elf/usr/bin/ld --with-as=/home/mstein/cross-local/mips-elf/usr/bin/as --disable-libssp --with-mpfr=/opt/cfarm/mpfr-2.3.2


Index Nav: [Date Index] [Subject Index] [Author Index] [Thread Index]
Message Nav: [Date Prev] [Date Next] [Thread Prev] [Thread Next]