This is the mail archive of the gcc-testresults@gcc.gnu.org mailing list for the GCC project.


Index Nav: [Date Index] [Subject Index] [Author Index] [Thread Index]
Message Nav: [Date Prev] [Date Next] [Thread Prev] [Thread Next]
Other format: [Raw text]

Results for 4.4.1 (GCC) testsuite on i386-pc-solaris2.11


Build info:
========

$ uname -a
SunOS legolas 5.11 snv_111b i86pc i386 i86pc Solaris

$  cat /etc/release
                         OpenSolaris 2009.06 snv_111b X86
           Copyright 2009 Sun Microsystems, Inc.  All Rights Reserved.
                        Use is subject to license terms.
                              Assembled 07 May 2009

$ /usr/sfw/bin/gas --version
GNU assembler 2.15

$ /usr/ccs/bin/ld -V
ld: Software Generation Utilities - Solaris Link Editors: 5.11-1.1652

$ psrinfo -vp
The physical processor has 2 virtual Prozessoren (0 1)
  x86 (AuthenticAMD 40F32 family 15 model 67 step 2 clock 2200 MHz)
        Dual-Core AMD Opteron(tm) Processor 1214

Bootstraped by:
$ gcc-4.3.2 -v
Using built-in specs.
Target: i386-pc-solaris2.11
Configured with: ../gcc-4.3.2/configure --prefix=/usr --program-suffix=-4.3.2 --infodir=/usr/share/info --mandir=/usr/share/man --libexecdir=/usr/lib --enable-shared --disable-static --disable-libtool-lock --target= --enable-objc-gc --enable-concept-checks --disable-libada --enable-libssp --enable-languages=c,c++,objc,fortran --enable-threads=posix --enable-tls=yes --with-system-zlib --without-gnu-ld --with-ld=/usr/ccs/bin/ld --with-gnu-as --with-as=/usr/sfw/bin/gas --with-gmp-include=/usr/include/gmp --with-gmp-lib=/usr/lib --with-mpfr-include=/usr/include/mpfr --with-mpfr-lib=/usr/lib --enable-c99 --enable-nls --enable-wchar_t --enable-libstdcxx-allocator=mt --with-pic
Thread model: posix
gcc version 4.3.2 (GCC)


LAST_UPDATED: Obtained from SVN: tags/gcc_4_4_1_release revision 149916

========================================================================

=== gcc tests ===
XPASS: gcc.dg/ucnid-2.c (test for excess errors)
XPASS: gcc.dg/ucnid-3.c (test for excess errors)
XPASS: gcc.dg/ucnid-4.c (test for excess errors)
FAIL: largefile.c -O0 -g -I. (test for excess errors)
FAIL: gcc.dg/pch/largefile.c -O0 -g assembly comparison
FAIL: largefile.c -O0 -I. (test for excess errors)
FAIL: gcc.dg/pch/largefile.c -O0 assembly comparison
FAIL: largefile.c -O1 -I. (test for excess errors)
FAIL: gcc.dg/pch/largefile.c -O1 assembly comparison
FAIL: largefile.c -O2 -I. (test for excess errors)
FAIL: gcc.dg/pch/largefile.c -O2 assembly comparison
FAIL: largefile.c -O3 -fomit-frame-pointer -I. (test for excess errors)
FAIL: gcc.dg/pch/largefile.c -O3 -fomit-frame-pointer assembly comparison
FAIL: largefile.c -O3 -g -I. (test for excess errors)
FAIL: gcc.dg/pch/largefile.c -O3 -g assembly comparison
FAIL: largefile.c -Os -I. (test for excess errors)
FAIL: gcc.dg/pch/largefile.c -Os assembly comparison
FAIL: gcc.dg/torture/fp-int-convert-float128-timode.c -O0 (test for excess errors)
WARNING: gcc.dg/torture/fp-int-convert-float128-timode.c -O0 compilation failed to produce executable
FAIL: gcc.dg/torture/fp-int-convert-float128-timode.c -O1 (test for excess errors)
WARNING: gcc.dg/torture/fp-int-convert-float128-timode.c -O1 compilation failed to produce executable
FAIL: gcc.dg/torture/fp-int-convert-float128-timode.c -O2 (test for excess errors)
WARNING: gcc.dg/torture/fp-int-convert-float128-timode.c -O2 compilation failed to produce executable
FAIL: gcc.dg/torture/fp-int-convert-float128-timode.c -O3 -fomit-frame-pointer (test for excess errors)
WARNING: gcc.dg/torture/fp-int-convert-float128-timode.c -O3 -fomit-frame-pointer compilation failed to produce executable
FAIL: gcc.dg/torture/fp-int-convert-float128-timode.c -O3 -g (test for excess errors)
WARNING: gcc.dg/torture/fp-int-convert-float128-timode.c -O3 -g compilation failed to produce executable
FAIL: gcc.dg/torture/fp-int-convert-float128-timode.c -Os (test for excess errors)
WARNING: gcc.dg/torture/fp-int-convert-float128-timode.c -Os compilation failed to produce executable
FAIL: gcc.dg/torture/fp-int-convert-float128.c -O0 (test for excess errors)
WARNING: gcc.dg/torture/fp-int-convert-float128.c -O0 compilation failed to produce executable
FAIL: gcc.dg/torture/fp-int-convert-float128.c -O1 (test for excess errors)
WARNING: gcc.dg/torture/fp-int-convert-float128.c -O1 compilation failed to produce executable
FAIL: gcc.dg/torture/fp-int-convert-float128.c -O2 (test for excess errors)
WARNING: gcc.dg/torture/fp-int-convert-float128.c -O2 compilation failed to produce executable
FAIL: gcc.dg/torture/fp-int-convert-float128.c -O3 -fomit-frame-pointer (test for excess errors)
WARNING: gcc.dg/torture/fp-int-convert-float128.c -O3 -fomit-frame-pointer compilation failed to produce executable
FAIL: gcc.dg/torture/fp-int-convert-float128.c -O3 -g (test for excess errors)
WARNING: gcc.dg/torture/fp-int-convert-float128.c -O3 -g compilation failed to produce executable
FAIL: gcc.dg/torture/fp-int-convert-float128.c -Os (test for excess errors)
WARNING: gcc.dg/torture/fp-int-convert-float128.c -Os compilation failed to produce executable
XPASS: gcc.dg/tree-ssa/20040204-1.c scan-tree-dump-times optimized "link_error" 0
FAIL: gcc.dg/tree-ssa/ltrans-1.c scan-tree-dump-times ltrans "converted loop nest to perfect loop nest" 1
FAIL: gcc.dg/tree-ssa/ltrans-1.c scan-tree-dump-times ltrans "transformed loop" 1
FAIL: gcc.dg/tree-ssa/ltrans-3.c scan-tree-dump-times ltrans "transformed loop" 1
FAIL: gcc.dg/tree-ssa/ltrans-4.c scan-tree-dump-times ltrans "transformed loop" 1
FAIL: gcc.dg/tree-ssa/ltrans-5.c scan-tree-dump-times ltrans "transformed loop" 1
FAIL: gcc.dg/tree-ssa/ltrans-6.c scan-tree-dump-times ltrans "transformed loop" 1
FAIL: gcc.dg/tree-ssa/ltrans-8.c scan-tree-dump-times ltrans "transformed loop" 1
FAIL: gcc.dg/tree-ssa/vrp47.c scan-tree-dump-times vrp1 "[xy][^ ]* !=" 0
FAIL: gcc.dg/tree-ssa/vrp47.c scan-tree-dump-times dom1 "x[^ ]* & y" 1
FAIL: gcc.dg/tree-ssa/vrp47.c scan-tree-dump-times vrp1 "x[^ ]* [|] y" 1
FAIL: gcc.target/i386/abi-2.c scan-assembler-times ymm0 1
FAIL: gcc.target/i386/pr22076.c scan-assembler-times movq 3
FAIL: gcc.target/i386/pr22076.c scan-assembler-not movl
skipping test framework tests, CHECK_TEST_FRAMEWORK is not defined


=== gcc Summary ===

# of expected passes		54826
# of unexpected failures	39
# of unexpected successes	4
# of expected failures		188
# of unsupported tests		1080

		=== g++ tests ===
XPASS: g++.dg/other/ucnid-1.C (test for excess errors)
FAIL: g++.old-deja/g++.mike/eh16.C (test for excess errors)
FAIL: g++.old-deja/g++.mike/eh17.C (test for excess errors)
FAIL: g++.old-deja/g++.mike/p5571.C (test for excess errors)
XPASS: g++.old-deja/g++.oliva/dwarf2.C (test for excess errors)
XPASS: g++.old-deja/g++.oliva/dwarf3.C (test for excess errors)
XPASS: g++.old-deja/g++.other/init19.C execution test

=== g++ Summary ===

# of expected passes		19723
# of unexpected failures	3
# of unexpected successes	4
# of expected failures		157
# of unsupported tests		136

=== gfortran tests ===
FAIL: gfortran.dg/array_constructor_23.f -O3 -fomit-frame-pointer execution test
FAIL: gfortran.dg/array_constructor_23.f -O3 -fomit-frame-pointer -funroll-loops execution test
FAIL: gfortran.dg/array_constructor_23.f -O3 -fomit-frame-pointer -funroll-all-loops -finline-functions execution test
FAIL: gfortran.dg/array_constructor_23.f -O3 -g execution test
FAIL: gfortran.dg/ltrans-7.f90 -O scan-tree-dump-times ltrans "transformed loop" 1


=== gfortran Summary ===

# of expected passes		29463
# of unexpected failures	5
# of expected failures		10
# of unsupported tests		121


=== objc tests === === objc Summary ===

# of expected passes		1874
# of expected failures		7
# of unsupported tests		24

		=== obj-c++ tests ===
XPASS: obj-c++.dg/comp-types-10.mm (test for excess errors)
WARNING: obj-c++.dg/lookup-2.mm compilation failed to produce executable
WARNING: obj-c++.dg/try-catch-2.mm compilation failed to produce executable
WARNING: obj-c++.dg/try-catch-9.mm compilation failed to produce executable

=== obj-c++ Summary ===

# of expected passes		436
# of unexpected successes	1
# of expected failures		9
# of unsupported tests		13

		=== libstdc++ tests ===
FAIL: 20_util/shared_ptr/cons/unique_ptr.cc execution test
FAIL: 20_util/shared_ptr/cons/unique_ptr_deleter.cc execution test
FAIL: 20_util/shared_ptr/cons/unique_ptr_deleter_ref_1.cc execution test
FAIL: 20_util/shared_ptr/cons/unique_ptr_deleter_ref_2.cc execution test
FAIL: ext/enc_filebuf/char/13598.cc execution test
FAIL: ext/throw_allocator/check_delete.cc execution test
FAIL: ext/throw_allocator/deallocate_global.cc execution test
FAIL: ext/throw_allocator/deallocate_local.cc execution test

=== libstdc++ Summary ===

# of expected passes		5759
# of unexpected failures	8
# of expected failures		79
# of unsupported tests		390

		=== libgomp tests ===
FAIL: libgomp.c++/task-1.C  -O  (test for excess errors)
FAIL: libgomp.c++/task-6.C  -O  (test for excess errors)
		=== libgomp Summary ===

# of expected passes		2400
# of unexpected failures	2
# of unsupported tests		2

============================================================

Target: i386-pc-solaris2.11
Configured with: gcc-4.4.1/configure --prefix=/opt/local/gcc4.4.1 --enable-bootstrap -enable-shared --enable-threads=posix --with-local-prefix=/opt/local --with-system-zlib --enable-__cxa_atexit --enable-checking=release --enable-ssp --enable-libssp --enable-shared --with-gnu-as --with-as=/usr/sfw/bin/gas --without-gnu-ld --with-ld=/usr/ccs/bin/ld --disable-nls --with-gmp-include=/usr/include/gmp --with-gmp-lib=/usr/lib --with-mpfr-include=/usr/include/mpfr --with-mpfr-lib=/usr/lib --enable-languages=c,c++,objc,obj-c++,fortran --enable-version-specific-runtime-libs --enable-libstdcxx-allocator=mt --enable-objc-gc --verbose --enable-multilib
Thread model: posix
gcc version 4.4.1 (GCC)











Index Nav: [Date Index] [Subject Index] [Author Index] [Thread Index]
Message Nav: [Date Prev] [Date Next] [Thread Prev] [Thread Next]