This is the mail archive of the
gcc-testresults@gcc.gnu.org
mailing list for the GCC project.
Results for 4.5.0 20090723 (experimental) [trunk revision 150018] (GCC) testsuite on x86_64-suse-linux-gnu
- From: Andreas Jaeger <aj at suse dot de>
- To: gcc-testresults at gcc dot gnu dot org
- Date: Thu, 23 Jul 2009 20:23:34 UT
- Subject: Results for 4.5.0 20090723 (experimental) [trunk revision 150018] (GCC) testsuite on x86_64-suse-linux-gnu
Bootstrap and regtesting on x86_64-suse-linux-gnu.
SVN sources: mainline.
LAST_UPDATED: Thu Jul 23 16:14:03 UTC 2009 (revision 150018)
=== acats tests ===
=== acats Summary ===
# of expected passes 2315
# of unexpected failures 0
Native configuration is x86_64-suse-linux-gnu
=== gcc tests ===
Running target unix
FAIL: gcc.c-torture/compile/limits-structnest.c -O2 (test for excess errors)
FAIL: gcc.c-torture/compile/limits-structnest.c -O3 -fomit-frame-pointer (test for excess errors)
FAIL: gcc.c-torture/compile/limits-structnest.c -O3 -g (test for excess errors)
FAIL: gcc.c-torture/compile/limits-structnest.c -Os (test for excess errors)
XPASS: gcc.dg/Warray-bounds.c (test for warnings, line 59)
XPASS: gcc.dg/Warray-bounds.c (test for warnings, line 65)
XPASS: gcc.dg/Wunreachable-8.c (test for bogus messages, line 7)
FAIL: gcc.dg/pr34989-1.c (internal compiler error)
FAIL: gcc.dg/pr34989-1.c (test for excess errors)
XPASS: gcc.dg/struct/wo_prof_array_through_pointer.c scan-ipa-dump ipa_struct_reorg "Number of structures to transform is 1"
FAIL: gcc.dg/struct/wo_prof_double_malloc.c (internal compiler error)
FAIL: gcc.dg/struct/wo_prof_double_malloc.c (test for excess errors)
WARNING: gcc.dg/struct/wo_prof_double_malloc.c compilation failed to produce executable
FAIL: gcc.dg/tree-prof/bb-reorg.c compilation, -fprofile-use -D_PROFILE_USE
UNRESOLVED: gcc.dg/tree-prof/bb-reorg.c execution, -fprofile-use -D_PROFILE_USE
FAIL: gcc.dg/tree-prof/pr34999.c compilation, -fprofile-use -D_PROFILE_USE
UNRESOLVED: gcc.dg/tree-prof/pr34999.c execution, -fprofile-use -D_PROFILE_USE
FAIL: gcc.target/i386/avx-vmovntdq-256-1.c (test for excess errors)
WARNING: gcc.target/i386/avx-vmovntdq-256-1.c compilation failed to produce executable
FAIL: gcc.target/i386/avx-vmovntpd-256-1.c (test for excess errors)
WARNING: gcc.target/i386/avx-vmovntpd-256-1.c compilation failed to produce executable
FAIL: gcc.target/i386/avx-vmovntps-256-1.c (test for excess errors)
WARNING: gcc.target/i386/avx-vmovntps-256-1.c compilation failed to produce executable
=== gcc Summary for unix ===
# of expected passes 58981
# of unexpected successes 4
# of unexpected failures 13
# of expected failures 195
# of unresolved testcases 2
# of unsupported tests 804
Running target unix/-m32
FAIL: gcc.c-torture/compile/limits-structnest.c -O2 (test for excess errors)
FAIL: gcc.c-torture/compile/limits-structnest.c -O3 -fomit-frame-pointer (test for excess errors)
FAIL: gcc.c-torture/compile/limits-structnest.c -O3 -g (test for excess errors)
FAIL: gcc.c-torture/compile/limits-structnest.c -Os (test for excess errors)
XPASS: gcc.dg/Warray-bounds.c (test for warnings, line 59)
XPASS: gcc.dg/Warray-bounds.c (test for warnings, line 65)
XPASS: gcc.dg/Wunreachable-8.c (test for bogus messages, line 7)
FAIL: gcc.dg/pr34989-1.c (internal compiler error)
FAIL: gcc.dg/pr34989-1.c (test for excess errors)
XPASS: gcc.dg/struct/wo_prof_array_through_pointer.c scan-ipa-dump ipa_struct_reorg "Number of structures to transform is 1"
FAIL: gcc.dg/struct/wo_prof_double_malloc.c (internal compiler error)
FAIL: gcc.dg/struct/wo_prof_double_malloc.c (test for excess errors)
WARNING: gcc.dg/struct/wo_prof_double_malloc.c compilation failed to produce executable
FAIL: gcc.target/i386/avx-vmovntdq-256-1.c (test for excess errors)
WARNING: gcc.target/i386/avx-vmovntdq-256-1.c compilation failed to produce executable
FAIL: gcc.target/i386/avx-vmovntpd-256-1.c (test for excess errors)
WARNING: gcc.target/i386/avx-vmovntpd-256-1.c compilation failed to produce executable
FAIL: gcc.target/i386/avx-vmovntps-256-1.c (test for excess errors)
WARNING: gcc.target/i386/avx-vmovntps-256-1.c compilation failed to produce executable
=== gcc Summary for unix/-m32 ===
# of expected passes 59315
# of unexpected successes 4
# of unexpected failures 11
# of expected failures 194
# of unsupported tests 523
=== gcc Summary ===
# of expected passes 118296
# of unexpected failures 24
# of unexpected successes 8
# of expected failures 389
# of unresolved testcases 2
# of unsupported tests 1327
/build/gcc/gcc/xgcc version 4.5.0 20090723 (experimental) [trunk revision 150018] (GCC)
=== gfortran tests ===
Running target unix
=== gfortran Summary for unix ===
# of expected passes 31479
# of expected failures 20
# of unsupported tests 43
Running target unix/-m32
=== gfortran Summary for unix/-m32 ===
# of expected passes 31350
# of expected failures 20
# of unsupported tests 103
=== gfortran Summary ===
# of expected passes 62829
# of expected failures 40
# of unsupported tests 146
/build/gcc/gcc/testsuite/gfortran/../../gfortran version 4.5.0 20090723 (experimental) [trunk revision 150018] (GCC)
=== g++ tests ===
Running target unix
=== g++ Summary for unix ===
# of expected passes 19958
# of expected failures 149
# of unsupported tests 264
Running target unix/-m32
=== g++ Summary for unix/-m32 ===
# of expected passes 20281
# of expected failures 149
# of unsupported tests 114
=== g++ Summary ===
# of expected passes 40239
# of expected failures 298
# of unsupported tests 378
/build/gcc/gcc/testsuite/g++/../../g++ version 4.5.0 20090723 (experimental) [trunk revision 150018] (GCC)
=== gnat tests ===
Running target unix/-m32
=== gnat Summary for unix/-m32 ===
# of expected passes 681
# of expected failures 5
Running target unix
=== gnat Summary for unix ===
# of expected passes 681
# of expected failures 5
=== gnat Summary ===
# of expected passes 1362
# of expected failures 10
=== objc tests ===
Running target unix/-m32
=== objc Summary for unix/-m32 ===
# of expected passes 1875
# of expected failures 7
# of unsupported tests 24
Running target unix
=== objc Summary for unix ===
# of expected passes 1867
# of expected failures 15
# of unsupported tests 24
=== objc Summary ===
# of expected passes 3742
# of expected failures 22
# of unsupported tests 48
/build/gcc/gcc/xgcc version 4.5.0 20090723 (experimental) [trunk revision 150018] (GCC)
=== libffi tests ===
Running target unix/-m32
XPASS: libffi.call/cls_dbls_struct.c -O0 -W -Wall output pattern test, 1.0 2.0
?
XPASS: libffi.call/cls_dbls_struct.c -O2 output pattern test, 1.0 2.0
?
XPASS: libffi.call/cls_dbls_struct.c -O3 output pattern test, 1.0 2.0
?
XPASS: libffi.call/cls_dbls_struct.c -Os output pattern test, 1.0 2.0
?
XPASS: libffi.call/cls_dbls_struct.c -O2 -fomit-frame-pointer output pattern test, 1.0 2.0
?
=== libffi Summary for unix/-m32 ===
# of expected passes 1584
# of unexpected successes 5
# of expected failures 15
# of unsupported tests 15
Running target unix
=== libffi Summary for unix ===
# of expected passes 1584
# of expected failures 20
# of unsupported tests 15
=== libffi Summary ===
# of expected passes 3168
# of unexpected successes 5
# of expected failures 35
# of unsupported tests 30
=== libgomp tests ===
Running target unix/-m32
=== libgomp Summary for unix/-m32 ===
# of expected passes 2408
Running target unix
=== libgomp Summary for unix ===
# of expected passes 2408
=== libgomp Summary ===
# of expected passes 4816
=== libjava tests ===
Running target unix/-m32
FAIL: StackTrace2 output - source compiled test
FAIL: StackTrace2 -findirect-dispatch output - source compiled test
FAIL: StackTrace2 -O3 output - source compiled test
FAIL: StackTrace2 -O3 -findirect-dispatch output - source compiled test
=== libjava Summary for unix/-m32 ===
# of expected passes 2570
# of unexpected failures 4
Running target unix
FAIL: StackTrace2 output - source compiled test
FAIL: StackTrace2 -findirect-dispatch output - source compiled test
FAIL: StackTrace2 -O3 output - source compiled test
FAIL: StackTrace2 -O3 -findirect-dispatch output - source compiled test
=== libjava Summary for unix ===
# of expected passes 2570
# of unexpected failures 4
=== libjava Summary ===
# of expected passes 5140
# of unexpected failures 8
=== libmudflap tests ===
Running target unix/-m32
FAIL: libmudflap.c/fail31-frag.c (-O3) output pattern test
FAIL: libmudflap.c/pass45-frag.c (-O3) execution test
FAIL: libmudflap.c/pass45-frag.c (-O3) output pattern test
FAIL: libmudflap.c/pass45-frag.c (-O3) execution test
FAIL: libmudflap.c/pass45-frag.c (-O3) output pattern test
FAIL: libmudflap.c++/pass41-frag.cxx execution test
FAIL: libmudflap.c++/pass41-frag.cxx (-static) execution test
FAIL: libmudflap.c++/pass41-frag.cxx ( -O) execution test
FAIL: libmudflap.c++/pass41-frag.cxx (-O2) execution test
FAIL: libmudflap.c++/pass41-frag.cxx (-O3) execution test
=== libmudflap Summary for unix/-m32 ===
# of expected passes 1884
# of unexpected failures 10
Running target unix
FAIL: libmudflap.c/fail31-frag.c (-O3) output pattern test
FAIL: libmudflap.c/pass45-frag.c (-O3) execution test
FAIL: libmudflap.c/pass45-frag.c (-O3) output pattern test
FAIL: libmudflap.c/pass45-frag.c (-O3) execution test
FAIL: libmudflap.c/pass45-frag.c (-O3) output pattern test
FAIL: libmudflap.c++/pass41-frag.cxx execution test
FAIL: libmudflap.c++/pass41-frag.cxx (-static) execution test
FAIL: libmudflap.c++/pass41-frag.cxx ( -O) execution test
FAIL: libmudflap.c++/pass41-frag.cxx (-O2) execution test
FAIL: libmudflap.c++/pass41-frag.cxx (-O3) execution test
=== libmudflap Summary for unix ===
# of expected passes 1884
# of unexpected failures 10
=== libmudflap Summary ===
# of expected passes 3768
# of unexpected failures 20
=== libstdc++ tests ===
Running target unix
XPASS: 26_numerics/headers/cmath/c99_classification_macros_c.cc (test for excess errors)
=== libstdc++ Summary for unix ===
# of expected passes 6892
# of unexpected successes 1
# of expected failures 84
# of unsupported tests 15
Running target unix/-m32
XPASS: 26_numerics/headers/cmath/c99_classification_macros_c.cc (test for excess errors)
=== libstdc++ Summary for unix/-m32 ===
# of expected passes 6748
# of unexpected successes 1
# of expected failures 82
# of unsupported tests 84
=== libstdc++ Summary ===
# of expected passes 13640
# of unexpected successes 2
# of expected failures 166
# of unsupported tests 99
Compiler version: 4.5.0 20090723 (experimental) [trunk revision 150018] (GCC)
Platform: x86_64-suse-linux-gnu
configure flags: --prefix=/opt/gcc/4.5-devel --enable-checking=yes,rtl --enable-decimal-float --enable-threads=posix --enable-clocale=gnu --enable-ssp --disable-libssp --enable-libstdcxx-allocator=new --enable-__cxa_atexit --enable-shared --enable-languages=c,c++,ada,java,fortran,objc --with-system-zlib x86_64-suse-linux-gnu
Version of binutils: GNU ld (GNU Binutils; openSUSE 11.1) 2.19
Version of glibc (/lib/libc.so.6): 2.9 (20081117)
Version of glibc (/lib64/libc.so.6): 2.9 (20081117)