This is the mail archive of the
gcc-testresults@gcc.gnu.org
mailing list for the GCC project.
Results for 4.5.0 20090714 (experimental) [trunk revision 149645] (GCC) testsuite on hppa-unknown-linux-gnu
- From: dave at mx3210 dot hia dot nrc dot ca (John David Anglin)
- To: dave dot anglin at nrc-cnrc dot gc dot ca, gcc-testresults at gcc dot gnu dot org
- Date: Wed, 15 Jul 2009 22:34:48 -0400 (EDT)
- Subject: Results for 4.5.0 20090714 (experimental) [trunk revision 149645] (GCC) testsuite on hppa-unknown-linux-gnu
LAST_UPDATED: Tue Jul 14 22:10:05 UTC 2009 (revision 149645)
=== acats tests ===
=== acats Summary ===
# of expected passes 2315
# of unexpected failures 0
Native configuration is hppa-unknown-linux-gnu
=== g++ tests ===
Running target unix
FAIL: g++.dg/torture/pr34099.C -O1 (internal compiler error)
FAIL: g++.dg/torture/pr34099.C -O1 (test for excess errors)
UNRESOLVED: g++.dg/torture/pr34099.C -O1 compilation failed to produce executable
FAIL: g++.dg/torture/pr34099.C -O2 (internal compiler error)
FAIL: g++.dg/torture/pr34099.C -O2 (test for excess errors)
UNRESOLVED: g++.dg/torture/pr34099.C -O2 compilation failed to produce executable
FAIL: g++.dg/torture/pr34099.C -O3 -fomit-frame-pointer (internal compiler error)
FAIL: g++.dg/torture/pr34099.C -O3 -fomit-frame-pointer (test for excess errors)
UNRESOLVED: g++.dg/torture/pr34099.C -O3 -fomit-frame-pointer compilation failed to produce executable
FAIL: g++.dg/torture/pr34099.C -O3 -fomit-frame-pointer -funroll-loops (internal compiler error)
FAIL: g++.dg/torture/pr34099.C -O3 -fomit-frame-pointer -funroll-loops (test for excess errors)
UNRESOLVED: g++.dg/torture/pr34099.C -O3 -fomit-frame-pointer -funroll-loops compilation failed to produce executable
FAIL: g++.dg/torture/pr34099.C -O3 -fomit-frame-pointer -funroll-all-loops -finline-functions (internal compiler error)
FAIL: g++.dg/torture/pr34099.C -O3 -fomit-frame-pointer -funroll-all-loops -finline-functions (test for excess errors)
UNRESOLVED: g++.dg/torture/pr34099.C -O3 -fomit-frame-pointer -funroll-all-loops -finline-functions compilation failed to produce executable
FAIL: g++.dg/torture/pr34099.C -O3 -g (internal compiler error)
FAIL: g++.dg/torture/pr34099.C -O3 -g (test for excess errors)
UNRESOLVED: g++.dg/torture/pr34099.C -O3 -g compilation failed to produce executable
FAIL: g++.dg/torture/pr34099.C -Os execution test
=== g++ Summary ===
# of expected passes 19603
# of unexpected failures 13
# of expected failures 148
# of unresolved testcases 6
# of unsupported tests 172
/home/dave/gnu/gcc/objdir/gcc/testsuite/g++/../../g++ version 4.5.0 20090714 (experimental) [trunk revision 149645] (GCC)
=== gcc tests ===
Running target unix
WARNING: program timed out.
FAIL: gcc.c-torture/execute/builtins/vsprintf-chk.c compilation, -O3 -fomit-frame-pointer -funroll-all-loops -finline-functions
UNRESOLVED: gcc.c-torture/execute/builtins/vsprintf-chk.c execution, -O3 -fomit-frame-pointer -funroll-all-loops -finline-functions
XPASS: gcc.dg/Warray-bounds.c (test for warnings, line 59)
XPASS: gcc.dg/Warray-bounds.c (test for warnings, line 65)
FAIL: gcc.dg/Wshadow-3.c (test for warnings, line 47)
FAIL: gcc.dg/Wshadow-3.c (test for excess errors)
XPASS: gcc.dg/Wunreachable-8.c (test for bogus messages, line 7)
FAIL: gcc.dg/pr34989-1.c (internal compiler error)
FAIL: gcc.dg/pr34989-1.c (test for excess errors)
FAIL: gcc.dg/pr36902.c (test for warnings, line 47)
FAIL: gcc.dg/pr36902.c (test for excess errors)
XPASS: gcc.dg/struct/wo_prof_array_through_pointer.c scan-ipa-dump ipa_struct_reorg "Number of structures to transform is 1"
FAIL: gcc.dg/struct/wo_prof_double_malloc.c (internal compiler error)
FAIL: gcc.dg/struct/wo_prof_double_malloc.c (test for excess errors)
UNRESOLVED: gcc.dg/struct/wo_prof_double_malloc.c compilation failed to produce executable
XPASS: gcc.dg/tree-ssa/loop-1.c scan-assembler-times foo 5
FAIL: gcc.dg/tree-ssa/loop-2.c scan-tree-dump-times optimized "99" 0
=== gcc Summary ===
# of expected passes 51540
# of unexpected failures 10
# of unexpected successes 5
# of expected failures 77
# of unresolved testcases 2
# of unsupported tests 626
/home/dave/gnu/gcc/objdir/gcc/xgcc version 4.5.0 20090714 (experimental) [trunk revision 149645] (GCC)
=== gfortran tests ===
Running target unix
WARNING: program timed out.
FAIL: gfortran.fortran-torture/execute/intrinsic_rrspacing.f90 compilation, -O2 -fomit-frame-pointer -finline-functions -funroll-loops
=== gfortran Summary ===
# of expected passes 30347
# of unexpected failures 1
# of expected failures 12
# of untested testcases 1
# of unsupported tests 262
/home/dave/gnu/gcc/objdir/gcc/testsuite/gfortran/../../gfortran version 4.5.0 20090714 (experimental) [trunk revision 149645] (GCC)
=== gnat tests ===
Running target unix
=== gnat Summary ===
# of expected passes 682
# of expected failures 5
=== obj-c++ tests ===
Running target unix
FAIL: obj-c++.dg/defs.mm (test for excess errors)
UNRESOLVED: obj-c++.dg/defs.mm compilation failed to produce executable
UNRESOLVED: obj-c++.dg/lookup-2.mm compilation failed to produce executable
UNRESOLVED: obj-c++.dg/try-catch-2.mm compilation failed to produce executable
UNRESOLVED: obj-c++.dg/try-catch-9.mm compilation failed to produce executable
=== obj-c++ Summary ===
# of expected passes 436
# of unexpected failures 1
# of expected failures 10
# of unresolved testcases 4
# of unsupported tests 13
/home/dave/gnu/gcc/objdir/gcc/testsuite/obj-c++/../../g++ version 4.5.0 20090714 (experimental) [trunk revision 149645] (GCC)
=== objc tests ===
Running target unix
=== objc Summary ===
# of expected passes 1867
# of expected failures 15
# of unsupported tests 24
/home/dave/gnu/gcc/objdir/gcc/xgcc version 4.5.0 20090714 (experimental) [trunk revision 149645] (GCC)
=== libffi tests ===
Running target unix
FAIL: libffi.call/cls_longdouble_va.c -O0 -W -Wall output pattern test, is %.1f
FAIL: libffi.call/cls_longdouble_va.c -O2 output pattern test, is %.1f
FAIL: libffi.call/cls_longdouble_va.c -O3 output pattern test, is %.1f
FAIL: libffi.call/cls_longdouble_va.c -Os output pattern test, is %.1f
FAIL: libffi.call/cls_longdouble_va.c -O2 -fomit-frame-pointer output pattern test, is %.1f
=== libffi Summary ===
# of expected passes 1589
# of unexpected failures 5
# of expected failures 10
# of unsupported tests 15
=== libgomp tests ===
Running target unix
=== libgomp Summary ===
# of expected passes 2394
# of unsupported tests 7
=== libjava tests ===
Running target unix
=== libjava Summary ===
# of expected passes 2574
=== libmudflap tests ===
Running target unix
FAIL: libmudflap.c/fail17-frag.c (-static) (test for excess errors)
FAIL: libmudflap.c/fail23-frag.c (-static) (test for excess errors)
FAIL: libmudflap.c/fail25-frag.c (-static) (test for excess errors)
FAIL: libmudflap.c/fail4-frag.c (-static) (test for excess errors)
FAIL: libmudflap.c/fail5-frag.c (-static) (test for excess errors)
FAIL: libmudflap.c/fail6-frag.c (-static) (test for excess errors)
FAIL: libmudflap.c/fail7-frag.c (-static) (test for excess errors)
FAIL: libmudflap.c/fail8-frag.c (-static) (test for excess errors)
FAIL: libmudflap.c/fail9-frag.c (-static) (test for excess errors)
FAIL: libmudflap.c/heap-scalestress.c (-static) (test for excess errors)
FAIL: libmudflap.c/hook-allocstuff.c (-static) (test for excess errors)
FAIL: libmudflap.c/pass-stratcliff.c (-static) (test for excess errors)
FAIL: libmudflap.c/pass30-frag.c (-static) (test for excess errors)
FAIL: libmudflap.c/pass30-frag.c (-static) (test for excess errors)
FAIL: libmudflap.c/pass4-frag.c (-static) (test for excess errors)
FAIL: libmudflap.c/pass4-frag.c (-static) (test for excess errors)
FAIL: libmudflap.c/pass45-frag.c (-static) (test for excess errors)
FAIL: libmudflap.c/pass45-frag.c (-static) (test for excess errors)
FAIL: libmudflap.c/pass46-frag.c (-static) (test for excess errors)
FAIL: libmudflap.c/pass46-frag.c (-static) (test for excess errors)
FAIL: libmudflap.c/pass47-frag.c (-static) (test for excess errors)
FAIL: libmudflap.c/pass47-frag.c (-static) (test for excess errors)
FAIL: libmudflap.c/pass49-frag.c (-static) (test for excess errors)
FAIL: libmudflap.c/pass49-frag.c (-static) (test for excess errors)
FAIL: libmudflap.c/pass5-frag.c (-static) (test for excess errors)
FAIL: libmudflap.c/pass5-frag.c (-static) (test for excess errors)
FAIL: libmudflap.c/pass51-frag.c (-static) (test for excess errors)
FAIL: libmudflap.c/pass51-frag.c (-static) (test for excess errors)
FAIL: libmudflap.c/pass52-frag.c (-static) (test for excess errors)
FAIL: libmudflap.c/pass52-frag.c (-static) (test for excess errors)
FAIL: libmudflap.c/pass6-frag.c (-static) (test for excess errors)
FAIL: libmudflap.c/pass6-frag.c (-static) (test for excess errors)
FAIL: libmudflap.c/pass7-frag.c (-static) (test for excess errors)
FAIL: libmudflap.c/pass7-frag.c (-static) (test for excess errors)
FAIL: libmudflap.c/pass8-frag.c (-static) (test for excess errors)
FAIL: libmudflap.c/pass8-frag.c (-static) (test for excess errors)
FAIL: libmudflap.c/pass9-frag.c (-static) (test for excess errors)
FAIL: libmudflap.c/pass9-frag.c (-static) (test for excess errors)
FAIL: libmudflap.c/fail31-frag.c (-O3) crash test
FAIL: libmudflap.c/fail31-frag.c (-O3) output pattern test
FAIL: libmudflap.c/pass45-frag.c (-O3) execution test
FAIL: libmudflap.c/pass45-frag.c (-O3) output pattern test
FAIL: libmudflap.c/pass45-frag.c (-O3) execution test
FAIL: libmudflap.c/pass45-frag.c (-O3) output pattern test
FAIL: libmudflap.c++/pass41-frag.cxx execution test
FAIL: libmudflap.c++/fail24-frag.cxx (-static) (test for excess errors)
FAIL: libmudflap.c++/pass31-frag.cxx (-static) (test for excess errors)
FAIL: libmudflap.c++/pass41-frag.cxx (-static) execution test
FAIL: libmudflap.c++/pass41-frag.cxx ( -O) execution test
FAIL: libmudflap.c++/pass41-frag.cxx (-O2) execution test
FAIL: libmudflap.c++/pass41-frag.cxx (-O3) execution test
WARNING: program timed out.
FAIL: libmudflap.cth/pass40-frag.c execution test
FAIL: libmudflap.cth/pass40-frag.c output pattern test
FAIL: libmudflap.cth/pass37-frag.c (-static -DSTATIC) (test for excess errors)
FAIL: libmudflap.cth/pass39-frag.c (-static -DSTATIC) (test for excess errors)
FAIL: libmudflap.cth/pass40-frag.c (-static -DSTATIC) (test for excess errors)
WARNING: program timed out.
FAIL: libmudflap.cth/pass40-frag.c (-static -DSTATIC) execution test
FAIL: libmudflap.cth/pass40-frag.c (-static -DSTATIC) output pattern test
FAIL: libmudflap.cth/pass59-frag.c (-static -DSTATIC) (test for excess errors)
WARNING: program timed out.
FAIL: libmudflap.cth/pass40-frag.c (-O2) execution test
FAIL: libmudflap.cth/pass40-frag.c (-O2) output pattern test
WARNING: program timed out.
FAIL: libmudflap.cth/pass40-frag.c (-O3) execution test
FAIL: libmudflap.cth/pass40-frag.c (-O3) output pattern test
=== libmudflap Summary ===
# of expected passes 1831
# of unexpected failures 63
=== libstdc++ tests ===
Running target unix
FAIL: 22_locale/time_get/get_date/wchar_t/4.cc execution test
FAIL: 23_containers/deque/cons/2.cc (test for excess errors)
UNRESOLVED: 23_containers/deque/cons/2.cc compilation failed to produce executable
FAIL: 26_numerics/complex/13450.cc (test for excess errors)
UNRESOLVED: 26_numerics/complex/13450.cc compilation failed to produce executable
XPASS: 26_numerics/headers/cmath/c99_classification_macros_c.cc (test for excess errors)
WARNING: program timed out.
FAIL: ext/rope/pthread7-rope.cc execution test
FAIL: tr1/8_c_compatibility/complex/overloads_float.cc (test for excess errors)
FAIL: tr1/8_c_compatibility/complex/overloads_int.cc (test for excess errors)
UNRESOLVED: tr1/8_c_compatibility/complex/overloads_int.cc compilation failed to produce executable
=== libstdc++ Summary ===
# of expected passes 6726
# of unexpected failures 6
# of unexpected successes 1
# of expected failures 82
# of unresolved testcases 3
# of unsupported tests 84
Compiler version: 4.5.0 20090714 (experimental) [trunk revision 149645] (GCC)
Platform: hppa-unknown-linux-gnu
configure flags: --with-gnu-as --with-gnu-ld --enable-shared --prefix=/home/dave/opt/gnu/gcc/gcc-4.5.0 --with-local-prefix=/home/dave/opt/gnu --enable-threads=posix --enable-__cxa_atexit --build=hppa-linux --enable-clocale=gnu --enable-java-gc=boehm --enable-java-awt=xlib --enable-languages=c,c++,objc,fortran,obj-c++,java,ada