This is the mail archive of the
gcc-testresults@gcc.gnu.org
mailing list for the GCC project.
Results for 4.5.0 20090711 (experimental) (GCC) objc testsuite on x86_64-w64-mingw32
- From: nightstrike at gcc17 dot fsffrance dot org
- To: gcc-testresults at gcc dot gnu dot org
- Date: Mon, 13 Jul 2009 01:10:03 +0200
- Subject: Results for 4.5.0 20090711 (experimental) (GCC) objc testsuite on x86_64-w64-mingw32
Target is x86_64-w64-mingw32
Host is x86_64-unknown-linux-gnu
=== objc tests ===
Running target mingw
FAIL: objc/execute/exceptions/handler-1.m compilation, -O0 -fgnu-runtime
UNRESOLVED: objc/execute/exceptions/handler-1.m execution, -O0 -fgnu-runtime
FAIL: objc/execute/exceptions/handler-1.m compilation, -O1 -fgnu-runtime
UNRESOLVED: objc/execute/exceptions/handler-1.m execution, -O1 -fgnu-runtime
FAIL: objc/execute/exceptions/handler-1.m compilation, -O2 -fgnu-runtime
UNRESOLVED: objc/execute/exceptions/handler-1.m execution, -O2 -fgnu-runtime
FAIL: objc/execute/exceptions/handler-1.m compilation, -O3 -fomit-frame-pointer -fgnu-runtime
UNRESOLVED: objc/execute/exceptions/handler-1.m execution, -O3 -fomit-frame-pointer -fgnu-runtime
FAIL: objc/execute/exceptions/handler-1.m compilation, -O3 -g -fgnu-runtime
UNRESOLVED: objc/execute/exceptions/handler-1.m execution, -O3 -g -fgnu-runtime
FAIL: objc/execute/exceptions/handler-1.m compilation, -Os -fgnu-runtime
UNRESOLVED: objc/execute/exceptions/handler-1.m execution, -Os -fgnu-runtime
FAIL: objc/execute/bf-6.m execution, -Os -fgnu-runtime
FAIL: objc/execute/forward-1.m execution, -O0 -fgnu-runtime
FAIL: objc/execute/forward-1.m execution, -O1 -fgnu-runtime
FAIL: objc/execute/forward-1.m execution, -O2 -fgnu-runtime
FAIL: objc/execute/forward-1.m execution, -O3 -fomit-frame-pointer -fgnu-runtime
FAIL: objc/execute/forward-1.m execution, -O3 -fomit-frame-pointer -funroll-loops -fgnu-runtime
FAIL: objc/execute/forward-1.m execution, -O3 -fomit-frame-pointer -funroll-all-loops -finline-functions -fgnu-runtime
FAIL: objc/execute/forward-1.m execution, -O3 -g -fgnu-runtime
FAIL: objc/execute/forward-1.m execution, -Os -fgnu-runtime
FAIL: objc.dg/bitfield-3.m (test for excess errors)
FAIL: objc.dg/bitfield-5.m (test for excess errors)
FAIL: objc.dg/layout-1.m (test for excess errors)
FAIL: objc.dg/proto-lossage-4.m (test for excess errors)
=== objc Summary ===
# of expected passes 1850
# of unexpected failures 19
# of expected failures 7
# of unresolved testcases 6
# of unsupported tests 24
/home/nightstrike/work/build/gcc-svn/build-x86_64-pc-linux-64/gcc/xgcc version 4.5.0 20090711 (experimental) (GCC)
Compiler version: 4.5.0 20090711 (experimental) (GCC) objc
Platform: x86_64-w64-mingw32