This is the mail archive of the
gcc-testresults@gcc.gnu.org
mailing list for the GCC project.
Results for 4.4.1 20090710 (prerelease) [gcc-4_4-branch revision 149454] (GCC) testsuite on hppa2.0w-hp-hpux11.11
- From: John David Anglin <dave at hiauly3 dot hia dot nrc dot ca>
- To: dave at hiauly3 dot hia dot nrc dot ca, gcc-testresults at gcc dot gnu dot org
- Date: Fri, 10 Jul 2009 21:10:38 -0400 (EDT)
- Subject: Results for 4.4.1 20090710 (prerelease) [gcc-4_4-branch revision 149454] (GCC) testsuite on hppa2.0w-hp-hpux11.11
LAST_UPDATED: Fri Jul 10 01:15:19 UTC 2009 (revision 149454)
=== acats tests ===
FAIL: c954a01
FAIL: c9a011b
=== acats Summary ===
# of expected passes 2313
# of unexpected failures 2
Native configuration is hppa2.0w-hp-hpux11.11
=== g++ tests ===
Running target unix
=== g++ Summary ===
# of expected passes 18069
# of expected failures 158
# of unsupported tests 247
/mnt/gnu/gcc/objdir/gcc/testsuite/g++/../../g++ version 4.4.1 20090710 (prerelease) [gcc-4_4-branch revision 149454] (GCC)
=== gcc tests ===
Running target unix
=== gcc Summary ===
# of expected passes 48321
# of expected failures 129
# of unsupported tests 684
/mnt/gnu/gcc/objdir/gcc/xgcc version 4.4.1 20090710 (prerelease) [gcc-4_4-branch revision 149454] (GCC)
=== gfortran tests ===
Running target unix
FAIL: gfortran.dg/nint_2.f90 -O0 execution test
=== gfortran Summary ===
# of expected passes 28518
# of unexpected failures 1
# of expected failures 10
# of unsupported tests 278
/mnt/gnu/gcc/objdir/gcc/testsuite/gfortran/../../gfortran version 4.4.1 20090710 (prerelease) [gcc-4_4-branch revision 149454] (GCC)
=== gnat tests ===
Running target unix
=== gnat Summary ===
# of expected passes 613
# of expected failures 6
=== obj-c++ tests ===
Running target unix
XPASS: obj-c++.dg/comp-types-10.mm (test for excess errors)
WARNING: obj-c++.dg/lookup-2.mm compilation failed to produce executable
WARNING: obj-c++.dg/try-catch-2.mm compilation failed to produce executable
WARNING: obj-c++.dg/try-catch-9.mm compilation failed to produce executable
=== obj-c++ Summary ===
# of expected passes 434
# of unexpected successes 1
# of expected failures 9
# of unsupported tests 14
/mnt/gnu/gcc/objdir/gcc/testsuite/obj-c++/../../g++ version 4.4.1 20090710 (prerelease) [gcc-4_4-branch revision 149454] (GCC)
=== objc tests ===
Running target unix
=== objc Summary ===
# of expected passes 1860
# of expected failures 15
# of unsupported tests 27
/mnt/gnu/gcc/objdir/gcc/xgcc version 4.4.1 20090710 (prerelease) [gcc-4_4-branch revision 149454] (GCC)
=== libffi tests ===
Running target unix
=== libffi Summary ===
# of expected passes 1389
# of unsupported tests 10
=== libgomp tests ===
Running target unix
FAIL: libgomp.fortran/vla6.f90 -O3 -fomit-frame-pointer execution test
FAIL: libgomp.fortran/vla6.f90 -O3 -g execution test
=== libgomp Summary ===
# of expected passes 2386
# of unexpected failures 2
# of unsupported tests 9
=== libjava tests ===
Running target unix
FAIL: LargeFile execution - source compiled test
FAIL: LargeFile -findirect-dispatch execution - source compiled test
FAIL: LargeFile -O3 execution - source compiled test
FAIL: LargeFile -O3 -findirect-dispatch execution - source compiled test
=== libjava Summary ===
# of expected passes 2566
# of unexpected failures 4
# of untested testcases 4
=== libstdc++ tests ===
Running target unix
XPASS: 29_atomics/atomic_address/cons/aggregate.cc (test for excess errors)
=== libstdc++ Summary ===
# of expected passes 5484
# of unexpected successes 1
# of expected failures 71
# of unsupported tests 528
Compiler version: 4.4.1 20090710 (prerelease) [gcc-4_4-branch revision 149454] (GCC)
Platform: hppa2.0w-hp-hpux11.11
configure flags: --with-gnu-as --with-as=/opt/gnu/bin/as --enable-shared --with-local-prefix=/opt/gnu --prefix=/opt/gnu/gcc/gcc-4.4.1 --with-gmp=/opt/gnu/gcc/gcc-4.4.1 --enable-threads=posix --enable-debug=no --disable-nls --without-cloog --without-ppl --enable-languages=c,c++,objc,fortran,java,ada,obj-c++