This is the mail archive of the gcc-testresults@gcc.gnu.org mailing list for the GCC project.


Index Nav: [Date Index] [Subject Index] [Author Index] [Thread Index]
Message Nav: [Date Prev] [Date Next] [Thread Prev] [Thread Next]
Other format: [Raw text]

Results for 4.4.0 (GCC) testsuite on sparc-sun-solaris2.7


There are quite a few link failures in the java testsuite and they seem
to be mostly caused by ld generating a (harmless?) warning:
ld: warning: file /usr/tgcware/lib/libiconv.so: attempted multiple inclusion of file

Built with:
native as (107058-02)
native ld (106950-24)
gmp 4.2.4
mpfr 2.3.1

CONFIG_SHELL=/bin/ksh


Bootstrap compiler:
Reading specs from /usr/tgcware/gcc-3.4.6/lib/gcc/sparc-sun-solaris2.7/3.4.6/specs
Configured with: ../gcc-3.4.6/configure --prefix=/usr/tgcware/gcc-3.4.6 --with-local-prefix=/usr/tgcware/gcc-3.4.6 --disable-nls --enable-shared --enable-languages=c,c++,f77,objc,ada
Thread model: posix
gcc version 3.4.6

LAST_UPDATED: Obtained from SVN: tags/gcc_4_4_0_release revision 146514

		=== acats tests ===

		=== acats Summary ===
# of expected passes		2315
# of unexpected failures	0
Native configuration is sparc-sun-solaris2.7

		=== g++ tests ===


Running target unix
WARNING: g++.dg/other/ucnid-1.C compilation failed to produce executable
FAIL: g++.dg/warn/miss-format-1.C  (test for errors, line 25)
FAIL: g++.dg/warn/miss-format-1.C (test for excess errors)
XPASS: g++.old-deja/g++.other/init19.C execution test

		=== g++ Summary for unix ===

# of expected passes		18783
# of unexpected failures	2
# of unexpected successes	1
# of expected failures		145
# of unsupported tests		247

Running target unix/-m64
WARNING: g++.dg/other/ucnid-1.C compilation failed to produce executable
FAIL: g++.dg/warn/miss-format-1.C  (test for errors, line 25)
FAIL: g++.dg/warn/miss-format-1.C (test for excess errors)
XPASS: g++.old-deja/g++.other/init19.C execution test

		=== g++ Summary for unix/-m64 ===

# of expected passes		18750
# of unexpected failures	2
# of unexpected successes	1
# of expected failures		145
# of unsupported tests		248

		=== g++ Summary ===

# of expected passes		37533
# of unexpected failures	4
# of unexpected successes	2
# of expected failures		290
# of unsupported tests		495
/export/home/tgc/buildpkg/gcc44/src/all_native/gcc/testsuite/g++/../../g++  version 4.4.0 (GCC) 

		=== gcc tests ===


Running target unix
WARNING: program timed out.
FAIL: gcc.c-torture/compile/limits-fnargs.c  -O2  (test for excess errors)
WARNING: program timed out.
FAIL: gcc.c-torture/compile/limits-fnargs.c  -O3 -fomit-frame-pointer  (test for excess errors)
WARNING: program timed out.
FAIL: gcc.c-torture/compile/limits-fnargs.c  -O3 -g  (test for excess errors)
WARNING: program timed out.
FAIL: gcc.c-torture/compile/limits-fnargs.c  -Os  (test for excess errors)
FAIL: gcc.c-torture/compile/pr38789.c  -O0  (test for excess errors)
FAIL: gcc.c-torture/compile/pr38789.c  -O1  (test for excess errors)
FAIL: gcc.c-torture/compile/pr38789.c  -O2  (test for excess errors)
FAIL: gcc.c-torture/compile/pr38789.c  -O3 -fomit-frame-pointer  (test for excess errors)
FAIL: gcc.c-torture/compile/pr38789.c  -O3 -g  (test for excess errors)
FAIL: gcc.c-torture/compile/pr38789.c  -Os  (test for excess errors)
FAIL: gcc.c-torture/execute/pr38819.c execution,  -O2 
FAIL: gcc.c-torture/execute/pr38819.c execution,  -O3 -fomit-frame-pointer 
FAIL: gcc.c-torture/execute/pr38819.c execution,  -O3 -fomit-frame-pointer -funroll-loops 
FAIL: gcc.c-torture/execute/pr38819.c execution,  -O3 -fomit-frame-pointer -funroll-all-loops -finline-functions 
FAIL: gcc.c-torture/execute/pr38819.c execution,  -O3 -g 
WARNING: program timed out.
FAIL: gcc.dg/pr28796-2.c execution test
WARNING: gcc.dg/ucnid-2.c compilation failed to produce executable
WARNING: gcc.dg/ucnid-3.c compilation failed to produce executable
WARNING: gcc.dg/ucnid-4.c compilation failed to produce executable
FAIL: gcc.dg/vect/vect-35.c scan-tree-dump-times vect "vectorized 1 loops" 1
FAIL: gcc.dg/vect/vect-multitypes-12.c scan-tree-dump-times vect "vectorized 1 loops" 1
FAIL: gcc.dg/vect/vect-multitypes-5.c scan-tree-dump-times vect "vectorized 1 loops" 1
FAIL: gcc.dg/vect/vect-multitypes-6.c scan-tree-dump-times vect "vectorized 1 loops" 1
FAIL: gcc.dg/vect/slp-multitypes-2.c execution test
FAIL: gcc.dg/vect/slp-multitypes-3.c scan-tree-dump-times vect "vectorized 1 loops" 1
FAIL: gcc.dg/vect/slp-multitypes-3.c scan-tree-dump-times vect "vectorizing stmts using SLP" 2

		=== gcc Summary for unix ===

# of expected passes		49990
# of unexpected failures	23
# of expected failures		233
# of unsupported tests		734

Running target unix/-m64
WARNING: program timed out.
FAIL: gcc.c-torture/compile/limits-fnargs.c  -O2  (test for excess errors)
WARNING: program timed out.
FAIL: gcc.c-torture/compile/limits-fnargs.c  -O3 -fomit-frame-pointer  (test for excess errors)
WARNING: program timed out.
FAIL: gcc.c-torture/compile/limits-fnargs.c  -O3 -g  (test for excess errors)
WARNING: program timed out.
FAIL: gcc.c-torture/compile/limits-fnargs.c  -Os  (test for excess errors)
WARNING: program timed out.
FAIL: gcc.c-torture/compile/limits-fndefn.c  -O3 -g  (test for excess errors)
FAIL: gcc.c-torture/compile/pr38789.c  -O0  (test for excess errors)
FAIL: gcc.c-torture/compile/pr38789.c  -O1  (test for excess errors)
FAIL: gcc.c-torture/compile/pr38789.c  -O2  (test for excess errors)
FAIL: gcc.c-torture/compile/pr38789.c  -O3 -fomit-frame-pointer  (test for excess errors)
FAIL: gcc.c-torture/compile/pr38789.c  -O3 -g  (test for excess errors)
FAIL: gcc.c-torture/compile/pr38789.c  -Os  (test for excess errors)
FAIL: gcc.dg/cpp/trad/include.c -fno-show-column (internal compiler error)
FAIL: gcc.dg/cpp/trad/include.c -fno-show-column (test for excess errors)
WARNING: program timed out.
FAIL: gcc.dg/pr28796-2.c execution test
WARNING: gcc.dg/ucnid-2.c compilation failed to produce executable
WARNING: gcc.dg/ucnid-3.c compilation failed to produce executable
WARNING: gcc.dg/ucnid-4.c compilation failed to produce executable

		=== gcc Summary for unix/-m64 ===

# of expected passes		49987
# of unexpected failures	14
# of expected failures		234
# of unsupported tests		739

		=== gcc Summary ===

# of expected passes		99977
# of unexpected failures	37
# of expected failures		467
# of unsupported tests		1473
/export/home/tgc/buildpkg/gcc44/src/all_native/gcc/xgcc  version 4.4.0 (GCC) 

		=== gfortran tests ===


Running target unix
WARNING: program timed out.
FAIL: gfortran.dg/integer_exponentiation_4.f90  -O   (test for errors, line 26)
FAIL: gfortran.dg/integer_exponentiation_4.f90  -O   (test for errors, line 27)
FAIL: gfortran.dg/integer_exponentiation_4.f90  -O   (test for errors, line 35)
FAIL: gfortran.dg/integer_exponentiation_4.f90  -O   (test for errors, line 36)
FAIL: gfortran.dg/integer_exponentiation_4.f90  -O   (test for errors, line 37)
FAIL: gfortran.dg/integer_exponentiation_4.f90  -O   (test for errors, line 38)
FAIL: gfortran.dg/integer_exponentiation_4.f90  -O   (test for errors, line 41)
FAIL: gfortran.dg/integer_exponentiation_4.f90  -O   (test for errors, line 42)
FAIL: gfortran.dg/nint_2.f90  -O0  execution test

		=== gfortran Summary for unix ===

# of expected passes		28835
# of unexpected failures	9
# of expected failures		12
# of unsupported tests		286

Running target unix/-m64
WARNING: program timed out.
FAIL: gfortran.dg/integer_exponentiation_4.f90  -O   (test for errors, line 26)
FAIL: gfortran.dg/integer_exponentiation_4.f90  -O   (test for errors, line 27)
FAIL: gfortran.dg/integer_exponentiation_4.f90  -O   (test for errors, line 35)
FAIL: gfortran.dg/integer_exponentiation_4.f90  -O   (test for errors, line 36)
FAIL: gfortran.dg/integer_exponentiation_4.f90  -O   (test for errors, line 37)
FAIL: gfortran.dg/integer_exponentiation_4.f90  -O   (test for errors, line 38)
FAIL: gfortran.dg/integer_exponentiation_4.f90  -O   (test for errors, line 41)
FAIL: gfortran.dg/integer_exponentiation_4.f90  -O   (test for errors, line 42)
FAIL: gfortran.dg/nint_2.f90  -O0  execution test

		=== gfortran Summary for unix/-m64 ===

# of expected passes		28968
# of unexpected failures	9
# of expected failures		12
# of unsupported tests		221

		=== gfortran Summary ===

# of expected passes		57803
# of unexpected failures	18
# of expected failures		24
# of unsupported tests		507
/export/home/tgc/buildpkg/gcc44/src/all_native/gcc/testsuite/gfortran/../../gfortran  version 4.4.0 (GCC) 

		=== gnat tests ===


Running target unix

		=== gnat Summary for unix ===

# of expected passes		611
# of expected failures		6

Running target unix/-m64

		=== gnat Summary for unix/-m64 ===

# of expected passes		611
# of expected failures		6

		=== gnat Summary ===

# of expected passes		1222
# of expected failures		12
		=== obj-c++ tests ===


Running target unix
XPASS: obj-c++.dg/comp-types-10.mm (test for excess errors)
WARNING: obj-c++.dg/lookup-2.mm compilation failed to produce executable
WARNING: obj-c++.dg/try-catch-2.mm compilation failed to produce executable
WARNING: obj-c++.dg/try-catch-9.mm compilation failed to produce executable

		=== obj-c++ Summary for unix ===

# of expected passes		436
# of unexpected successes	1
# of expected failures		9
# of unsupported tests		13

Running target unix/-m64
XPASS: obj-c++.dg/comp-types-10.mm (test for excess errors)
WARNING: obj-c++.dg/lookup-2.mm compilation failed to produce executable
WARNING: obj-c++.dg/try-catch-2.mm compilation failed to produce executable
WARNING: obj-c++.dg/try-catch-9.mm compilation failed to produce executable

		=== obj-c++ Summary for unix/-m64 ===

# of expected passes		425
# of unexpected successes	1
# of expected failures		20
# of unsupported tests		13

		=== obj-c++ Summary ===

# of expected passes		861
# of unexpected successes	2
# of expected failures		29
# of unsupported tests		26
/export/home/tgc/buildpkg/gcc44/src/all_native/gcc/testsuite/obj-c++/../../g++  version 4.4.0 (GCC) 

		=== objc tests ===


Running target unix
FAIL: objc/execute/forward-1.m execution,  -O0 -fgnu-runtime
FAIL: objc/execute/forward-1.m execution,  -O1 -fgnu-runtime
FAIL: objc/execute/forward-1.m execution,  -O2 -fgnu-runtime
FAIL: objc/execute/forward-1.m execution,  -O3 -fomit-frame-pointer -fgnu-runtime
FAIL: objc/execute/forward-1.m execution,  -O3 -fomit-frame-pointer -funroll-loops -fgnu-runtime
FAIL: objc/execute/forward-1.m execution,  -O3 -fomit-frame-pointer -funroll-all-loops -finline-functions -fgnu-runtime
FAIL: objc/execute/forward-1.m execution,  -O3 -g -fgnu-runtime
FAIL: objc/execute/forward-1.m execution,  -Os -fgnu-runtime

		=== objc Summary for unix ===

# of expected passes		1864
# of unexpected failures	8
# of expected failures		7
# of unsupported tests		24

Running target unix/-m64
FAIL: objc/execute/forward-1.m execution,  -O0 -fgnu-runtime
FAIL: objc/execute/forward-1.m execution,  -O1 -fgnu-runtime
FAIL: objc/execute/forward-1.m execution,  -O2 -fgnu-runtime
FAIL: objc/execute/forward-1.m execution,  -O3 -fomit-frame-pointer -fgnu-runtime
FAIL: objc/execute/forward-1.m execution,  -O3 -fomit-frame-pointer -funroll-loops -fgnu-runtime
FAIL: objc/execute/forward-1.m execution,  -O3 -fomit-frame-pointer -funroll-all-loops -finline-functions -fgnu-runtime
FAIL: objc/execute/forward-1.m execution,  -O3 -g -fgnu-runtime
FAIL: objc/execute/forward-1.m execution,  -Os -fgnu-runtime

		=== objc Summary for unix/-m64 ===

# of expected passes		1864
# of unexpected failures	8
# of expected failures		7
# of unsupported tests		24

		=== objc Summary ===

# of expected passes		3728
# of unexpected failures	16
# of expected failures		14
# of unsupported tests		48
/export/home/tgc/buildpkg/gcc44/src/all_native/gcc/xgcc  version 4.4.0 (GCC) 

		=== libffi tests ===


Running target unix

		=== libffi Summary for unix ===

# of expected passes		1389
# of unsupported tests		10

Running target unix/-m64

		=== libffi Summary for unix/-m64 ===

# of expected passes		1389
# of unsupported tests		10

		=== libffi Summary ===

# of expected passes		2778
# of unsupported tests		20
		=== libgomp tests ===


Running target unix
WARNING: program timed out.
FAIL: libgomp.c/appendix-a/a.18.1.c execution test
WARNING: program timed out.
FAIL: libgomp.fortran/appendix-a/a.18.1.f90  -O0  execution test
WARNING: program timed out.
FAIL: libgomp.fortran/appendix-a/a.18.1.f90  -O1  execution test
WARNING: program timed out.
FAIL: libgomp.fortran/appendix-a/a.18.1.f90  -O2  execution test
WARNING: program timed out.
FAIL: libgomp.fortran/appendix-a/a.18.1.f90  -O3 -fomit-frame-pointer  execution test
WARNING: program timed out.
FAIL: libgomp.fortran/appendix-a/a.18.1.f90  -O3 -fomit-frame-pointer -funroll-loops  execution test
WARNING: program timed out.
FAIL: libgomp.fortran/appendix-a/a.18.1.f90  -O3 -fomit-frame-pointer -funroll-all-loops -finline-functions  execution test
WARNING: program timed out.
FAIL: libgomp.fortran/appendix-a/a.18.1.f90  -O3 -g  execution test
WARNING: program timed out.
FAIL: libgomp.fortran/appendix-a/a.18.1.f90  -Os  execution test

		=== libgomp Summary for unix ===

# of expected passes		2379
# of unexpected failures	9
# of unsupported tests		9

Running target unix/-m64
WARNING: program timed out.
FAIL: libgomp.c/appendix-a/a.18.1.c execution test
WARNING: program timed out.
FAIL: libgomp.fortran/appendix-a/a.18.1.f90  -O0  execution test
WARNING: program timed out.
FAIL: libgomp.fortran/appendix-a/a.18.1.f90  -O1  execution test
WARNING: program timed out.
FAIL: libgomp.fortran/appendix-a/a.18.1.f90  -O2  execution test
WARNING: program timed out.
FAIL: libgomp.fortran/appendix-a/a.18.1.f90  -O3 -fomit-frame-pointer  execution test
WARNING: program timed out.
FAIL: libgomp.fortran/appendix-a/a.18.1.f90  -O3 -fomit-frame-pointer -funroll-loops  execution test
WARNING: program timed out.
FAIL: libgomp.fortran/appendix-a/a.18.1.f90  -O3 -fomit-frame-pointer -funroll-all-loops -finline-functions  execution test
WARNING: program timed out.
FAIL: libgomp.fortran/appendix-a/a.18.1.f90  -O3 -g  execution test
WARNING: program timed out.
FAIL: libgomp.fortran/appendix-a/a.18.1.f90  -Os  execution test

		=== libgomp Summary for unix/-m64 ===

# of expected passes		2379
# of unexpected failures	9
# of unsupported tests		9

		=== libgomp Summary ===

# of expected passes		4758
# of unexpected failures	18
# of unsupported tests		18
		=== libjava tests ===


Running target unix
FAIL: linking PR9577
FAIL: linking longfield
FAIL: linking shortfield
FAIL: linking TestClosureGC
FAIL: linking simple
FAIL: linking PR15133
FAIL: linking PR18116
FAIL: linking PR28178
FAIL: linking bytebuffer
FAIL: linking calls
FAIL: linking cxxtest
FAIL: linking directbuffer
FAIL: linking field
FAIL: linking final_method
FAIL: linking findclass
FAIL: linking findclass2
FAIL: linking iface
FAIL: linking init
FAIL: linking invoke
FAIL: linking jniutf
FAIL: linking martin
FAIL: linking noclass
FAIL: linking overload
FAIL: linking pr11951
FAIL: linking pr18278
FAIL: linking pr23739
FAIL: linking register
FAIL: linking register2
FAIL: linking simple_int
FAIL: linking throwit
FAIL: linking virtual
FAIL: PR16923.c compilation
WARNING: program timed out.
FAIL: getstacktrace run
FAIL: linking events
FAIL: linking getallthreads
FAIL: linking geterrorname
FAIL: linking getmethodname
FAIL: ArrayStore compilation from source
FAIL: ArrayStore -findirect-dispatch compilation from source
FAIL: ArrayStore -O3 compilation from source
FAIL: ArrayStore -O3 -findirect-dispatch compilation from source
FAIL: ArrayStore2 compilation from source
FAIL: ArrayStore2 -findirect-dispatch compilation from source
FAIL: ArrayStore2 -O3 compilation from source
FAIL: ArrayStore2 -O3 -findirect-dispatch compilation from source
FAIL: Array_1 compilation from source
FAIL: Array_1 -findirect-dispatch compilation from source
FAIL: Array_1 -O3 compilation from source
FAIL: Array_1 -O3 -findirect-dispatch compilation from source
FAIL: Array_2 compilation from source
FAIL: Array_2 -findirect-dispatch compilation from source
FAIL: Array_2 -O3 compilation from source
FAIL: Array_2 -O3 -findirect-dispatch compilation from source
FAIL: Array_3 compilation from source
FAIL: Array_3 -findirect-dispatch compilation from source
FAIL: Array_3 -O3 compilation from source
FAIL: Array_3 -O3 -findirect-dispatch compilation from source
FAIL: Class_1 compilation from source
FAIL: Class_1 -findirect-dispatch compilation from source
FAIL: Class_1 -O3 compilation from source
FAIL: Class_1 -O3 -findirect-dispatch compilation from source
FAIL: CompareNaN compilation from source
FAIL: CompareNaN -findirect-dispatch compilation from source
FAIL: CompareNaN -O3 compilation from source
FAIL: CompareNaN -O3 -findirect-dispatch compilation from source
FAIL: Divide_1 compilation from source
FAIL: Divide_1 -findirect-dispatch compilation from source
FAIL: Divide_1 -O3 compilation from source
FAIL: Divide_1 -O3 -findirect-dispatch compilation from source
FAIL: Divide_2 compilation from source
FAIL: Divide_2 -findirect-dispatch compilation from source
FAIL: Divide_2 -O3 compilation from source
FAIL: Divide_2 -O3 -findirect-dispatch compilation from source
FAIL: EvaluationOrder compilation from source
FAIL: EvaluationOrder -findirect-dispatch compilation from source
FAIL: EvaluationOrder -O3 compilation from source
FAIL: EvaluationOrder -O3 -findirect-dispatch compilation from source
FAIL: ExtraClassLoader compilation from source
FAIL: ExtraClassLoader -findirect-dispatch compilation from source
FAIL: ExtraClassLoader -O3 compilation from source
FAIL: ExtraClassLoader -O3 -findirect-dispatch compilation from source
FAIL: FileHandleGcTest compilation from source
FAIL: FileHandleGcTest -findirect-dispatch compilation from source
FAIL: FileHandleGcTest -O3 compilation from source
FAIL: FileHandleGcTest -O3 -findirect-dispatch compilation from source
FAIL: Final compilation from source
FAIL: Final -findirect-dispatch compilation from source
FAIL: Final -O3 compilation from source
FAIL: Final -O3 -findirect-dispatch compilation from source
FAIL: Float_1 compilation from source
FAIL: Float_1 -findirect-dispatch compilation from source
FAIL: Float_1 -O3 compilation from source
FAIL: Float_1 -O3 -findirect-dispatch compilation from source
FAIL: Float_2 compilation from source
FAIL: Float_2 -findirect-dispatch compilation from source
FAIL: Float_2 -O3 compilation from source
FAIL: Float_2 -O3 -findirect-dispatch compilation from source
FAIL: G19990301_01 compilation from source
FAIL: G19990301_01 -findirect-dispatch compilation from source
FAIL: G19990301_01 -O3 compilation from source
FAIL: G19990301_01 -O3 -findirect-dispatch compilation from source
FAIL: G19990302_02 compilation from source
FAIL: G19990302_02 -findirect-dispatch compilation from source
FAIL: G19990302_02 -O3 compilation from source
FAIL: G19990302_02 -O3 -findirect-dispatch compilation from source
FAIL: G19990303_01 compilation from source
FAIL: G19990303_01 -findirect-dispatch compilation from source
FAIL: G19990303_01 -O3 compilation from source
FAIL: G19990303_01 -O3 -findirect-dispatch compilation from source
FAIL: G19990303_02 compilation from source
FAIL: G19990303_02 -findirect-dispatch compilation from source
FAIL: G19990303_02 -O3 compilation from source
FAIL: G19990303_02 -O3 -findirect-dispatch compilation from source
FAIL: G19990304_01 compilation from source
FAIL: G19990304_01 -findirect-dispatch compilation from source
FAIL: G19990304_01 -O3 compilation from source
FAIL: G19990304_01 -O3 -findirect-dispatch compilation from source
FAIL: G19990310_01 compilation from source
FAIL: G19990310_01 -findirect-dispatch compilation from source
FAIL: G19990310_01 -O3 compilation from source
FAIL: G19990310_01 -O3 -findirect-dispatch compilation from source
FAIL: II compilation from source
FAIL: II -findirect-dispatch compilation from source
FAIL: II -O3 compilation from source
FAIL: II -O3 -findirect-dispatch compilation from source
FAIL: InterfaceDispatch compilation from source
FAIL: InterfaceDispatch -findirect-dispatch compilation from source
FAIL: InterfaceDispatch -O3 compilation from source
FAIL: InterfaceDispatch -O3 -findirect-dispatch compilation from source
FAIL: InvokeInterface compilation from source
FAIL: InvokeInterface -findirect-dispatch compilation from source
FAIL: InvokeInterface -O3 compilation from source
FAIL: InvokeInterface -O3 -findirect-dispatch compilation from source
FAIL: InvokeReturn compilation from source
FAIL: InvokeReturn -findirect-dispatch compilation from source
FAIL: InvokeReturn -O3 compilation from source
FAIL: InvokeReturn -O3 -findirect-dispatch compilation from source
FAIL: Invoke_1 compilation from source
FAIL: Invoke_1 -findirect-dispatch compilation from source
FAIL: Invoke_1 -O3 compilation from source
FAIL: Invoke_1 -O3 -findirect-dispatch compilation from source
FAIL: Invoke_2 compilation from source
FAIL: Invoke_2 -findirect-dispatch compilation from source
FAIL: Invoke_2 -O3 compilation from source
FAIL: Invoke_2 -O3 -findirect-dispatch compilation from source
FAIL: KeepInline compilation from source
FAIL: KeepInline -findirect-dispatch compilation from source
FAIL: KeepInline -O3 compilation from source
FAIL: KeepInline -O3 -findirect-dispatch compilation from source
FAIL: LargeFile compilation from source
FAIL: LargeFile -findirect-dispatch compilation from source
FAIL: LargeFile -O3 compilation from source
FAIL: LargeFile -O3 -findirect-dispatch compilation from source
FAIL: MathBuiltin compilation from source
FAIL: MathBuiltin -findirect-dispatch compilation from source
FAIL: MathBuiltin -O3 compilation from source
FAIL: MathBuiltin -O3 -findirect-dispatch compilation from source
FAIL: Matrix4f compilation from source
FAIL: Matrix4f -findirect-dispatch compilation from source
FAIL: Matrix4f -O3 compilation from source
FAIL: Matrix4f -O3 -findirect-dispatch compilation from source
FAIL: N19990310_02 compilation from source
FAIL: N19990310_02 -findirect-dispatch compilation from source
FAIL: N19990310_02 -O3 compilation from source
FAIL: N19990310_02 -O3 -findirect-dispatch compilation from source
FAIL: N19990310_3 compilation from source
FAIL: N19990310_3 -findirect-dispatch compilation from source
FAIL: N19990310_3 -O3 compilation from source
FAIL: N19990310_3 -O3 -findirect-dispatch compilation from source
FAIL: N19990310_4 compilation from source
FAIL: N19990310_4 -findirect-dispatch compilation from source
FAIL: N19990310_4 -O3 compilation from source
FAIL: N19990310_4 -O3 -findirect-dispatch compilation from source
FAIL: N19990310_5 compilation from source
FAIL: N19990310_5 -findirect-dispatch compilation from source
FAIL: N19990310_5 -O3 compilation from source
FAIL: N19990310_5 -O3 -findirect-dispatch compilation from source
FAIL: Overflow compilation from source
FAIL: Overflow -findirect-dispatch compilation from source
FAIL: Overflow -O3 compilation from source
FAIL: Overflow -O3 -findirect-dispatch compilation from source
FAIL: PR12350 compilation from source
FAIL: PR12350 -findirect-dispatch compilation from source
FAIL: PR12350 -O3 compilation from source
FAIL: PR12350 -O3 -findirect-dispatch compilation from source
FAIL: PR12416 compilation from source
FAIL: PR12416 -findirect-dispatch compilation from source
FAIL: PR12416 -O3 compilation from source
FAIL: PR12416 -O3 -findirect-dispatch compilation from source
FAIL: PR12656 compilation from source
FAIL: PR12656 -findirect-dispatch compilation from source
FAIL: PR12656 -O3 compilation from source
FAIL: PR12656 -O3 -findirect-dispatch compilation from source
FAIL: PR12915 compilation from source
FAIL: PR12915 -findirect-dispatch compilation from source
FAIL: PR12915 -O3 compilation from source
FAIL: PR12915 -O3 -findirect-dispatch compilation from source
FAIL: PR141 compilation from source
FAIL: PR141 -findirect-dispatch compilation from source
FAIL: PR141 -O3 compilation from source
FAIL: PR141 -O3 -findirect-dispatch compilation from source
FAIL: PR160 compilation from source
FAIL: PR160 -findirect-dispatch compilation from source
FAIL: PR160 -O3 compilation from source
FAIL: PR160 -O3 -findirect-dispatch compilation from source
FAIL: PR162 compilation from source
FAIL: PR162 -findirect-dispatch compilation from source
FAIL: PR162 -O3 compilation from source
FAIL: PR162 -O3 -findirect-dispatch compilation from source
FAIL: PR16867 compilation from source
FAIL: PR16867 -findirect-dispatch compilation from source
FAIL: PR16867 -O3 compilation from source
FAIL: PR16867 -O3 -findirect-dispatch compilation from source
FAIL: PR18699 compilation from source
FAIL: PR18699 -findirect-dispatch compilation from source
FAIL: PR18699 -O3 compilation from source
FAIL: PR18699 -O3 -findirect-dispatch compilation from source
FAIL: PR19870 compilation from source
FAIL: PR19870 -findirect-dispatch compilation from source
FAIL: PR19870 -O3 compilation from source
FAIL: PR19870 -O3 -findirect-dispatch compilation from source
FAIL: PR19870_2 compilation from source
FAIL: PR19870_2 -findirect-dispatch compilation from source
FAIL: PR19870_2 -O3 compilation from source
FAIL: PR19870_2 -O3 -findirect-dispatch compilation from source
FAIL: PR19921 compilation from source
FAIL: PR19921 -findirect-dispatch compilation from source
FAIL: PR19921 -O3 compilation from source
FAIL: PR19921 -O3 -findirect-dispatch compilation from source
FAIL: PR20056 compilation from source
FAIL: PR20056 -findirect-dispatch compilation from source
FAIL: PR20056 -O3 compilation from source
FAIL: PR20056 -O3 -findirect-dispatch compilation from source
FAIL: PR218 compilation from source
FAIL: PR218 -findirect-dispatch compilation from source
FAIL: PR218 -O3 compilation from source
FAIL: PR218 -O3 -findirect-dispatch compilation from source
FAIL: PR242 compilation from source
FAIL: PR242 -findirect-dispatch compilation from source
FAIL: PR242 -O3 compilation from source
FAIL: PR242 -O3 -findirect-dispatch compilation from source
FAIL: PR25535 compilation from source
FAIL: PR25535 -findirect-dispatch compilation from source
FAIL: PR25535 -O3 compilation from source
FAIL: PR25535 -O3 -findirect-dispatch compilation from source
FAIL: PR260 compilation from source
FAIL: PR260 -findirect-dispatch compilation from source
FAIL: PR260 -O3 compilation from source
FAIL: PR260 -O3 -findirect-dispatch compilation from source
FAIL: PR26858 compilation from source
FAIL: PR26858 -findirect-dispatch compilation from source
FAIL: PR26858 -O3 compilation from source
FAIL: PR26858 -O3 -findirect-dispatch compilation from source
FAIL: PR27908 compilation from source
FAIL: PR27908 -findirect-dispatch compilation from source
FAIL: PR27908 -O3 compilation from source
FAIL: PR27908 -O3 -findirect-dispatch compilation from source
FAIL: PR29013 compilation from source
FAIL: PR29013 -findirect-dispatch compilation from source
FAIL: PR29013 -O3 compilation from source
FAIL: PR29013 -O3 -findirect-dispatch compilation from source
FAIL: PR29495 compilation from source
FAIL: PR29495 -findirect-dispatch compilation from source
FAIL: PR29495 -O3 compilation from source
FAIL: PR29495 -O3 -findirect-dispatch compilation from source
FAIL: PR3096 compilation from source
FAIL: PR3096 -findirect-dispatch compilation from source
FAIL: PR3096 -O3 compilation from source
FAIL: PR3096 -O3 -findirect-dispatch compilation from source
FAIL: PR31264 compilation from source
FAIL: PR31264 -findirect-dispatch compilation from source
FAIL: PR31264 -O3 compilation from source
FAIL: PR31264 -O3 -findirect-dispatch compilation from source
FAIL: PR35020 compilation from source
FAIL: PR35020 -findirect-dispatch compilation from source
FAIL: PR35020 -O3 compilation from source
FAIL: PR35020 -O3 -findirect-dispatch compilation from source
FAIL: PR36252 compilation from source
FAIL: PR36252 -findirect-dispatch compilation from source
FAIL: PR36252 -O3 compilation from source
FAIL: PR36252 -O3 -findirect-dispatch compilation from source
FAIL: PR3731 compilation from source
FAIL: PR3731 -findirect-dispatch compilation from source
FAIL: PR3731 -O3 compilation from source
FAIL: PR3731 -O3 -findirect-dispatch compilation from source
FAIL: PR5057 compilation from source
FAIL: PR5057 -findirect-dispatch compilation from source
FAIL: PR5057 -O3 compilation from source
FAIL: PR5057 -O3 -findirect-dispatch compilation from source
FAIL: PR5057_2 compilation from source
FAIL: PR5057_2 -findirect-dispatch compilation from source
FAIL: PR5057_2 -O3 compilation from source
FAIL: PR5057_2 -O3 -findirect-dispatch compilation from source
FAIL: PR55 compilation from source
FAIL: PR55 -findirect-dispatch compilation from source
FAIL: PR55 -O3 compilation from source
FAIL: PR55 -O3 -findirect-dispatch compilation from source
FAIL: PR56 compilation from source
FAIL: PR56 -findirect-dispatch compilation from source
FAIL: PR56 -O3 compilation from source
FAIL: PR56 -O3 -findirect-dispatch compilation from source
FAIL: PR6085 compilation from source
FAIL: PR6085 -findirect-dispatch compilation from source
FAIL: PR6085 -O3 compilation from source
FAIL: PR6085 -O3 -findirect-dispatch compilation from source
FAIL: PR6204 compilation from source
FAIL: PR6204 -findirect-dispatch compilation from source
FAIL: PR6204 -O3 compilation from source
FAIL: PR6204 -O3 -findirect-dispatch compilation from source
FAIL: PR6729 compilation from source
FAIL: PR6729 -findirect-dispatch compilation from source
FAIL: PR6729 -O3 compilation from source
FAIL: PR6729 -O3 -findirect-dispatch compilation from source
FAIL: PR6820 compilation from source
FAIL: PR6820 -findirect-dispatch compilation from source
FAIL: PR6820 -O3 compilation from source
FAIL: PR6820 -O3 -findirect-dispatch compilation from source
FAIL: PR7482 compilation from source
FAIL: PR7482 -findirect-dispatch compilation from source
FAIL: PR7482 -O3 compilation from source
FAIL: PR7482 -O3 -findirect-dispatch compilation from source
FAIL: Process_1 compilation from source
FAIL: Process_1 -findirect-dispatch compilation from source
FAIL: Process_1 -O3 compilation from source
FAIL: Process_1 -O3 -findirect-dispatch compilation from source
FAIL: Process_2 compilation from source
FAIL: Process_2 -findirect-dispatch compilation from source
FAIL: Process_2 -O3 compilation from source
FAIL: Process_2 -O3 -findirect-dispatch compilation from source
FAIL: Process_3 compilation from source
FAIL: Process_3 -findirect-dispatch compilation from source
FAIL: Process_3 -O3 compilation from source
FAIL: Process_3 -O3 -findirect-dispatch compilation from source
FAIL: Process_4 compilation from source
FAIL: Process_4 -findirect-dispatch compilation from source
FAIL: Process_4 -O3 compilation from source
FAIL: Process_4 -O3 -findirect-dispatch compilation from source
FAIL: Process_5 compilation from source
FAIL: Process_5 -findirect-dispatch compilation from source
FAIL: Process_5 -O3 compilation from source
FAIL: Process_5 -O3 -findirect-dispatch compilation from source
FAIL: Process_6 compilation from source
FAIL: Process_6 -findirect-dispatch compilation from source
FAIL: Process_6 -O3 compilation from source
FAIL: Process_6 -O3 -findirect-dispatch compilation from source
FAIL: Process_7 compilation from source
FAIL: Process_7 -findirect-dispatch compilation from source
FAIL: Process_7 -O3 compilation from source
FAIL: Process_7 -O3 -findirect-dispatch compilation from source
FAIL: ProxyTest compilation from source
FAIL: ProxyTest -findirect-dispatch compilation from source
FAIL: ProxyTest -O3 compilation from source
FAIL: ProxyTest -O3 -findirect-dispatch compilation from source
FAIL: RH194522 compilation from source
FAIL: RH194522 -findirect-dispatch compilation from source
FAIL: RH194522 -O3 compilation from source
FAIL: RH194522 -O3 -findirect-dispatch compilation from source
FAIL: Serialization compilation from source
FAIL: Serialization -findirect-dispatch compilation from source
FAIL: Serialization -O3 compilation from source
FAIL: Serialization -O3 -findirect-dispatch compilation from source
FAIL: Shazam compilation from source
FAIL: Shazam -findirect-dispatch compilation from source
FAIL: Shazam -O3 compilation from source
FAIL: Shazam -O3 -findirect-dispatch compilation from source
FAIL: StackTrace2 compilation from source
FAIL: StackTrace2 -findirect-dispatch compilation from source
FAIL: StackTrace2 -O3 compilation from source
FAIL: StackTrace2 -O3 -findirect-dispatch compilation from source
FAIL: StaticConstructor compilation from source
FAIL: StaticConstructor -findirect-dispatch compilation from source
FAIL: StaticConstructor -O3 compilation from source
FAIL: StaticConstructor -O3 -findirect-dispatch compilation from source
FAIL: StringBuffer_1 compilation from source
FAIL: StringBuffer_1 -findirect-dispatch compilation from source
FAIL: StringBuffer_1 -O3 compilation from source
FAIL: StringBuffer_1 -O3 -findirect-dispatch compilation from source
FAIL: StringBuffer_overflow compilation from source
FAIL: StringBuffer_overflow -findirect-dispatch compilation from source
FAIL: StringBuffer_overflow -O3 compilation from source
FAIL: StringBuffer_overflow -O3 -findirect-dispatch compilation from source
FAIL: String_overflow compilation from source
FAIL: String_overflow -findirect-dispatch compilation from source
FAIL: String_overflow -O3 compilation from source
FAIL: String_overflow -O3 -findirect-dispatch compilation from source
FAIL: SyncGlobal compilation from source
FAIL: SyncGlobal -findirect-dispatch compilation from source
FAIL: SyncGlobal -O3 compilation from source
FAIL: SyncGlobal -O3 -findirect-dispatch compilation from source
FAIL: SyncTest compilation from source
FAIL: SyncTest -findirect-dispatch compilation from source
FAIL: SyncTest -O3 compilation from source
FAIL: SyncTest -O3 -findirect-dispatch compilation from source
FAIL: Synch compilation from source
FAIL: Synch -findirect-dispatch compilation from source
FAIL: Synch -O3 compilation from source
FAIL: Synch -O3 -findirect-dispatch compilation from source
FAIL: TLtest compilation from source
FAIL: TLtest -findirect-dispatch compilation from source
FAIL: TLtest -O3 compilation from source
FAIL: TLtest -O3 -findirect-dispatch compilation from source
FAIL: TestProxy compilation from source
FAIL: TestProxy -findirect-dispatch compilation from source
FAIL: TestProxy -O3 compilation from source
FAIL: TestProxy -O3 -findirect-dispatch compilation from source
FAIL: Thread_Alive compilation from source
FAIL: Thread_Alive -findirect-dispatch compilation from source
FAIL: Thread_Alive -O3 compilation from source
FAIL: Thread_Alive -O3 -findirect-dispatch compilation from source
FAIL: Thread_HoldsLock compilation from source
FAIL: Thread_HoldsLock -findirect-dispatch compilation from source
FAIL: Thread_HoldsLock -O3 compilation from source
FAIL: Thread_HoldsLock -O3 -findirect-dispatch compilation from source
FAIL: Thread_Interrupt compilation from source
FAIL: Thread_Interrupt -findirect-dispatch compilation from source
FAIL: Thread_Interrupt -O3 compilation from source
FAIL: Thread_Interrupt -O3 -findirect-dispatch compilation from source
FAIL: Thread_Join compilation from source
FAIL: Thread_Join -findirect-dispatch compilation from source
FAIL: Thread_Join -O3 compilation from source
FAIL: Thread_Join -O3 -findirect-dispatch compilation from source
FAIL: Thread_Monitor compilation from source
FAIL: Thread_Monitor -findirect-dispatch compilation from source
FAIL: Thread_Monitor -O3 compilation from source
FAIL: Thread_Monitor -O3 -findirect-dispatch compilation from source
FAIL: Thread_Sleep compilation from source
FAIL: Thread_Sleep -findirect-dispatch compilation from source
FAIL: Thread_Sleep -O3 compilation from source
FAIL: Thread_Sleep -O3 -findirect-dispatch compilation from source
FAIL: Thread_Sleep_2 compilation from source
FAIL: Thread_Sleep_2 -findirect-dispatch compilation from source
FAIL: Thread_Sleep_2 -O3 compilation from source
FAIL: Thread_Sleep_2 -O3 -findirect-dispatch compilation from source
FAIL: Thread_Wait compilation from source
FAIL: Thread_Wait -findirect-dispatch compilation from source
FAIL: Thread_Wait -O3 compilation from source
FAIL: Thread_Wait -O3 -findirect-dispatch compilation from source
FAIL: Thread_Wait_2 compilation from source
FAIL: Thread_Wait_2 -findirect-dispatch compilation from source
FAIL: Thread_Wait_2 -O3 compilation from source
FAIL: Thread_Wait_2 -O3 -findirect-dispatch compilation from source
FAIL: Thread_Wait_Interrupt compilation from source
FAIL: Thread_Wait_Interrupt -findirect-dispatch compilation from source
FAIL: Thread_Wait_Interrupt -O3 compilation from source
FAIL: Thread_Wait_Interrupt -O3 -findirect-dispatch compilation from source
FAIL: Throw_1 compilation from source
FAIL: Throw_1 -findirect-dispatch compilation from source
FAIL: Throw_1 -O3 compilation from source
FAIL: Throw_1 -O3 -findirect-dispatch compilation from source
FAIL: Throw_2 compilation from source
FAIL: Throw_2 -findirect-dispatch compilation from source
FAIL: Throw_2 -O3 compilation from source
FAIL: Throw_2 -O3 -findirect-dispatch compilation from source
FAIL: Throw_3 compilation from source
FAIL: Throw_3 -findirect-dispatch compilation from source
FAIL: Throw_3 -O3 compilation from source
FAIL: Throw_3 -O3 -findirect-dispatch compilation from source
FAIL: WalkerTest compilation from source
FAIL: WalkerTest -findirect-dispatch compilation from source
FAIL: WalkerTest -O3 compilation from source
FAIL: WalkerTest -O3 -findirect-dispatch compilation from source
FAIL: anfi compilation from source
FAIL: anfi -findirect-dispatch compilation from source
FAIL: anfi -O3 compilation from source
FAIL: anfi -O3 -findirect-dispatch compilation from source
FAIL: anon compilation from source
FAIL: anon -findirect-dispatch compilation from source
FAIL: anon -O3 compilation from source
FAIL: anon -O3 -findirect-dispatch compilation from source
FAIL: anon2 compilation from source
FAIL: anon2 -findirect-dispatch compilation from source
FAIL: anon2 -O3 compilation from source
FAIL: anon2 -O3 -findirect-dispatch compilation from source
FAIL: anon3 compilation from source
FAIL: anon3 -findirect-dispatch compilation from source
FAIL: anon3 -O3 compilation from source
FAIL: anon3 -O3 -findirect-dispatch compilation from source
FAIL: anon4 compilation from source
FAIL: anon4 -findirect-dispatch compilation from source
FAIL: anon4 -O3 compilation from source
FAIL: anon4 -O3 -findirect-dispatch compilation from source
FAIL: anon_ctor_itf_arg compilation from source
FAIL: anon_ctor_itf_arg -findirect-dispatch compilation from source
FAIL: anon_ctor_itf_arg -O3 compilation from source
FAIL: anon_ctor_itf_arg -O3 -findirect-dispatch compilation from source
FAIL: anonarray compilation from source
FAIL: anonarray -findirect-dispatch compilation from source
FAIL: anonarray -O3 compilation from source
FAIL: anonarray -O3 -findirect-dispatch compilation from source
FAIL: anonarray2 compilation from source
FAIL: anonarray2 -findirect-dispatch compilation from source
FAIL: anonarray2 -O3 compilation from source
FAIL: anonarray2 -O3 -findirect-dispatch compilation from source
FAIL: anonarray3 compilation from source
FAIL: anonarray3 -findirect-dispatch compilation from source
FAIL: anonarray3 -O3 compilation from source
FAIL: anonarray3 -O3 -findirect-dispatch compilation from source
FAIL: assign compilation from source
FAIL: assign -findirect-dispatch compilation from source
FAIL: assign -O3 compilation from source
FAIL: assign -O3 -findirect-dispatch compilation from source
FAIL: assign2 compilation from source
FAIL: assign2 -findirect-dispatch compilation from source
FAIL: assign2 -O3 compilation from source
FAIL: assign2 -O3 -findirect-dispatch compilation from source
FAIL: bclink compilation from source
FAIL: bclink -findirect-dispatch compilation from source
FAIL: bclink -O3 compilation from source
FAIL: bclink -O3 -findirect-dispatch compilation from source
FAIL: bytearray compilation from source
FAIL: bytearray -findirect-dispatch compilation from source
FAIL: bytearray -O3 compilation from source
FAIL: bytearray -O3 -findirect-dispatch compilation from source
FAIL: direct_read compilation from source
FAIL: direct_read -findirect-dispatch compilation from source
FAIL: direct_read -O3 compilation from source
FAIL: direct_read -O3 -findirect-dispatch compilation from source
FAIL: direct_write compilation from source
FAIL: direct_write -findirect-dispatch compilation from source
FAIL: direct_write -O3 compilation from source
FAIL: direct_write -O3 -findirect-dispatch compilation from source
FAIL: emptystring compilation from source
FAIL: emptystring -findirect-dispatch compilation from source
FAIL: emptystring -O3 compilation from source
FAIL: emptystring -O3 -findirect-dispatch compilation from source
FAIL: err1 compilation from source
FAIL: err1 -findirect-dispatch compilation from source
FAIL: err1 -O3 compilation from source
FAIL: err1 -O3 -findirect-dispatch compilation from source
FAIL: err10 compilation from source
FAIL: err10 -findirect-dispatch compilation from source
FAIL: err10 -O3 compilation from source
FAIL: err10 -O3 -findirect-dispatch compilation from source
FAIL: err11 compilation from source
FAIL: err11 -findirect-dispatch compilation from source
FAIL: err11 -O3 compilation from source
FAIL: err11 -O3 -findirect-dispatch compilation from source
FAIL: err12 compilation from source
FAIL: err12 -findirect-dispatch compilation from source
FAIL: err12 -O3 compilation from source
FAIL: err12 -O3 -findirect-dispatch compilation from source
FAIL: err13 compilation from source
FAIL: err13 -findirect-dispatch compilation from source
FAIL: err13 -O3 compilation from source
FAIL: err13 -O3 -findirect-dispatch compilation from source
FAIL: err14 compilation from source
FAIL: err14 -findirect-dispatch compilation from source
FAIL: err14 -O3 compilation from source
FAIL: err14 -O3 -findirect-dispatch compilation from source
FAIL: err2 compilation from source
FAIL: err2 -findirect-dispatch compilation from source
FAIL: err2 -O3 compilation from source
FAIL: err2 -O3 -findirect-dispatch compilation from source
FAIL: err3 compilation from source
FAIL: err3 -findirect-dispatch compilation from source
FAIL: err3 -O3 compilation from source
FAIL: err3 -O3 -findirect-dispatch compilation from source
FAIL: err4 compilation from source
FAIL: err4 -findirect-dispatch compilation from source
FAIL: err4 -O3 compilation from source
FAIL: err4 -O3 -findirect-dispatch compilation from source
FAIL: err5 compilation from source
FAIL: err5 -findirect-dispatch compilation from source
FAIL: err5 -O3 compilation from source
FAIL: err5 -O3 -findirect-dispatch compilation from source
FAIL: err6 compilation from source
FAIL: err6 -findirect-dispatch compilation from source
FAIL: err6 -O3 compilation from source
FAIL: err6 -O3 -findirect-dispatch compilation from source
FAIL: err7 compilation from source
FAIL: err7 -findirect-dispatch compilation from source
FAIL: err7 -O3 compilation from source
FAIL: err7 -O3 -findirect-dispatch compilation from source
FAIL: err8 compilation from source
FAIL: err8 -findirect-dispatch compilation from source
FAIL: err8 -O3 compilation from source
FAIL: err8 -O3 -findirect-dispatch compilation from source
FAIL: err9 compilation from source
FAIL: err9 -findirect-dispatch compilation from source
FAIL: err9 -O3 compilation from source
FAIL: err9 -O3 -findirect-dispatch compilation from source
FAIL: final_inner compilation from source
FAIL: final_inner -findirect-dispatch compilation from source
FAIL: final_inner -O3 compilation from source
FAIL: final_inner -O3 -findirect-dispatch compilation from source
FAIL: final_int compilation from source
FAIL: final_int -findirect-dispatch compilation from source
FAIL: final_int -O3 compilation from source
FAIL: final_int -O3 -findirect-dispatch compilation from source
FAIL: final_static_and_friend compilation from source
FAIL: final_static_and_friend -findirect-dispatch compilation from source
FAIL: final_static_and_friend -O3 compilation from source
FAIL: final_static_and_friend -O3 -findirect-dispatch compilation from source
FAIL: indirect compilation from source
FAIL: indirect -findirect-dispatch compilation from source
FAIL: indirect -O3 compilation from source
FAIL: indirect -O3 -findirect-dispatch compilation from source
FAIL: indirect_read compilation from source
FAIL: indirect_read -findirect-dispatch compilation from source
FAIL: indirect_read -O3 compilation from source
FAIL: indirect_read -O3 -findirect-dispatch compilation from source
FAIL: indirect_write compilation from source
FAIL: indirect_write -findirect-dispatch compilation from source
FAIL: indirect_write -O3 compilation from source
FAIL: indirect_write -O3 -findirect-dispatch compilation from source
FAIL: initexc compilation from source
FAIL: initexc -findirect-dispatch compilation from source
FAIL: initexc -O3 compilation from source
FAIL: initexc -O3 -findirect-dispatch compilation from source
FAIL: initfield compilation from source
FAIL: initfield -findirect-dispatch compilation from source
FAIL: initfield -O3 compilation from source
FAIL: initfield -O3 -findirect-dispatch compilation from source
FAIL: inline compilation from source
FAIL: inline -findirect-dispatch compilation from source
FAIL: inline -O3 compilation from source
FAIL: inline -O3 -findirect-dispatch compilation from source
FAIL: inner1 compilation from source
FAIL: inner1 -findirect-dispatch compilation from source
FAIL: inner1 -O3 compilation from source
FAIL: inner1 -O3 -findirect-dispatch compilation from source
FAIL: inner2 compilation from source
FAIL: inner2 -findirect-dispatch compilation from source
FAIL: inner2 -O3 compilation from source
FAIL: inner2 -O3 -findirect-dispatch compilation from source
FAIL: inner3 compilation from source
FAIL: inner3 -findirect-dispatch compilation from source
FAIL: inner3 -O3 compilation from source
FAIL: inner3 -O3 -findirect-dispatch compilation from source
FAIL: inner4 compilation from source
FAIL: inner4 -findirect-dispatch compilation from source
FAIL: inner4 -O3 compilation from source
FAIL: inner4 -O3 -findirect-dispatch compilation from source
FAIL: inner_array compilation from source
FAIL: inner_array -findirect-dispatch compilation from source
FAIL: inner_array -O3 compilation from source
FAIL: inner_array -O3 -findirect-dispatch compilation from source
FAIL: inner_interface compilation from source
FAIL: inner_interface -findirect-dispatch compilation from source
FAIL: inner_interface -O3 compilation from source
FAIL: inner_interface -O3 -findirect-dispatch compilation from source
FAIL: instance compilation from source
FAIL: instance -findirect-dispatch compilation from source
FAIL: instance -O3 compilation from source
FAIL: instance -O3 -findirect-dispatch compilation from source
FAIL: instinit compilation from source
FAIL: instinit -findirect-dispatch compilation from source
FAIL: instinit -O3 compilation from source
FAIL: instinit -O3 -findirect-dispatch compilation from source
FAIL: instinit2 compilation from source
FAIL: instinit2 -findirect-dispatch compilation from source
FAIL: instinit2 -O3 compilation from source
FAIL: instinit2 -O3 -findirect-dispatch compilation from source
FAIL: invoke_from_inner compilation from source
FAIL: invoke_from_inner -findirect-dispatch compilation from source
FAIL: invoke_from_inner -O3 compilation from source
FAIL: invoke_from_inner -O3 -findirect-dispatch compilation from source
FAIL: invokethrow compilation from source
FAIL: invokethrow -findirect-dispatch compilation from source
FAIL: invokethrow -O3 compilation from source
FAIL: invokethrow -O3 -findirect-dispatch compilation from source
FAIL: klass compilation from source
FAIL: klass -findirect-dispatch compilation from source
FAIL: klass -O3 compilation from source
FAIL: klass -O3 -findirect-dispatch compilation from source
FAIL: md5test compilation from source
FAIL: md5test -findirect-dispatch compilation from source
FAIL: md5test -O3 compilation from source
FAIL: md5test -O3 -findirect-dispatch compilation from source
FAIL: multiple_finit compilation from source
FAIL: multiple_finit -findirect-dispatch compilation from source
FAIL: multiple_finit -O3 compilation from source
FAIL: multiple_finit -O3 -findirect-dispatch compilation from source
FAIL: negzero compilation from source
FAIL: negzero -findirect-dispatch compilation from source
FAIL: negzero -O3 compilation from source
FAIL: negzero -O3 -findirect-dispatch compilation from source
FAIL: nested_with_ctor compilation from source
FAIL: nested_with_ctor -findirect-dispatch compilation from source
FAIL: nested_with_ctor -O3 compilation from source
FAIL: nested_with_ctor -O3 -findirect-dispatch compilation from source
FAIL: newarray_overflow compilation from source
FAIL: newarray_overflow -findirect-dispatch compilation from source
FAIL: newarray_overflow -O3 compilation from source
FAIL: newarray_overflow -O3 -findirect-dispatch compilation from source
FAIL: override compilation from source
FAIL: override -findirect-dispatch compilation from source
FAIL: override -O3 compilation from source
FAIL: override -O3 -findirect-dispatch compilation from source
FAIL: pr109 compilation from source
FAIL: pr109 -findirect-dispatch compilation from source
FAIL: pr109 -O3 compilation from source
FAIL: pr109 -O3 -findirect-dispatch compilation from source
FAIL: pr13107 compilation from source
FAIL: pr13107 -findirect-dispatch compilation from source
FAIL: pr13107 -O3 compilation from source
FAIL: pr13107 -O3 -findirect-dispatch compilation from source
FAIL: pr13107_2 compilation from source
FAIL: pr13107_2 -findirect-dispatch compilation from source
FAIL: pr13107_2 -O3 compilation from source
FAIL: pr13107_2 -O3 -findirect-dispatch compilation from source
FAIL: pr13107_3 compilation from source
FAIL: pr13107_3 -findirect-dispatch compilation from source
FAIL: pr13107_3 -O3 compilation from source
FAIL: pr13107_3 -O3 -findirect-dispatch compilation from source
FAIL: pr133 compilation from source
FAIL: pr133 -findirect-dispatch compilation from source
FAIL: pr133 -O3 compilation from source
FAIL: pr133 -O3 -findirect-dispatch compilation from source
FAIL: pr16789 compilation from source
FAIL: pr16789 -findirect-dispatch compilation from source
FAIL: pr16789 -O3 compilation from source
FAIL: pr16789 -O3 -findirect-dispatch compilation from source
FAIL: pr17536 compilation from source
FAIL: pr17536 -findirect-dispatch compilation from source
FAIL: pr17536 -O3 compilation from source
FAIL: pr17536 -O3 -findirect-dispatch compilation from source
FAIL: pr179 compilation from source
FAIL: pr179 -findirect-dispatch compilation from source
FAIL: pr179 -O3 compilation from source
FAIL: pr179 -O3 -findirect-dispatch compilation from source
FAIL: pr184 compilation from source
FAIL: pr184 -findirect-dispatch compilation from source
FAIL: pr184 -O3 compilation from source
FAIL: pr184 -O3 -findirect-dispatch compilation from source
FAIL: pr21785 compilation from source
FAIL: pr21785 -findirect-dispatch compilation from source
FAIL: pr21785 -O3 compilation from source
FAIL: pr21785 -O3 -findirect-dispatch compilation from source
FAIL: pr21844 compilation from source
FAIL: pr21844 -findirect-dispatch compilation from source
FAIL: pr21844 -O3 compilation from source
FAIL: pr21844 -O3 -findirect-dispatch compilation from source
FAIL: pr24321 compilation from source
FAIL: pr24321 -findirect-dispatch compilation from source
FAIL: pr24321 -O3 compilation from source
FAIL: pr24321 -O3 -findirect-dispatch compilation from source
FAIL: pr25676 compilation from source
FAIL: pr25676 -findirect-dispatch compilation from source
FAIL: pr25676 -O3 compilation from source
FAIL: pr25676 -O3 -findirect-dispatch compilation from source
FAIL: pr26390 compilation from source
FAIL: pr26390 -findirect-dispatch compilation from source
FAIL: pr26390 -O3 compilation from source
FAIL: pr26390 -O3 -findirect-dispatch compilation from source
FAIL: pr26990 compilation from source
FAIL: pr26990 -findirect-dispatch compilation from source
FAIL: pr26990 -O3 compilation from source
FAIL: pr26990 -O3 -findirect-dispatch compilation from source
FAIL: pr27171 compilation from source
FAIL: pr27171 -findirect-dispatch compilation from source
FAIL: pr27171 -O3 compilation from source
FAIL: pr27171 -O3 -findirect-dispatch compilation from source
FAIL: pr6388 compilation from source
FAIL: pr6388 -findirect-dispatch compilation from source
FAIL: pr6388 -O3 compilation from source
FAIL: pr6388 -O3 -findirect-dispatch compilation from source
FAIL: pr83 compilation from source
FAIL: pr83 -findirect-dispatch compilation from source
FAIL: pr83 -O3 compilation from source
FAIL: pr83 -O3 -findirect-dispatch compilation from source
FAIL: pr8415 compilation from source
FAIL: pr8415 -findirect-dispatch compilation from source
FAIL: pr8415 -O3 compilation from source
FAIL: pr8415 -O3 -findirect-dispatch compilation from source
FAIL: pr8676 compilation from source
FAIL: pr8676 -findirect-dispatch compilation from source
FAIL: pr8676 -O3 compilation from source
FAIL: pr8676 -O3 -findirect-dispatch compilation from source
FAIL: pr8823 compilation from source
FAIL: pr8823 -findirect-dispatch compilation from source
FAIL: pr8823 -O3 compilation from source
FAIL: pr8823 -O3 -findirect-dispatch compilation from source
FAIL: pr8945 compilation from source
FAIL: pr8945 -findirect-dispatch compilation from source
FAIL: pr8945 -O3 compilation from source
FAIL: pr8945 -O3 -findirect-dispatch compilation from source
FAIL: private_direct_read compilation from source
FAIL: private_direct_read -findirect-dispatch compilation from source
FAIL: private_direct_read -O3 compilation from source
FAIL: private_direct_read -O3 -findirect-dispatch compilation from source
FAIL: search_outer compilation from source
FAIL: search_outer -findirect-dispatch compilation from source
FAIL: search_outer -O3 compilation from source
FAIL: search_outer -O3 -findirect-dispatch compilation from source
FAIL: shatest compilation from source
FAIL: shatest -findirect-dispatch compilation from source
FAIL: shatest -O3 compilation from source
FAIL: shatest -O3 -findirect-dispatch compilation from source
FAIL: stacktrace compilation from source
FAIL: stacktrace -findirect-dispatch compilation from source
FAIL: stacktrace -O3 compilation from source
FAIL: stacktrace -O3 -findirect-dispatch compilation from source
FAIL: stringconst compilation from source
FAIL: stringconst -findirect-dispatch compilation from source
FAIL: stringconst -O3 compilation from source
FAIL: stringconst -O3 -findirect-dispatch compilation from source
FAIL: stringconst2 compilation from source
FAIL: stringconst2 -findirect-dispatch compilation from source
FAIL: stringconst2 -O3 compilation from source
FAIL: stringconst2 -O3 -findirect-dispatch compilation from source
FAIL: stub compilation from source
FAIL: stub -findirect-dispatch compilation from source
FAIL: stub -O3 compilation from source
FAIL: stub -O3 -findirect-dispatch compilation from source
FAIL: test_long compilation from source
FAIL: test_long -findirect-dispatch compilation from source
FAIL: test_long -O3 compilation from source
FAIL: test_long -O3 -findirect-dispatch compilation from source
FAIL: tmi compilation from source
FAIL: tmi -findirect-dispatch compilation from source
FAIL: tmi -O3 compilation from source
FAIL: tmi -O3 -findirect-dispatch compilation from source
FAIL: tp compilation from source
FAIL: tp -findirect-dispatch compilation from source
FAIL: tp -O3 compilation from source
FAIL: tp -O3 -findirect-dispatch compilation from source
FAIL: update_outer compilation from source
FAIL: update_outer -findirect-dispatch compilation from source
FAIL: update_outer -O3 compilation from source
FAIL: update_outer -O3 -findirect-dispatch compilation from source
FAIL: utf8concat compilation from source
FAIL: utf8concat -findirect-dispatch compilation from source
FAIL: utf8concat -O3 compilation from source
FAIL: utf8concat -O3 -findirect-dispatch compilation from source
FAIL: utilTest compilation from source
FAIL: utilTest -findirect-dispatch compilation from source
FAIL: utilTest -O3 compilation from source
FAIL: utilTest -O3 -findirect-dispatch compilation from source
FAIL: verify compilation from source
FAIL: verify -findirect-dispatch compilation from source
FAIL: verify -O3 compilation from source
FAIL: verify -O3 -findirect-dispatch compilation from source
FAIL: TestEarlyGC compilation from source
FAIL: TestLeak compilation from source
FAIL: TestMultiple compilation from source
FAIL: TestParent compilation from source

		=== libjava Summary for unix ===

# of expected passes		49
# of unexpected failures	837
# of expected failures		35
# of untested testcases		1597

Running target unix/-m64
FAIL: linking PR9577
FAIL: linking longfield
FAIL: linking shortfield
FAIL: linking TestClosureGC
FAIL: linking simple
FAIL: linking PR15133
FAIL: linking PR18116
FAIL: linking PR28178
FAIL: linking bytebuffer
FAIL: linking calls
FAIL: linking cxxtest
FAIL: linking directbuffer
FAIL: linking field
FAIL: linking final_method
FAIL: linking findclass
FAIL: linking findclass2
FAIL: linking iface
FAIL: linking init
FAIL: linking invoke
FAIL: linking jniutf
FAIL: linking martin
FAIL: linking noclass
FAIL: linking overload
FAIL: linking pr11951
FAIL: linking pr18278
FAIL: linking pr23739
FAIL: linking register
FAIL: linking register2
FAIL: linking simple_int
FAIL: linking throwit
FAIL: linking virtual
FAIL: PR16923 run
WARNING: program timed out.
FAIL: getstacktrace run
FAIL: linking events
FAIL: linking getallthreads
FAIL: linking geterrorname
FAIL: linking getmethodname
FAIL: ArrayStore compilation from source
FAIL: ArrayStore -findirect-dispatch compilation from source
FAIL: ArrayStore -O3 compilation from source
FAIL: ArrayStore -O3 -findirect-dispatch compilation from source
FAIL: ArrayStore2 compilation from source
FAIL: ArrayStore2 -findirect-dispatch compilation from source
FAIL: ArrayStore2 -O3 compilation from source
FAIL: ArrayStore2 -O3 -findirect-dispatch compilation from source
FAIL: Array_1 compilation from source
FAIL: Array_1 -findirect-dispatch compilation from source
FAIL: Array_1 -O3 compilation from source
FAIL: Array_1 -O3 -findirect-dispatch compilation from source
FAIL: Array_2 compilation from source
FAIL: Array_2 -findirect-dispatch compilation from source
FAIL: Array_2 -O3 compilation from source
FAIL: Array_2 -O3 -findirect-dispatch compilation from source
FAIL: Array_3 compilation from source
FAIL: Array_3 -findirect-dispatch compilation from source
FAIL: Array_3 -O3 compilation from source
FAIL: Array_3 -O3 -findirect-dispatch compilation from source
FAIL: Class_1 compilation from source
FAIL: Class_1 -findirect-dispatch compilation from source
FAIL: Class_1 -O3 compilation from source
FAIL: Class_1 -O3 -findirect-dispatch compilation from source
FAIL: CompareNaN compilation from source
FAIL: CompareNaN -findirect-dispatch compilation from source
FAIL: CompareNaN -O3 compilation from source
FAIL: CompareNaN -O3 -findirect-dispatch compilation from source
FAIL: Divide_1 compilation from source
FAIL: Divide_1 -findirect-dispatch compilation from source
FAIL: Divide_1 -O3 compilation from source
FAIL: Divide_1 -O3 -findirect-dispatch compilation from source
FAIL: Divide_2 compilation from source
FAIL: Divide_2 -findirect-dispatch compilation from source
FAIL: Divide_2 -O3 compilation from source
FAIL: Divide_2 -O3 -findirect-dispatch compilation from source
FAIL: EvaluationOrder compilation from source
FAIL: EvaluationOrder -findirect-dispatch compilation from source
FAIL: EvaluationOrder -O3 compilation from source
FAIL: EvaluationOrder -O3 -findirect-dispatch compilation from source
FAIL: ExtraClassLoader compilation from source
FAIL: ExtraClassLoader -findirect-dispatch compilation from source
FAIL: ExtraClassLoader -O3 compilation from source
FAIL: ExtraClassLoader -O3 -findirect-dispatch compilation from source
FAIL: FileHandleGcTest compilation from source
FAIL: FileHandleGcTest -findirect-dispatch compilation from source
FAIL: FileHandleGcTest -O3 compilation from source
FAIL: FileHandleGcTest -O3 -findirect-dispatch compilation from source
FAIL: Final compilation from source
FAIL: Final -findirect-dispatch compilation from source
FAIL: Final -O3 compilation from source
FAIL: Final -O3 -findirect-dispatch compilation from source
FAIL: Float_1 compilation from source
FAIL: Float_1 -findirect-dispatch compilation from source
FAIL: Float_1 -O3 compilation from source
FAIL: Float_1 -O3 -findirect-dispatch compilation from source
FAIL: Float_2 compilation from source
FAIL: Float_2 -findirect-dispatch compilation from source
FAIL: Float_2 -O3 compilation from source
FAIL: Float_2 -O3 -findirect-dispatch compilation from source
FAIL: G19990301_01 compilation from source
FAIL: G19990301_01 -findirect-dispatch compilation from source
FAIL: G19990301_01 -O3 compilation from source
FAIL: G19990301_01 -O3 -findirect-dispatch compilation from source
FAIL: G19990302_02 compilation from source
FAIL: G19990302_02 -findirect-dispatch compilation from source
FAIL: G19990302_02 -O3 compilation from source
FAIL: G19990302_02 -O3 -findirect-dispatch compilation from source
FAIL: G19990303_01 compilation from source
FAIL: G19990303_01 -findirect-dispatch compilation from source
FAIL: G19990303_01 -O3 compilation from source
FAIL: G19990303_01 -O3 -findirect-dispatch compilation from source
FAIL: G19990303_02 compilation from source
FAIL: G19990303_02 -findirect-dispatch compilation from source
FAIL: G19990303_02 -O3 compilation from source
FAIL: G19990303_02 -O3 -findirect-dispatch compilation from source
FAIL: G19990304_01 compilation from source
FAIL: G19990304_01 -findirect-dispatch compilation from source
FAIL: G19990304_01 -O3 compilation from source
FAIL: G19990304_01 -O3 -findirect-dispatch compilation from source
FAIL: G19990310_01 compilation from source
FAIL: G19990310_01 -findirect-dispatch compilation from source
FAIL: G19990310_01 -O3 compilation from source
FAIL: G19990310_01 -O3 -findirect-dispatch compilation from source
FAIL: II compilation from source
FAIL: II -findirect-dispatch compilation from source
FAIL: II -O3 compilation from source
FAIL: II -O3 -findirect-dispatch compilation from source
FAIL: InterfaceDispatch compilation from source
FAIL: InterfaceDispatch -findirect-dispatch compilation from source
FAIL: InterfaceDispatch -O3 compilation from source
FAIL: InterfaceDispatch -O3 -findirect-dispatch compilation from source
FAIL: InvokeInterface compilation from source
FAIL: InvokeInterface -findirect-dispatch compilation from source
FAIL: InvokeInterface -O3 compilation from source
FAIL: InvokeInterface -O3 -findirect-dispatch compilation from source
FAIL: InvokeReturn compilation from source
FAIL: InvokeReturn -findirect-dispatch compilation from source
FAIL: InvokeReturn -O3 compilation from source
FAIL: InvokeReturn -O3 -findirect-dispatch compilation from source
FAIL: Invoke_1 compilation from source
FAIL: Invoke_1 -findirect-dispatch compilation from source
FAIL: Invoke_1 -O3 compilation from source
FAIL: Invoke_1 -O3 -findirect-dispatch compilation from source
FAIL: Invoke_2 compilation from source
FAIL: Invoke_2 -findirect-dispatch compilation from source
FAIL: Invoke_2 -O3 compilation from source
FAIL: Invoke_2 -O3 -findirect-dispatch compilation from source
FAIL: KeepInline compilation from source
FAIL: KeepInline -findirect-dispatch compilation from source
FAIL: KeepInline -O3 compilation from source
FAIL: KeepInline -O3 -findirect-dispatch compilation from source
FAIL: LargeFile compilation from source
FAIL: LargeFile -findirect-dispatch compilation from source
FAIL: LargeFile -O3 compilation from source
FAIL: LargeFile -O3 -findirect-dispatch compilation from source
FAIL: MathBuiltin compilation from source
FAIL: MathBuiltin -findirect-dispatch compilation from source
FAIL: MathBuiltin -O3 compilation from source
FAIL: MathBuiltin -O3 -findirect-dispatch compilation from source
FAIL: Matrix4f compilation from source
FAIL: Matrix4f -findirect-dispatch compilation from source
FAIL: Matrix4f -O3 compilation from source
FAIL: Matrix4f -O3 -findirect-dispatch compilation from source
FAIL: N19990310_02 compilation from source
FAIL: N19990310_02 -findirect-dispatch compilation from source
FAIL: N19990310_02 -O3 compilation from source
FAIL: N19990310_02 -O3 -findirect-dispatch compilation from source
FAIL: N19990310_3 compilation from source
FAIL: N19990310_3 -findirect-dispatch compilation from source
FAIL: N19990310_3 -O3 compilation from source
FAIL: N19990310_3 -O3 -findirect-dispatch compilation from source
FAIL: N19990310_4 compilation from source
FAIL: N19990310_4 -findirect-dispatch compilation from source
FAIL: N19990310_4 -O3 compilation from source
FAIL: N19990310_4 -O3 -findirect-dispatch compilation from source
FAIL: N19990310_5 compilation from source
FAIL: N19990310_5 -findirect-dispatch compilation from source
FAIL: N19990310_5 -O3 compilation from source
FAIL: N19990310_5 -O3 -findirect-dispatch compilation from source
FAIL: Overflow compilation from source
FAIL: Overflow -findirect-dispatch compilation from source
FAIL: Overflow -O3 compilation from source
FAIL: Overflow -O3 -findirect-dispatch compilation from source
FAIL: PR12350 compilation from source
FAIL: PR12350 -findirect-dispatch compilation from source
FAIL: PR12350 -O3 compilation from source
FAIL: PR12350 -O3 -findirect-dispatch compilation from source
FAIL: PR12416 compilation from source
FAIL: PR12416 -findirect-dispatch compilation from source
FAIL: PR12416 -O3 compilation from source
FAIL: PR12416 -O3 -findirect-dispatch compilation from source
FAIL: PR12656 compilation from source
FAIL: PR12656 -findirect-dispatch compilation from source
FAIL: PR12656 -O3 compilation from source
FAIL: PR12656 -O3 -findirect-dispatch compilation from source
FAIL: PR12915 compilation from source
FAIL: PR12915 -findirect-dispatch compilation from source
FAIL: PR12915 -O3 compilation from source
FAIL: PR12915 -O3 -findirect-dispatch compilation from source
FAIL: PR141 compilation from source
FAIL: PR141 -findirect-dispatch compilation from source
FAIL: PR141 -O3 compilation from source
FAIL: PR141 -O3 -findirect-dispatch compilation from source
FAIL: PR160 compilation from source
FAIL: PR160 -findirect-dispatch compilation from source
FAIL: PR160 -O3 compilation from source
FAIL: PR160 -O3 -findirect-dispatch compilation from source
FAIL: PR162 compilation from source
FAIL: PR162 -findirect-dispatch compilation from source
FAIL: PR162 -O3 compilation from source
FAIL: PR162 -O3 -findirect-dispatch compilation from source
FAIL: PR16867 compilation from source
FAIL: PR16867 -findirect-dispatch compilation from source
FAIL: PR16867 -O3 compilation from source
FAIL: PR16867 -O3 -findirect-dispatch compilation from source
FAIL: PR18699 compilation from source
FAIL: PR18699 -findirect-dispatch compilation from source
FAIL: PR18699 -O3 compilation from source
FAIL: PR18699 -O3 -findirect-dispatch compilation from source
FAIL: PR19870 compilation from source
FAIL: PR19870 -findirect-dispatch compilation from source
FAIL: PR19870 -O3 compilation from source
FAIL: PR19870 -O3 -findirect-dispatch compilation from source
FAIL: PR19870_2 compilation from source
FAIL: PR19870_2 -findirect-dispatch compilation from source
FAIL: PR19870_2 -O3 compilation from source
FAIL: PR19870_2 -O3 -findirect-dispatch compilation from source
FAIL: PR19921 compilation from source
FAIL: PR19921 -findirect-dispatch compilation from source
FAIL: PR19921 -O3 compilation from source
FAIL: PR19921 -O3 -findirect-dispatch compilation from source
FAIL: PR20056 compilation from source
FAIL: PR20056 -findirect-dispatch compilation from source
FAIL: PR20056 -O3 compilation from source
FAIL: PR20056 -O3 -findirect-dispatch compilation from source
FAIL: PR218 compilation from source
FAIL: PR218 -findirect-dispatch compilation from source
FAIL: PR218 -O3 compilation from source
FAIL: PR218 -O3 -findirect-dispatch compilation from source
FAIL: PR242 compilation from source
FAIL: PR242 -findirect-dispatch compilation from source
FAIL: PR242 -O3 compilation from source
FAIL: PR242 -O3 -findirect-dispatch compilation from source
FAIL: PR25535 compilation from source
FAIL: PR25535 -findirect-dispatch compilation from source
FAIL: PR25535 -O3 compilation from source
FAIL: PR25535 -O3 -findirect-dispatch compilation from source
FAIL: PR260 compilation from source
FAIL: PR260 -findirect-dispatch compilation from source
FAIL: PR260 -O3 compilation from source
FAIL: PR260 -O3 -findirect-dispatch compilation from source
FAIL: PR26858 compilation from source
FAIL: PR26858 -findirect-dispatch compilation from source
FAIL: PR26858 -O3 compilation from source
FAIL: PR26858 -O3 -findirect-dispatch compilation from source
FAIL: PR27908 compilation from source
FAIL: PR27908 -findirect-dispatch compilation from source
FAIL: PR27908 -O3 compilation from source
FAIL: PR27908 -O3 -findirect-dispatch compilation from source
FAIL: PR29013 compilation from source
FAIL: PR29013 -findirect-dispatch compilation from source
FAIL: PR29013 -O3 compilation from source
FAIL: PR29013 -O3 -findirect-dispatch compilation from source
FAIL: PR29495 compilation from source
FAIL: PR29495 -findirect-dispatch compilation from source
FAIL: PR29495 -O3 compilation from source
FAIL: PR29495 -O3 -findirect-dispatch compilation from source
FAIL: PR3096 compilation from source
FAIL: PR3096 -findirect-dispatch compilation from source
FAIL: PR3096 -O3 compilation from source
FAIL: PR3096 -O3 -findirect-dispatch compilation from source
FAIL: PR31264 compilation from source
FAIL: PR31264 -findirect-dispatch compilation from source
FAIL: PR31264 -O3 compilation from source
FAIL: PR31264 -O3 -findirect-dispatch compilation from source
FAIL: PR35020 compilation from source
FAIL: PR35020 -findirect-dispatch compilation from source
FAIL: PR35020 -O3 compilation from source
FAIL: PR35020 -O3 -findirect-dispatch compilation from source
FAIL: PR36252 compilation from source
FAIL: PR36252 -findirect-dispatch compilation from source
FAIL: PR36252 -O3 compilation from source
FAIL: PR36252 -O3 -findirect-dispatch compilation from source
FAIL: PR3731 compilation from source
FAIL: PR3731 -findirect-dispatch compilation from source
FAIL: PR3731 -O3 compilation from source
FAIL: PR3731 -O3 -findirect-dispatch compilation from source
FAIL: PR5057 compilation from source
FAIL: PR5057 -findirect-dispatch compilation from source
FAIL: PR5057 -O3 compilation from source
FAIL: PR5057 -O3 -findirect-dispatch compilation from source
FAIL: PR5057_2 compilation from source
FAIL: PR5057_2 -findirect-dispatch compilation from source
FAIL: PR5057_2 -O3 compilation from source
FAIL: PR5057_2 -O3 -findirect-dispatch compilation from source
FAIL: PR55 compilation from source
FAIL: PR55 -findirect-dispatch compilation from source
FAIL: PR55 -O3 compilation from source
FAIL: PR55 -O3 -findirect-dispatch compilation from source
FAIL: PR56 compilation from source
FAIL: PR56 -findirect-dispatch compilation from source
FAIL: PR56 -O3 compilation from source
FAIL: PR56 -O3 -findirect-dispatch compilation from source
FAIL: PR6085 compilation from source
FAIL: PR6085 -findirect-dispatch compilation from source
FAIL: PR6085 -O3 compilation from source
FAIL: PR6085 -O3 -findirect-dispatch compilation from source
FAIL: PR6204 compilation from source
FAIL: PR6204 -findirect-dispatch compilation from source
FAIL: PR6204 -O3 compilation from source
FAIL: PR6204 -O3 -findirect-dispatch compilation from source
FAIL: PR6729 compilation from source
FAIL: PR6729 -findirect-dispatch compilation from source
FAIL: PR6729 -O3 compilation from source
FAIL: PR6729 -O3 -findirect-dispatch compilation from source
FAIL: PR6820 compilation from source
FAIL: PR6820 -findirect-dispatch compilation from source
FAIL: PR6820 -O3 compilation from source
FAIL: PR6820 -O3 -findirect-dispatch compilation from source
FAIL: PR7482 compilation from source
FAIL: PR7482 -findirect-dispatch compilation from source
FAIL: PR7482 -O3 compilation from source
FAIL: PR7482 -O3 -findirect-dispatch compilation from source
FAIL: Process_1 compilation from source
FAIL: Process_1 -findirect-dispatch compilation from source
FAIL: Process_1 -O3 compilation from source
FAIL: Process_1 -O3 -findirect-dispatch compilation from source
FAIL: Process_2 compilation from source
FAIL: Process_2 -findirect-dispatch compilation from source
FAIL: Process_2 -O3 compilation from source
FAIL: Process_2 -O3 -findirect-dispatch compilation from source
FAIL: Process_3 compilation from source
FAIL: Process_3 -findirect-dispatch compilation from source
FAIL: Process_3 -O3 compilation from source
FAIL: Process_3 -O3 -findirect-dispatch compilation from source
FAIL: Process_4 compilation from source
FAIL: Process_4 -findirect-dispatch compilation from source
FAIL: Process_4 -O3 compilation from source
FAIL: Process_4 -O3 -findirect-dispatch compilation from source
FAIL: Process_5 compilation from source
FAIL: Process_5 -findirect-dispatch compilation from source
FAIL: Process_5 -O3 compilation from source
FAIL: Process_5 -O3 -findirect-dispatch compilation from source
FAIL: Process_6 compilation from source
FAIL: Process_6 -findirect-dispatch compilation from source
FAIL: Process_6 -O3 compilation from source
FAIL: Process_6 -O3 -findirect-dispatch compilation from source
FAIL: Process_7 compilation from source
FAIL: Process_7 -findirect-dispatch compilation from source
FAIL: Process_7 -O3 compilation from source
FAIL: Process_7 -O3 -findirect-dispatch compilation from source
FAIL: ProxyTest compilation from source
FAIL: ProxyTest -findirect-dispatch compilation from source
FAIL: ProxyTest -O3 compilation from source
FAIL: ProxyTest -O3 -findirect-dispatch compilation from source
FAIL: RH194522 compilation from source
FAIL: RH194522 -findirect-dispatch compilation from source
FAIL: RH194522 -O3 compilation from source
FAIL: RH194522 -O3 -findirect-dispatch compilation from source
FAIL: Serialization compilation from source
FAIL: Serialization -findirect-dispatch compilation from source
FAIL: Serialization -O3 compilation from source
FAIL: Serialization -O3 -findirect-dispatch compilation from source
FAIL: Shazam compilation from source
FAIL: Shazam -findirect-dispatch compilation from source
FAIL: Shazam -O3 compilation from source
FAIL: Shazam -O3 -findirect-dispatch compilation from source
FAIL: StackTrace2 compilation from source
FAIL: StackTrace2 -findirect-dispatch compilation from source
FAIL: StackTrace2 -O3 compilation from source
FAIL: StackTrace2 -O3 -findirect-dispatch compilation from source
FAIL: StaticConstructor compilation from source
FAIL: StaticConstructor -findirect-dispatch compilation from source
FAIL: StaticConstructor -O3 compilation from source
FAIL: StaticConstructor -O3 -findirect-dispatch compilation from source
FAIL: StringBuffer_1 compilation from source
FAIL: StringBuffer_1 -findirect-dispatch compilation from source
FAIL: StringBuffer_1 -O3 compilation from source
FAIL: StringBuffer_1 -O3 -findirect-dispatch compilation from source
FAIL: StringBuffer_overflow compilation from source
FAIL: StringBuffer_overflow -findirect-dispatch compilation from source
FAIL: StringBuffer_overflow -O3 compilation from source
FAIL: StringBuffer_overflow -O3 -findirect-dispatch compilation from source
FAIL: String_overflow compilation from source
FAIL: String_overflow -findirect-dispatch compilation from source
FAIL: String_overflow -O3 compilation from source
FAIL: String_overflow -O3 -findirect-dispatch compilation from source
FAIL: SyncGlobal compilation from source
FAIL: SyncGlobal -findirect-dispatch compilation from source
FAIL: SyncGlobal -O3 compilation from source
FAIL: SyncGlobal -O3 -findirect-dispatch compilation from source
FAIL: SyncTest compilation from source
FAIL: SyncTest -findirect-dispatch compilation from source
FAIL: SyncTest -O3 compilation from source
FAIL: SyncTest -O3 -findirect-dispatch compilation from source
FAIL: Synch compilation from source
FAIL: Synch -findirect-dispatch compilation from source
FAIL: Synch -O3 compilation from source
FAIL: Synch -O3 -findirect-dispatch compilation from source
FAIL: TLtest compilation from source
FAIL: TLtest -findirect-dispatch compilation from source
FAIL: TLtest -O3 compilation from source
FAIL: TLtest -O3 -findirect-dispatch compilation from source
FAIL: TestProxy compilation from source
FAIL: TestProxy -findirect-dispatch compilation from source
FAIL: TestProxy -O3 compilation from source
FAIL: TestProxy -O3 -findirect-dispatch compilation from source
FAIL: Thread_Alive compilation from source
FAIL: Thread_Alive -findirect-dispatch compilation from source
FAIL: Thread_Alive -O3 compilation from source
FAIL: Thread_Alive -O3 -findirect-dispatch compilation from source
FAIL: Thread_HoldsLock compilation from source
FAIL: Thread_HoldsLock -findirect-dispatch compilation from source
FAIL: Thread_HoldsLock -O3 compilation from source
FAIL: Thread_HoldsLock -O3 -findirect-dispatch compilation from source
FAIL: Thread_Interrupt compilation from source
FAIL: Thread_Interrupt -findirect-dispatch compilation from source
FAIL: Thread_Interrupt -O3 compilation from source
FAIL: Thread_Interrupt -O3 -findirect-dispatch compilation from source
FAIL: Thread_Join compilation from source
FAIL: Thread_Join -findirect-dispatch compilation from source
FAIL: Thread_Join -O3 compilation from source
FAIL: Thread_Join -O3 -findirect-dispatch compilation from source
FAIL: Thread_Monitor compilation from source
FAIL: Thread_Monitor -findirect-dispatch compilation from source
FAIL: Thread_Monitor -O3 compilation from source
FAIL: Thread_Monitor -O3 -findirect-dispatch compilation from source
FAIL: Thread_Sleep compilation from source
FAIL: Thread_Sleep -findirect-dispatch compilation from source
FAIL: Thread_Sleep -O3 compilation from source
FAIL: Thread_Sleep -O3 -findirect-dispatch compilation from source
FAIL: Thread_Sleep_2 compilation from source
FAIL: Thread_Sleep_2 -findirect-dispatch compilation from source
FAIL: Thread_Sleep_2 -O3 compilation from source
FAIL: Thread_Sleep_2 -O3 -findirect-dispatch compilation from source
FAIL: Thread_Wait compilation from source
FAIL: Thread_Wait -findirect-dispatch compilation from source
FAIL: Thread_Wait -O3 compilation from source
FAIL: Thread_Wait -O3 -findirect-dispatch compilation from source
FAIL: Thread_Wait_2 compilation from source
FAIL: Thread_Wait_2 -findirect-dispatch compilation from source
FAIL: Thread_Wait_2 -O3 compilation from source
FAIL: Thread_Wait_2 -O3 -findirect-dispatch compilation from source
FAIL: Thread_Wait_Interrupt compilation from source
FAIL: Thread_Wait_Interrupt -findirect-dispatch compilation from source
FAIL: Thread_Wait_Interrupt -O3 compilation from source
FAIL: Thread_Wait_Interrupt -O3 -findirect-dispatch compilation from source
FAIL: Throw_1 compilation from source
FAIL: Throw_1 -findirect-dispatch compilation from source
FAIL: Throw_1 -O3 compilation from source
FAIL: Throw_1 -O3 -findirect-dispatch compilation from source
FAIL: Throw_2 compilation from source
FAIL: Throw_2 -findirect-dispatch compilation from source
FAIL: Throw_2 -O3 compilation from source
FAIL: Throw_2 -O3 -findirect-dispatch compilation from source
FAIL: Throw_3 compilation from source
FAIL: Throw_3 -findirect-dispatch compilation from source
FAIL: Throw_3 -O3 compilation from source
FAIL: Throw_3 -O3 -findirect-dispatch compilation from source
FAIL: WalkerTest compilation from source
FAIL: WalkerTest -findirect-dispatch compilation from source
FAIL: WalkerTest -O3 compilation from source
FAIL: WalkerTest -O3 -findirect-dispatch compilation from source
FAIL: anfi compilation from source
FAIL: anfi -findirect-dispatch compilation from source
FAIL: anfi -O3 compilation from source
FAIL: anfi -O3 -findirect-dispatch compilation from source
FAIL: anon compilation from source
FAIL: anon -findirect-dispatch compilation from source
FAIL: anon -O3 compilation from source
FAIL: anon -O3 -findirect-dispatch compilation from source
FAIL: anon2 compilation from source
FAIL: anon2 -findirect-dispatch compilation from source
FAIL: anon2 -O3 compilation from source
FAIL: anon2 -O3 -findirect-dispatch compilation from source
FAIL: anon3 compilation from source
FAIL: anon3 -findirect-dispatch compilation from source
FAIL: anon3 -O3 compilation from source
FAIL: anon3 -O3 -findirect-dispatch compilation from source
FAIL: anon4 compilation from source
FAIL: anon4 -findirect-dispatch compilation from source
FAIL: anon4 -O3 compilation from source
FAIL: anon4 -O3 -findirect-dispatch compilation from source
FAIL: anon_ctor_itf_arg compilation from source
FAIL: anon_ctor_itf_arg -findirect-dispatch compilation from source
FAIL: anon_ctor_itf_arg -O3 compilation from source
FAIL: anon_ctor_itf_arg -O3 -findirect-dispatch compilation from source
FAIL: anonarray compilation from source
FAIL: anonarray -findirect-dispatch compilation from source
FAIL: anonarray -O3 compilation from source
FAIL: anonarray -O3 -findirect-dispatch compilation from source
FAIL: anonarray2 compilation from source
FAIL: anonarray2 -findirect-dispatch compilation from source
FAIL: anonarray2 -O3 compilation from source
FAIL: anonarray2 -O3 -findirect-dispatch compilation from source
FAIL: anonarray3 compilation from source
FAIL: anonarray3 -findirect-dispatch compilation from source
FAIL: anonarray3 -O3 compilation from source
FAIL: anonarray3 -O3 -findirect-dispatch compilation from source
FAIL: assign compilation from source
FAIL: assign -findirect-dispatch compilation from source
FAIL: assign -O3 compilation from source
FAIL: assign -O3 -findirect-dispatch compilation from source
FAIL: assign2 compilation from source
FAIL: assign2 -findirect-dispatch compilation from source
FAIL: assign2 -O3 compilation from source
FAIL: assign2 -O3 -findirect-dispatch compilation from source
FAIL: bclink compilation from source
FAIL: bclink -findirect-dispatch compilation from source
FAIL: bclink -O3 compilation from source
FAIL: bclink -O3 -findirect-dispatch compilation from source
FAIL: bytearray compilation from source
FAIL: bytearray -findirect-dispatch compilation from source
FAIL: bytearray -O3 compilation from source
FAIL: bytearray -O3 -findirect-dispatch compilation from source
FAIL: direct_read compilation from source
FAIL: direct_read -findirect-dispatch compilation from source
FAIL: direct_read -O3 compilation from source
FAIL: direct_read -O3 -findirect-dispatch compilation from source
FAIL: direct_write compilation from source
FAIL: direct_write -findirect-dispatch compilation from source
FAIL: direct_write -O3 compilation from source
FAIL: direct_write -O3 -findirect-dispatch compilation from source
FAIL: emptystring compilation from source
FAIL: emptystring -findirect-dispatch compilation from source
FAIL: emptystring -O3 compilation from source
FAIL: emptystring -O3 -findirect-dispatch compilation from source
FAIL: err1 compilation from source
FAIL: err1 -findirect-dispatch compilation from source
FAIL: err1 -O3 compilation from source
FAIL: err1 -O3 -findirect-dispatch compilation from source
FAIL: err10 compilation from source
FAIL: err10 -findirect-dispatch compilation from source
FAIL: err10 -O3 compilation from source
FAIL: err10 -O3 -findirect-dispatch compilation from source
FAIL: err11 compilation from source
FAIL: err11 -findirect-dispatch compilation from source
FAIL: err11 -O3 compilation from source
FAIL: err11 -O3 -findirect-dispatch compilation from source
FAIL: err12 compilation from source
FAIL: err12 -findirect-dispatch compilation from source
FAIL: err12 -O3 compilation from source
FAIL: err12 -O3 -findirect-dispatch compilation from source
FAIL: err13 compilation from source
FAIL: err13 -findirect-dispatch compilation from source
FAIL: err13 -O3 compilation from source
FAIL: err13 -O3 -findirect-dispatch compilation from source
FAIL: err14 compilation from source
FAIL: err14 -findirect-dispatch compilation from source
FAIL: err14 -O3 compilation from source
FAIL: err14 -O3 -findirect-dispatch compilation from source
FAIL: err2 compilation from source
FAIL: err2 -findirect-dispatch compilation from source
FAIL: err2 -O3 compilation from source
FAIL: err2 -O3 -findirect-dispatch compilation from source
FAIL: err3 compilation from source
FAIL: err3 -findirect-dispatch compilation from source
FAIL: err3 -O3 compilation from source
FAIL: err3 -O3 -findirect-dispatch compilation from source
FAIL: err4 compilation from source
FAIL: err4 -findirect-dispatch compilation from source
FAIL: err4 -O3 compilation from source
FAIL: err4 -O3 -findirect-dispatch compilation from source
FAIL: err5 compilation from source
FAIL: err5 -findirect-dispatch compilation from source
FAIL: err5 -O3 compilation from source
FAIL: err5 -O3 -findirect-dispatch compilation from source
FAIL: err6 compilation from source
FAIL: err6 -findirect-dispatch compilation from source
FAIL: err6 -O3 compilation from source
FAIL: err6 -O3 -findirect-dispatch compilation from source
FAIL: err7 compilation from source
FAIL: err7 -findirect-dispatch compilation from source
FAIL: err7 -O3 compilation from source
FAIL: err7 -O3 -findirect-dispatch compilation from source
FAIL: err8 compilation from source
FAIL: err8 -findirect-dispatch compilation from source
FAIL: err8 -O3 compilation from source
FAIL: err8 -O3 -findirect-dispatch compilation from source
FAIL: err9 compilation from source
FAIL: err9 -findirect-dispatch compilation from source
FAIL: err9 -O3 compilation from source
FAIL: err9 -O3 -findirect-dispatch compilation from source
FAIL: final_inner compilation from source
FAIL: final_inner -findirect-dispatch compilation from source
FAIL: final_inner -O3 compilation from source
FAIL: final_inner -O3 -findirect-dispatch compilation from source
FAIL: final_int compilation from source
FAIL: final_int -findirect-dispatch compilation from source
FAIL: final_int -O3 compilation from source
FAIL: final_int -O3 -findirect-dispatch compilation from source
FAIL: final_static_and_friend compilation from source
FAIL: final_static_and_friend -findirect-dispatch compilation from source
FAIL: final_static_and_friend -O3 compilation from source
FAIL: final_static_and_friend -O3 -findirect-dispatch compilation from source
FAIL: indirect compilation from source
FAIL: indirect -findirect-dispatch compilation from source
FAIL: indirect -O3 compilation from source
FAIL: indirect -O3 -findirect-dispatch compilation from source
FAIL: indirect_read compilation from source
FAIL: indirect_read -findirect-dispatch compilation from source
FAIL: indirect_read -O3 compilation from source
FAIL: indirect_read -O3 -findirect-dispatch compilation from source
FAIL: indirect_write compilation from source
FAIL: indirect_write -findirect-dispatch compilation from source
FAIL: indirect_write -O3 compilation from source
FAIL: indirect_write -O3 -findirect-dispatch compilation from source
FAIL: initexc compilation from source
FAIL: initexc -findirect-dispatch compilation from source
FAIL: initexc -O3 compilation from source
FAIL: initexc -O3 -findirect-dispatch compilation from source
FAIL: initfield compilation from source
FAIL: initfield -findirect-dispatch compilation from source
FAIL: initfield -O3 compilation from source
FAIL: initfield -O3 -findirect-dispatch compilation from source
FAIL: inline compilation from source
FAIL: inline -findirect-dispatch compilation from source
FAIL: inline -O3 compilation from source
FAIL: inline -O3 -findirect-dispatch compilation from source
FAIL: inner1 compilation from source
FAIL: inner1 -findirect-dispatch compilation from source
FAIL: inner1 -O3 compilation from source
FAIL: inner1 -O3 -findirect-dispatch compilation from source
FAIL: inner2 compilation from source
FAIL: inner2 -findirect-dispatch compilation from source
FAIL: inner2 -O3 compilation from source
FAIL: inner2 -O3 -findirect-dispatch compilation from source
FAIL: inner3 compilation from source
FAIL: inner3 -findirect-dispatch compilation from source
FAIL: inner3 -O3 compilation from source
FAIL: inner3 -O3 -findirect-dispatch compilation from source
FAIL: inner4 compilation from source
FAIL: inner4 -findirect-dispatch compilation from source
FAIL: inner4 -O3 compilation from source
FAIL: inner4 -O3 -findirect-dispatch compilation from source
FAIL: inner_array compilation from source
FAIL: inner_array -findirect-dispatch compilation from source
FAIL: inner_array -O3 compilation from source
FAIL: inner_array -O3 -findirect-dispatch compilation from source
FAIL: inner_interface compilation from source
FAIL: inner_interface -findirect-dispatch compilation from source
FAIL: inner_interface -O3 compilation from source
FAIL: inner_interface -O3 -findirect-dispatch compilation from source
FAIL: instance compilation from source
FAIL: instance -findirect-dispatch compilation from source
FAIL: instance -O3 compilation from source
FAIL: instance -O3 -findirect-dispatch compilation from source
FAIL: instinit compilation from source
FAIL: instinit -findirect-dispatch compilation from source
FAIL: instinit -O3 compilation from source
FAIL: instinit -O3 -findirect-dispatch compilation from source
FAIL: instinit2 compilation from source
FAIL: instinit2 -findirect-dispatch compilation from source
FAIL: instinit2 -O3 compilation from source
FAIL: instinit2 -O3 -findirect-dispatch compilation from source
FAIL: invoke_from_inner compilation from source
FAIL: invoke_from_inner -findirect-dispatch compilation from source
FAIL: invoke_from_inner -O3 compilation from source
FAIL: invoke_from_inner -O3 -findirect-dispatch compilation from source
FAIL: invokethrow compilation from source
FAIL: invokethrow -findirect-dispatch compilation from source
FAIL: invokethrow -O3 compilation from source
FAIL: invokethrow -O3 -findirect-dispatch compilation from source
FAIL: klass compilation from source
FAIL: klass -findirect-dispatch compilation from source
FAIL: klass -O3 compilation from source
FAIL: klass -O3 -findirect-dispatch compilation from source
FAIL: md5test compilation from source
FAIL: md5test -findirect-dispatch compilation from source
FAIL: md5test -O3 compilation from source
FAIL: md5test -O3 -findirect-dispatch compilation from source
FAIL: multiple_finit compilation from source
FAIL: multiple_finit -findirect-dispatch compilation from source
FAIL: multiple_finit -O3 compilation from source
FAIL: multiple_finit -O3 -findirect-dispatch compilation from source
FAIL: negzero compilation from source
FAIL: negzero -findirect-dispatch compilation from source
FAIL: negzero -O3 compilation from source
FAIL: negzero -O3 -findirect-dispatch compilation from source
FAIL: nested_with_ctor compilation from source
FAIL: nested_with_ctor -findirect-dispatch compilation from source
FAIL: nested_with_ctor -O3 compilation from source
FAIL: nested_with_ctor -O3 -findirect-dispatch compilation from source
FAIL: newarray_overflow compilation from source
FAIL: newarray_overflow -findirect-dispatch compilation from source
FAIL: newarray_overflow -O3 compilation from source
FAIL: newarray_overflow -O3 -findirect-dispatch compilation from source
FAIL: override compilation from source
FAIL: override -findirect-dispatch compilation from source
FAIL: override -O3 compilation from source
FAIL: override -O3 -findirect-dispatch compilation from source
FAIL: pr109 compilation from source
FAIL: pr109 -findirect-dispatch compilation from source
FAIL: pr109 -O3 compilation from source
FAIL: pr109 -O3 -findirect-dispatch compilation from source
FAIL: pr13107 compilation from source
FAIL: pr13107 -findirect-dispatch compilation from source
FAIL: pr13107 -O3 compilation from source
FAIL: pr13107 -O3 -findirect-dispatch compilation from source
FAIL: pr13107_2 compilation from source
FAIL: pr13107_2 -findirect-dispatch compilation from source
FAIL: pr13107_2 -O3 compilation from source
FAIL: pr13107_2 -O3 -findirect-dispatch compilation from source
FAIL: pr13107_3 compilation from source
FAIL: pr13107_3 -findirect-dispatch compilation from source
FAIL: pr13107_3 -O3 compilation from source
FAIL: pr13107_3 -O3 -findirect-dispatch compilation from source
FAIL: pr133 compilation from source
FAIL: pr133 -findirect-dispatch compilation from source
FAIL: pr133 -O3 compilation from source
FAIL: pr133 -O3 -findirect-dispatch compilation from source
FAIL: pr16789 compilation from source
FAIL: pr16789 -findirect-dispatch compilation from source
FAIL: pr16789 -O3 compilation from source
FAIL: pr16789 -O3 -findirect-dispatch compilation from source
FAIL: pr17536 compilation from source
FAIL: pr17536 -findirect-dispatch compilation from source
FAIL: pr17536 -O3 compilation from source
FAIL: pr17536 -O3 -findirect-dispatch compilation from source
FAIL: pr179 compilation from source
FAIL: pr179 -findirect-dispatch compilation from source
FAIL: pr179 -O3 compilation from source
FAIL: pr179 -O3 -findirect-dispatch compilation from source
FAIL: pr184 compilation from source
FAIL: pr184 -findirect-dispatch compilation from source
FAIL: pr184 -O3 compilation from source
FAIL: pr184 -O3 -findirect-dispatch compilation from source
FAIL: pr21785 compilation from source
FAIL: pr21785 -findirect-dispatch compilation from source
FAIL: pr21785 -O3 compilation from source
FAIL: pr21785 -O3 -findirect-dispatch compilation from source
FAIL: pr21844 compilation from source
FAIL: pr21844 -findirect-dispatch compilation from source
FAIL: pr21844 -O3 compilation from source
FAIL: pr21844 -O3 -findirect-dispatch compilation from source
FAIL: pr24321 compilation from source
FAIL: pr24321 -findirect-dispatch compilation from source
FAIL: pr24321 -O3 compilation from source
FAIL: pr24321 -O3 -findirect-dispatch compilation from source
FAIL: pr25676 compilation from source
FAIL: pr25676 -findirect-dispatch compilation from source
FAIL: pr25676 -O3 compilation from source
FAIL: pr25676 -O3 -findirect-dispatch compilation from source
FAIL: pr26390 compilation from source
FAIL: pr26390 -findirect-dispatch compilation from source
FAIL: pr26390 -O3 compilation from source
FAIL: pr26390 -O3 -findirect-dispatch compilation from source
FAIL: pr26990 compilation from source
FAIL: pr26990 -findirect-dispatch compilation from source
FAIL: pr26990 -O3 compilation from source
FAIL: pr26990 -O3 -findirect-dispatch compilation from source
FAIL: pr27171 compilation from source
FAIL: pr27171 -findirect-dispatch compilation from source
FAIL: pr27171 -O3 compilation from source
FAIL: pr27171 -O3 -findirect-dispatch compilation from source
FAIL: pr6388 compilation from source
FAIL: pr6388 -findirect-dispatch compilation from source
FAIL: pr6388 -O3 compilation from source
FAIL: pr6388 -O3 -findirect-dispatch compilation from source
FAIL: pr83 compilation from source
FAIL: pr83 -findirect-dispatch compilation from source
FAIL: pr83 -O3 compilation from source
FAIL: pr83 -O3 -findirect-dispatch compilation from source
FAIL: pr8415 compilation from source
FAIL: pr8415 -findirect-dispatch compilation from source
FAIL: pr8415 -O3 compilation from source
FAIL: pr8415 -O3 -findirect-dispatch compilation from source
FAIL: pr8676 compilation from source
FAIL: pr8676 -findirect-dispatch compilation from source
FAIL: pr8676 -O3 compilation from source
FAIL: pr8676 -O3 -findirect-dispatch compilation from source
FAIL: pr8823 compilation from source
FAIL: pr8823 -findirect-dispatch compilation from source
FAIL: pr8823 -O3 compilation from source
FAIL: pr8823 -O3 -findirect-dispatch compilation from source
FAIL: pr8945 compilation from source
FAIL: pr8945 -findirect-dispatch compilation from source
FAIL: pr8945 -O3 compilation from source
FAIL: pr8945 -O3 -findirect-dispatch compilation from source
FAIL: private_direct_read compilation from source
FAIL: private_direct_read -findirect-dispatch compilation from source
FAIL: private_direct_read -O3 compilation from source
FAIL: private_direct_read -O3 -findirect-dispatch compilation from source
FAIL: search_outer compilation from source
FAIL: search_outer -findirect-dispatch compilation from source
FAIL: search_outer -O3 compilation from source
FAIL: search_outer -O3 -findirect-dispatch compilation from source
FAIL: shatest compilation from source
FAIL: shatest -findirect-dispatch compilation from source
FAIL: shatest -O3 compilation from source
FAIL: shatest -O3 -findirect-dispatch compilation from source
FAIL: stacktrace compilation from source
FAIL: stacktrace -findirect-dispatch compilation from source
FAIL: stacktrace -O3 compilation from source
FAIL: stacktrace -O3 -findirect-dispatch compilation from source
FAIL: stringconst compilation from source
FAIL: stringconst -findirect-dispatch compilation from source
FAIL: stringconst -O3 compilation from source
FAIL: stringconst -O3 -findirect-dispatch compilation from source
FAIL: stringconst2 compilation from source
FAIL: stringconst2 -findirect-dispatch compilation from source
FAIL: stringconst2 -O3 compilation from source
FAIL: stringconst2 -O3 -findirect-dispatch compilation from source
FAIL: stub compilation from source
FAIL: stub -findirect-dispatch compilation from source
FAIL: stub -O3 compilation from source
FAIL: stub -O3 -findirect-dispatch compilation from source
FAIL: test_long compilation from source
FAIL: test_long -findirect-dispatch compilation from source
FAIL: test_long -O3 compilation from source
FAIL: test_long -O3 -findirect-dispatch compilation from source
FAIL: tmi compilation from source
FAIL: tmi -findirect-dispatch compilation from source
FAIL: tmi -O3 compilation from source
FAIL: tmi -O3 -findirect-dispatch compilation from source
FAIL: tp compilation from source
FAIL: tp -findirect-dispatch compilation from source
FAIL: tp -O3 compilation from source
FAIL: tp -O3 -findirect-dispatch compilation from source
FAIL: update_outer compilation from source
FAIL: update_outer -findirect-dispatch compilation from source
FAIL: update_outer -O3 compilation from source
FAIL: update_outer -O3 -findirect-dispatch compilation from source
FAIL: utf8concat compilation from source
FAIL: utf8concat -findirect-dispatch compilation from source
FAIL: utf8concat -O3 compilation from source
FAIL: utf8concat -O3 -findirect-dispatch compilation from source
FAIL: utilTest compilation from source
FAIL: utilTest -findirect-dispatch compilation from source
FAIL: utilTest -O3 compilation from source
FAIL: utilTest -O3 -findirect-dispatch compilation from source
FAIL: verify compilation from source
FAIL: verify -findirect-dispatch compilation from source
FAIL: verify -O3 compilation from source
FAIL: verify -O3 -findirect-dispatch compilation from source
FAIL: TestEarlyGC compilation from source
FAIL: TestLeak compilation from source
FAIL: TestMultiple compilation from source
FAIL: TestParent compilation from source

		=== libjava Summary for unix/-m64 ===

# of expected passes		50
# of unexpected failures	837
# of expected failures		35
# of untested testcases		1598

		=== libjava Summary ===

# of expected passes		99
# of unexpected failures	1674
# of expected failures		70
# of untested testcases		3195
		=== libstdc++ tests ===


Running target unix
WARNING: program timed out.
FAIL: 21_strings/basic_string/inserters_extractors/wchar_t/28277.cc execution test
WARNING: program timed out.
FAIL: 23_containers/vector/bool/modifiers/insert/31370.cc execution test
WARNING: program timed out.
FAIL: 27_io/basic_ostream/inserters_character/wchar_t/28277-3.cc execution test
WARNING: program timed out.
FAIL: 27_io/basic_ostream/inserters_character/wchar_t/28277-4.cc execution test
WARNING: program timed out.
FAIL: ext/vstring/inserters_extractors/wchar_t/28277.cc execution test

		=== libstdc++ Summary for unix ===

# of expected passes		5432
# of unexpected failures	5
# of expected failures		74
# of unsupported tests		546

Running target unix/-m64
WARNING: program timed out.
FAIL: 21_strings/basic_string/inserters_extractors/wchar_t/28277.cc execution test
WARNING: program timed out.
FAIL: 27_io/basic_ostream/inserters_character/wchar_t/28277-3.cc execution test
WARNING: program timed out.
FAIL: 27_io/basic_ostream/inserters_character/wchar_t/28277-4.cc execution test
WARNING: program timed out.
FAIL: ext/vstring/inserters_extractors/wchar_t/28277.cc execution test

		=== libstdc++ Summary for unix/-m64 ===

# of expected passes		5433
# of unexpected failures	4
# of expected failures		74
# of unsupported tests		546

		=== libstdc++ Summary ===

# of expected passes		10865
# of unexpected failures	9
# of expected failures		148
# of unsupported tests		1092

Compiler version: 4.4.0 (GCC) 
Platform: sparc-sun-solaris2.7
configure flags: --prefix=/usr/tgcware/gcc-4.4.0 --with-local-prefix=/usr/tgcware/gcc-4.4.0 --with-libiconv-prefix=/usr/tgcware --with-gmp=/usr/tgcware --with-mpfr=/usr/tgcware --disable-nls --enable-shared --without-gnu-ld --with-ld=/usr/ccs/bin/ld --enable-languages=c,ada,c++,fortran,java,objc,obj-c++ --without-gnu-as --with-as=/usr/ccs/bin/as --with-x --with-java-awt=xlib


Index Nav: [Date Index] [Subject Index] [Author Index] [Thread Index]
Message Nav: [Date Prev] [Date Next] [Thread Prev] [Thread Next]