This is the mail archive of the gcc-testresults@gcc.gnu.org mailing list for the GCC project.


Index Nav: [Date Index] [Subject Index] [Author Index] [Thread Index]
Message Nav: [Date Prev] [Date Next] [Thread Prev] [Thread Next]
Other format: [Raw text]

Results for 4.5.0 20090619 (experimental) [gcc-in-cxx revision 148953] (GCC) testsuite on x86_64-unknown-linux-gnu


LAST_UPDATED: Thu Jun 25 21:24:40 UTC 2009 (revision 148953)

		=== acats tests ===
FAIL:	c940005
FAIL:	c940007

		=== acats Summary ===
# of expected passes		2313
# of unexpected failures	2
Native configuration is x86_64-unknown-linux-gnu

		=== gcc tests ===


Running target unix
XPASS: gcc.dg/Warray-bounds.c  (test for warnings, line 59)
XPASS: gcc.dg/Warray-bounds.c  (test for warnings, line 65)
FAIL: gcc.dg/Wshadow-3.c  (test for warnings, line 47)
FAIL: gcc.dg/Wshadow-3.c (test for excess errors)
FAIL: gcc.dg/pr34989-1.c (internal compiler error)
FAIL: gcc.dg/pr34989-1.c (test for excess errors)
FAIL: gcc.dg/pr36902.c  (test for warnings, line 47)
FAIL: gcc.dg/pr36902.c (test for excess errors)
FAIL: gcc.dg/plugin/self-assign-test-1.c -fplugin=./selfassign.so  (test for warnings, line 15)
FAIL: gcc.dg/plugin/self-assign-test-1.c -fplugin=./selfassign.so  (test for warnings, line 19)
FAIL: gcc.dg/plugin/self-assign-test-1.c -fplugin=./selfassign.so  (test for warnings, line 20)
FAIL: gcc.dg/plugin/self-assign-test-1.c -fplugin=./selfassign.so  (test for warnings, line 21)
FAIL: gcc.dg/plugin/self-assign-test-1.c -fplugin=./selfassign.so  (test for warnings, line 22)
FAIL: gcc.dg/plugin/self-assign-test-1.c -fplugin=./selfassign.so (test for excess errors)
FAIL: gcc.dg/plugin/self-assign-test-2.c -fplugin=./selfassign.so (test for excess errors)
FAIL: gcc.dg/plugin/ggcplug-test-1.c -fplugin=./ggcplug.so (test for excess errors)
FAIL: gcc.dg/plugin/one_time-test-1.c -fplugin=./one_time_plugin.so (test for excess errors)
XPASS: gcc.dg/struct/wo_prof_array_through_pointer.c scan-ipa-dump ipa_struct_reorg "Number of structures to transform is 1"
FAIL: gcc.dg/struct/wo_prof_double_malloc.c (internal compiler error)
FAIL: gcc.dg/struct/wo_prof_double_malloc.c (test for excess errors)
UNRESOLVED: gcc.dg/struct/wo_prof_double_malloc.c compilation failed to produce executable
FAIL: gcc.dg/tree-prof/bb-reorg.c compilation,  -fprofile-use -D_PROFILE_USE
UNRESOLVED: gcc.dg/tree-prof/bb-reorg.c execution,    -fprofile-use -D_PROFILE_USE
FAIL: gcc.dg/tree-prof/pr34999.c compilation,  -fprofile-use -D_PROFILE_USE
UNRESOLVED: gcc.dg/tree-prof/pr34999.c execution,    -fprofile-use -D_PROFILE_USE
FAIL: gcc.dg/tree-ssa/ldist-11.c scan-tree-dump-times ldist "distributed: split to 2 loops" 1
FAIL: gcc.dg/tree-ssa/ldist-12.c scan-tree-dump-times ldist "distributed: split to 2 loops" 1
FAIL: gcc.dg/tree-ssa/ldist-4.c scan-tree-dump-times ldist "distributed: split to 2 loops" 1

		=== gcc Summary ===

# of expected passes		56345
# of unexpected failures	22
# of unexpected successes	3
# of expected failures		194
# of unresolved testcases	3
# of unsupported tests		1371
/home/guerby/cxx/build4/gcc/xgcc  version 4.5.0 20090619 (experimental) [gcc-in-cxx revision 148953] (GCC) 

		=== g++ tests ===


Running target unix
FAIL: g++.dg/plugin/attribute_plugin-test-1.C -fplugin=./attribute_plugin.so  (test for warnings, line 1)
FAIL: g++.dg/plugin/attribute_plugin-test-1.C -fplugin=./attribute_plugin.so  (test for warnings, line 7)
FAIL: g++.dg/plugin/attribute_plugin-test-1.C -fplugin=./attribute_plugin.so  (test for warnings, line 7)
FAIL: g++.dg/plugin/attribute_plugin-test-1.C -fplugin=./attribute_plugin.so  (test for warnings, line 16)
FAIL: g++.dg/plugin/attribute_plugin-test-1.C -fplugin=./attribute_plugin.so (test for excess errors)
FAIL: g++.dg/plugin/self-assign-test-1.C -fplugin=./selfassign.so  (test for warnings, line 10)
FAIL: g++.dg/plugin/self-assign-test-1.C -fplugin=./selfassign.so  (test for warnings, line 13)
FAIL: g++.dg/plugin/self-assign-test-1.C -fplugin=./selfassign.so  (test for warnings, line 26)
FAIL: g++.dg/plugin/self-assign-test-1.C -fplugin=./selfassign.so  (test for warnings, line 27)
FAIL: g++.dg/plugin/self-assign-test-1.C -fplugin=./selfassign.so  (test for warnings, line 33)
FAIL: g++.dg/plugin/self-assign-test-1.C -fplugin=./selfassign.so  (test for warnings, line 34)
FAIL: g++.dg/plugin/self-assign-test-1.C -fplugin=./selfassign.so  (test for warnings, line 40)
FAIL: g++.dg/plugin/self-assign-test-1.C -fplugin=./selfassign.so  (test for warnings, line 41)
FAIL: g++.dg/plugin/self-assign-test-1.C -fplugin=./selfassign.so  (test for warnings, line 42)
FAIL: g++.dg/plugin/self-assign-test-1.C -fplugin=./selfassign.so  (test for warnings, line 43)
FAIL: g++.dg/plugin/self-assign-test-1.C -fplugin=./selfassign.so  (test for warnings, line 44)
FAIL: g++.dg/plugin/self-assign-test-1.C -fplugin=./selfassign.so  (test for warnings, line 46)
FAIL: g++.dg/plugin/self-assign-test-1.C -fplugin=./selfassign.so  (test for warnings, line 47)
FAIL: g++.dg/plugin/self-assign-test-1.C -fplugin=./selfassign.so (test for excess errors)
FAIL: g++.dg/plugin/self-assign-test-2.C -fplugin=./selfassign.so  (test for warnings, line 10)
FAIL: g++.dg/plugin/self-assign-test-2.C -fplugin=./selfassign.so  (test for warnings, line 13)
FAIL: g++.dg/plugin/self-assign-test-2.C -fplugin=./selfassign.so  (test for warnings, line 26)
FAIL: g++.dg/plugin/self-assign-test-2.C -fplugin=./selfassign.so  (test for warnings, line 27)
FAIL: g++.dg/plugin/self-assign-test-2.C -fplugin=./selfassign.so  (test for warnings, line 33)
FAIL: g++.dg/plugin/self-assign-test-2.C -fplugin=./selfassign.so  (test for warnings, line 34)
FAIL: g++.dg/plugin/self-assign-test-2.C -fplugin=./selfassign.so  (test for warnings, line 40)
FAIL: g++.dg/plugin/self-assign-test-2.C -fplugin=./selfassign.so  (test for warnings, line 41)
FAIL: g++.dg/plugin/self-assign-test-2.C -fplugin=./selfassign.so  (test for warnings, line 42)
FAIL: g++.dg/plugin/self-assign-test-2.C -fplugin=./selfassign.so  (test for warnings, line 46)
FAIL: g++.dg/plugin/self-assign-test-2.C -fplugin=./selfassign.so  (test for warnings, line 47)
FAIL: g++.dg/plugin/self-assign-test-2.C -fplugin=./selfassign.so (test for excess errors)
FAIL: g++.dg/plugin/self-assign-test-3.C -fplugin=./selfassign.so (test for excess errors)
FAIL: g++.dg/plugin/dumb-plugin-test-1.C -fplugin=./dumb_plugin.so  (test for warnings, line 10)
FAIL: g++.dg/plugin/dumb-plugin-test-1.C -fplugin=./dumb_plugin.so  (test for warnings, line 14)
FAIL: g++.dg/plugin/dumb-plugin-test-1.C -fplugin=./dumb_plugin.so  (test for warnings, line 18)
FAIL: g++.dg/plugin/dumb-plugin-test-1.C -fplugin=./dumb_plugin.so  (test for warnings, line 19)
FAIL: g++.dg/plugin/dumb-plugin-test-1.C -fplugin=./dumb_plugin.so  (test for warnings, line 24)
FAIL: g++.dg/plugin/dumb-plugin-test-1.C -fplugin=./dumb_plugin.so  (test for warnings, line 50)
FAIL: g++.dg/plugin/dumb-plugin-test-1.C -fplugin=./dumb_plugin.so  (test for warnings, line 50)
FAIL: g++.dg/plugin/dumb-plugin-test-1.C -fplugin=./dumb_plugin.so  (test for warnings, line 50)
FAIL: g++.dg/plugin/dumb-plugin-test-1.C -fplugin=./dumb_plugin.so (test for excess errors)

		=== g++ Summary ===

# of expected passes		19801
# of unexpected failures	41
# of expected failures		148
# of unsupported tests		265
/home/guerby/cxx/build4/gcc/testsuite/g++/../../g++  version 4.5.0 20090619 (experimental) [gcc-in-cxx revision 148953] (GCC) 

		=== gnat tests ===


Running target unix

		=== gnat Summary ===

# of expected passes		659
# of expected failures		5
		=== libgomp tests ===


Running target unix
FAIL: libgomp.c++/task-4.C  -O  (internal compiler error)
FAIL: libgomp.c++/task-4.C  -O  (test for excess errors)
UNRESOLVED: libgomp.c++/task-4.C  -O  compilation failed to produce executable

		=== libgomp Summary ===

# of expected passes		1005
# of unexpected failures	2
# of unresolved testcases	1
		=== libmudflap tests ===


Running target unix
FAIL: libmudflap.c++/pass41-frag.cxx execution test
FAIL: libmudflap.c++/pass41-frag.cxx (-static) execution test
FAIL: libmudflap.c++/pass41-frag.cxx ( -O) execution test
FAIL: libmudflap.c++/pass41-frag.cxx (-O2) execution test
FAIL: libmudflap.c++/pass41-frag.cxx (-O3) execution test
WARNING: program timed out.
FAIL: libmudflap.cth/pass37-frag.c (-static -DSTATIC) (rerun 5) execution test

		=== libmudflap Summary ===

# of expected passes		1888
# of unexpected failures	6
		=== libstdc++ tests ===


Running target unix
FAIL: abi_check
FAIL: 22_locale/time_get/get_date/wchar_t/4.cc execution test
XPASS: 26_numerics/headers/cmath/c99_classification_macros_c.cc (test for excess errors)

		=== libstdc++ Summary ===

# of expected passes		6750
# of unexpected failures	2
# of unexpected successes	1
# of expected failures		81
# of unsupported tests		15

Compiler version: 4.5.0 20090619 (experimental) [gcc-in-cxx revision 148953] (GCC) 
Platform: x86_64-unknown-linux-gnu
configure flags: --enable-languages=c,c++,ada --enable-__cxa_atexit --disable-nls --enable-threads=posix --with-mpfr=/opt/cfarm/mpfr-2.4.1/ --with-gmp=/opt/cfarm/gmp-4.2.4/ --prefix=/n/16/guerby/cxx/install4 --enable-build-with-cxx


Index Nav: [Date Index] [Subject Index] [Author Index] [Thread Index]
Message Nav: [Date Prev] [Date Next] [Thread Prev] [Thread Next]