This is the mail archive of the gcc-testresults@gcc.gnu.org mailing list for the GCC project.


Index Nav: [Date Index] [Subject Index] [Author Index] [Thread Index]
Message Nav: [Date Prev] [Date Next] [Thread Prev] [Thread Next]
Other format: [Raw text]

Results for 4.4.0 (GCC) testsuite on i386-pc-solaris2.10


Build info :
----------------------------------------
$ uname -a
SunOS unknown 5.10 Generic_138889-06 i86pc i386 i86pc

$ cat /etc/release
                       Solaris 10 10/08 s10x_u6wos_07b X86
           Copyright 2008 Sun Microsystems, Inc.  All Rights Reserved.
                        Use is subject to license terms.
                            Assembled 27 October 2008


$ /usr/sfw/bin/gas --version
GNU assembler 2.15
Copyright 2002 Free Software Foundation, Inc.
This program is free software; you may redistribute it under the terms of
the GNU General Public License.  This program has absolutely no warranty.
This assembler was configured for a target of `i386-pc-solaris2.10'.

$ /usr/ccs/bin/ld -V
ld: Software Generation Utilities - Solaris Link Editors: 5.10-1.490

$ psrinfo -pv
The physical processor has 1 virtual processor (0)
  x86 (AuthenticAMD family 16 model 2 step 3 clock 2200 MHz)
        AMD Phenom(tm) 9550 Quad-Core Processor

Bootstraped with :

$ /usr/local/bin/gcc -v
Using built-in specs.
Target: i686-pc-solaris2.10
Configured with: ./gcc-4.3.3/configure --build=i686-pc-solaris2.10
--with-gnu-as --with-as=/usr/sfw/bin/gas --without-gnu-ld
--with-ld=/usr/ccs/bin/ld --enable-shared
--enable-languages=c,c++,fortran --prefix=/usr/local
--libdir=/usr/local/lib --with-gmp=/usr/local --with-mpfr=/usr/local
--disable-nls --enable-checking=release --enable-werror=no
--with-as=/usr/sfw/bin/gas --verbose --disable-multilib
--disable-bootstrap : (reconfigured) ./gcc-4.3.3/configure
--build=i686-pc-solaris2.10 --with-gnu-as --with-as=/usr/sfw/bin/gas
--without-gnu-ld --with-ld=/usr/ccs/bin/ld --enable-shared
--enable-languages=c,c++,fortran --prefix=/usr/local
--libdir=/usr/local/lib --with-gmp=/usr/local --with-mpfr=/usr/local
--disable-nls --enable-checking=release --enable-werror=no
--with-as=/usr/sfw/bin/gas --verbose --disable-multilib
--disable-bootstrap
Thread model: posix
gcc version 4.3.3 (GCC)
----------------------------------------

LAST_UPDATED: Obtained from SVN: tags/gcc_4_4_0_release revision 146514

Native configuration is i386-pc-solaris2.10

		=== g++ tests ===


Running target unix
FAIL: g++.dg/ext/visibility/fvisibility-inlines-hidden-2.C scan-not-hidden
FAIL: g++.dg/ext/visibility/fvisibility-inlines-hidden-3.C scan-not-hidden
FAIL: g++.dg/ext/visibility/fvisibility-inlines-hidden-3.C scan-not-hidden
FAIL: g++.dg/ext/visibility/fvisibility-override1.C scan-not-hidden
FAIL: g++.dg/ext/visibility/fvisibility-override2.C scan-not-hidden
FAIL: g++.dg/ext/visibility/guard1.C scan-not-hidden
FAIL: g++.dg/ext/visibility/ms-compat-1.C scan-not-hidden
FAIL: g++.dg/ext/visibility/ms-compat-1.C scan-not-hidden
FAIL: g++.dg/ext/visibility/ms-compat-1.C scan-not-hidden
FAIL: g++.dg/ext/visibility/namespace1.C scan-not-hidden
FAIL: g++.dg/ext/visibility/new1.C scan-not-hidden
FAIL: g++.dg/ext/visibility/template1.C scan-not-hidden
FAIL: g++.dg/ext/visibility/template1.C scan-not-hidden
FAIL: g++.dg/ext/visibility/template2.C scan-not-hidden
FAIL: g++.dg/ext/visibility/template2.C scan-not-hidden
FAIL: g++.dg/ext/visibility/template3.C scan-not-hidden
FAIL: g++.dg/ext/visibility/template3.C scan-not-hidden
FAIL: g++.dg/ext/visibility/template4.C scan-not-hidden
FAIL: g++.dg/ext/visibility/template4.C scan-not-hidden
FAIL: g++.dg/ext/visibility/template4.C scan-not-hidden
FAIL: g++.dg/ext/visibility/template4.C scan-not-hidden
FAIL: g++.dg/ext/visibility/template6.C scan-not-hidden
FAIL: g++.dg/ext/visibility/typeinfo1.C scan-not-hidden
FAIL: g++.dg/ext/visibility/typeinfo1.C scan-not-hidden
FAIL: g++.dg/ext/visibility/typeinfo2.C scan-not-hidden
FAIL: g++.dg/ext/visibility/typeinfo3.C scan-not-hidden
FAIL: g++.dg/ext/visibility/typeinfo3.C scan-not-hidden
FAIL: g++.dg/ext/visibility/warn3.C scan-not-hidden
XPASS: g++.dg/other/ucnid-1.C (test for excess errors)
FAIL: g++.old-deja/g++.mike/visibility-1.C scan-not-hidden
XPASS: g++.old-deja/g++.oliva/dwarf2.C (test for excess errors)
XPASS: g++.old-deja/g++.oliva/dwarf3.C (test for excess errors)
XPASS: g++.old-deja/g++.other/init19.C execution test

		=== g++ Summary ===

# of expected passes		19564
# of unexpected failures	29
# of unexpected successes	4
# of expected failures		143
# of unsupported tests		136
/build/gcc44/gcc/testsuite/g++/../../g++  version 4.4.0 (GCC)

		=== gcc tests ===


Running target unix
XPASS: gcc.dg/ucnid-2.c (test for excess errors)
XPASS: gcc.dg/ucnid-3.c (test for excess errors)
XPASS: gcc.dg/ucnid-4.c (test for excess errors)
FAIL: gcc.dg/visibility-d.c scan-not-hidden
FAIL: gcc.dg/visibility-d.c scan-not-hidden
FAIL: gcc.dg/visibility-d.c scan-not-hidden
FAIL: gcc.dg/visibility-d.c scan-not-hidden
FAIL: gcc.dg/visibility-d.c scan-not-hidden
FAIL: gcc.dg/visibility-d.c scan-not-hidden
FAIL: gcc.dg/visibility-d.c scan-not-hidden
FAIL: gcc.dg/visibility-d.c scan-not-hidden
FAIL: gcc.dg/visibility-d.c scan-not-hidden
FAIL: gcc.dg/visibility-d.c scan-not-hidden
FAIL: gcc.dg/visibility-d.c scan-not-hidden
FAIL: gcc.dg/visibility-d.c scan-not-hidden
FAIL: gcc.dg/visibility-d.c scan-not-hidden
FAIL: gcc.dg/visibility-d.c scan-not-hidden
FAIL: gcc.dg/visibility-d.c scan-not-hidden
FAIL: gcc.dg/visibility-d.c scan-not-hidden
FAIL: gcc.dg/visibility-d.c scan-not-hidden
FAIL: gcc.dg/visibility-d.c scan-not-hidden
FAIL: gcc.dg/visibility-d.c scan-not-hidden
FAIL: gcc.dg/visibility-d.c scan-not-hidden
FAIL: gcc.dg/visibility-d.c scan-not-hidden
FAIL: gcc.dg/visibility-d.c scan-not-hidden
FAIL: gcc.dg/visibility-d.c scan-not-hidden
FAIL: gcc.dg/visibility-d.c scan-not-hidden
FAIL: gcc.dg/visibility-d.c scan-not-hidden
FAIL: gcc.dg/visibility-d.c scan-not-hidden
FAIL: gcc.dg/visibility-d.c scan-not-hidden
FAIL: gcc.dg/visibility-d.c scan-not-hidden
FAIL: gcc.dg/visibility-d.c scan-not-hidden
FAIL: gcc.dg/visibility-d.c scan-not-hidden
WARNING: program timed out.
ERROR: tcl error sourcing
/build/gcc44/gcc-4.4.0/gcc/testsuite/gcc.dg/pch/pch.exp.
ERROR: couldn't fork child process: resource temporarily unavailable
FAIL: gcc.dg/special/20000419-2.c (test for excess errors)
FAIL: gcc.dg/special/alias-1.c (test for excess errors)
FAIL: gcc.dg/special/alias-2.c (test for excess errors)
WARNING: gcc.dg/special/alias-2.c compilation failed to produce executable
FAIL: gcc.dg/special/weak-1.c (test for excess errors)
WARNING: gcc.dg/special/weak-1.c compilation failed to produce executable
FAIL: gcc.dg/special/weak-2.c (test for excess errors)
WARNING: gcc.dg/special/weak-2.c compilation failed to produce executable
FAIL: gcc.dg/special/wkali-1.c (test for excess errors)
FAIL: gcc.dg/special/wkali-2.c (test for excess errors)
WARNING: gcc.dg/special/wkali-2.c compilation failed to produce executable
FAIL: gcc.dg/struct/wo_prof_array_field.c (test for excess errors)
WARNING: gcc.dg/struct/wo_prof_array_field.c compilation failed to
produce executable
FAIL: gcc.dg/struct/wo_prof_array_field.c scan-ipa-dump
ipa_struct_reorg "Number of structures to transform is 1": dump file
does not exist
FAIL: gcc.dg/struct/wo_prof_array_through_pointer.c (test for excess errors)
WARNING: gcc.dg/struct/wo_prof_array_through_pointer.c compilation
failed to produce executable
FAIL: gcc.dg/struct/wo_prof_double_malloc.c (test for excess errors)
WARNING: gcc.dg/struct/wo_prof_double_malloc.c compilation failed to
produce executable
FAIL: gcc.dg/struct/wo_prof_double_malloc.c scan-ipa-dump
ipa_struct_reorg "Number of structures to transform is 1": dump file
does not exist
FAIL: gcc.dg/struct/wo_prof_escape_arg_to_local.c (test for excess errors)
WARNING: gcc.dg/struct/wo_prof_escape_arg_to_local.c compilation
failed to produce executable
FAIL: gcc.dg/struct/wo_prof_escape_arg_to_local.c scan-ipa-dump
ipa_struct_reorg "is passed to local function...Excluded.": dump file
does not exist
FAIL: gcc.dg/struct/wo_prof_escape_return.c (test for excess errors)
WARNING: gcc.dg/struct/wo_prof_escape_return.c compilation failed to
produce executable
FAIL: gcc.dg/struct/wo_prof_escape_return.c scan-ipa-dump
ipa_struct_reorg "is return type of function...Excluded": dump file
does not exist
FAIL: gcc.dg/struct/wo_prof_escape_str_init.c (test for excess errors)
WARNING: gcc.dg/struct/wo_prof_escape_str_init.c compilation failed to
produce executable
FAIL: gcc.dg/struct/wo_prof_escape_str_init.c scan-ipa-dump
ipa_struct_reorg "is initialized...Excluded": dump file does not exist
FAIL: gcc.dg/struct/wo_prof_escape_substr_array.c (test for excess errors)
WARNING: gcc.dg/struct/wo_prof_escape_substr_array.c compilation
failed to produce executable
FAIL: gcc.dg/struct/wo_prof_escape_substr_array.c scan-ipa-dump
ipa_struct_reorg "is a field in the structure": dump file does not
exist
FAIL: gcc.dg/struct/wo_prof_escape_substr_pointer.c (test for excess errors)
WARNING: gcc.dg/struct/wo_prof_escape_substr_pointer.c compilation
failed to produce executable
FAIL: gcc.dg/struct/wo_prof_escape_substr_pointer.c scan-ipa-dump
ipa_struct_reorg "is a field in the structure": dump file does not
exist
FAIL: gcc.dg/struct/wo_prof_escape_substr_value.c (test for excess errors)
WARNING: gcc.dg/struct/wo_prof_escape_substr_value.c compilation
failed to produce executable
FAIL: gcc.dg/struct/wo_prof_escape_substr_value.c scan-ipa-dump
ipa_struct_reorg "is a field in the structure": dump file does not
exist
FAIL: gcc.dg/struct/wo_prof_global_array.c (test for excess errors)
WARNING: gcc.dg/struct/wo_prof_global_array.c compilation failed to
produce executable
FAIL: gcc.dg/struct/wo_prof_global_array.c scan-ipa-dump
ipa_struct_reorg "Number of structures to transform is 1": dump file
does not exist
FAIL: gcc.dg/struct/wo_prof_global_var.c (test for excess errors)
WARNING: gcc.dg/struct/wo_prof_global_var.c compilation failed to
produce executable
FAIL: gcc.dg/struct/wo_prof_global_var.c scan-ipa-dump
ipa_struct_reorg "Number of structures to transform is 1": dump file
does not exist
FAIL: gcc.dg/struct/wo_prof_local_array.c (test for excess errors)
WARNING: gcc.dg/struct/wo_prof_local_array.c compilation failed to
produce executable
FAIL: gcc.dg/struct/wo_prof_local_array.c scan-ipa-dump
ipa_struct_reorg "Number of structures to transform is 1": dump file
does not exist
FAIL: gcc.dg/struct/wo_prof_local_var.c (test for excess errors)
WARNING: gcc.dg/struct/wo_prof_local_var.c compilation failed to
produce executable
FAIL: gcc.dg/struct/wo_prof_local_var.c scan-ipa-dump ipa_struct_reorg
"Number of structures to transform is 1": dump file does not exist
FAIL: gcc.dg/struct/wo_prof_malloc_size_var.c (test for excess errors)
WARNING: gcc.dg/struct/wo_prof_malloc_size_var.c compilation failed to
produce executable
FAIL: gcc.dg/struct/wo_prof_malloc_size_var.c scan-ipa-dump
ipa_struct_reorg "Number of structures to transform is 1": dump file
does not exist
FAIL: gcc.dg/struct/wo_prof_mult_field_peeling.c (test for excess errors)
WARNING: gcc.dg/struct/wo_prof_mult_field_peeling.c compilation failed
to produce executable
FAIL: gcc.dg/struct/wo_prof_single_str_global.c (test for excess errors)
WARNING: gcc.dg/struct/wo_prof_single_str_global.c compilation failed
to produce executable
FAIL: gcc.dg/struct/wo_prof_single_str_global.c scan-ipa-dump
ipa_struct_reorg "Number of structures to transform is 1": dump file
does not exist
FAIL: gcc.dg/struct/wo_prof_single_str_local.c (test for excess errors)
WARNING: gcc.dg/struct/wo_prof_single_str_local.c compilation failed
to produce executable
FAIL: gcc.dg/struct/wo_prof_single_str_local.c scan-ipa-dump
ipa_struct_reorg "No structures to transform": dump file does not
exist
FAIL: gcc.dg/struct/wo_prof_single_str_pointer.c (test for excess errors)
WARNING: gcc.dg/struct/wo_prof_single_str_pointer.c compilation failed
to produce executable
FAIL: gcc.dg/struct/wo_prof_two_strs.c (test for excess errors)
WARNING: gcc.dg/struct/wo_prof_two_strs.c compilation failed to
produce executable
FAIL: gcc.dg/struct/wo_prof_two_strs.c scan-ipa-dump ipa_struct_reorg
"Number of structures to transform is 2": dump file does not exist
FAIL: gcc.dg/struct/w_prof_global_array.c compilation,  -O3
-fwhole-program -combine -fipa-type-escape -fprofile-generate
UNRESOLVED: gcc.dg/struct/w_prof_global_array.c execution,    -O3
-fwhole-program -combine -fipa-type-escape -fprofile-generate
UNRESOLVED: gcc.dg/struct/w_prof_global_array.c compilation,  -O3
-fwhole-program -combine -fipa-type-escape -fprofile-use
-fipa-struct-reorg -fdump-ipa-all
UNRESOLVED: gcc.dg/struct/w_prof_global_array.c execution,    -O3
-fwhole-program -combine -fipa-type-escape -fprofile-use
-fipa-struct-reorg -fdump-ipa-all
FAIL: gcc.dg/struct/w_prof_global_var.c compilation,  -O3
-fwhole-program -combine -fipa-type-escape -fprofile-generate
UNRESOLVED: gcc.dg/struct/w_prof_global_var.c execution,    -O3
-fwhole-program -combine -fipa-type-escape -fprofile-generate
UNRESOLVED: gcc.dg/struct/w_prof_global_var.c compilation,  -O3
-fwhole-program -combine -fipa-type-escape -fprofile-use
-fipa-struct-reorg -fdump-ipa-all
UNRESOLVED: gcc.dg/struct/w_prof_global_var.c execution,    -O3
-fwhole-program -combine -fipa-type-escape -fprofile-use
-fipa-struct-reorg -fdump-ipa-all
FAIL: gcc.dg/struct/w_prof_local_array.c compilation,  -O3
-fwhole-program -combine -fipa-type-escape -fprofile-generate
UNRESOLVED: gcc.dg/struct/w_prof_local_array.c execution,    -O3
-fwhole-program -combine -fipa-type-escape -fprofile-generate
UNRESOLVED: gcc.dg/struct/w_prof_local_array.c compilation,  -O3
-fwhole-program -combine -fipa-type-escape -fprofile-use
-fipa-struct-reorg -fdump-ipa-all
UNRESOLVED: gcc.dg/struct/w_prof_local_array.c execution,    -O3
-fwhole-program -combine -fipa-type-escape -fprofile-use
-fipa-struct-reorg -fdump-ipa-all
FAIL: gcc.dg/struct/w_prof_local_var.c compilation,  -O3
-fwhole-program -combine -fipa-type-escape -fprofile-generate
UNRESOLVED: gcc.dg/struct/w_prof_local_var.c execution,    -O3
-fwhole-program -combine -fipa-type-escape -fprofile-generate
UNRESOLVED: gcc.dg/struct/w_prof_local_var.c compilation,  -O3
-fwhole-program -combine -fipa-type-escape -fprofile-use
-fipa-struct-reorg -fdump-ipa-all
UNRESOLVED: gcc.dg/struct/w_prof_local_var.c execution,    -O3
-fwhole-program -combine -fipa-type-escape -fprofile-use
-fipa-struct-reorg -fdump-ipa-all
FAIL: gcc.dg/struct/w_prof_single_str_global.c compilation,  -O3
-fwhole-program -combine -fipa-type-escape -fprofile-generate
UNRESOLVED: gcc.dg/struct/w_prof_single_str_global.c execution,    -O3
-fwhole-program -combine -fipa-type-escape -fprofile-generate
UNRESOLVED: gcc.dg/struct/w_prof_single_str_global.c compilation,  -O3
-fwhole-program -combine -fipa-type-escape -fprofile-use
-fipa-struct-reorg -fdump-ipa-all
UNRESOLVED: gcc.dg/struct/w_prof_single_str_global.c execution,    -O3
-fwhole-program -combine -fipa-type-escape -fprofile-use
-fipa-struct-reorg -fdump-ipa-all
FAIL: gcc.dg/struct/w_prof_two_strs.c compilation,  -O3
-fwhole-program -combine -fipa-type-escape -fprofile-generate
UNRESOLVED: gcc.dg/struct/w_prof_two_strs.c execution,    -O3
-fwhole-program -combine -fipa-type-escape -fprofile-generate
UNRESOLVED: gcc.dg/struct/w_prof_two_strs.c compilation,  -O3
-fwhole-program -combine -fipa-type-escape -fprofile-use
-fipa-struct-reorg -fdump-ipa-all
UNRESOLVED: gcc.dg/struct/w_prof_two_strs.c execution,    -O3
-fwhole-program -combine -fipa-type-escape -fprofile-use
-fipa-struct-reorg -fdump-ipa-all
FAIL: gcc.dg/struct/w_ratio_cold_str.c compilation,  -O3
-fwhole-program -combine -fipa-type-escape -fprofile-generate
UNRESOLVED: gcc.dg/struct/w_ratio_cold_str.c execution,    -O3
-fwhole-program -combine -fipa-type-escape -fprofile-generate
UNRESOLVED: gcc.dg/struct/w_ratio_cold_str.c compilation,  -O3
-fwhole-program -combine -fipa-type-escape -fprofile-use
-fipa-struct-reorg -fdump-ipa-all --param
struct-reorg-cold-struct-ratio=30
UNRESOLVED: gcc.dg/struct/w_ratio_cold_str.c execution,    -O3
-fwhole-program -combine -fipa-type-escape -fprofile-use
-fipa-struct-reorg -fdump-ipa-all --param
struct-reorg-cold-struct-ratio=30
FAIL: gcc.dg/tls/opt-1.c (test for excess errors)
FAIL: gcc.dg/tls/opt-13.c (test for excess errors)
FAIL: gcc.dg/tls/opt-14.c (test for excess errors)
FAIL: gcc.dg/tls/opt-2.c (test for excess errors)
FAIL: gcc.dg/tls/opt-3.c (test for excess errors)
FAIL: gcc.dg/tls/opt-4.c (test for excess errors)
ERROR: gcc.dg/tls/opt-4.c: error executing dg-final: couldn't open
"opt-4.s": no such file or directory
UNRESOLVED: gcc.dg/tls/opt-4.c: error executing dg-final: couldn't
open "opt-4.s": no such file or directory
FAIL: gcc.dg/tls/opt-7.c (test for excess errors)
ERROR: gcc.dg/tls/opt-7.c: error executing dg-final: couldn't open
"opt-7.s": no such file or directory
UNRESOLVED: gcc.dg/tls/opt-7.c: error executing dg-final: couldn't
open "opt-7.s": no such file or directory
FAIL: gcc.dg/tls/section-1.c conflict with user-defined section (test
for errors, line 12)
FAIL: gcc.dg/tls/section-1.c (test for excess errors)
FAIL: gcc.dg/torture/asm-subreg-1.c  -O0  (test for excess errors)
FAIL: gcc.dg/torture/asm-subreg-1.c  -O1  (test for excess errors)
FAIL: gcc.dg/torture/asm-subreg-1.c  -O2  (test for excess errors)
FAIL: gcc.dg/torture/asm-subreg-1.c  -O3 -fomit-frame-pointer  (test
for excess errors)
FAIL: gcc.dg/torture/asm-subreg-1.c  -O3 -g  (test for excess errors)
FAIL: gcc.dg/torture/asm-subreg-1.c  -Os  (test for excess errors)
FAIL: gcc.dg/torture/fp-int-convert-float128-timode.c  -O0  (test for
excess errors)
WARNING: gcc.dg/torture/fp-int-convert-float128-timode.c  -O0
compilation failed to produce executable
FAIL: gcc.dg/torture/fp-int-convert-float128-timode.c  -O1  (test for
excess errors)
WARNING: gcc.dg/torture/fp-int-convert-float128-timode.c  -O1
compilation failed to produce executable
FAIL: gcc.dg/torture/fp-int-convert-float128-timode.c  -O2  (test for
excess errors)
WARNING: gcc.dg/torture/fp-int-convert-float128-timode.c  -O2
compilation failed to produce executable
FAIL: gcc.dg/torture/fp-int-convert-float128-timode.c  -O3
-fomit-frame-pointer  (test for excess errors)
WARNING: gcc.dg/torture/fp-int-convert-float128-timode.c  -O3
-fomit-frame-pointer  compilation failed to produce executable
FAIL: gcc.dg/torture/fp-int-convert-float128-timode.c  -O3 -g  (test
for excess errors)
WARNING: gcc.dg/torture/fp-int-convert-float128-timode.c  -O3 -g
compilation failed to produce executable
FAIL: gcc.dg/torture/fp-int-convert-float128-timode.c  -Os  (test for
excess errors)
WARNING: gcc.dg/torture/fp-int-convert-float128-timode.c  -Os
compilation failed to produce executable
FAIL: gcc.dg/torture/fp-int-convert-float128.c  -O0  (test for excess errors)
WARNING: gcc.dg/torture/fp-int-convert-float128.c  -O0  compilation
failed to produce executable
FAIL: gcc.dg/torture/fp-int-convert-float128.c  -O1  (test for excess errors)
WARNING: gcc.dg/torture/fp-int-convert-float128.c  -O1  compilation
failed to produce executable
FAIL: gcc.dg/torture/fp-int-convert-float128.c  -O2  (test for excess errors)
WARNING: gcc.dg/torture/fp-int-convert-float128.c  -O2  compilation
failed to produce executable
FAIL: gcc.dg/torture/fp-int-convert-float128.c  -O3
-fomit-frame-pointer  (test for excess errors)
WARNING: gcc.dg/torture/fp-int-convert-float128.c  -O3
-fomit-frame-pointer  compilation failed to produce executable
FAIL: gcc.dg/torture/fp-int-convert-float128.c  -O3 -g  (test for excess errors)
WARNING: gcc.dg/torture/fp-int-convert-float128.c  -O3 -g  compilation
failed to produce executable
FAIL: gcc.dg/torture/fp-int-convert-float128.c  -Os  (test for excess errors)
WARNING: gcc.dg/torture/fp-int-convert-float128.c  -Os  compilation
failed to produce executable
XPASS: gcc.dg/tree-ssa/20040204-1.c scan-tree-dump-times optimized
"link_error" 0
FAIL: gcc.dg/tree-ssa/ltrans-1.c scan-tree-dump-times ltrans
"converted loop nest to perfect loop nest" 1
FAIL: gcc.dg/tree-ssa/ltrans-1.c scan-tree-dump-times ltrans
"transformed loop" 1
FAIL: gcc.dg/tree-ssa/ltrans-3.c scan-tree-dump-times ltrans
"transformed loop" 1
FAIL: gcc.dg/tree-ssa/ltrans-4.c scan-tree-dump-times ltrans
"transformed loop" 1
FAIL: gcc.dg/tree-ssa/ltrans-5.c scan-tree-dump-times ltrans
"transformed loop" 1
FAIL: gcc.dg/tree-ssa/ltrans-6.c scan-tree-dump-times ltrans
"transformed loop" 1
FAIL: gcc.dg/tree-ssa/ltrans-8.c scan-tree-dump-times ltrans
"transformed loop" 1
FAIL: gcc.dg/tree-ssa/vrp47.c scan-tree-dump-times vrp1 "[xy][^ ]* !=" 0
FAIL: gcc.dg/tree-ssa/vrp47.c scan-tree-dump-times dom1 "x[^ ]* & y" 1
FAIL: gcc.dg/tree-ssa/vrp47.c scan-tree-dump-times vrp1 "x[^ ]* [|] y" 1
ERROR: tcl error sourcing
/build/gcc44/gcc-4.4.0/gcc/testsuite/gcc.misc-tests/i386-prefetch.exp.
ERROR: torture-init: torture_without_loops is not empty as expected
FAIL: gcc.target/i386/abi-2.c scan-assembler-times ymm0 1
FAIL: gcc.target/i386/pr22076.c scan-assembler-times movq 3
FAIL: gcc.target/i386/pr22076.c scan-assembler-not movl
ERROR: tcl error sourcing
/build/gcc44/gcc-4.4.0/gcc/testsuite/gcc.target/i386/math-torture/math-torture.exp.
ERROR: torture-init: torture_without_loops is not empty as expected

		=== gcc Summary ===

# of expected passes		53925
# of unexpected failures	119
# of unexpected successes	4
# of expected failures		187
# of unresolved testcases	23
# of unsupported tests		1102
/build/gcc44/gcc/xgcc  version 4.4.0 (GCC)

		=== gfortran tests ===


Running target unix
FAIL: gfortran.dg/array_constructor_23.f  -O3 -fomit-frame-pointer
execution test
FAIL: gfortran.dg/array_constructor_23.f  -O3 -fomit-frame-pointer
-funroll-loops  execution test
FAIL: gfortran.dg/array_constructor_23.f  -O3 -fomit-frame-pointer
-funroll-all-loops -finline-functions  execution test
FAIL: gfortran.dg/array_constructor_23.f  -O3 -g  execution test
FAIL: gfortran.dg/ltrans-7.f90  -O  scan-tree-dump-times ltrans
"transformed loop" 1

		=== gfortran Summary ===

# of expected passes		29239
# of unexpected failures	5
# of expected failures		10
# of unsupported tests		113
/build/gcc44/gcc/testsuite/gfortran/../../gfortran  version 4.4.0 (GCC)

		=== libgomp tests ===


Running target unix

		=== libgomp Summary ===

# of expected passes		2402
# of unsupported tests		2
		=== libstdc++ tests ===


Running target unix
FAIL: 23_containers/forward_list/ext_pointer/operations/4.cc (test for
excess errors)
WARNING: 23_containers/forward_list/ext_pointer/operations/4.cc
compilation failed to produce executable
FAIL: ext/enc_filebuf/char/13598.cc execution test

		=== libstdc++ Summary ===

# of expected passes		5741
# of unexpected failures	2
# of expected failures		82
# of unsupported tests		388

Compiler version: 4.4.0 (GCC)
Platform: i386-pc-solaris2.10
configure flags: --with-gnu-as --with-as=/usr/sfw/bin/gas
--without-gnu-ld --with-ld=/usr/ccs/bin/ld --enable-shared
--enable-languages=c,c++,fortran --prefix=/usr/local/gcctest
--libdir=/usr/local/lib --with-gmp=/usr/local --with-mpfr=/usr/local
--disable-nls --enable-checking=release --enable-werror=no
--with-as=/usr/sfw/bin/gas --verbose --enable-multilib
--enable-bootstrap


Index Nav: [Date Index] [Subject Index] [Author Index] [Thread Index]
Message Nav: [Date Prev] [Date Next] [Thread Prev] [Thread Next]