This is the mail archive of the gcc-testresults@gcc.gnu.org mailing list for the GCC project.


Index Nav: [Date Index] [Subject Index] [Author Index] [Thread Index]
Message Nav: [Date Prev] [Date Next] [Thread Prev] [Thread Next]
Other format: [Raw text]

Results for 4.4.0 (GCC) testsuite on i386-pc-solaris2.11


Build info :
----------------------------------------
$ uname -a
SunOS loki 5.11 snv_117 i86pc i386 i86pc Solaris

$ cat /etc/release
                       OpenSolaris Development snv_117 X86
           Copyright 2009 Sun Microsystems, Inc.  All Rights Reserved.
                        Use is subject to license terms.
                             Assembled 22 June 2009

$ /usr/sfw/bin/gas --version
GNU assembler (GNU Binutils) 2.19
Copyright 2007 Free Software Foundation, Inc.
This program is free software; you may redistribute it under the terms of
the GNU General Public License version 3 or later.
This program has absolutely no warranty.
This assembler was configured for a target of `i386-pc-solaris2.11'.

$ /usr/ccs/bin/ld -V
ld: Software Generation Utilities - Solaris Link Editors: 5.11-1.1673

$ psrinfo -pv
The physical processor has 4 virtual processors (0-3)
  x86 (AuthenticAMD 100F23 family 16 model 2 step 3 clock 2200 MHz)
	AMD Phenom(tm) 9550 Quad-Core Processor	[ Socket: AM2r2 ]

Bootstraped with :

$ export/home/jo/local/gcc/bin/gcc -v
Using built-in specs.
Target: i386-pc-solaris2.11
Configured with: ./gcc-4.3.2/configure --build=i386-pc-solaris2.11
--with-gnu-as --without-gnu-ld --with-ld=/usr/ccs/bin/ld
--enable-shared --enable-languages=c,c++,fortran
--prefix=/export/home/jo/local/gcc LDFLAGS='-R
//export/home/jo/local/gmp/lib -R /export/home/jo/local/mpfr/lib -R
/export/home/jo/local/gcc/lib' --with-gmp=/export/home/jo/local/gmp
--with-mpfr=/export/home/jo/local/mpfr --disable-nls
--enable-checking=release --enable-werror=no
--with-as=/usr/sfw/bin/gas --verbose
Thread model: posix
gcc version 4.3.2 (GCC)

----------------------------------------

LAST_UPDATED: Obtained from SVN: tags/gcc_4_4_0_release revision 146514

Native configuration is i386-pc-solaris2.11

		=== g++ tests ===


Running target unix
FAIL: g++.dg/ext/utf-rtti.C (test for excess errors)
XPASS: g++.dg/other/ucnid-1.C (test for excess errors)
FAIL: g++.old-deja/g++.mike/eh16.C (test for excess errors)
FAIL: g++.old-deja/g++.mike/eh17.C (test for excess errors)
FAIL: g++.old-deja/g++.mike/p5571.C (test for excess errors)
XPASS: g++.old-deja/g++.oliva/dwarf2.C (test for excess errors)
XPASS: g++.old-deja/g++.oliva/dwarf3.C (test for excess errors)
XPASS: g++.old-deja/g++.other/init19.C execution test

		=== g++ Summary ===

# of expected passes		19594
# of unexpected failures	4
# of unexpected successes	4
# of expected failures		143
# of unsupported tests		135
/export/home/jo/build/gcc-4.4/gcc/testsuite/g++/../../g++  version 4.4.0 (GCC)

		=== gcc tests ===


Running target unix
XPASS: gcc.dg/ucnid-2.c (test for excess errors)
XPASS: gcc.dg/ucnid-3.c (test for excess errors)
XPASS: gcc.dg/ucnid-4.c (test for excess errors)
FAIL: largefile.c -O0 -g -I. (test for excess errors)
FAIL: gcc.dg/pch/largefile.c -O0 -g assembly comparison
FAIL: largefile.c  -O0  -I. (test for excess errors)
FAIL: gcc.dg/pch/largefile.c  -O0  assembly comparison
FAIL: largefile.c  -O1  -I. (test for excess errors)
FAIL: gcc.dg/pch/largefile.c  -O1  assembly comparison
FAIL: largefile.c  -O2  -I. (test for excess errors)
FAIL: gcc.dg/pch/largefile.c  -O2  assembly comparison
FAIL: largefile.c  -O3 -fomit-frame-pointer  -I. (test for excess errors)
FAIL: gcc.dg/pch/largefile.c  -O3 -fomit-frame-pointer  assembly comparison
FAIL: largefile.c  -O3 -g  -I. (test for excess errors)
FAIL: gcc.dg/pch/largefile.c  -O3 -g  assembly comparison
FAIL: largefile.c  -Os  -I. (test for excess errors)
FAIL: gcc.dg/pch/largefile.c  -Os  assembly comparison
FAIL: gcc.dg/torture/fp-int-convert-float128-timode.c  -O0  (test for
excess errors)
WARNING: gcc.dg/torture/fp-int-convert-float128-timode.c  -O0
compilation failed to produce executable
FAIL: gcc.dg/torture/fp-int-convert-float128-timode.c  -O1  (test for
excess errors)
WARNING: gcc.dg/torture/fp-int-convert-float128-timode.c  -O1
compilation failed to produce executable
FAIL: gcc.dg/torture/fp-int-convert-float128-timode.c  -O2  (test for
excess errors)
WARNING: gcc.dg/torture/fp-int-convert-float128-timode.c  -O2
compilation failed to produce executable
FAIL: gcc.dg/torture/fp-int-convert-float128-timode.c  -O3
-fomit-frame-pointer  (test for excess errors)
WARNING: gcc.dg/torture/fp-int-convert-float128-timode.c  -O3
-fomit-frame-pointer  compilation failed to produce executable
FAIL: gcc.dg/torture/fp-int-convert-float128-timode.c  -O3 -g  (test
for excess errors)
WARNING: gcc.dg/torture/fp-int-convert-float128-timode.c  -O3 -g
compilation failed to produce executable
FAIL: gcc.dg/torture/fp-int-convert-float128-timode.c  -Os  (test for
excess errors)
WARNING: gcc.dg/torture/fp-int-convert-float128-timode.c  -Os
compilation failed to produce executable
FAIL: gcc.dg/torture/fp-int-convert-float128.c  -O0  (test for excess errors)
WARNING: gcc.dg/torture/fp-int-convert-float128.c  -O0  compilation
failed to produce executable
FAIL: gcc.dg/torture/fp-int-convert-float128.c  -O1  (test for excess errors)
WARNING: gcc.dg/torture/fp-int-convert-float128.c  -O1  compilation
failed to produce executable
FAIL: gcc.dg/torture/fp-int-convert-float128.c  -O2  (test for excess errors)
WARNING: gcc.dg/torture/fp-int-convert-float128.c  -O2  compilation
failed to produce executable
FAIL: gcc.dg/torture/fp-int-convert-float128.c  -O3
-fomit-frame-pointer  (test for excess errors)
WARNING: gcc.dg/torture/fp-int-convert-float128.c  -O3
-fomit-frame-pointer  compilation failed to produce executable
FAIL: gcc.dg/torture/fp-int-convert-float128.c  -O3 -g  (test for excess errors)
WARNING: gcc.dg/torture/fp-int-convert-float128.c  -O3 -g  compilation
failed to produce executable
FAIL: gcc.dg/torture/fp-int-convert-float128.c  -Os  (test for excess errors)
WARNING: gcc.dg/torture/fp-int-convert-float128.c  -Os  compilation
failed to produce executable
XPASS: gcc.dg/tree-ssa/20040204-1.c scan-tree-dump-times optimized
"link_error" 0
FAIL: gcc.dg/tree-ssa/ltrans-1.c scan-tree-dump-times ltrans
"converted loop nest to perfect loop nest" 1
FAIL: gcc.dg/tree-ssa/ltrans-1.c scan-tree-dump-times ltrans
"transformed loop" 1
FAIL: gcc.dg/tree-ssa/ltrans-3.c scan-tree-dump-times ltrans
"transformed loop" 1
FAIL: gcc.dg/tree-ssa/ltrans-4.c scan-tree-dump-times ltrans
"transformed loop" 1
FAIL: gcc.dg/tree-ssa/ltrans-5.c scan-tree-dump-times ltrans
"transformed loop" 1
FAIL: gcc.dg/tree-ssa/ltrans-6.c scan-tree-dump-times ltrans
"transformed loop" 1
FAIL: gcc.dg/tree-ssa/ltrans-8.c scan-tree-dump-times ltrans
"transformed loop" 1
FAIL: gcc.dg/tree-ssa/vrp47.c scan-tree-dump-times vrp1 "[xy][^ ]* !=" 0
FAIL: gcc.dg/tree-ssa/vrp47.c scan-tree-dump-times dom1 "x[^ ]* & y" 1
FAIL: gcc.dg/tree-ssa/vrp47.c scan-tree-dump-times vrp1 "x[^ ]* [|] y" 1
FAIL: gcc.target/i386/abi-2.c scan-assembler-times ymm0 1
FAIL: gcc.target/i386/avx-vmovntdq-256-1.c (test for excess errors)
WARNING: gcc.target/i386/avx-vmovntdq-256-1.c compilation failed to
produce executable
FAIL: gcc.target/i386/avx-vmovntpd-256-1.c (test for excess errors)
WARNING: gcc.target/i386/avx-vmovntpd-256-1.c compilation failed to
produce executable
FAIL: gcc.target/i386/avx-vmovntps-256-1.c (test for excess errors)
WARNING: gcc.target/i386/avx-vmovntps-256-1.c compilation failed to
produce executable
FAIL: gcc.target/i386/pr22076.c scan-assembler-times movq 3
FAIL: gcc.target/i386/pr22076.c scan-assembler-not movl

		=== gcc Summary ===

# of expected passes		55635
# of unexpected failures	42
# of unexpected successes	4
# of expected failures		187
# of unsupported tests		514
/export/home/jo/build/gcc-4.4/gcc/xgcc  version 4.4.0 (GCC)

		=== gfortran tests ===


Running target unix
FAIL: gfortran.dg/array_constructor_23.f  -O3 -fomit-frame-pointer
execution test
FAIL: gfortran.dg/array_constructor_23.f  -O3 -fomit-frame-pointer
-funroll-loops  execution test
FAIL: gfortran.dg/array_constructor_23.f  -O3 -fomit-frame-pointer
-funroll-all-loops -finline-functions  execution test
FAIL: gfortran.dg/array_constructor_23.f  -O3 -g  execution test
FAIL: gfortran.dg/array_temporaries_2.f90  -O0  (test for excess errors)
WARNING: gfortran.dg/array_temporaries_2.f90  -O0  compilation failed
to produce executable
FAIL: gfortran.dg/array_temporaries_2.f90  -O1  (test for excess errors)
WARNING: gfortran.dg/array_temporaries_2.f90  -O1  compilation failed
to produce executable
FAIL: gfortran.dg/array_temporaries_2.f90  -O2  (test for excess errors)
WARNING: gfortran.dg/array_temporaries_2.f90  -O2  compilation failed
to produce executable
FAIL: gfortran.dg/array_temporaries_2.f90  -O3 -fomit-frame-pointer
(test for excess errors)
WARNING: gfortran.dg/array_temporaries_2.f90  -O3 -fomit-frame-pointer
 compilation failed to produce executable
FAIL: gfortran.dg/array_temporaries_2.f90  -O3 -fomit-frame-pointer
-funroll-loops  (test for excess errors)
WARNING: gfortran.dg/array_temporaries_2.f90  -O3 -fomit-frame-pointer
-funroll-loops  compilation failed to produce executable
FAIL: gfortran.dg/array_temporaries_2.f90  -O3 -fomit-frame-pointer
-funroll-all-loops -finline-functions  (test for excess errors)
WARNING: gfortran.dg/array_temporaries_2.f90  -O3 -fomit-frame-pointer
-funroll-all-loops -finline-functions  compilation failed to produce
executable
FAIL: gfortran.dg/array_temporaries_2.f90  -O3 -g  (test for excess errors)
WARNING: gfortran.dg/array_temporaries_2.f90  -O3 -g  compilation
failed to produce executable
FAIL: gfortran.dg/array_temporaries_2.f90  -Os  (test for excess errors)
WARNING: gfortran.dg/array_temporaries_2.f90  -Os  compilation failed
to produce executable
FAIL: gfortran.dg/erfc_scaled_1.f90  -O0  (test for excess errors)
WARNING: gfortran.dg/erfc_scaled_1.f90  -O0  compilation failed to
produce executable
FAIL: gfortran.dg/erfc_scaled_1.f90  -O1  (test for excess errors)
WARNING: gfortran.dg/erfc_scaled_1.f90  -O1  compilation failed to
produce executable
FAIL: gfortran.dg/erfc_scaled_1.f90  -O2  (test for excess errors)
WARNING: gfortran.dg/erfc_scaled_1.f90  -O2  compilation failed to
produce executable
FAIL: gfortran.dg/erfc_scaled_1.f90  -O3 -fomit-frame-pointer  (test
for excess errors)
WARNING: gfortran.dg/erfc_scaled_1.f90  -O3 -fomit-frame-pointer
compilation failed to produce executable
FAIL: gfortran.dg/erfc_scaled_1.f90  -O3 -fomit-frame-pointer
-funroll-loops  (test for excess errors)
WARNING: gfortran.dg/erfc_scaled_1.f90  -O3 -fomit-frame-pointer
-funroll-loops  compilation failed to produce executable
FAIL: gfortran.dg/erfc_scaled_1.f90  -O3 -fomit-frame-pointer
-funroll-all-loops -finline-functions  (test for excess errors)
WARNING: gfortran.dg/erfc_scaled_1.f90  -O3 -fomit-frame-pointer
-funroll-all-loops -finline-functions  compilation failed to produce
executable
FAIL: gfortran.dg/erfc_scaled_1.f90  -O3 -g  (test for excess errors)
WARNING: gfortran.dg/erfc_scaled_1.f90  -O3 -g  compilation failed to
produce executable
FAIL: gfortran.dg/erfc_scaled_1.f90  -Os  (test for excess errors)
WARNING: gfortran.dg/erfc_scaled_1.f90  -Os  compilation failed to
produce executable
FAIL: gfortran.dg/f2003_io_1.f03  -O0  (test for excess errors)
WARNING: gfortran.dg/f2003_io_1.f03  -O0  compilation failed to
produce executable
FAIL: gfortran.dg/f2003_io_1.f03  -O1  (test for excess errors)
WARNING: gfortran.dg/f2003_io_1.f03  -O1  compilation failed to
produce executable
FAIL: gfortran.dg/f2003_io_1.f03  -O2  (test for excess errors)
WARNING: gfortran.dg/f2003_io_1.f03  -O2  compilation failed to
produce executable
FAIL: gfortran.dg/f2003_io_1.f03  -O3 -fomit-frame-pointer  (test for
excess errors)
WARNING: gfortran.dg/f2003_io_1.f03  -O3 -fomit-frame-pointer
compilation failed to produce executable
FAIL: gfortran.dg/f2003_io_1.f03  -O3 -fomit-frame-pointer
-funroll-loops  (test for excess errors)
WARNING: gfortran.dg/f2003_io_1.f03  -O3 -fomit-frame-pointer
-funroll-loops  compilation failed to produce executable
FAIL: gfortran.dg/f2003_io_1.f03  -O3 -fomit-frame-pointer
-funroll-all-loops -finline-functions  (test for excess errors)
WARNING: gfortran.dg/f2003_io_1.f03  -O3 -fomit-frame-pointer
-funroll-all-loops -finline-functions  compilation failed to produce
executable
FAIL: gfortran.dg/f2003_io_1.f03  -O3 -g  (test for excess errors)
WARNING: gfortran.dg/f2003_io_1.f03  -O3 -g  compilation failed to
produce executable
FAIL: gfortran.dg/f2003_io_1.f03  -Os  (test for excess errors)
WARNING: gfortran.dg/f2003_io_1.f03  -Os  compilation failed to
produce executable
FAIL: gfortran.dg/index_2.f90  -O0  (test for excess errors)
WARNING: gfortran.dg/index_2.f90  -O0  compilation failed to produce executable
FAIL: gfortran.dg/index_2.f90  -O1  (test for excess errors)
WARNING: gfortran.dg/index_2.f90  -O1  compilation failed to produce executable
FAIL: gfortran.dg/index_2.f90  -O2  (test for excess errors)
WARNING: gfortran.dg/index_2.f90  -O2  compilation failed to produce executable
FAIL: gfortran.dg/index_2.f90  -O3 -fomit-frame-pointer  (test for
excess errors)
WARNING: gfortran.dg/index_2.f90  -O3 -fomit-frame-pointer
compilation failed to produce executable
FAIL: gfortran.dg/index_2.f90  -O3 -fomit-frame-pointer -funroll-loops
 (test for excess errors)
WARNING: gfortran.dg/index_2.f90  -O3 -fomit-frame-pointer
-funroll-loops  compilation failed to produce executable
FAIL: gfortran.dg/index_2.f90  -O3 -fomit-frame-pointer
-funroll-all-loops -finline-functions  (test for excess errors)
WARNING: gfortran.dg/index_2.f90  -O3 -fomit-frame-pointer
-funroll-all-loops -finline-functions  compilation failed to produce
executable
FAIL: gfortran.dg/index_2.f90  -O3 -g  (test for excess errors)
WARNING: gfortran.dg/index_2.f90  -O3 -g  compilation failed to
produce executable
FAIL: gfortran.dg/index_2.f90  -Os  (test for excess errors)
WARNING: gfortran.dg/index_2.f90  -Os  compilation failed to produce executable
FAIL: gfortran.dg/ltrans-7.f90  -O  scan-tree-dump-times ltrans
"transformed loop" 1
FAIL: gfortran.dg/selected_char_kind_1.f90  -O0  (test for excess errors)
WARNING: gfortran.dg/selected_char_kind_1.f90  -O0  compilation failed
to produce executable
FAIL: gfortran.dg/selected_char_kind_1.f90  -O1  (test for excess errors)
WARNING: gfortran.dg/selected_char_kind_1.f90  -O1  compilation failed
to produce executable
FAIL: gfortran.dg/selected_char_kind_1.f90  -O2  (test for excess errors)
WARNING: gfortran.dg/selected_char_kind_1.f90  -O2  compilation failed
to produce executable
FAIL: gfortran.dg/selected_char_kind_1.f90  -O3 -fomit-frame-pointer
(test for excess errors)
WARNING: gfortran.dg/selected_char_kind_1.f90  -O3
-fomit-frame-pointer  compilation failed to produce executable
FAIL: gfortran.dg/selected_char_kind_1.f90  -O3 -fomit-frame-pointer
-funroll-loops  (test for excess errors)
WARNING: gfortran.dg/selected_char_kind_1.f90  -O3
-fomit-frame-pointer -funroll-loops  compilation failed to produce
executable
FAIL: gfortran.dg/selected_char_kind_1.f90  -O3 -fomit-frame-pointer
-funroll-all-loops -finline-functions  (test for excess errors)
WARNING: gfortran.dg/selected_char_kind_1.f90  -O3
-fomit-frame-pointer -funroll-all-loops -finline-functions
compilation failed to produce executable
FAIL: gfortran.dg/selected_char_kind_1.f90  -O3 -g  (test for excess errors)
WARNING: gfortran.dg/selected_char_kind_1.f90  -O3 -g  compilation
failed to produce executable
FAIL: gfortran.dg/selected_char_kind_1.f90  -Os  (test for excess errors)
WARNING: gfortran.dg/selected_char_kind_1.f90  -Os  compilation failed
to produce executable
FAIL: gfortran.dg/utf8_1.f03  -O0  (test for excess errors)
WARNING: gfortran.dg/utf8_1.f03  -O0  compilation failed to produce executable
FAIL: gfortran.dg/utf8_1.f03  -O1  (test for excess errors)
WARNING: gfortran.dg/utf8_1.f03  -O1  compilation failed to produce executable
FAIL: gfortran.dg/utf8_1.f03  -O2  (test for excess errors)
WARNING: gfortran.dg/utf8_1.f03  -O2  compilation failed to produce executable
FAIL: gfortran.dg/utf8_1.f03  -O3 -fomit-frame-pointer  (test for excess errors)
WARNING: gfortran.dg/utf8_1.f03  -O3 -fomit-frame-pointer  compilation
failed to produce executable
FAIL: gfortran.dg/utf8_1.f03  -O3 -fomit-frame-pointer -funroll-loops
(test for excess errors)
WARNING: gfortran.dg/utf8_1.f03  -O3 -fomit-frame-pointer
-funroll-loops  compilation failed to produce executable
FAIL: gfortran.dg/utf8_1.f03  -O3 -fomit-frame-pointer
-funroll-all-loops -finline-functions  (test for excess errors)
WARNING: gfortran.dg/utf8_1.f03  -O3 -fomit-frame-pointer
-funroll-all-loops -finline-functions  compilation failed to produce
executable
FAIL: gfortran.dg/utf8_1.f03  -O3 -g  (test for excess errors)
WARNING: gfortran.dg/utf8_1.f03  -O3 -g  compilation failed to produce
executable
FAIL: gfortran.dg/utf8_1.f03  -Os  (test for excess errors)
WARNING: gfortran.dg/utf8_1.f03  -Os  compilation failed to produce executable
FAIL: gfortran.dg/utf8_2.f03  -O0  (test for excess errors)
WARNING: gfortran.dg/utf8_2.f03  -O0  compilation failed to produce executable
FAIL: gfortran.dg/utf8_2.f03  -O1  (test for excess errors)
WARNING: gfortran.dg/utf8_2.f03  -O1  compilation failed to produce executable
FAIL: gfortran.dg/utf8_2.f03  -O2  (test for excess errors)
WARNING: gfortran.dg/utf8_2.f03  -O2  compilation failed to produce executable
FAIL: gfortran.dg/utf8_2.f03  -O3 -fomit-frame-pointer  (test for excess errors)
WARNING: gfortran.dg/utf8_2.f03  -O3 -fomit-frame-pointer  compilation
failed to produce executable
FAIL: gfortran.dg/utf8_2.f03  -O3 -fomit-frame-pointer -funroll-loops
(test for excess errors)
WARNING: gfortran.dg/utf8_2.f03  -O3 -fomit-frame-pointer
-funroll-loops  compilation failed to produce executable
FAIL: gfortran.dg/utf8_2.f03  -O3 -fomit-frame-pointer
-funroll-all-loops -finline-functions  (test for excess errors)
WARNING: gfortran.dg/utf8_2.f03  -O3 -fomit-frame-pointer
-funroll-all-loops -finline-functions  compilation failed to produce
executable
FAIL: gfortran.dg/utf8_2.f03  -O3 -g  (test for excess errors)
WARNING: gfortran.dg/utf8_2.f03  -O3 -g  compilation failed to produce
executable
FAIL: gfortran.dg/utf8_2.f03  -Os  (test for excess errors)
WARNING: gfortran.dg/utf8_2.f03  -Os  compilation failed to produce executable
FAIL: gfortran.dg/widechar_2.f90  -O0  (test for excess errors)
WARNING: gfortran.dg/widechar_2.f90  -O0  compilation failed to
produce executable
FAIL: gfortran.dg/widechar_2.f90  -O1  (test for excess errors)
WARNING: gfortran.dg/widechar_2.f90  -O1  compilation failed to
produce executable
FAIL: gfortran.dg/widechar_2.f90  -O2  (test for excess errors)
WARNING: gfortran.dg/widechar_2.f90  -O2  compilation failed to
produce executable
FAIL: gfortran.dg/widechar_2.f90  -O3 -fomit-frame-pointer  (test for
excess errors)
WARNING: gfortran.dg/widechar_2.f90  -O3 -fomit-frame-pointer
compilation failed to produce executable
FAIL: gfortran.dg/widechar_2.f90  -O3 -fomit-frame-pointer
-funroll-loops  (test for excess errors)
WARNING: gfortran.dg/widechar_2.f90  -O3 -fomit-frame-pointer
-funroll-loops  compilation failed to produce executable
FAIL: gfortran.dg/widechar_2.f90  -O3 -fomit-frame-pointer
-funroll-all-loops -finline-functions  (test for excess errors)
WARNING: gfortran.dg/widechar_2.f90  -O3 -fomit-frame-pointer
-funroll-all-loops -finline-functions  compilation failed to produce
executable
FAIL: gfortran.dg/widechar_2.f90  -O3 -g  (test for excess errors)
WARNING: gfortran.dg/widechar_2.f90  -O3 -g  compilation failed to
produce executable
FAIL: gfortran.dg/widechar_2.f90  -Os  (test for excess errors)
WARNING: gfortran.dg/widechar_2.f90  -Os  compilation failed to
produce executable
FAIL: gfortran.dg/widechar_4.f90  -O0  (test for excess errors)
WARNING: gfortran.dg/widechar_4.f90  -O0  compilation failed to
produce executable
FAIL: gfortran.dg/widechar_4.f90  -O1  (test for excess errors)
WARNING: gfortran.dg/widechar_4.f90  -O1  compilation failed to
produce executable
FAIL: gfortran.dg/widechar_4.f90  -O2  (test for excess errors)
WARNING: gfortran.dg/widechar_4.f90  -O2  compilation failed to
produce executable
FAIL: gfortran.dg/widechar_4.f90  -O3 -fomit-frame-pointer  (test for
excess errors)
WARNING: gfortran.dg/widechar_4.f90  -O3 -fomit-frame-pointer
compilation failed to produce executable
FAIL: gfortran.dg/widechar_4.f90  -O3 -fomit-frame-pointer
-funroll-loops  (test for excess errors)
WARNING: gfortran.dg/widechar_4.f90  -O3 -fomit-frame-pointer
-funroll-loops  compilation failed to produce executable
FAIL: gfortran.dg/widechar_4.f90  -O3 -fomit-frame-pointer
-funroll-all-loops -finline-functions  (test for excess errors)
WARNING: gfortran.dg/widechar_4.f90  -O3 -fomit-frame-pointer
-funroll-all-loops -finline-functions  compilation failed to produce
executable
FAIL: gfortran.dg/widechar_4.f90  -O3 -g  (test for excess errors)
WARNING: gfortran.dg/widechar_4.f90  -O3 -g  compilation failed to
produce executable
FAIL: gfortran.dg/widechar_4.f90  -Os  (test for excess errors)
WARNING: gfortran.dg/widechar_4.f90  -Os  compilation failed to
produce executable
FAIL: gfortran.dg/widechar_5.f90  -O0  (test for excess errors)
WARNING: gfortran.dg/widechar_5.f90  -O0  compilation failed to
produce executable
FAIL: gfortran.dg/widechar_5.f90  -O1  (test for excess errors)
WARNING: gfortran.dg/widechar_5.f90  -O1  compilation failed to
produce executable
FAIL: gfortran.dg/widechar_5.f90  -O2  (test for excess errors)
WARNING: gfortran.dg/widechar_5.f90  -O2  compilation failed to
produce executable
FAIL: gfortran.dg/widechar_5.f90  -O3 -fomit-frame-pointer  (test for
excess errors)
WARNING: gfortran.dg/widechar_5.f90  -O3 -fomit-frame-pointer
compilation failed to produce executable
FAIL: gfortran.dg/widechar_5.f90  -O3 -fomit-frame-pointer
-funroll-loops  (test for excess errors)
WARNING: gfortran.dg/widechar_5.f90  -O3 -fomit-frame-pointer
-funroll-loops  compilation failed to produce executable
FAIL: gfortran.dg/widechar_5.f90  -O3 -fomit-frame-pointer
-funroll-all-loops -finline-functions  (test for excess errors)
WARNING: gfortran.dg/widechar_5.f90  -O3 -fomit-frame-pointer
-funroll-all-loops -finline-functions  compilation failed to produce
executable
FAIL: gfortran.dg/widechar_5.f90  -O3 -g  (test for excess errors)
WARNING: gfortran.dg/widechar_5.f90  -O3 -g  compilation failed to
produce executable
FAIL: gfortran.dg/widechar_5.f90  -Os  (test for excess errors)
WARNING: gfortran.dg/widechar_5.f90  -Os  compilation failed to
produce executable
FAIL: gfortran.dg/widechar_6.f90  -O0  (test for excess errors)
WARNING: gfortran.dg/widechar_6.f90  -O0  compilation failed to
produce executable
FAIL: gfortran.dg/widechar_6.f90  -O1  (test for excess errors)
WARNING: gfortran.dg/widechar_6.f90  -O1  compilation failed to
produce executable
FAIL: gfortran.dg/widechar_6.f90  -O2  (test for excess errors)
WARNING: gfortran.dg/widechar_6.f90  -O2  compilation failed to
produce executable
FAIL: gfortran.dg/widechar_6.f90  -O3 -fomit-frame-pointer  (test for
excess errors)
WARNING: gfortran.dg/widechar_6.f90  -O3 -fomit-frame-pointer
compilation failed to produce executable
FAIL: gfortran.dg/widechar_6.f90  -O3 -fomit-frame-pointer
-funroll-loops  (test for excess errors)
WARNING: gfortran.dg/widechar_6.f90  -O3 -fomit-frame-pointer
-funroll-loops  compilation failed to produce executable
FAIL: gfortran.dg/widechar_6.f90  -O3 -fomit-frame-pointer
-funroll-all-loops -finline-functions  (test for excess errors)
WARNING: gfortran.dg/widechar_6.f90  -O3 -fomit-frame-pointer
-funroll-all-loops -finline-functions  compilation failed to produce
executable
FAIL: gfortran.dg/widechar_6.f90  -O3 -g  (test for excess errors)
WARNING: gfortran.dg/widechar_6.f90  -O3 -g  compilation failed to
produce executable
FAIL: gfortran.dg/widechar_6.f90  -Os  (test for excess errors)
WARNING: gfortran.dg/widechar_6.f90  -Os  compilation failed to
produce executable
FAIL: gfortran.dg/widechar_8.f90  -O0  (test for excess errors)
WARNING: gfortran.dg/widechar_8.f90  -O0  compilation failed to
produce executable
FAIL: gfortran.dg/widechar_8.f90  -O1  (test for excess errors)
WARNING: gfortran.dg/widechar_8.f90  -O1  compilation failed to
produce executable
FAIL: gfortran.dg/widechar_8.f90  -O2  (test for excess errors)
WARNING: gfortran.dg/widechar_8.f90  -O2  compilation failed to
produce executable
FAIL: gfortran.dg/widechar_8.f90  -O3 -fomit-frame-pointer  (test for
excess errors)
WARNING: gfortran.dg/widechar_8.f90  -O3 -fomit-frame-pointer
compilation failed to produce executable
FAIL: gfortran.dg/widechar_8.f90  -O3 -fomit-frame-pointer
-funroll-loops  (test for excess errors)
WARNING: gfortran.dg/widechar_8.f90  -O3 -fomit-frame-pointer
-funroll-loops  compilation failed to produce executable
FAIL: gfortran.dg/widechar_8.f90  -O3 -fomit-frame-pointer
-funroll-all-loops -finline-functions  (test for excess errors)
WARNING: gfortran.dg/widechar_8.f90  -O3 -fomit-frame-pointer
-funroll-all-loops -finline-functions  compilation failed to produce
executable
FAIL: gfortran.dg/widechar_8.f90  -O3 -g  (test for excess errors)
WARNING: gfortran.dg/widechar_8.f90  -O3 -g  compilation failed to
produce executable
FAIL: gfortran.dg/widechar_8.f90  -Os  (test for excess errors)
WARNING: gfortran.dg/widechar_8.f90  -Os  compilation failed to
produce executable
FAIL: gfortran.dg/widechar_IO_1.f90  -O0  (test for excess errors)
WARNING: gfortran.dg/widechar_IO_1.f90  -O0  compilation failed to
produce executable
FAIL: gfortran.dg/widechar_IO_1.f90  -O1  (test for excess errors)
WARNING: gfortran.dg/widechar_IO_1.f90  -O1  compilation failed to
produce executable
FAIL: gfortran.dg/widechar_IO_1.f90  -O2  (test for excess errors)
WARNING: gfortran.dg/widechar_IO_1.f90  -O2  compilation failed to
produce executable
FAIL: gfortran.dg/widechar_IO_1.f90  -O3 -fomit-frame-pointer  (test
for excess errors)
WARNING: gfortran.dg/widechar_IO_1.f90  -O3 -fomit-frame-pointer
compilation failed to produce executable
FAIL: gfortran.dg/widechar_IO_1.f90  -O3 -fomit-frame-pointer
-funroll-loops  (test for excess errors)
WARNING: gfortran.dg/widechar_IO_1.f90  -O3 -fomit-frame-pointer
-funroll-loops  compilation failed to produce executable
FAIL: gfortran.dg/widechar_IO_1.f90  -O3 -fomit-frame-pointer
-funroll-all-loops -finline-functions  (test for excess errors)
WARNING: gfortran.dg/widechar_IO_1.f90  -O3 -fomit-frame-pointer
-funroll-all-loops -finline-functions  compilation failed to produce
executable
FAIL: gfortran.dg/widechar_IO_1.f90  -O3 -g  (test for excess errors)
WARNING: gfortran.dg/widechar_IO_1.f90  -O3 -g  compilation failed to
produce executable
FAIL: gfortran.dg/widechar_IO_1.f90  -Os  (test for excess errors)
WARNING: gfortran.dg/widechar_IO_1.f90  -Os  compilation failed to
produce executable
FAIL: gfortran.dg/widechar_IO_2.f90  -O0  (test for excess errors)
WARNING: gfortran.dg/widechar_IO_2.f90  -O0  compilation failed to
produce executable
FAIL: gfortran.dg/widechar_IO_2.f90  -O1  (test for excess errors)
WARNING: gfortran.dg/widechar_IO_2.f90  -O1  compilation failed to
produce executable
FAIL: gfortran.dg/widechar_IO_2.f90  -O2  (test for excess errors)
WARNING: gfortran.dg/widechar_IO_2.f90  -O2  compilation failed to
produce executable
FAIL: gfortran.dg/widechar_IO_2.f90  -O3 -fomit-frame-pointer  (test
for excess errors)
WARNING: gfortran.dg/widechar_IO_2.f90  -O3 -fomit-frame-pointer
compilation failed to produce executable
FAIL: gfortran.dg/widechar_IO_2.f90  -O3 -fomit-frame-pointer
-funroll-loops  (test for excess errors)
WARNING: gfortran.dg/widechar_IO_2.f90  -O3 -fomit-frame-pointer
-funroll-loops  compilation failed to produce executable
FAIL: gfortran.dg/widechar_IO_2.f90  -O3 -fomit-frame-pointer
-funroll-all-loops -finline-functions  (test for excess errors)
WARNING: gfortran.dg/widechar_IO_2.f90  -O3 -fomit-frame-pointer
-funroll-all-loops -finline-functions  compilation failed to produce
executable
FAIL: gfortran.dg/widechar_IO_2.f90  -O3 -g  (test for excess errors)
WARNING: gfortran.dg/widechar_IO_2.f90  -O3 -g  compilation failed to
produce executable
FAIL: gfortran.dg/widechar_IO_2.f90  -Os  (test for excess errors)
WARNING: gfortran.dg/widechar_IO_2.f90  -Os  compilation failed to
produce executable
FAIL: gfortran.dg/widechar_IO_3.f90  -O0  (test for excess errors)
WARNING: gfortran.dg/widechar_IO_3.f90  -O0  compilation failed to
produce executable
FAIL: gfortran.dg/widechar_IO_3.f90  -O1  (test for excess errors)
WARNING: gfortran.dg/widechar_IO_3.f90  -O1  compilation failed to
produce executable
FAIL: gfortran.dg/widechar_IO_3.f90  -O2  (test for excess errors)
WARNING: gfortran.dg/widechar_IO_3.f90  -O2  compilation failed to
produce executable
FAIL: gfortran.dg/widechar_IO_3.f90  -O3 -fomit-frame-pointer  (test
for excess errors)
WARNING: gfortran.dg/widechar_IO_3.f90  -O3 -fomit-frame-pointer
compilation failed to produce executable
FAIL: gfortran.dg/widechar_IO_3.f90  -O3 -fomit-frame-pointer
-funroll-loops  (test for excess errors)
WARNING: gfortran.dg/widechar_IO_3.f90  -O3 -fomit-frame-pointer
-funroll-loops  compilation failed to produce executable
FAIL: gfortran.dg/widechar_IO_3.f90  -O3 -fomit-frame-pointer
-funroll-all-loops -finline-functions  (test for excess errors)
WARNING: gfortran.dg/widechar_IO_3.f90  -O3 -fomit-frame-pointer
-funroll-all-loops -finline-functions  compilation failed to produce
executable
FAIL: gfortran.dg/widechar_IO_3.f90  -O3 -g  (test for excess errors)
WARNING: gfortran.dg/widechar_IO_3.f90  -O3 -g  compilation failed to
produce executable
FAIL: gfortran.dg/widechar_IO_3.f90  -Os  (test for excess errors)
WARNING: gfortran.dg/widechar_IO_3.f90  -Os  compilation failed to
produce executable
FAIL: gfortran.dg/widechar_IO_4.f90  -O0  (test for excess errors)
WARNING: gfortran.dg/widechar_IO_4.f90  -O0  compilation failed to
produce executable
FAIL: gfortran.dg/widechar_IO_4.f90  -O1  (test for excess errors)
WARNING: gfortran.dg/widechar_IO_4.f90  -O1  compilation failed to
produce executable
FAIL: gfortran.dg/widechar_IO_4.f90  -O2  (test for excess errors)
WARNING: gfortran.dg/widechar_IO_4.f90  -O2  compilation failed to
produce executable
FAIL: gfortran.dg/widechar_IO_4.f90  -O3 -fomit-frame-pointer  (test
for excess errors)
WARNING: gfortran.dg/widechar_IO_4.f90  -O3 -fomit-frame-pointer
compilation failed to produce executable
FAIL: gfortran.dg/widechar_IO_4.f90  -O3 -fomit-frame-pointer
-funroll-loops  (test for excess errors)
WARNING: gfortran.dg/widechar_IO_4.f90  -O3 -fomit-frame-pointer
-funroll-loops  compilation failed to produce executable
FAIL: gfortran.dg/widechar_IO_4.f90  -O3 -fomit-frame-pointer
-funroll-all-loops -finline-functions  (test for excess errors)
WARNING: gfortran.dg/widechar_IO_4.f90  -O3 -fomit-frame-pointer
-funroll-all-loops -finline-functions  compilation failed to produce
executable
FAIL: gfortran.dg/widechar_IO_4.f90  -O3 -g  (test for excess errors)
WARNING: gfortran.dg/widechar_IO_4.f90  -O3 -g  compilation failed to
produce executable
FAIL: gfortran.dg/widechar_IO_4.f90  -Os  (test for excess errors)
WARNING: gfortran.dg/widechar_IO_4.f90  -Os  compilation failed to
produce executable
FAIL: gfortran.dg/widechar_intrinsics_10.f90  -O0  (test for excess errors)
WARNING: gfortran.dg/widechar_intrinsics_10.f90  -O0  compilation
failed to produce executable
FAIL: gfortran.dg/widechar_intrinsics_10.f90  -O1  (test for excess errors)
WARNING: gfortran.dg/widechar_intrinsics_10.f90  -O1  compilation
failed to produce executable
FAIL: gfortran.dg/widechar_intrinsics_10.f90  -O2  (test for excess errors)
WARNING: gfortran.dg/widechar_intrinsics_10.f90  -O2  compilation
failed to produce executable
FAIL: gfortran.dg/widechar_intrinsics_10.f90  -O3 -fomit-frame-pointer
 (test for excess errors)
WARNING: gfortran.dg/widechar_intrinsics_10.f90  -O3
-fomit-frame-pointer  compilation failed to produce executable
FAIL: gfortran.dg/widechar_intrinsics_10.f90  -O3 -fomit-frame-pointer
-funroll-loops  (test for excess errors)
WARNING: gfortran.dg/widechar_intrinsics_10.f90  -O3
-fomit-frame-pointer -funroll-loops  compilation failed to produce
executable
FAIL: gfortran.dg/widechar_intrinsics_10.f90  -O3 -fomit-frame-pointer
-funroll-all-loops -finline-functions  (test for excess errors)
WARNING: gfortran.dg/widechar_intrinsics_10.f90  -O3
-fomit-frame-pointer -funroll-all-loops -finline-functions
compilation failed to produce executable
FAIL: gfortran.dg/widechar_intrinsics_10.f90  -O3 -g  (test for excess errors)
WARNING: gfortran.dg/widechar_intrinsics_10.f90  -O3 -g  compilation
failed to produce executable
FAIL: gfortran.dg/widechar_intrinsics_10.f90  -Os  (test for excess errors)
WARNING: gfortran.dg/widechar_intrinsics_10.f90  -Os  compilation
failed to produce executable
FAIL: gfortran.dg/widechar_intrinsics_4.f90  -O0  (test for excess errors)
WARNING: gfortran.dg/widechar_intrinsics_4.f90  -O0  compilation
failed to produce executable
FAIL: gfortran.dg/widechar_intrinsics_4.f90  -O1  (test for excess errors)
WARNING: gfortran.dg/widechar_intrinsics_4.f90  -O1  compilation
failed to produce executable
FAIL: gfortran.dg/widechar_intrinsics_4.f90  -O2  (test for excess errors)
WARNING: gfortran.dg/widechar_intrinsics_4.f90  -O2  compilation
failed to produce executable
FAIL: gfortran.dg/widechar_intrinsics_4.f90  -O3 -fomit-frame-pointer
(test for excess errors)
WARNING: gfortran.dg/widechar_intrinsics_4.f90  -O3
-fomit-frame-pointer  compilation failed to produce executable
FAIL: gfortran.dg/widechar_intrinsics_4.f90  -O3 -fomit-frame-pointer
-funroll-loops  (test for excess errors)
WARNING: gfortran.dg/widechar_intrinsics_4.f90  -O3
-fomit-frame-pointer -funroll-loops  compilation failed to produce
executable
FAIL: gfortran.dg/widechar_intrinsics_4.f90  -O3 -fomit-frame-pointer
-funroll-all-loops -finline-functions  (test for excess errors)
WARNING: gfortran.dg/widechar_intrinsics_4.f90  -O3
-fomit-frame-pointer -funroll-all-loops -finline-functions
compilation failed to produce executable
FAIL: gfortran.dg/widechar_intrinsics_4.f90  -O3 -g  (test for excess errors)
WARNING: gfortran.dg/widechar_intrinsics_4.f90  -O3 -g  compilation
failed to produce executable
FAIL: gfortran.dg/widechar_intrinsics_4.f90  -Os  (test for excess errors)
WARNING: gfortran.dg/widechar_intrinsics_4.f90  -Os  compilation
failed to produce executable
FAIL: gfortran.dg/widechar_intrinsics_5.f90  -O0  (test for excess errors)
WARNING: gfortran.dg/widechar_intrinsics_5.f90  -O0  compilation
failed to produce executable
FAIL: gfortran.dg/widechar_intrinsics_5.f90  -O1  (test for excess errors)
WARNING: gfortran.dg/widechar_intrinsics_5.f90  -O1  compilation
failed to produce executable
FAIL: gfortran.dg/widechar_intrinsics_5.f90  -O2  (test for excess errors)
WARNING: gfortran.dg/widechar_intrinsics_5.f90  -O2  compilation
failed to produce executable
FAIL: gfortran.dg/widechar_intrinsics_5.f90  -O3 -fomit-frame-pointer
(test for excess errors)
WARNING: gfortran.dg/widechar_intrinsics_5.f90  -O3
-fomit-frame-pointer  compilation failed to produce executable
FAIL: gfortran.dg/widechar_intrinsics_5.f90  -O3 -fomit-frame-pointer
-funroll-loops  (test for excess errors)
WARNING: gfortran.dg/widechar_intrinsics_5.f90  -O3
-fomit-frame-pointer -funroll-loops  compilation failed to produce
executable
FAIL: gfortran.dg/widechar_intrinsics_5.f90  -O3 -fomit-frame-pointer
-funroll-all-loops -finline-functions  (test for excess errors)
WARNING: gfortran.dg/widechar_intrinsics_5.f90  -O3
-fomit-frame-pointer -funroll-all-loops -finline-functions
compilation failed to produce executable
FAIL: gfortran.dg/widechar_intrinsics_5.f90  -O3 -g  (test for excess errors)
WARNING: gfortran.dg/widechar_intrinsics_5.f90  -O3 -g  compilation
failed to produce executable
FAIL: gfortran.dg/widechar_intrinsics_5.f90  -Os  (test for excess errors)
WARNING: gfortran.dg/widechar_intrinsics_5.f90  -Os  compilation
failed to produce executable
FAIL: gfortran.dg/widechar_intrinsics_6.f90  -O0  (test for excess errors)
WARNING: gfortran.dg/widechar_intrinsics_6.f90  -O0  compilation
failed to produce executable
FAIL: gfortran.dg/widechar_intrinsics_6.f90  -O1  (test for excess errors)
WARNING: gfortran.dg/widechar_intrinsics_6.f90  -O1  compilation
failed to produce executable
FAIL: gfortran.dg/widechar_intrinsics_6.f90  -O2  (test for excess errors)
WARNING: gfortran.dg/widechar_intrinsics_6.f90  -O2  compilation
failed to produce executable
FAIL: gfortran.dg/widechar_intrinsics_6.f90  -O3 -fomit-frame-pointer
(test for excess errors)
WARNING: gfortran.dg/widechar_intrinsics_6.f90  -O3
-fomit-frame-pointer  compilation failed to produce executable
FAIL: gfortran.dg/widechar_intrinsics_6.f90  -O3 -fomit-frame-pointer
-funroll-loops  (test for excess errors)
WARNING: gfortran.dg/widechar_intrinsics_6.f90  -O3
-fomit-frame-pointer -funroll-loops  compilation failed to produce
executable
FAIL: gfortran.dg/widechar_intrinsics_6.f90  -O3 -fomit-frame-pointer
-funroll-all-loops -finline-functions  (test for excess errors)
WARNING: gfortran.dg/widechar_intrinsics_6.f90  -O3
-fomit-frame-pointer -funroll-all-loops -finline-functions
compilation failed to produce executable
FAIL: gfortran.dg/widechar_intrinsics_6.f90  -O3 -g  (test for excess errors)
WARNING: gfortran.dg/widechar_intrinsics_6.f90  -O3 -g  compilation
failed to produce executable
FAIL: gfortran.dg/widechar_intrinsics_6.f90  -Os  (test for excess errors)
WARNING: gfortran.dg/widechar_intrinsics_6.f90  -Os  compilation
failed to produce executable
FAIL: gfortran.dg/widechar_intrinsics_7.f90  -O0  (test for excess errors)
WARNING: gfortran.dg/widechar_intrinsics_7.f90  -O0  compilation
failed to produce executable
FAIL: gfortran.dg/widechar_intrinsics_7.f90  -O1  (test for excess errors)
WARNING: gfortran.dg/widechar_intrinsics_7.f90  -O1  compilation
failed to produce executable
FAIL: gfortran.dg/widechar_intrinsics_7.f90  -O2  (test for excess errors)
WARNING: gfortran.dg/widechar_intrinsics_7.f90  -O2  compilation
failed to produce executable
FAIL: gfortran.dg/widechar_intrinsics_7.f90  -O3 -fomit-frame-pointer
(test for excess errors)
WARNING: gfortran.dg/widechar_intrinsics_7.f90  -O3
-fomit-frame-pointer  compilation failed to produce executable
FAIL: gfortran.dg/widechar_intrinsics_7.f90  -O3 -fomit-frame-pointer
-funroll-loops  (test for excess errors)
WARNING: gfortran.dg/widechar_intrinsics_7.f90  -O3
-fomit-frame-pointer -funroll-loops  compilation failed to produce
executable
FAIL: gfortran.dg/widechar_intrinsics_7.f90  -O3 -fomit-frame-pointer
-funroll-all-loops -finline-functions  (test for excess errors)
WARNING: gfortran.dg/widechar_intrinsics_7.f90  -O3
-fomit-frame-pointer -funroll-all-loops -finline-functions
compilation failed to produce executable
FAIL: gfortran.dg/widechar_intrinsics_7.f90  -O3 -g  (test for excess errors)
WARNING: gfortran.dg/widechar_intrinsics_7.f90  -O3 -g  compilation
failed to produce executable
FAIL: gfortran.dg/widechar_intrinsics_7.f90  -Os  (test for excess errors)
WARNING: gfortran.dg/widechar_intrinsics_7.f90  -Os  compilation
failed to produce executable
FAIL: gfortran.dg/widechar_intrinsics_8.f90  -O0  (test for excess errors)
WARNING: gfortran.dg/widechar_intrinsics_8.f90  -O0  compilation
failed to produce executable
FAIL: gfortran.dg/widechar_intrinsics_8.f90  -O1  (test for excess errors)
WARNING: gfortran.dg/widechar_intrinsics_8.f90  -O1  compilation
failed to produce executable
FAIL: gfortran.dg/widechar_intrinsics_8.f90  -O2  (test for excess errors)
WARNING: gfortran.dg/widechar_intrinsics_8.f90  -O2  compilation
failed to produce executable
FAIL: gfortran.dg/widechar_intrinsics_8.f90  -O3 -fomit-frame-pointer
(test for excess errors)
WARNING: gfortran.dg/widechar_intrinsics_8.f90  -O3
-fomit-frame-pointer  compilation failed to produce executable
FAIL: gfortran.dg/widechar_intrinsics_8.f90  -O3 -fomit-frame-pointer
-funroll-loops  (test for excess errors)
WARNING: gfortran.dg/widechar_intrinsics_8.f90  -O3
-fomit-frame-pointer -funroll-loops  compilation failed to produce
executable
FAIL: gfortran.dg/widechar_intrinsics_8.f90  -O3 -fomit-frame-pointer
-funroll-all-loops -finline-functions  (test for excess errors)
WARNING: gfortran.dg/widechar_intrinsics_8.f90  -O3
-fomit-frame-pointer -funroll-all-loops -finline-functions
compilation failed to produce executable
FAIL: gfortran.dg/widechar_intrinsics_8.f90  -O3 -g  (test for excess errors)
WARNING: gfortran.dg/widechar_intrinsics_8.f90  -O3 -g  compilation
failed to produce executable
FAIL: gfortran.dg/widechar_intrinsics_8.f90  -Os  (test for excess errors)
WARNING: gfortran.dg/widechar_intrinsics_8.f90  -Os  compilation
failed to produce executable
FAIL: gfortran.dg/widechar_intrinsics_9.f90  -O0  (test for excess errors)
WARNING: gfortran.dg/widechar_intrinsics_9.f90  -O0  compilation
failed to produce executable
FAIL: gfortran.dg/widechar_intrinsics_9.f90  -O1  (test for excess errors)
WARNING: gfortran.dg/widechar_intrinsics_9.f90  -O1  compilation
failed to produce executable
FAIL: gfortran.dg/widechar_intrinsics_9.f90  -O2  (test for excess errors)
WARNING: gfortran.dg/widechar_intrinsics_9.f90  -O2  compilation
failed to produce executable
FAIL: gfortran.dg/widechar_intrinsics_9.f90  -O3 -fomit-frame-pointer
(test for excess errors)
WARNING: gfortran.dg/widechar_intrinsics_9.f90  -O3
-fomit-frame-pointer  compilation failed to produce executable
FAIL: gfortran.dg/widechar_intrinsics_9.f90  -O3 -fomit-frame-pointer
-funroll-loops  (test for excess errors)
WARNING: gfortran.dg/widechar_intrinsics_9.f90  -O3
-fomit-frame-pointer -funroll-loops  compilation failed to produce
executable
FAIL: gfortran.dg/widechar_intrinsics_9.f90  -O3 -fomit-frame-pointer
-funroll-all-loops -finline-functions  (test for excess errors)
WARNING: gfortran.dg/widechar_intrinsics_9.f90  -O3
-fomit-frame-pointer -funroll-all-loops -finline-functions
compilation failed to produce executable
FAIL: gfortran.dg/widechar_intrinsics_9.f90  -O3 -g  (test for excess errors)
WARNING: gfortran.dg/widechar_intrinsics_9.f90  -O3 -g  compilation
failed to produce executable
FAIL: gfortran.dg/widechar_intrinsics_9.f90  -Os  (test for excess errors)
WARNING: gfortran.dg/widechar_intrinsics_9.f90  -Os  compilation
failed to produce executable
FAIL: gfortran.dg/widechar_select_1.f90  -O0  (test for excess errors)
WARNING: gfortran.dg/widechar_select_1.f90  -O0  compilation failed to
produce executable
FAIL: gfortran.dg/widechar_select_1.f90  -O1  (test for excess errors)
WARNING: gfortran.dg/widechar_select_1.f90  -O1  compilation failed to
produce executable
FAIL: gfortran.dg/widechar_select_1.f90  -O2  (test for excess errors)
WARNING: gfortran.dg/widechar_select_1.f90  -O2  compilation failed to
produce executable
FAIL: gfortran.dg/widechar_select_1.f90  -O3 -fomit-frame-pointer
(test for excess errors)
WARNING: gfortran.dg/widechar_select_1.f90  -O3 -fomit-frame-pointer
compilation failed to produce executable
FAIL: gfortran.dg/widechar_select_1.f90  -O3 -fomit-frame-pointer
-funroll-loops  (test for excess errors)
WARNING: gfortran.dg/widechar_select_1.f90  -O3 -fomit-frame-pointer
-funroll-loops  compilation failed to produce executable
FAIL: gfortran.dg/widechar_select_1.f90  -O3 -fomit-frame-pointer
-funroll-all-loops -finline-functions  (test for excess errors)
WARNING: gfortran.dg/widechar_select_1.f90  -O3 -fomit-frame-pointer
-funroll-all-loops -finline-functions  compilation failed to produce
executable
FAIL: gfortran.dg/widechar_select_1.f90  -O3 -g  (test for excess errors)
WARNING: gfortran.dg/widechar_select_1.f90  -O3 -g  compilation failed
to produce executable
FAIL: gfortran.dg/widechar_select_1.f90  -Os  (test for excess errors)
WARNING: gfortran.dg/widechar_select_1.f90  -Os  compilation failed to
produce executable

		=== gfortran Summary ===

# of expected passes		28847
# of unexpected failures	197
# of expected failures		10
# of unsupported tests		113
/export/home/jo/build/gcc-4.4/gcc/testsuite/gfortran/../../gfortran
version 4.4.0 (GCC)

		=== libgomp tests ===


Running target unix
FAIL: libgomp.c/icv-1.c (test for excess errors)
WARNING: libgomp.c/icv-1.c compilation failed to produce executable
FAIL: libgomp.c/lib-2.c (test for excess errors)
WARNING: libgomp.c/lib-2.c compilation failed to produce executable
FAIL: libgomp.c/lock-2.c (test for excess errors)
WARNING: libgomp.c/lock-2.c compilation failed to produce executable
FAIL: libgomp.c/loop-11.c (test for excess errors)
WARNING: libgomp.c/loop-11.c compilation failed to produce executable
FAIL: libgomp.c/loop-12.c (test for excess errors)
WARNING: libgomp.c/loop-12.c compilation failed to produce executable
FAIL: libgomp.c/loop-5.c (test for excess errors)
WARNING: libgomp.c/loop-5.c compilation failed to produce executable
FAIL: libgomp.c/loop-6.c (test for excess errors)
WARNING: libgomp.c/loop-6.c compilation failed to produce executable
FAIL: libgomp.c/loop-7.c (test for excess errors)
WARNING: libgomp.c/loop-7.c compilation failed to produce executable
FAIL: libgomp.c/loop-9.c (test for excess errors)
WARNING: libgomp.c/loop-9.c compilation failed to produce executable
FAIL: libgomp.c/nested-3.c (test for excess errors)
WARNING: libgomp.c/nested-3.c compilation failed to produce executable
FAIL: libgomp.c/nqueens-1.c (test for excess errors)
WARNING: libgomp.c/nqueens-1.c compilation failed to produce executable
FAIL: libgomp.c/pr36802-1.c (test for excess errors)
WARNING: libgomp.c/pr36802-1.c compilation failed to produce executable
FAIL: libgomp.c/pr39591-1.c (test for excess errors)
WARNING: libgomp.c/pr39591-1.c compilation failed to produce executable
FAIL: libgomp.c/pr39591-2.c (test for excess errors)
WARNING: libgomp.c/pr39591-2.c compilation failed to produce executable
FAIL: libgomp.c/pr39591-3.c (test for excess errors)
WARNING: libgomp.c/pr39591-3.c compilation failed to produce executable
FAIL: libgomp.c/sort-1.c (test for excess errors)
WARNING: libgomp.c/sort-1.c compilation failed to produce executable
FAIL: libgomp.c/task-1.c (test for excess errors)
WARNING: libgomp.c/task-1.c compilation failed to produce executable
FAIL: libgomp.c/task-2.c (test for excess errors)
WARNING: libgomp.c/task-2.c compilation failed to produce executable
FAIL: libgomp.c/task-3.c (test for excess errors)
WARNING: libgomp.c/task-3.c compilation failed to produce executable
FAIL: libgomp.c/task-4.c (test for excess errors)
WARNING: libgomp.c/task-4.c compilation failed to produce executable
FAIL: libgomp.c++/loop-10.C  -O0  (test for excess errors)
WARNING: libgomp.c++/loop-10.C  -O0  compilation failed to produce executable
FAIL: libgomp.c++/loop-10.C  -O1  (test for excess errors)
WARNING: libgomp.c++/loop-10.C  -O1  compilation failed to produce executable
FAIL: libgomp.c++/loop-10.C  -O2  (test for excess errors)
WARNING: libgomp.c++/loop-10.C  -O2  compilation failed to produce executable
FAIL: libgomp.c++/loop-10.C  -O3 -fomit-frame-pointer  (test for excess errors)
WARNING: libgomp.c++/loop-10.C  -O3 -fomit-frame-pointer  compilation
failed to produce executable
FAIL: libgomp.c++/loop-10.C  -O3 -fomit-frame-pointer -funroll-loops
(test for excess errors)
WARNING: libgomp.c++/loop-10.C  -O3 -fomit-frame-pointer
-funroll-loops  compilation failed to produce executable
FAIL: libgomp.c++/loop-10.C  -O3 -fomit-frame-pointer
-funroll-all-loops -finline-functions  (test for excess errors)
WARNING: libgomp.c++/loop-10.C  -O3 -fomit-frame-pointer
-funroll-all-loops -finline-functions  compilation failed to produce
executable
FAIL: libgomp.c++/loop-10.C  -O3 -g  (test for excess errors)
WARNING: libgomp.c++/loop-10.C  -O3 -g  compilation failed to produce executable
FAIL: libgomp.c++/loop-10.C  -Os  (test for excess errors)
WARNING: libgomp.c++/loop-10.C  -Os  compilation failed to produce executable
FAIL: libgomp.c++/loop-11.C  -O  (test for excess errors)
WARNING: libgomp.c++/loop-11.C  -O  compilation failed to produce executable
FAIL: libgomp.c++/loop-12.C  -O0  (test for excess errors)
WARNING: libgomp.c++/loop-12.C  -O0  compilation failed to produce executable
FAIL: libgomp.c++/loop-12.C  -O1  (test for excess errors)
WARNING: libgomp.c++/loop-12.C  -O1  compilation failed to produce executable
FAIL: libgomp.c++/loop-12.C  -O2  (test for excess errors)
WARNING: libgomp.c++/loop-12.C  -O2  compilation failed to produce executable
FAIL: libgomp.c++/loop-12.C  -O3 -fomit-frame-pointer  (test for excess errors)
WARNING: libgomp.c++/loop-12.C  -O3 -fomit-frame-pointer  compilation
failed to produce executable
FAIL: libgomp.c++/loop-12.C  -O3 -fomit-frame-pointer -funroll-loops
(test for excess errors)
WARNING: libgomp.c++/loop-12.C  -O3 -fomit-frame-pointer
-funroll-loops  compilation failed to produce executable
FAIL: libgomp.c++/loop-12.C  -O3 -fomit-frame-pointer
-funroll-all-loops -finline-functions  (test for excess errors)
WARNING: libgomp.c++/loop-12.C  -O3 -fomit-frame-pointer
-funroll-all-loops -finline-functions  compilation failed to produce
executable
FAIL: libgomp.c++/loop-12.C  -O3 -g  (test for excess errors)
WARNING: libgomp.c++/loop-12.C  -O3 -g  compilation failed to produce executable
FAIL: libgomp.c++/loop-12.C  -Os  (test for excess errors)
WARNING: libgomp.c++/loop-12.C  -Os  compilation failed to produce executable
FAIL: libgomp.c++/loop-8.C  -O  (test for excess errors)
WARNING: libgomp.c++/loop-8.C  -O  compilation failed to produce executable
FAIL: libgomp.c++/loop-9.C  -O0  (test for excess errors)
WARNING: libgomp.c++/loop-9.C  -O0  compilation failed to produce executable
FAIL: libgomp.c++/loop-9.C  -O1  (test for excess errors)
WARNING: libgomp.c++/loop-9.C  -O1  compilation failed to produce executable
FAIL: libgomp.c++/loop-9.C  -O2  (test for excess errors)
WARNING: libgomp.c++/loop-9.C  -O2  compilation failed to produce executable
FAIL: libgomp.c++/loop-9.C  -O3 -fomit-frame-pointer  (test for excess errors)
WARNING: libgomp.c++/loop-9.C  -O3 -fomit-frame-pointer  compilation
failed to produce executable
FAIL: libgomp.c++/loop-9.C  -O3 -fomit-frame-pointer -funroll-loops
(test for excess errors)
WARNING: libgomp.c++/loop-9.C  -O3 -fomit-frame-pointer -funroll-loops
 compilation failed to produce executable
FAIL: libgomp.c++/loop-9.C  -O3 -fomit-frame-pointer
-funroll-all-loops -finline-functions  (test for excess errors)
WARNING: libgomp.c++/loop-9.C  -O3 -fomit-frame-pointer
-funroll-all-loops -finline-functions  compilation failed to produce
executable
FAIL: libgomp.c++/loop-9.C  -O3 -g  (test for excess errors)
WARNING: libgomp.c++/loop-9.C  -O3 -g  compilation failed to produce executable
FAIL: libgomp.c++/loop-9.C  -Os  (test for excess errors)
WARNING: libgomp.c++/loop-9.C  -Os  compilation failed to produce executable
FAIL: libgomp.c++/task-1.C  -O  (test for excess errors)
WARNING: libgomp.c++/task-1.C  -O  compilation failed to produce executable
FAIL: libgomp.c++/task-2.C  -O0  (test for excess errors)
WARNING: libgomp.c++/task-2.C  -O0  compilation failed to produce executable
FAIL: libgomp.c++/task-2.C  -O1  (test for excess errors)
WARNING: libgomp.c++/task-2.C  -O1  compilation failed to produce executable
FAIL: libgomp.c++/task-2.C  -O2  (test for excess errors)
WARNING: libgomp.c++/task-2.C  -O2  compilation failed to produce executable
FAIL: libgomp.c++/task-2.C  -O3 -fomit-frame-pointer  (test for excess errors)
WARNING: libgomp.c++/task-2.C  -O3 -fomit-frame-pointer  compilation
failed to produce executable
FAIL: libgomp.c++/task-2.C  -O3 -fomit-frame-pointer -funroll-loops
(test for excess errors)
WARNING: libgomp.c++/task-2.C  -O3 -fomit-frame-pointer -funroll-loops
 compilation failed to produce executable
FAIL: libgomp.c++/task-2.C  -O3 -fomit-frame-pointer
-funroll-all-loops -finline-functions  (test for excess errors)
WARNING: libgomp.c++/task-2.C  -O3 -fomit-frame-pointer
-funroll-all-loops -finline-functions  compilation failed to produce
executable
FAIL: libgomp.c++/task-2.C  -O3 -g  (test for excess errors)
WARNING: libgomp.c++/task-2.C  -O3 -g  compilation failed to produce executable
FAIL: libgomp.c++/task-2.C  -Os  (test for excess errors)
WARNING: libgomp.c++/task-2.C  -Os  compilation failed to produce executable
FAIL: libgomp.c++/task-3.C  -O0  (test for excess errors)
WARNING: libgomp.c++/task-3.C  -O0  compilation failed to produce executable
FAIL: libgomp.c++/task-3.C  -O1  (test for excess errors)
WARNING: libgomp.c++/task-3.C  -O1  compilation failed to produce executable
FAIL: libgomp.c++/task-3.C  -O2  (test for excess errors)
WARNING: libgomp.c++/task-3.C  -O2  compilation failed to produce executable
FAIL: libgomp.c++/task-3.C  -O3 -fomit-frame-pointer  (test for excess errors)
WARNING: libgomp.c++/task-3.C  -O3 -fomit-frame-pointer  compilation
failed to produce executable
FAIL: libgomp.c++/task-3.C  -O3 -fomit-frame-pointer -funroll-loops
(test for excess errors)
WARNING: libgomp.c++/task-3.C  -O3 -fomit-frame-pointer -funroll-loops
 compilation failed to produce executable
FAIL: libgomp.c++/task-3.C  -O3 -fomit-frame-pointer
-funroll-all-loops -finline-functions  (test for excess errors)
WARNING: libgomp.c++/task-3.C  -O3 -fomit-frame-pointer
-funroll-all-loops -finline-functions  compilation failed to produce
executable
FAIL: libgomp.c++/task-3.C  -O3 -g  (test for excess errors)
WARNING: libgomp.c++/task-3.C  -O3 -g  compilation failed to produce executable
FAIL: libgomp.c++/task-3.C  -Os  (test for excess errors)
WARNING: libgomp.c++/task-3.C  -Os  compilation failed to produce executable
FAIL: libgomp.c++/task-4.C  -O  (test for excess errors)
WARNING: libgomp.c++/task-4.C  -O  compilation failed to produce executable
FAIL: libgomp.c++/task-5.C  -O0  (test for excess errors)
WARNING: libgomp.c++/task-5.C  -O0  compilation failed to produce executable
FAIL: libgomp.c++/task-5.C  -O1  (test for excess errors)
WARNING: libgomp.c++/task-5.C  -O1  compilation failed to produce executable
FAIL: libgomp.c++/task-5.C  -O2  (test for excess errors)
WARNING: libgomp.c++/task-5.C  -O2  compilation failed to produce executable
FAIL: libgomp.c++/task-5.C  -O3 -fomit-frame-pointer  (test for excess errors)
WARNING: libgomp.c++/task-5.C  -O3 -fomit-frame-pointer  compilation
failed to produce executable
FAIL: libgomp.c++/task-5.C  -O3 -fomit-frame-pointer -funroll-loops
(test for excess errors)
WARNING: libgomp.c++/task-5.C  -O3 -fomit-frame-pointer -funroll-loops
 compilation failed to produce executable
FAIL: libgomp.c++/task-5.C  -O3 -fomit-frame-pointer
-funroll-all-loops -finline-functions  (test for excess errors)
WARNING: libgomp.c++/task-5.C  -O3 -fomit-frame-pointer
-funroll-all-loops -finline-functions  compilation failed to produce
executable
FAIL: libgomp.c++/task-5.C  -O3 -g  (test for excess errors)
WARNING: libgomp.c++/task-5.C  -O3 -g  compilation failed to produce executable
FAIL: libgomp.c++/task-5.C  -Os  (test for excess errors)
WARNING: libgomp.c++/task-5.C  -Os  compilation failed to produce executable
FAIL: libgomp.c++/task-6.C  -O  (test for excess errors)
WARNING: libgomp.c++/task-6.C  -O  compilation failed to produce executable
FAIL: libgomp.c++/task-7.C  -O0  (test for excess errors)
WARNING: libgomp.c++/task-7.C  -O0  compilation failed to produce executable
FAIL: libgomp.c++/task-7.C  -O1  (test for excess errors)
WARNING: libgomp.c++/task-7.C  -O1  compilation failed to produce executable
FAIL: libgomp.c++/task-7.C  -O2  (test for excess errors)
WARNING: libgomp.c++/task-7.C  -O2  compilation failed to produce executable
FAIL: libgomp.c++/task-7.C  -O3 -fomit-frame-pointer  (test for excess errors)
WARNING: libgomp.c++/task-7.C  -O3 -fomit-frame-pointer  compilation
failed to produce executable
FAIL: libgomp.c++/task-7.C  -O3 -fomit-frame-pointer -funroll-loops
(test for excess errors)
WARNING: libgomp.c++/task-7.C  -O3 -fomit-frame-pointer -funroll-loops
 compilation failed to produce executable
FAIL: libgomp.c++/task-7.C  -O3 -fomit-frame-pointer
-funroll-all-loops -finline-functions  (test for excess errors)
WARNING: libgomp.c++/task-7.C  -O3 -fomit-frame-pointer
-funroll-all-loops -finline-functions  compilation failed to produce
executable
FAIL: libgomp.c++/task-7.C  -O3 -g  (test for excess errors)
WARNING: libgomp.c++/task-7.C  -O3 -g  compilation failed to produce executable
FAIL: libgomp.c++/task-7.C  -Os  (test for excess errors)
WARNING: libgomp.c++/task-7.C  -Os  compilation failed to produce executable
FAIL: libgomp.fortran/allocatable4.f90  -O0  (test for excess errors)
WARNING: libgomp.fortran/allocatable4.f90  -O0  compilation failed to
produce executable
FAIL: libgomp.fortran/allocatable4.f90  -O1  (test for excess errors)
WARNING: libgomp.fortran/allocatable4.f90  -O1  compilation failed to
produce executable
FAIL: libgomp.fortran/allocatable4.f90  -O2  (test for excess errors)
WARNING: libgomp.fortran/allocatable4.f90  -O2  compilation failed to
produce executable
FAIL: libgomp.fortran/allocatable4.f90  -O3 -fomit-frame-pointer
(test for excess errors)
WARNING: libgomp.fortran/allocatable4.f90  -O3 -fomit-frame-pointer
compilation failed to produce executable
FAIL: libgomp.fortran/allocatable4.f90  -O3 -fomit-frame-pointer
-funroll-loops  (test for excess errors)
WARNING: libgomp.fortran/allocatable4.f90  -O3 -fomit-frame-pointer
-funroll-loops  compilation failed to produce executable
FAIL: libgomp.fortran/allocatable4.f90  -O3 -fomit-frame-pointer
-funroll-all-loops -finline-functions  (test for excess errors)
WARNING: libgomp.fortran/allocatable4.f90  -O3 -fomit-frame-pointer
-funroll-all-loops -finline-functions  compilation failed to produce
executable
FAIL: libgomp.fortran/allocatable4.f90  -O3 -g  (test for excess errors)
WARNING: libgomp.fortran/allocatable4.f90  -O3 -g  compilation failed
to produce executable
FAIL: libgomp.fortran/allocatable4.f90  -Os  (test for excess errors)
WARNING: libgomp.fortran/allocatable4.f90  -Os  compilation failed to
produce executable
FAIL: libgomp.fortran/lib4.f90  -O0  (test for excess errors)
WARNING: libgomp.fortran/lib4.f90  -O0  compilation failed to produce executable
FAIL: libgomp.fortran/lib4.f90  -O1  (test for excess errors)
WARNING: libgomp.fortran/lib4.f90  -O1  compilation failed to produce executable
FAIL: libgomp.fortran/lib4.f90  -O2  (test for excess errors)
WARNING: libgomp.fortran/lib4.f90  -O2  compilation failed to produce executable
FAIL: libgomp.fortran/lib4.f90  -O3 -fomit-frame-pointer  (test for
excess errors)
WARNING: libgomp.fortran/lib4.f90  -O3 -fomit-frame-pointer
compilation failed to produce executable
FAIL: libgomp.fortran/lib4.f90  -O3 -fomit-frame-pointer
-funroll-loops  (test for excess errors)
WARNING: libgomp.fortran/lib4.f90  -O3 -fomit-frame-pointer
-funroll-loops  compilation failed to produce executable
FAIL: libgomp.fortran/lib4.f90  -O3 -fomit-frame-pointer
-funroll-all-loops -finline-functions  (test for excess errors)
WARNING: libgomp.fortran/lib4.f90  -O3 -fomit-frame-pointer
-funroll-all-loops -finline-functions  compilation failed to produce
executable
FAIL: libgomp.fortran/lib4.f90  -O3 -g  (test for excess errors)
WARNING: libgomp.fortran/lib4.f90  -O3 -g  compilation failed to
produce executable
FAIL: libgomp.fortran/lib4.f90  -Os  (test for excess errors)
WARNING: libgomp.fortran/lib4.f90  -Os  compilation failed to produce executable
FAIL: libgomp.fortran/lock-2.f90  -O0  (test for excess errors)
WARNING: libgomp.fortran/lock-2.f90  -O0  compilation failed to
produce executable
FAIL: libgomp.fortran/lock-2.f90  -O1  (test for excess errors)
WARNING: libgomp.fortran/lock-2.f90  -O1  compilation failed to
produce executable
FAIL: libgomp.fortran/lock-2.f90  -O2  (test for excess errors)
WARNING: libgomp.fortran/lock-2.f90  -O2  compilation failed to
produce executable
FAIL: libgomp.fortran/lock-2.f90  -O3 -fomit-frame-pointer  (test for
excess errors)
WARNING: libgomp.fortran/lock-2.f90  -O3 -fomit-frame-pointer
compilation failed to produce executable
FAIL: libgomp.fortran/lock-2.f90  -O3 -fomit-frame-pointer
-funroll-loops  (test for excess errors)
WARNING: libgomp.fortran/lock-2.f90  -O3 -fomit-frame-pointer
-funroll-loops  compilation failed to produce executable
FAIL: libgomp.fortran/lock-2.f90  -O3 -fomit-frame-pointer
-funroll-all-loops -finline-functions  (test for excess errors)
WARNING: libgomp.fortran/lock-2.f90  -O3 -fomit-frame-pointer
-funroll-all-loops -finline-functions  compilation failed to produce
executable
FAIL: libgomp.fortran/lock-2.f90  -O3 -g  (test for excess errors)
WARNING: libgomp.fortran/lock-2.f90  -O3 -g  compilation failed to
produce executable
FAIL: libgomp.fortran/lock-2.f90  -Os  (test for excess errors)
WARNING: libgomp.fortran/lock-2.f90  -Os  compilation failed to
produce executable
FAIL: libgomp.fortran/nested1.f90  -O0  (test for excess errors)
WARNING: libgomp.fortran/nested1.f90  -O0  compilation failed to
produce executable
FAIL: libgomp.fortran/nested1.f90  -O1  (test for excess errors)
WARNING: libgomp.fortran/nested1.f90  -O1  compilation failed to
produce executable
FAIL: libgomp.fortran/nested1.f90  -O2  (test for excess errors)
WARNING: libgomp.fortran/nested1.f90  -O2  compilation failed to
produce executable
FAIL: libgomp.fortran/nested1.f90  -O3 -fomit-frame-pointer  (test for
excess errors)
WARNING: libgomp.fortran/nested1.f90  -O3 -fomit-frame-pointer
compilation failed to produce executable
FAIL: libgomp.fortran/nested1.f90  -O3 -fomit-frame-pointer
-funroll-loops  (test for excess errors)
WARNING: libgomp.fortran/nested1.f90  -O3 -fomit-frame-pointer
-funroll-loops  compilation failed to produce executable
FAIL: libgomp.fortran/nested1.f90  -O3 -fomit-frame-pointer
-funroll-all-loops -finline-functions  (test for excess errors)
WARNING: libgomp.fortran/nested1.f90  -O3 -fomit-frame-pointer
-funroll-all-loops -finline-functions  compilation failed to produce
executable
FAIL: libgomp.fortran/nested1.f90  -O3 -g  (test for excess errors)
WARNING: libgomp.fortran/nested1.f90  -O3 -g  compilation failed to
produce executable
FAIL: libgomp.fortran/nested1.f90  -Os  (test for excess errors)
WARNING: libgomp.fortran/nested1.f90  -Os  compilation failed to
produce executable
FAIL: libgomp.fortran/strassen.f90  -O  (test for excess errors)
WARNING: libgomp.fortran/strassen.f90  -O  compilation failed to
produce executable
FAIL: libgomp.fortran/task1.f90  -O0  (test for excess errors)
WARNING: libgomp.fortran/task1.f90  -O0  compilation failed to produce
executable
FAIL: libgomp.fortran/task1.f90  -O1  (test for excess errors)
WARNING: libgomp.fortran/task1.f90  -O1  compilation failed to produce
executable
FAIL: libgomp.fortran/task1.f90  -O2  (test for excess errors)
WARNING: libgomp.fortran/task1.f90  -O2  compilation failed to produce
executable
FAIL: libgomp.fortran/task1.f90  -O3 -fomit-frame-pointer  (test for
excess errors)
WARNING: libgomp.fortran/task1.f90  -O3 -fomit-frame-pointer
compilation failed to produce executable
FAIL: libgomp.fortran/task1.f90  -O3 -fomit-frame-pointer
-funroll-loops  (test for excess errors)
WARNING: libgomp.fortran/task1.f90  -O3 -fomit-frame-pointer
-funroll-loops  compilation failed to produce executable
FAIL: libgomp.fortran/task1.f90  -O3 -fomit-frame-pointer
-funroll-all-loops -finline-functions  (test for excess errors)
WARNING: libgomp.fortran/task1.f90  -O3 -fomit-frame-pointer
-funroll-all-loops -finline-functions  compilation failed to produce
executable
FAIL: libgomp.fortran/task1.f90  -O3 -g  (test for excess errors)
WARNING: libgomp.fortran/task1.f90  -O3 -g  compilation failed to
produce executable
FAIL: libgomp.fortran/task1.f90  -Os  (test for excess errors)
WARNING: libgomp.fortran/task1.f90  -Os  compilation failed to produce
executable
FAIL: libgomp.fortran/task2.f90  -O  (test for excess errors)
WARNING: libgomp.fortran/task2.f90  -O  compilation failed to produce executable

		=== libgomp Summary ===

# of expected passes		2156
# of unexpected failures	123
# of unsupported tests		2
		=== libstdc++ tests ===


Running target unix
FAIL: 19_diagnostics/error_category/cons/default.cc (test for excess errors)
WARNING: 19_diagnostics/error_category/cons/default.cc compilation
failed to produce executable
FAIL: 19_diagnostics/error_category/operators/equal.cc (test for excess errors)
WARNING: 19_diagnostics/error_category/operators/equal.cc compilation
failed to produce executable
FAIL: 19_diagnostics/error_category/operators/not_equal.cc (test for
excess errors)
WARNING: 19_diagnostics/error_category/operators/not_equal.cc
compilation failed to produce executable
FAIL: 19_diagnostics/error_code/cons/1.cc (test for excess errors)
WARNING: 19_diagnostics/error_code/cons/1.cc compilation failed to
produce executable
FAIL: 19_diagnostics/error_code/operators/bool.cc (test for excess errors)
WARNING: 19_diagnostics/error_code/operators/bool.cc compilation
failed to produce executable
FAIL: 19_diagnostics/error_code/operators/equal.cc (test for excess errors)
WARNING: 19_diagnostics/error_code/operators/equal.cc compilation
failed to produce executable
FAIL: 19_diagnostics/error_code/operators/not_equal.cc (test for excess errors)
WARNING: 19_diagnostics/error_code/operators/not_equal.cc compilation
failed to produce executable
FAIL: 19_diagnostics/error_condition/cons/1.cc (test for excess errors)
WARNING: 19_diagnostics/error_condition/cons/1.cc compilation failed
to produce executable
FAIL: 19_diagnostics/error_condition/operators/bool.cc (test for excess errors)
WARNING: 19_diagnostics/error_condition/operators/bool.cc compilation
failed to produce executable
FAIL: 19_diagnostics/error_condition/operators/equal.cc (test for excess errors)
WARNING: 19_diagnostics/error_condition/operators/equal.cc compilation
failed to produce executable
FAIL: 19_diagnostics/error_condition/operators/not_equal.cc (test for
excess errors)
WARNING: 19_diagnostics/error_condition/operators/not_equal.cc
compilation failed to produce executable
FAIL: 19_diagnostics/system_error/cons-1.cc (test for excess errors)
WARNING: 19_diagnostics/system_error/cons-1.cc compilation failed to
produce executable
FAIL: 19_diagnostics/system_error/cons_virtual_derivation.cc (test for
excess errors)
WARNING: 19_diagnostics/system_error/cons_virtual_derivation.cc
compilation failed to produce executable
FAIL: 19_diagnostics/system_error/what-1.cc (test for excess errors)
WARNING: 19_diagnostics/system_error/what-1.cc compilation failed to
produce executable
FAIL: 19_diagnostics/system_error/what-2.cc (test for excess errors)
WARNING: 19_diagnostics/system_error/what-2.cc compilation failed to
produce executable
FAIL: 19_diagnostics/system_error/what-3.cc (test for excess errors)
WARNING: 19_diagnostics/system_error/what-3.cc compilation failed to
produce executable
FAIL: 19_diagnostics/system_error/what-4.cc (test for excess errors)
WARNING: 19_diagnostics/system_error/what-4.cc compilation failed to
produce executable
FAIL: 19_diagnostics/system_error/what-big.cc (test for excess errors)
WARNING: 19_diagnostics/system_error/what-big.cc compilation failed to
produce executable
FAIL: 20_util/clocks/1.cc (test for excess errors)
WARNING: 20_util/clocks/1.cc compilation failed to produce executable
FAIL: 20_util/hash/operators/size_t.cc (test for excess errors)
WARNING: 20_util/hash/operators/size_t.cc compilation failed to
produce executable
FAIL: 21_strings/basic_string/init-list.cc (test for excess errors)
WARNING: 21_strings/basic_string/init-list.cc compilation failed to
produce executable
FAIL: 22_locale/ctype/narrow/char/1.cc (test for excess errors)
WARNING: 22_locale/ctype/narrow/char/1.cc compilation failed to
produce executable
FAIL: 22_locale/ctype/narrow/char/19955.cc (test for excess errors)
WARNING: 22_locale/ctype/narrow/char/19955.cc compilation failed to
produce executable
FAIL: 22_locale/ctype/narrow/char/2.cc (test for excess errors)
WARNING: 22_locale/ctype/narrow/char/2.cc compilation failed to
produce executable
FAIL: 23_containers/forward_list/ext_pointer/operations/4.cc (test for
excess errors)
WARNING: 23_containers/forward_list/ext_pointer/operations/4.cc
compilation failed to produce executable
FAIL: 27_io/basic_ostream/inserters_other/char/error_code.cc (test for
excess errors)
WARNING: 27_io/basic_ostream/inserters_other/char/error_code.cc
compilation failed to produce executable
FAIL: 27_io/basic_ostream/inserters_other/wchar_t/error_code.cc (test
for excess errors)
WARNING: 27_io/basic_ostream/inserters_other/wchar_t/error_code.cc
compilation failed to produce executable
FAIL: 29_atomics/atomic/operators/integral_assignment.cc (test for
excess errors)
WARNING: 29_atomics/atomic/operators/integral_assignment.cc
compilation failed to produce executable
FAIL: 29_atomics/atomic/operators/integral_conversion.cc (test for
excess errors)
WARNING: 29_atomics/atomic/operators/integral_conversion.cc
compilation failed to produce executable
FAIL: 29_atomics/atomic_flag/test_and_set/explicit.c (test for excess errors)
WARNING: 29_atomics/atomic_flag/test_and_set/explicit.c compilation
failed to produce executable
FAIL: 29_atomics/atomic_flag/test_and_set/explicit.cc (test for excess errors)
WARNING: 29_atomics/atomic_flag/test_and_set/explicit.cc compilation
failed to produce executable
FAIL: 29_atomics/atomic_flag/test_and_set/implicit.c (test for excess errors)
WARNING: 29_atomics/atomic_flag/test_and_set/implicit.c compilation
failed to produce executable
FAIL: 29_atomics/atomic_flag/test_and_set/implicit.cc (test for excess errors)
WARNING: 29_atomics/atomic_flag/test_and_set/implicit.cc compilation
failed to produce executable
FAIL: 29_atomics/atomic_integral/operators/integral_assignment.cc
(test for excess errors)
WARNING: 29_atomics/atomic_integral/operators/integral_assignment.cc
compilation failed to produce executable
FAIL: 29_atomics/atomic_integral/operators/integral_conversion.cc
(test for excess errors)
WARNING: 29_atomics/atomic_integral/operators/integral_conversion.cc
compilation failed to produce executable
FAIL: 30_threads/call_once/call_once1.cc (test for excess errors)
WARNING: 30_threads/call_once/call_once1.cc compilation failed to
produce executable
FAIL: 30_threads/condition_variable/cons/1.cc (test for excess errors)
WARNING: 30_threads/condition_variable/cons/1.cc compilation failed to
produce executable
FAIL: 30_threads/condition_variable/members/1.cc (test for excess errors)
WARNING: 30_threads/condition_variable/members/1.cc compilation failed
to produce executable
FAIL: 30_threads/condition_variable/members/2.cc (test for excess errors)
WARNING: 30_threads/condition_variable/members/2.cc compilation failed
to produce executable
FAIL: 30_threads/condition_variable_any/cons/1.cc (test for excess errors)
WARNING: 30_threads/condition_variable_any/cons/1.cc compilation
failed to produce executable
FAIL: 30_threads/mutex/dest/destructor_locked.cc (test for excess errors)
WARNING: 30_threads/mutex/dest/destructor_locked.cc compilation failed
to produce executable
FAIL: 30_threads/mutex/lock/1.cc (test for excess errors)
WARNING: 30_threads/mutex/lock/1.cc compilation failed to produce executable
FAIL: 30_threads/mutex/try_lock/1.cc (test for excess errors)
WARNING: 30_threads/mutex/try_lock/1.cc compilation failed to produce executable
FAIL: 30_threads/mutex/try_lock/2.cc (test for excess errors)
WARNING: 30_threads/mutex/try_lock/2.cc compilation failed to produce executable
FAIL: 30_threads/mutex/unlock/1.cc (test for excess errors)
WARNING: 30_threads/mutex/unlock/1.cc compilation failed to produce executable
FAIL: 30_threads/recursive_mutex/cons/1.cc (test for excess errors)
WARNING: 30_threads/recursive_mutex/cons/1.cc compilation failed to
produce executable
FAIL: 30_threads/recursive_mutex/dest/destructor_locked.cc (test for
excess errors)
WARNING: 30_threads/recursive_mutex/dest/destructor_locked.cc
compilation failed to produce executable
FAIL: 30_threads/recursive_mutex/lock/1.cc (test for excess errors)
WARNING: 30_threads/recursive_mutex/lock/1.cc compilation failed to
produce executable
FAIL: 30_threads/recursive_mutex/native_handle/1.cc (test for excess errors)
WARNING: 30_threads/recursive_mutex/native_handle/1.cc compilation
failed to produce executable
FAIL: 30_threads/recursive_mutex/try_lock/1.cc (test for excess errors)
WARNING: 30_threads/recursive_mutex/try_lock/1.cc compilation failed
to produce executable
FAIL: 30_threads/recursive_mutex/try_lock/2.cc (test for excess errors)
WARNING: 30_threads/recursive_mutex/try_lock/2.cc compilation failed
to produce executable
FAIL: 30_threads/recursive_mutex/unlock/1.cc (test for excess errors)
WARNING: 30_threads/recursive_mutex/unlock/1.cc compilation failed to
produce executable
FAIL: 30_threads/recursive_timed_mutex/cons/1.cc (test for excess errors)
WARNING: 30_threads/recursive_timed_mutex/cons/1.cc compilation failed
to produce executable
FAIL: 30_threads/recursive_timed_mutex/dest/destructor_locked.cc (test
for excess errors)
WARNING: 30_threads/recursive_timed_mutex/dest/destructor_locked.cc
compilation failed to produce executable
FAIL: 30_threads/recursive_timed_mutex/lock/1.cc (test for excess errors)
WARNING: 30_threads/recursive_timed_mutex/lock/1.cc compilation failed
to produce executable
FAIL: 30_threads/recursive_timed_mutex/lock/2.cc (test for excess errors)
WARNING: 30_threads/recursive_timed_mutex/lock/2.cc compilation failed
to produce executable
FAIL: 30_threads/recursive_timed_mutex/native_handle/1.cc (test for
excess errors)
WARNING: 30_threads/recursive_timed_mutex/native_handle/1.cc
compilation failed to produce executable
FAIL: 30_threads/recursive_timed_mutex/try_lock/1.cc (test for excess errors)
WARNING: 30_threads/recursive_timed_mutex/try_lock/1.cc compilation
failed to produce executable
FAIL: 30_threads/recursive_timed_mutex/try_lock/2.cc (test for excess errors)
WARNING: 30_threads/recursive_timed_mutex/try_lock/2.cc compilation
failed to produce executable
FAIL: 30_threads/recursive_timed_mutex/try_lock_for/1.cc (test for
excess errors)
WARNING: 30_threads/recursive_timed_mutex/try_lock_for/1.cc
compilation failed to produce executable
FAIL: 30_threads/recursive_timed_mutex/try_lock_for/2.cc (test for
excess errors)
WARNING: 30_threads/recursive_timed_mutex/try_lock_for/2.cc
compilation failed to produce executable
FAIL: 30_threads/recursive_timed_mutex/try_lock_for/3.cc (test for
excess errors)
WARNING: 30_threads/recursive_timed_mutex/try_lock_for/3.cc
compilation failed to produce executable
FAIL: 30_threads/recursive_timed_mutex/try_lock_until/1.cc (test for
excess errors)
WARNING: 30_threads/recursive_timed_mutex/try_lock_until/1.cc
compilation failed to produce executable
FAIL: 30_threads/recursive_timed_mutex/try_lock_until/2.cc (test for
excess errors)
WARNING: 30_threads/recursive_timed_mutex/try_lock_until/2.cc
compilation failed to produce executable
FAIL: 30_threads/recursive_timed_mutex/unlock/1.cc (test for excess errors)
WARNING: 30_threads/recursive_timed_mutex/unlock/1.cc compilation
failed to produce executable
FAIL: 30_threads/this_thread/1.cc (test for excess errors)
WARNING: 30_threads/this_thread/1.cc compilation failed to produce executable
FAIL: 30_threads/thread/cons/1.cc (test for excess errors)
WARNING: 30_threads/thread/cons/1.cc compilation failed to produce executable
FAIL: 30_threads/thread/cons/2.cc (test for excess errors)
WARNING: 30_threads/thread/cons/2.cc compilation failed to produce executable
FAIL: 30_threads/thread/cons/3.cc (test for excess errors)
WARNING: 30_threads/thread/cons/3.cc compilation failed to produce executable
FAIL: 30_threads/thread/cons/4.cc (test for excess errors)
WARNING: 30_threads/thread/cons/4.cc compilation failed to produce executable
FAIL: 30_threads/thread/cons/5.cc (test for excess errors)
WARNING: 30_threads/thread/cons/5.cc compilation failed to produce executable
FAIL: 30_threads/thread/cons/6.cc (test for excess errors)
WARNING: 30_threads/thread/cons/6.cc compilation failed to produce executable
FAIL: 30_threads/thread/cons/7.cc (test for excess errors)
WARNING: 30_threads/thread/cons/7.cc compilation failed to produce executable
FAIL: 30_threads/thread/cons/8.cc (test for excess errors)
WARNING: 30_threads/thread/cons/8.cc compilation failed to produce executable
FAIL: 30_threads/thread/cons/9.cc (test for excess errors)
WARNING: 30_threads/thread/cons/9.cc compilation failed to produce executable
FAIL: 30_threads/thread/cons/moveable.cc (test for excess errors)
WARNING: 30_threads/thread/cons/moveable.cc compilation failed to
produce executable
FAIL: 30_threads/thread/members/1.cc (test for excess errors)
WARNING: 30_threads/thread/members/1.cc compilation failed to produce executable
FAIL: 30_threads/thread/members/2.cc (test for excess errors)
WARNING: 30_threads/thread/members/2.cc compilation failed to produce executable
FAIL: 30_threads/thread/members/3.cc (test for excess errors)
WARNING: 30_threads/thread/members/3.cc compilation failed to produce executable
FAIL: 30_threads/thread/members/4.cc (test for excess errors)
WARNING: 30_threads/thread/members/4.cc compilation failed to produce executable
FAIL: 30_threads/thread/members/5.cc (test for excess errors)
WARNING: 30_threads/thread/members/5.cc compilation failed to produce executable
FAIL: 30_threads/thread/swap/1.cc (test for excess errors)
WARNING: 30_threads/thread/swap/1.cc compilation failed to produce executable
FAIL: 30_threads/thread/swap/2.cc (test for excess errors)
WARNING: 30_threads/thread/swap/2.cc compilation failed to produce executable
FAIL: 30_threads/timed_mutex/dest/destructor_locked.cc (test for excess errors)
WARNING: 30_threads/timed_mutex/dest/destructor_locked.cc compilation
failed to produce executable
FAIL: 30_threads/timed_mutex/lock/1.cc (test for excess errors)
WARNING: 30_threads/timed_mutex/lock/1.cc compilation failed to
produce executable
FAIL: 30_threads/timed_mutex/try_lock/1.cc (test for excess errors)
WARNING: 30_threads/timed_mutex/try_lock/1.cc compilation failed to
produce executable
FAIL: 30_threads/timed_mutex/try_lock/2.cc (test for excess errors)
WARNING: 30_threads/timed_mutex/try_lock/2.cc compilation failed to
produce executable
FAIL: 30_threads/timed_mutex/try_lock_for/1.cc (test for excess errors)
WARNING: 30_threads/timed_mutex/try_lock_for/1.cc compilation failed
to produce executable
FAIL: 30_threads/timed_mutex/try_lock_for/2.cc (test for excess errors)
WARNING: 30_threads/timed_mutex/try_lock_for/2.cc compilation failed
to produce executable
FAIL: 30_threads/timed_mutex/try_lock_for/3.cc (test for excess errors)
WARNING: 30_threads/timed_mutex/try_lock_for/3.cc compilation failed
to produce executable
FAIL: 30_threads/timed_mutex/try_lock_until/1.cc (test for excess errors)
WARNING: 30_threads/timed_mutex/try_lock_until/1.cc compilation failed
to produce executable
FAIL: 30_threads/timed_mutex/try_lock_until/2.cc (test for excess errors)
WARNING: 30_threads/timed_mutex/try_lock_until/2.cc compilation failed
to produce executable
FAIL: 30_threads/timed_mutex/unlock/1.cc (test for excess errors)
WARNING: 30_threads/timed_mutex/unlock/1.cc compilation failed to
produce executable
FAIL: 30_threads/try_lock/1.cc (test for excess errors)
WARNING: 30_threads/try_lock/1.cc compilation failed to produce executable
FAIL: 30_threads/try_lock/2.cc (test for excess errors)
WARNING: 30_threads/try_lock/2.cc compilation failed to produce executable
FAIL: 30_threads/try_lock/3.cc (test for excess errors)
WARNING: 30_threads/try_lock/3.cc compilation failed to produce executable
FAIL: 30_threads/unique_lock/cons/2.cc (test for excess errors)
WARNING: 30_threads/unique_lock/cons/2.cc compilation failed to
produce executable
FAIL: 30_threads/unique_lock/cons/4.cc (test for excess errors)
WARNING: 30_threads/unique_lock/cons/4.cc compilation failed to
produce executable
FAIL: 30_threads/unique_lock/cons/5.cc (test for excess errors)
WARNING: 30_threads/unique_lock/cons/5.cc compilation failed to
produce executable
FAIL: 30_threads/unique_lock/cons/6.cc (test for excess errors)
WARNING: 30_threads/unique_lock/cons/6.cc compilation failed to
produce executable
FAIL: 30_threads/unique_lock/locking/1.cc (test for excess errors)
WARNING: 30_threads/unique_lock/locking/1.cc compilation failed to
produce executable
FAIL: 30_threads/unique_lock/locking/2.cc (test for excess errors)
WARNING: 30_threads/unique_lock/locking/2.cc compilation failed to
produce executable
FAIL: 30_threads/unique_lock/locking/3.cc (test for excess errors)
WARNING: 30_threads/unique_lock/locking/3.cc compilation failed to
produce executable
FAIL: 30_threads/unique_lock/locking/4.cc (test for excess errors)
WARNING: 30_threads/unique_lock/locking/4.cc compilation failed to
produce executable
FAIL: 30_threads/unique_lock/modifiers/1.cc (test for excess errors)
WARNING: 30_threads/unique_lock/modifiers/1.cc compilation failed to
produce executable
FAIL: 30_threads/unique_lock/modifiers/2.cc (test for excess errors)
WARNING: 30_threads/unique_lock/modifiers/2.cc compilation failed to
produce executable
FAIL: ext/enc_filebuf/char/13598.cc execution test

		=== libstdc++ Summary ===

# of expected passes		5533
# of unexpected failures	107
# of expected failures		80
# of unsupported tests		388

Compiler version: 4.4.0 (GCC)
Platform: i386-pc-solaris2.11
configure flags: --with-gnu-as --without-gnu-ld
--with-ld=/usr/ccs/bin/ld --enable-shared
--enable-languages=c,c++,fortran --prefix=/export/home/jo/local/gcc3
--with-gmp=/export/home/jo/local/gmp
--with-mpfr=/export/home/jo/local/mpfr --disable-nls
--enable-checking=release --enable-werror=no
--with-as=/usr/sfw/bin/gas --verbose --enable-bootstrap
--enable-multilib


Index Nav: [Date Index] [Subject Index] [Author Index] [Thread Index]
Message Nav: [Date Prev] [Date Next] [Thread Prev] [Thread Next]