This is the mail archive of the gcc-testresults@gcc.gnu.org mailing list for the GCC project.


Index Nav: [Date Index] [Subject Index] [Author Index] [Thread Index]
Message Nav: [Date Prev] [Date Next] [Thread Prev] [Thread Next]
Other format: [Raw text]

Results for 4.3.3 (GCC) testsuite on i386-pc-solaris2.11


Build info :
----------------------------------------
$ uname -a
SunOS loki 5.11 snv_117 i86pc i386 i86pc Solaris

$ cat /etc/release
                       OpenSolaris Development snv_117 X86
           Copyright 2009 Sun Microsystems, Inc.  All Rights Reserved.
                        Use is subject to license terms.
                             Assembled 22 June 2009

$ /usr/sfw/bin/gas --version
GNU assembler (GNU Binutils) 2.19
Copyright 2007 Free Software Foundation, Inc.
This program is free software; you may redistribute it under the terms of
the GNU General Public License version 3 or later.
This program has absolutely no warranty.
This assembler was configured for a target of `i386-pc-solaris2.11'.

$ /usr/ccs/bin/ld -V
ld: Software Generation Utilities - Solaris Link Editors: 5.11-1.1673

$ psrinfo -pv
The physical processor has 4 virtual processors (0-3)
  x86 (AuthenticAMD 100F23 family 16 model 2 step 3 clock 2200 MHz)
	AMD Phenom(tm) 9550 Quad-Core Processor	[ Socket: AM2r2 ]

Bootstraped with :

$ export/home/jo/local/gcc/bin/gcc -v
Using built-in specs.
Target: i386-pc-solaris2.11
Configured with: ./gcc-4.3.2/configure --build=i386-pc-solaris2.11
--with-gnu-as --without-gnu-ld --with-ld=/usr/ccs/bin/ld
--enable-shared --enable-languages=c,c++,fortran
--prefix=/export/home/jo/local/gcc LDFLAGS='-R
//export/home/jo/local/gmp/lib -R /export/home/jo/local/mpfr/lib -R
/export/home/jo/local/gcc/lib' --with-gmp=/export/home/jo/local/gmp
--with-mpfr=/export/home/jo/local/mpfr --disable-nls
--enable-checking=release --enable-werror=no
--with-as=/usr/sfw/bin/gas --verbose
Thread model: posix
gcc version 4.3.2 (GCC)

----------------------------------------


LAST_UPDATED: Obtained from SVN: tags/gcc_4_3_3_release revision 143643

Native configuration is i386-pc-solaris2.11

		=== g++ tests ===


Running target unix
XPASS: g++.dg/other/ucnid-1.C (test for excess errors)
FAIL: g++.old-deja/g++.mike/eh16.C (test for excess errors)
FAIL: g++.old-deja/g++.mike/eh17.C (test for excess errors)
FAIL: g++.old-deja/g++.mike/p5571.C (test for excess errors)
XPASS: g++.old-deja/g++.oliva/dwarf2.C (test for excess errors)
XPASS: g++.old-deja/g++.oliva/dwarf3.C (test for excess errors)
XPASS: g++.old-deja/g++.other/init19.C execution test

		=== g++ Summary ===

# of expected passes		17493
# of unexpected failures	3
# of unexpected successes	4
# of expected failures		83
# of unsupported tests		172
/export/home/jo/build/gcc/gcc/testsuite/g++/../../g++  version 4.3.3 (GCC)

		=== gcc tests ===


Running target unix
FAIL: gcc.c-torture/execute/990127-2.c execution,  -O2
FAIL: gcc.c-torture/execute/990127-2.c execution,  -Os
XPASS: gcc.dg/ucnid-2.c (test for excess errors)
XPASS: gcc.dg/ucnid-3.c (test for excess errors)
XPASS: gcc.dg/ucnid-4.c (test for excess errors)
FAIL: largefile.c -O0 -g (test for excess errors)
FAIL: largefile.c  -O0  (test for excess errors)
FAIL: largefile.c  -O1  (test for excess errors)
FAIL: largefile.c  -O2  (test for excess errors)
FAIL: largefile.c  -O3 -fomit-frame-pointer  (test for excess errors)
FAIL: largefile.c  -O3 -g  (test for excess errors)
FAIL: largefile.c  -Os  (test for excess errors)
FAIL: gcc.target/i386/sse-13.c (test for excess errors)
FAIL: gcc.target/i386/sse-14.c (test for excess errors)
FAIL: gcc.target/i386/sse5-haddX.c (test for excess errors)
WARNING: gcc.target/i386/sse5-haddX.c compilation failed to produce executable
FAIL: gcc.target/i386/sse5-hsubX.c (test for excess errors)
WARNING: gcc.target/i386/sse5-hsubX.c compilation failed to produce executable

		=== gcc Summary ===

# of expected passes		48842
# of unexpected failures	13
# of unexpected successes	3
# of expected failures		169
# of untested testcases		42
# of unsupported tests		311
/export/home/jo/build/gcc/gcc/xgcc  version 4.3.3 (GCC)

		=== gfortran tests ===


Running target unix
FAIL: gfortran.dg/array_constructor_23.f  -O3 -fomit-frame-pointer
execution test
FAIL: gfortran.dg/array_constructor_23.f  -O3 -fomit-frame-pointer
-funroll-loops  execution test
FAIL: gfortran.dg/array_constructor_23.f  -O3 -fomit-frame-pointer
-funroll-all-loops -finline-functions  execution test
FAIL: gfortran.dg/array_constructor_23.f  -O3 -g  execution test
FAIL: gfortran.dg/default_format_1.f90  -O0  execution test
FAIL: gfortran.dg/default_format_1.f90  -O1  execution test
FAIL: gfortran.dg/default_format_1.f90  -O2  execution test
FAIL: gfortran.dg/default_format_1.f90  -O3 -fomit-frame-pointer  execution test
FAIL: gfortran.dg/default_format_1.f90  -O3 -fomit-frame-pointer
-funroll-loops  execution test
FAIL: gfortran.dg/default_format_1.f90  -O3 -fomit-frame-pointer
-funroll-all-loops -finline-functions  execution test
FAIL: gfortran.dg/default_format_1.f90  -O3 -g  execution test
FAIL: gfortran.dg/default_format_1.f90  -Os  execution test
FAIL: gfortran.dg/default_format_2.f90  -O0  execution test
FAIL: gfortran.dg/default_format_2.f90  -O1  execution test
FAIL: gfortran.dg/default_format_2.f90  -O2  execution test
FAIL: gfortran.dg/default_format_2.f90  -O3 -fomit-frame-pointer  execution test
FAIL: gfortran.dg/default_format_2.f90  -O3 -fomit-frame-pointer
-funroll-loops  execution test
FAIL: gfortran.dg/default_format_2.f90  -O3 -fomit-frame-pointer
-funroll-all-loops -finline-functions  execution test
FAIL: gfortran.dg/default_format_2.f90  -O3 -g  execution test
FAIL: gfortran.dg/default_format_2.f90  -Os  execution test
FAIL: gfortran.dg/default_format_denormal_1.f90  -O0  execution test
FAIL: gfortran.dg/default_format_denormal_1.f90  -O1  execution test
FAIL: gfortran.dg/default_format_denormal_1.f90  -O2  execution test
FAIL: gfortran.dg/default_format_denormal_1.f90  -O3
-fomit-frame-pointer  execution test
FAIL: gfortran.dg/default_format_denormal_1.f90  -O3
-fomit-frame-pointer -funroll-loops  execution test
FAIL: gfortran.dg/default_format_denormal_1.f90  -O3
-fomit-frame-pointer -funroll-all-loops -finline-functions  execution
test
FAIL: gfortran.dg/default_format_denormal_1.f90  -O3 -g  execution test
FAIL: gfortran.dg/default_format_denormal_1.f90  -Os  execution test
FAIL: gfortran.dg/default_format_denormal_2.f90  -O0  execution test
FAIL: gfortran.dg/default_format_denormal_2.f90  -O1  execution test
FAIL: gfortran.dg/default_format_denormal_2.f90  -O2  execution test
FAIL: gfortran.dg/default_format_denormal_2.f90  -O3
-fomit-frame-pointer  execution test
FAIL: gfortran.dg/default_format_denormal_2.f90  -O3
-fomit-frame-pointer -funroll-loops  execution test
FAIL: gfortran.dg/default_format_denormal_2.f90  -O3
-fomit-frame-pointer -funroll-all-loops -finline-functions  execution
test
FAIL: gfortran.dg/default_format_denormal_2.f90  -O3 -g  execution test
FAIL: gfortran.dg/default_format_denormal_2.f90  -Os  execution test
FAIL: gfortran.dg/e_d_fmt.f90  -O0  execution test
FAIL: gfortran.dg/e_d_fmt.f90  -O1  execution test
FAIL: gfortran.dg/e_d_fmt.f90  -O2  execution test
FAIL: gfortran.dg/e_d_fmt.f90  -O3 -fomit-frame-pointer  execution test
FAIL: gfortran.dg/e_d_fmt.f90  -O3 -fomit-frame-pointer -funroll-loops
 execution test
FAIL: gfortran.dg/e_d_fmt.f90  -O3 -fomit-frame-pointer
-funroll-all-loops -finline-functions  execution test
FAIL: gfortran.dg/e_d_fmt.f90  -O3 -g  execution test
FAIL: gfortran.dg/e_d_fmt.f90  -Os  execution test
FAIL: gfortran.dg/edit_real_1.f90  -O0  execution test
FAIL: gfortran.dg/edit_real_1.f90  -O1  execution test
FAIL: gfortran.dg/edit_real_1.f90  -O2  execution test
FAIL: gfortran.dg/edit_real_1.f90  -O3 -fomit-frame-pointer  execution test
FAIL: gfortran.dg/edit_real_1.f90  -O3 -fomit-frame-pointer
-funroll-loops  execution test
FAIL: gfortran.dg/edit_real_1.f90  -O3 -fomit-frame-pointer
-funroll-all-loops -finline-functions  execution test
FAIL: gfortran.dg/edit_real_1.f90  -O3 -g  execution test
FAIL: gfortran.dg/edit_real_1.f90  -Os  execution test
FAIL: gfortran.dg/fmt_p_1.f90  -O0  execution test
FAIL: gfortran.dg/fmt_p_1.f90  -O1  execution test
FAIL: gfortran.dg/fmt_p_1.f90  -O2  execution test
FAIL: gfortran.dg/fmt_p_1.f90  -O3 -fomit-frame-pointer  execution test
FAIL: gfortran.dg/fmt_p_1.f90  -O3 -fomit-frame-pointer -funroll-loops
 execution test
FAIL: gfortran.dg/fmt_p_1.f90  -O3 -fomit-frame-pointer
-funroll-all-loops -finline-functions  execution test
FAIL: gfortran.dg/fmt_p_1.f90  -O3 -g  execution test
FAIL: gfortran.dg/fmt_p_1.f90  -Os  execution test
FAIL: gfortran.dg/fmt_read_bz_bn.f90  -O0  execution test
FAIL: gfortran.dg/fmt_read_bz_bn.f90  -O1  execution test
FAIL: gfortran.dg/fmt_read_bz_bn.f90  -O2  execution test
FAIL: gfortran.dg/fmt_read_bz_bn.f90  -O3 -fomit-frame-pointer  execution test
FAIL: gfortran.dg/fmt_read_bz_bn.f90  -O3 -fomit-frame-pointer
-funroll-loops  execution test
FAIL: gfortran.dg/fmt_read_bz_bn.f90  -O3 -fomit-frame-pointer
-funroll-all-loops -finline-functions  execution test
FAIL: gfortran.dg/fmt_read_bz_bn.f90  -O3 -g  execution test
FAIL: gfortran.dg/fmt_read_bz_bn.f90  -Os  execution test
FAIL: gfortran.dg/fmt_tl.f  -O0  execution test
FAIL: gfortran.dg/fmt_tl.f  -O1  execution test
FAIL: gfortran.dg/fmt_tl.f  -O2  execution test
FAIL: gfortran.dg/fmt_tl.f  -O3 -fomit-frame-pointer  execution test
FAIL: gfortran.dg/fmt_tl.f  -O3 -fomit-frame-pointer -funroll-loops
execution test
FAIL: gfortran.dg/fmt_tl.f  -O3 -fomit-frame-pointer
-funroll-all-loops -finline-functions  execution test
FAIL: gfortran.dg/fmt_tl.f  -O3 -g  execution test
FAIL: gfortran.dg/fmt_tl.f  -Os  execution test
FAIL: gfortran.dg/fmt_white.f  -O0  execution test
FAIL: gfortran.dg/fmt_white.f  -O1  execution test
FAIL: gfortran.dg/fmt_white.f  -O2  execution test
FAIL: gfortran.dg/fmt_white.f  -O3 -fomit-frame-pointer  execution test
FAIL: gfortran.dg/fmt_white.f  -O3 -fomit-frame-pointer -funroll-loops
 execution test
FAIL: gfortran.dg/fmt_white.f  -O3 -fomit-frame-pointer
-funroll-all-loops -finline-functions  execution test
FAIL: gfortran.dg/fmt_white.f  -O3 -g  execution test
FAIL: gfortran.dg/fmt_white.f  -Os  execution test
FAIL: gfortran.dg/fmt_zero_precision.f90  -O0  output pattern test, is  1.<
FAIL: gfortran.dg/fmt_zero_precision.f90  -O1  output pattern test, is  1.<
FAIL: gfortran.dg/fmt_zero_precision.f90  -O2  output pattern test, is  1.<
FAIL: gfortran.dg/fmt_zero_precision.f90  -O3 -fomit-frame-pointer
output pattern test, is  1.<
FAIL: gfortran.dg/fmt_zero_precision.f90  -O3 -fomit-frame-pointer
-funroll-loops  output pattern test, is  1.<
FAIL: gfortran.dg/fmt_zero_precision.f90  -O3 -fomit-frame-pointer
-funroll-all-loops -finline-functions  output pattern test, is  1.<
FAIL: gfortran.dg/fmt_zero_precision.f90  -O3 -g  output pattern test, is  1.<
FAIL: gfortran.dg/fmt_zero_precision.f90  -Os  output pattern test, is  1.<
FAIL: gfortran.dg/large_real_kind_1.f90  -O0  execution test
FAIL: gfortran.dg/large_real_kind_1.f90  -O1  execution test
FAIL: gfortran.dg/large_real_kind_1.f90  -O2  execution test
FAIL: gfortran.dg/large_real_kind_1.f90  -O3 -fomit-frame-pointer
execution test
FAIL: gfortran.dg/large_real_kind_1.f90  -O3 -fomit-frame-pointer
-funroll-loops  execution test
FAIL: gfortran.dg/large_real_kind_1.f90  -O3 -fomit-frame-pointer
-funroll-all-loops -finline-functions  execution test
FAIL: gfortran.dg/large_real_kind_1.f90  -O3 -g  execution test
FAIL: gfortran.dg/large_real_kind_1.f90  -Os  execution test
FAIL: gfortran.dg/large_real_kind_form_io_2.f90  -O0  execution test
FAIL: gfortran.dg/large_real_kind_form_io_2.f90  -O1  execution test
FAIL: gfortran.dg/large_real_kind_form_io_2.f90  -O2  execution test
FAIL: gfortran.dg/large_real_kind_form_io_2.f90  -O3
-fomit-frame-pointer  execution test
FAIL: gfortran.dg/large_real_kind_form_io_2.f90  -O3
-fomit-frame-pointer -funroll-loops  execution test
FAIL: gfortran.dg/large_real_kind_form_io_2.f90  -O3
-fomit-frame-pointer -funroll-all-loops -finline-functions  execution
test
FAIL: gfortran.dg/large_real_kind_form_io_2.f90  -O3 -g  execution test
FAIL: gfortran.dg/large_real_kind_form_io_2.f90  -Os  execution test
FAIL: gfortran.dg/module_nan.f90  -O0  execution test
FAIL: gfortran.dg/module_nan.f90  -O1  execution test
FAIL: gfortran.dg/module_nan.f90  -O2  execution test
FAIL: gfortran.dg/module_nan.f90  -O3 -fomit-frame-pointer  execution test
FAIL: gfortran.dg/module_nan.f90  -O3 -fomit-frame-pointer
-funroll-loops  execution test
FAIL: gfortran.dg/module_nan.f90  -O3 -fomit-frame-pointer
-funroll-all-loops -finline-functions  execution test
FAIL: gfortran.dg/module_nan.f90  -O3 -g  execution test
FAIL: gfortran.dg/module_nan.f90  -Os  execution test
FAIL: gfortran.dg/namelist_11.f  -O0  execution test
FAIL: gfortran.dg/namelist_11.f  -O1  execution test
FAIL: gfortran.dg/namelist_11.f  -O2  execution test
FAIL: gfortran.dg/namelist_11.f  -O3 -fomit-frame-pointer  execution test
FAIL: gfortran.dg/namelist_11.f  -O3 -fomit-frame-pointer
-funroll-loops  execution test
FAIL: gfortran.dg/namelist_11.f  -O3 -fomit-frame-pointer
-funroll-all-loops -finline-functions  execution test
FAIL: gfortran.dg/namelist_11.f  -O3 -g  execution test
FAIL: gfortran.dg/namelist_11.f  -Os  execution test
FAIL: gfortran.dg/namelist_13.f90  -O0  execution test
FAIL: gfortran.dg/namelist_13.f90  -O1  execution test
FAIL: gfortran.dg/namelist_13.f90  -O2  execution test
FAIL: gfortran.dg/namelist_13.f90  -O3 -fomit-frame-pointer  execution test
FAIL: gfortran.dg/namelist_13.f90  -O3 -fomit-frame-pointer
-funroll-loops  execution test
FAIL: gfortran.dg/namelist_13.f90  -O3 -fomit-frame-pointer
-funroll-all-loops -finline-functions  execution test
FAIL: gfortran.dg/namelist_13.f90  -O3 -g  execution test
FAIL: gfortran.dg/namelist_13.f90  -Os  execution test
FAIL: gfortran.dg/namelist_internal.f90  -O0  execution test
FAIL: gfortran.dg/namelist_internal.f90  -O1  execution test
FAIL: gfortran.dg/namelist_internal.f90  -O2  execution test
FAIL: gfortran.dg/namelist_internal.f90  -O3 -fomit-frame-pointer
execution test
FAIL: gfortran.dg/namelist_internal.f90  -O3 -fomit-frame-pointer
-funroll-loops  execution test
FAIL: gfortran.dg/namelist_internal.f90  -O3 -fomit-frame-pointer
-funroll-all-loops -finline-functions  execution test
FAIL: gfortran.dg/namelist_internal.f90  -O3 -g  execution test
FAIL: gfortran.dg/namelist_internal.f90  -Os  execution test
FAIL: gfortran.dg/namelist_print_1.f  -O0  output pattern test, is &MYNML
FAIL: gfortran.dg/namelist_print_1.f  -O1  output pattern test, is &MYNML
FAIL: gfortran.dg/namelist_print_1.f  -O2  output pattern test, is &MYNML
FAIL: gfortran.dg/namelist_print_1.f  -O3 -fomit-frame-pointer  output
pattern test, is &MYNML
FAIL: gfortran.dg/namelist_print_1.f  -O3 -fomit-frame-pointer
-funroll-loops  output pattern test, is &MYNML
FAIL: gfortran.dg/namelist_print_1.f  -O3 -fomit-frame-pointer
-funroll-all-loops -finline-functions  output pattern test, is &MYNML
FAIL: gfortran.dg/namelist_print_1.f  -O3 -g  output pattern test, is &MYNML
FAIL: gfortran.dg/namelist_print_1.f  -Os  output pattern test, is &MYNML
FAIL: gfortran.dg/optional_dim_3.f90  -Os  execution test
FAIL: gfortran.dg/pr18025.f90  -O0  execution test
FAIL: gfortran.dg/pr18025.f90  -O1  execution test
FAIL: gfortran.dg/pr18025.f90  -O2  execution test
FAIL: gfortran.dg/pr18025.f90  -O3 -fomit-frame-pointer  execution test
FAIL: gfortran.dg/pr18025.f90  -O3 -fomit-frame-pointer -funroll-loops
 execution test
FAIL: gfortran.dg/pr18025.f90  -O3 -fomit-frame-pointer
-funroll-all-loops -finline-functions  execution test
FAIL: gfortran.dg/pr18025.f90  -O3 -g  execution test
FAIL: gfortran.dg/pr18025.f90  -Os  execution test
FAIL: gfortran.dg/pr20124.f90  -O0  execution test
FAIL: gfortran.dg/pr20124.f90  -O1  execution test
FAIL: gfortran.dg/pr20124.f90  -O2  execution test
FAIL: gfortran.dg/pr20124.f90  -O3 -fomit-frame-pointer  execution test
FAIL: gfortran.dg/pr20124.f90  -O3 -fomit-frame-pointer -funroll-loops
 execution test
FAIL: gfortran.dg/pr20124.f90  -O3 -fomit-frame-pointer
-funroll-all-loops -finline-functions  execution test
FAIL: gfortran.dg/pr20124.f90  -O3 -g  execution test
FAIL: gfortran.dg/pr20124.f90  -Os  execution test
FAIL: gfortran.dg/real_const_3.f90  -O0  execution test
FAIL: gfortran.dg/real_const_3.f90  -O1  execution test
FAIL: gfortran.dg/real_const_3.f90  -O2  execution test
FAIL: gfortran.dg/real_const_3.f90  -O3 -fomit-frame-pointer  execution test
FAIL: gfortran.dg/real_const_3.f90  -O3 -fomit-frame-pointer
-funroll-loops  execution test
FAIL: gfortran.dg/real_const_3.f90  -O3 -fomit-frame-pointer
-funroll-all-loops -finline-functions  execution test
FAIL: gfortran.dg/real_const_3.f90  -O3 -g  execution test
FAIL: gfortran.dg/real_const_3.f90  -Os  execution test
FAIL: gfortran.dg/reshape.f90  -O0  execution test
FAIL: gfortran.dg/reshape.f90  -O1  execution test
FAIL: gfortran.dg/reshape.f90  -O2  execution test
FAIL: gfortran.dg/reshape.f90  -O3 -fomit-frame-pointer  execution test
FAIL: gfortran.dg/reshape.f90  -O3 -fomit-frame-pointer -funroll-loops
 execution test
FAIL: gfortran.dg/reshape.f90  -O3 -fomit-frame-pointer
-funroll-all-loops -finline-functions  execution test
FAIL: gfortran.dg/reshape.f90  -O3 -g  execution test
FAIL: gfortran.dg/reshape.f90  -Os  execution test
FAIL: gfortran.fortran-torture/execute/der_io.f90 execution,  -O0
FAIL: gfortran.fortran-torture/execute/der_io.f90 execution,  -O1
FAIL: gfortran.fortran-torture/execute/der_io.f90 execution,  -O2
FAIL: gfortran.fortran-torture/execute/der_io.f90 execution,  -O2
-fomit-frame-pointer -finline-functions
FAIL: gfortran.fortran-torture/execute/der_io.f90 execution,  -O2
-fomit-frame-pointer -finline-functions -funroll-loops
FAIL: gfortran.fortran-torture/execute/der_io.f90 execution,  -O2
-fbounds-check
FAIL: gfortran.fortran-torture/execute/der_io.f90 execution,  -O3 -g
FAIL: gfortran.fortran-torture/execute/der_io.f90 execution,  -Os
FAIL: gfortran.fortran-torture/execute/der_io.f90 execution, -O2
-ftree-vectorize -msse2
FAIL: gfortran.fortran-torture/execute/nan_inf_fmt.f90 execution,  -O0
FAIL: gfortran.fortran-torture/execute/nan_inf_fmt.f90 execution,  -O1
FAIL: gfortran.fortran-torture/execute/nan_inf_fmt.f90 execution,  -O2
FAIL: gfortran.fortran-torture/execute/nan_inf_fmt.f90 execution,  -O2
-fomit-frame-pointer -finline-functions
FAIL: gfortran.fortran-torture/execute/nan_inf_fmt.f90 execution,  -O2
-fomit-frame-pointer -finline-functions -funroll-loops
FAIL: gfortran.fortran-torture/execute/nan_inf_fmt.f90 execution,  -O2
-fbounds-check
FAIL: gfortran.fortran-torture/execute/nan_inf_fmt.f90 execution,  -O3 -g
FAIL: gfortran.fortran-torture/execute/nan_inf_fmt.f90 execution,  -Os
FAIL: gfortran.fortran-torture/execute/nan_inf_fmt.f90 execution, -O2
-ftree-vectorize -msse2

		=== gfortran Summary ===

# of expected passes		25038
# of unexpected failures	199
# of expected failures		3
# of unsupported tests		32
/export/home/jo/build/gcc/gcc/testsuite/gfortran/../../gfortran
version 4.3.3 (GCC)

		=== libgomp tests ===


Running target unix

		=== libgomp Summary ===

# of expected passes		1763
		=== libstdc++ tests ===


Running target unix
FAIL: ext/enc_filebuf/char/13598.cc execution test

		=== libstdc++ Summary ===

# of expected passes		4879
# of unexpected failures	1
# of expected failures		59
# of unsupported tests		361

Compiler version: 4.3.3 (GCC)
Platform: i386-pc-solaris2.11
configure flags: --with-gnu-as --without-gnu-ld
--with-ld=/usr/ccs/bin/ld --enable-shared
--enable-languages=c,c++,fortran --prefix=/export/home/jo/local/gcc3
--with-gmp=/export/home/jo/local/gmp
--with-mpfr=/export/home/jo/local/mpfr --disable-nls
--enable-checking=release --enable-werror=no
--with-as=/usr/sfw/bin/gas --verbose --enable-bootstrap
--enable-multilib


Index Nav: [Date Index] [Subject Index] [Author Index] [Thread Index]
Message Nav: [Date Prev] [Date Next] [Thread Prev] [Thread Next]