This is the mail archive of the
gcc-testresults@gcc.gnu.org
mailing list for the GCC project.
Results for 4.5.0 20090622 (experimental) (GCC) testsuite on i586-redhat-linux-gnu
- From: Pedro Lamarão <pedro dot silva at tqtvd dot com>
- To: gcc-testresults at gcc dot gnu dot org
- Date: Mon, 22 Jun 2009 18:22:16 -0300
- Subject: Results for 4.5.0 20090622 (experimental) (GCC) testsuite on i586-redhat-linux-gnu
Native configuration is i586-redhat-linux-gnu
=== gcc tests ===
Running target unix
XPASS: gcc.dg/Warray-bounds.c (test for warnings, line 59)
XPASS: gcc.dg/Warray-bounds.c (test for warnings, line 65)
FAIL: gcc.dg/Wshadow-3.c (test for warnings, line 47)
FAIL: gcc.dg/Wshadow-3.c (test for excess errors)
FAIL: gcc.dg/pr34989-1.c (internal compiler error)
FAIL: gcc.dg/pr34989-1.c (test for excess errors)
FAIL: gcc.dg/pr36902.c (test for warnings, line 47)
FAIL: gcc.dg/pr36902.c (test for excess errors)
XPASS: gcc.dg/struct/wo_prof_array_through_pointer.c scan-ipa-dump ipa_struct_reorg "Number of structures to transform is 1"
FAIL: gcc.dg/struct/wo_prof_double_malloc.c (internal compiler error)
FAIL: gcc.dg/struct/wo_prof_double_malloc.c (test for excess errors)
WARNING: gcc.dg/struct/wo_prof_double_malloc.c compilation failed to produce executable
=== gcc Summary ===
# of expected passes 59162
# of unexpected failures 8
# of unexpected successes 3
# of expected failures 195
# of unsupported tests 522
/home/psilva/Projetos/GCC/trunk-obj/gcc/xgcc version 4.5.0 20090622 (experimental) (GCC)
=== g++ tests ===
Running target unix
FAIL: g++.old-deja/g++.law/weak.C (test for excess errors)
=== g++ Summary ===
# of expected passes 20175
# of unexpected failures 1
# of expected failures 148
# of unsupported tests 113
/home/psilva/Projetos/GCC/trunk-obj/gcc/testsuite/g++/../../g++ version 4.5.0 20090622 (experimental) (GCC)
=== libstdc++ tests ===
Running target unix
FAIL: 21_strings/c_strings/wchar_t/3.cc (test for errors, line 28)
XPASS: 26_numerics/headers/cmath/c99_classification_macros_c.cc (test for excess errors)
WARNING: program timed out.
FAIL: 30_threads/timed_mutex/try_lock_for/3.cc execution test
=== libstdc++ Summary ===
# of expected passes 6888
# of unexpected failures 2
# of unexpected successes 1
# of expected failures 84
# of unsupported tests 13
Compiler version: 4.5.0 20090622 (experimental) (GCC)
Platform: i586-redhat-linux-gnu
configure flags: --prefix=/opt/gcc-4.5 --enable-bootstrap --enable-shared --enable-threads=posix --with-system-zlib --enable-__cxa_atexit --disable-libunwind-exceptions --enable-languages=c,c++ --with-ppl --with-cloog --with-tune=generic --with-arch=i586 --build=i586-redhat-linux