This is the mail archive of the
gcc-testresults@gcc.gnu.org
mailing list for the GCC project.
Results for 4.5.0 20090618 (experimental) [trunk revision 148665] (GCC) testsuite on i686-pc-linux-gnu
- From: hjl at gnu-31 dot sc dot intel dot com (H.J. Lu (ia32))
- To: gcc-testresults at gcc dot gnu dot org
- Date: Thu, 18 Jun 2009 13:03:19 -0700
- Subject: Results for 4.5.0 20090618 (experimental) [trunk revision 148665] (GCC) testsuite on i686-pc-linux-gnu
LAST_UPDATED: Thu Jun 18 17:12:34 UTC 2009 (revision 148665)
Native configuration is i686-pc-linux-gnu
=== g++ tests ===
Running target unix
=== g++ Summary ===
# of expected passes 20169
# of expected failures 148
# of unsupported tests 114
/export/gnu/import/svn/gcc-test/bld/gcc/testsuite/g++/../../g++ version 4.5.0 20090618 (experimental) [trunk revision 148665] (GCC)
=== gcc tests ===
Running target unix
FAIL: gcc.dg/20080522-1.c (test for excess errors)
FAIL: gcc.dg/20080528-1.c (test for excess errors)
XPASS: gcc.dg/Warray-bounds.c (test for warnings, line 59)
XPASS: gcc.dg/Warray-bounds.c (test for warnings, line 65)
FAIL: gcc.dg/Wshadow-3.c (test for warnings, line 47)
FAIL: gcc.dg/Wshadow-3.c (test for excess errors)
FAIL: gcc.dg/pr34989-1.c (internal compiler error)
FAIL: gcc.dg/pr34989-1.c (test for excess errors)
FAIL: gcc.dg/pr36902.c (test for warnings, line 47)
FAIL: gcc.dg/pr36902.c (test for excess errors)
XPASS: gcc.dg/struct/wo_prof_array_through_pointer.c scan-ipa-dump ipa_struct_reorg "Number of structures to transform is 1"
FAIL: gcc.dg/struct/wo_prof_double_malloc.c (internal compiler error)
FAIL: gcc.dg/struct/wo_prof_double_malloc.c (test for excess errors)
WARNING: gcc.dg/struct/wo_prof_double_malloc.c compilation failed to produce executable
=== gcc Summary ===
# of expected passes 57821
# of unexpected failures 10
# of unexpected successes 3
# of expected failures 193
# of unsupported tests 530
/export/gnu/import/svn/gcc-test/bld/gcc/xgcc version 4.5.0 20090618 (experimental) [trunk revision 148665] (GCC)
=== gfortran tests ===
Running target unix
FAIL: gfortran.dg/bind_c_usage_13.f03 -O scan-tree-dump original "mult_array .&.abc..1..lb: 1 sz: 1., &.ab..1..lb: 1 sz: 1., 3, 2.;"
FAIL: gfortran.dg/bind_c_usage_13.f03 -O scan-tree-dump original "mult .&.u..1..lb: 1 sz: 1., &.x..1..lb: 1 sz: 1., 1, 1.;"
FAIL: gfortran.dg/bind_c_usage_13.f03 -O scan-tree-dump original "mult_val ..x., .x., 1, 1.;"
FAIL: gfortran.dg/bind_c_usage_13.f03 -O scan-tree-dump original "sub_array .&.abc..1..lb: 1 sz: 1., 3.;"
FAIL: gfortran.dg/bind_c_usage_13.f03 -O scan-tree-dump original "sub .&.u..1..lb: 1 sz: 1., 1.;"
FAIL: gfortran.dg/bind_c_usage_13.f03 -O scan-tree-dump original "sub_val ..x., 1.;"
FAIL: gfortran.dg/bind_c_usage_14.f03 -O scan-tree-dump original "master.0.sub3noiso .0, 0B, 0B, 0B, b, a, 0, 0, 1, 1\\);"
FAIL: gfortran.dg/bind_c_usage_14.f03 -O scan-tree-dump original "master.0.sub3noiso .1, z, y, x, 0B, 0B, 1, 1, 0, 0\\);"
FAIL: gfortran.dg/bind_c_usage_14.f03 -O scan-tree-dump original "master.1.sub4iso .0, 0B, 0B, 0B, b, a, 0, 0, 1, 1\\);"
FAIL: gfortran.dg/bind_c_usage_14.f03 -O scan-tree-dump original "master.1.sub4iso .1, z, y, x, 0B, 0B, 1, 1, 0, 0\\);"
FAIL: gfortran.dg/bind_c_usage_14.f03 -O scan-tree-dump original "master.2.sub5iso .0, 0B, 0B, 0B, b, a, 0, 0, 1, 1\\);"
FAIL: gfortran.dg/bind_c_usage_14.f03 -O scan-tree-dump original "master.2.sub5iso .1, z, y, x, 0B, 0B, 1, 1, 0, 0\\);"
FAIL: gfortran.dg/bind_c_usage_14.f03 -O scan-tree-dump original "master.3.sub6noiso .0, 0B, 0B, 0B, b, a, 0, 0, 1, 1\\);"
FAIL: gfortran.dg/bind_c_usage_14.f03 -O scan-tree-dump original "master.3.sub6noiso .1, z, y, x, 0B, 0B, 1, 1, 0, 0\\);"
FAIL: gfortran.dg/c_f_pointer_tests_3.f90 -O scan-tree-dump-times original "c_f" 1
FAIL: gfortran.dg/c_f_pointer_tests_3.f90 -O scan-tree-dump-times original "c_f_pointer" 1
FAIL: gfortran.dg/c_f_pointer_tests_3.f90 -O scan-tree-dump-times original "c_f_pointer_i4" 1
FAIL: gfortran.dg/missing_optional_dummy_4.f90 -O scan-tree-dump original " tm_doit \\(0B, 0\\);"
FAIL: gfortran.dg/missing_optional_dummy_5.f90 -O scan-tree-dump original " tm_doit \\(&parm.(6|7), 0B, 0\\);"
=== gfortran Summary ===
# of expected passes 30708
# of unexpected failures 19
# of expected failures 20
# of unsupported tests 103
/export/gnu/import/svn/gcc-test/bld/gcc/testsuite/gfortran/../../gfortran version 4.5.0 20090618 (experimental) [trunk revision 148665] (GCC)
=== objc tests ===
Running target unix
=== objc Summary ===
# of expected passes 1873
# of expected failures 7
# of unsupported tests 24
/export/gnu/import/svn/gcc-test/bld/gcc/xgcc version 4.5.0 20090618 (experimental) [trunk revision 148665] (GCC)
=== libffi tests ===
Running target unix
=== libffi Summary ===
# of expected passes 1589
# of expected failures 15
# of unsupported tests 15
=== libgomp tests ===
Running target unix
=== libgomp Summary ===
# of expected passes 2408
=== libjava tests ===
Running target unix
=== libjava Summary ===
# of expected passes 2574
=== libmudflap tests ===
Running target unix
FAIL: libmudflap.c/fail17-frag.c (-static) (test for excess errors)
FAIL: libmudflap.c/fail23-frag.c (-static) (test for excess errors)
FAIL: libmudflap.c/fail25-frag.c (-static) (test for excess errors)
FAIL: libmudflap.c/fail4-frag.c (-static) (test for excess errors)
FAIL: libmudflap.c/fail5-frag.c (-static) (test for excess errors)
FAIL: libmudflap.c/fail6-frag.c (-static) (test for excess errors)
FAIL: libmudflap.c/fail7-frag.c (-static) (test for excess errors)
FAIL: libmudflap.c/fail8-frag.c (-static) (test for excess errors)
FAIL: libmudflap.c/fail9-frag.c (-static) (test for excess errors)
FAIL: libmudflap.c/heap-scalestress.c (-static) (test for excess errors)
FAIL: libmudflap.c/hook-allocstuff.c (-static) (test for excess errors)
FAIL: libmudflap.c/pass-stratcliff.c (-static) (test for excess errors)
FAIL: libmudflap.c/pass30-frag.c (-static) (test for excess errors)
FAIL: libmudflap.c/pass30-frag.c (-static) (test for excess errors)
FAIL: libmudflap.c/pass4-frag.c (-static) (test for excess errors)
FAIL: libmudflap.c/pass4-frag.c (-static) (test for excess errors)
FAIL: libmudflap.c/pass45-frag.c (-static) (test for excess errors)
FAIL: libmudflap.c/pass45-frag.c (-static) (test for excess errors)
FAIL: libmudflap.c/pass46-frag.c (-static) (test for excess errors)
FAIL: libmudflap.c/pass46-frag.c (-static) (test for excess errors)
FAIL: libmudflap.c/pass47-frag.c (-static) (test for excess errors)
FAIL: libmudflap.c/pass47-frag.c (-static) (test for excess errors)
FAIL: libmudflap.c/pass49-frag.c (-static) (test for excess errors)
FAIL: libmudflap.c/pass49-frag.c (-static) (test for excess errors)
FAIL: libmudflap.c/pass5-frag.c (-static) (test for excess errors)
FAIL: libmudflap.c/pass5-frag.c (-static) (test for excess errors)
FAIL: libmudflap.c/pass51-frag.c (-static) (test for excess errors)
FAIL: libmudflap.c/pass51-frag.c (-static) (test for excess errors)
FAIL: libmudflap.c/pass52-frag.c (-static) (test for excess errors)
FAIL: libmudflap.c/pass52-frag.c (-static) (test for excess errors)
FAIL: libmudflap.c/pass6-frag.c (-static) (test for excess errors)
FAIL: libmudflap.c/pass6-frag.c (-static) (test for excess errors)
FAIL: libmudflap.c/pass7-frag.c (-static) (test for excess errors)
FAIL: libmudflap.c/pass7-frag.c (-static) (test for excess errors)
FAIL: libmudflap.c/pass8-frag.c (-static) (test for excess errors)
FAIL: libmudflap.c/pass8-frag.c (-static) (test for excess errors)
FAIL: libmudflap.c/pass9-frag.c (-static) (test for excess errors)
FAIL: libmudflap.c/pass9-frag.c (-static) (test for excess errors)
FAIL: libmudflap.c++/pass41-frag.cxx execution test
FAIL: libmudflap.c++/fail24-frag.cxx (-static) (test for excess errors)
FAIL: libmudflap.c++/pass31-frag.cxx (-static) (test for excess errors)
FAIL: libmudflap.c++/pass41-frag.cxx (-static) execution test
FAIL: libmudflap.c++/pass41-frag.cxx ( -O) execution test
FAIL: libmudflap.c++/pass41-frag.cxx (-O2) execution test
FAIL: libmudflap.c++/pass41-frag.cxx (-O3) execution test
FAIL: libmudflap.cth/pass37-frag.c (-static -DSTATIC) (test for excess errors)
FAIL: libmudflap.cth/pass39-frag.c (-static -DSTATIC) (test for excess errors)
FAIL: libmudflap.cth/pass40-frag.c (-static -DSTATIC) (test for excess errors)
FAIL: libmudflap.cth/pass59-frag.c (-static -DSTATIC) (test for excess errors)
=== libmudflap Summary ===
# of expected passes 1845
# of unexpected failures 49
=== libstdc++ tests ===
Running target unix
XPASS: 26_numerics/headers/cmath/c99_classification_macros_c.cc (test for excess errors)
=== libstdc++ Summary ===
# of expected passes 6733
# of unexpected successes 1
# of expected failures 81
# of unsupported tests 25
Compiler version: 4.5.0 20090618 (experimental) [trunk revision 148665] (GCC)
Platform: i686-pc-linux-gnu
configure flags: --enable-clocale=gnu --with-system-zlib --enable-shared --with-demangler-in-ld