This is the mail archive of the gcc-testresults@gcc.gnu.org mailing list for the GCC project.


Index Nav: [Date Index] [Subject Index] [Author Index] [Thread Index]
Message Nav: [Date Prev] [Date Next] [Thread Prev] [Thread Next]
Other format: [Raw text]

Results for 4.5.0 20090618 (experimental) (GCC) testsuite on i686-pc-linux-gnu


This build run by an automatic regression tester.
See <http://glutton.geoffk.org/HEAD/> for more information.

Date: 2009-06-18T11:40:08Z
Revision: 148653
URL: svn://gcc.gnu.org/svn/gcc/trunk
Status: regress-9
Prev-Endtime: 2009-06-18T10:15:55Z

Native configuration is i686-pc-linux-gnu

		=== g++ tests ===


Running target unix

		=== g++ Summary ===

# of expected passes		20164
# of expected failures		148
# of unsupported tests		103
/home/regress/tbox/native/build/gcc/testsuite/g++/../../g++  version 4.5.0 20090618 (experimental) (GCC) 

		=== gcc tests ===


Running target unix
XPASS: gcc.dg/Warray-bounds.c  (test for warnings, line 59)
XPASS: gcc.dg/Warray-bounds.c  (test for warnings, line 65)
FAIL: gcc.dg/Wshadow-3.c  (test for warnings, line 47)
FAIL: gcc.dg/Wshadow-3.c (test for excess errors)
FAIL: gcc.dg/pr34989-1.c (internal compiler error)
FAIL: gcc.dg/pr34989-1.c (test for excess errors)
FAIL: gcc.dg/pr36902.c  (test for warnings, line 47)
FAIL: gcc.dg/pr36902.c (test for excess errors)
XPASS: gcc.dg/struct/wo_prof_array_through_pointer.c scan-ipa-dump ipa_struct_reorg "Number of structures to transform is 1"
FAIL: gcc.dg/struct/wo_prof_double_malloc.c (internal compiler error)
FAIL: gcc.dg/struct/wo_prof_double_malloc.c (test for excess errors)
WARNING: gcc.dg/struct/wo_prof_double_malloc.c compilation failed to produce executable

		=== gcc Summary ===

# of expected passes		56938
# of unexpected failures	8
# of unexpected successes	3
# of expected failures		193
# of unsupported tests		896
/home/regress/tbox/native/build/gcc/xgcc  version 4.5.0 20090618 (experimental) (GCC) 

		=== gfortran tests ===


Running target unix
FAIL: gfortran.dg/bind_c_usage_13.f03  -O  scan-tree-dump original "mult_array .&.abc..1..lb: 1 sz: 1., &.ab..1..lb: 1 sz: 1., 3, 2.;"
FAIL: gfortran.dg/bind_c_usage_13.f03  -O  scan-tree-dump original "mult .&.u..1..lb: 1 sz: 1., &.x..1..lb: 1 sz: 1., 1, 1.;"
FAIL: gfortran.dg/bind_c_usage_13.f03  -O  scan-tree-dump original "mult_val ..x., .x., 1, 1.;"
FAIL: gfortran.dg/bind_c_usage_13.f03  -O  scan-tree-dump original "sub_array .&.abc..1..lb: 1 sz: 1., 3.;"
FAIL: gfortran.dg/bind_c_usage_13.f03  -O  scan-tree-dump original "sub .&.u..1..lb: 1 sz: 1., 1.;"
FAIL: gfortran.dg/bind_c_usage_13.f03  -O  scan-tree-dump original "sub_val ..x., 1.;"
FAIL: gfortran.dg/bind_c_usage_14.f03  -O  scan-tree-dump original "master.0.sub3noiso .0, 0B, 0B, 0B, b, a, 0, 0, 1, 1\\);"
FAIL: gfortran.dg/bind_c_usage_14.f03  -O  scan-tree-dump original "master.0.sub3noiso .1, z, y, x, 0B, 0B, 1, 1, 0, 0\\);"
FAIL: gfortran.dg/bind_c_usage_14.f03  -O  scan-tree-dump original "master.1.sub4iso .0, 0B, 0B, 0B, b, a, 0, 0, 1, 1\\);"
FAIL: gfortran.dg/bind_c_usage_14.f03  -O  scan-tree-dump original "master.1.sub4iso .1, z, y, x, 0B, 0B, 1, 1, 0, 0\\);"
FAIL: gfortran.dg/bind_c_usage_14.f03  -O  scan-tree-dump original "master.2.sub5iso .0, 0B, 0B, 0B, b, a, 0, 0, 1, 1\\);"
FAIL: gfortran.dg/bind_c_usage_14.f03  -O  scan-tree-dump original "master.2.sub5iso .1, z, y, x, 0B, 0B, 1, 1, 0, 0\\);"
FAIL: gfortran.dg/bind_c_usage_14.f03  -O  scan-tree-dump original "master.3.sub6noiso .0, 0B, 0B, 0B, b, a, 0, 0, 1, 1\\);"
FAIL: gfortran.dg/bind_c_usage_14.f03  -O  scan-tree-dump original "master.3.sub6noiso .1, z, y, x, 0B, 0B, 1, 1, 0, 0\\);"
FAIL: gfortran.dg/c_f_pointer_tests_3.f90  -O  scan-tree-dump-times original "c_f" 1
FAIL: gfortran.dg/c_f_pointer_tests_3.f90  -O  scan-tree-dump-times original "c_f_pointer" 1
FAIL: gfortran.dg/c_f_pointer_tests_3.f90  -O  scan-tree-dump-times original "c_f_pointer_i4" 1
FAIL: gfortran.dg/missing_optional_dummy_4.f90  -O  scan-tree-dump original " tm_doit \\(0B, 0\\);"
FAIL: gfortran.dg/missing_optional_dummy_5.f90  -O  scan-tree-dump original " tm_doit \\(&parm.(6|7), 0B, 0\\);"

		=== gfortran Summary ===

# of expected passes		30708
# of unexpected failures	19
# of expected failures		20
# of unsupported tests		103
/home/regress/tbox/native/build/gcc/testsuite/gfortran/../../gfortran  version 4.5.0 20090618 (experimental) (GCC) 

		=== objc tests ===


Running target unix

		=== objc Summary ===

# of expected passes		1873
# of expected failures		7
# of unsupported tests		24
/home/regress/tbox/native/build/gcc/xgcc  version 4.5.0 20090618 (experimental) (GCC) 

		=== libffi tests ===


Running target unix

		=== libffi Summary ===

# of expected passes		1589
# of expected failures		15
# of unsupported tests		15
		=== libgomp tests ===


Running target unix

		=== libgomp Summary ===

# of expected passes		2408
		=== libjava tests ===


Running target unix

		=== libjava Summary ===

# of expected passes		2574
		=== libmudflap tests ===


Running target unix
FAIL: libmudflap.c++/pass41-frag.cxx execution test
FAIL: libmudflap.c++/pass41-frag.cxx (-static) execution test
FAIL: libmudflap.c++/pass41-frag.cxx ( -O) execution test
FAIL: libmudflap.c++/pass41-frag.cxx (-O2) execution test
FAIL: libmudflap.c++/pass41-frag.cxx (-O3) execution test

		=== libmudflap Summary ===

# of expected passes		1889
# of unexpected failures	5
		=== libstdc++ tests ===


Running target unix
XPASS: 26_numerics/headers/cmath/c99_classification_macros_c.cc (test for excess errors)

		=== libstdc++ Summary ===

# of expected passes		6733
# of unexpected successes	1
# of expected failures		81
# of unsupported tests		25

Compiler version: 4.5.0 20090618 (experimental) (GCC) 
Platform: i686-pc-linux-gnu
configure flags: --prefix=/home/regress/tbox/objs --target=i686-pc-linux-gnu


Index Nav: [Date Index] [Subject Index] [Author Index] [Thread Index]
Message Nav: [Date Prev] [Date Next] [Thread Prev] [Thread Next]