This is the mail archive of the
gcc-testresults@gcc.gnu.org
mailing list for the GCC project.
Results for 4.5.0 20090616 (experimental) (GCC) testsuite on i686-pc-linux-gnu
- From: GCC regression tester <regress at geoffk dot org>
- To: gcc-testresults at gcc dot gnu dot org
- Date: Tue, 16 Jun 2009 01:20:46 -0700
- Subject: Results for 4.5.0 20090616 (experimental) (GCC) testsuite on i686-pc-linux-gnu
This build run by an automatic regression tester.
See <http://glutton.geoffk.org/HEAD/> for more information.
Date: 2009-06-16T07:07:58Z
Revision: 148517
URL: svn://gcc.gnu.org/svn/gcc/trunk
Status: regress-6
Prev-Endtime: 2009-06-16T07:07:05Z
Native configuration is i686-pc-linux-gnu
=== g++ tests ===
Running target unix
FAIL: g++.dg/torture/pr32950.C -O1 (internal compiler error)
FAIL: g++.dg/torture/pr32950.C -O1 (test for excess errors)
FAIL: g++.dg/torture/pr32950.C -O2 (internal compiler error)
FAIL: g++.dg/torture/pr32950.C -O2 (test for excess errors)
FAIL: g++.dg/torture/pr32950.C -O3 -fomit-frame-pointer (internal compiler error)
FAIL: g++.dg/torture/pr32950.C -O3 -fomit-frame-pointer (test for excess errors)
FAIL: g++.dg/torture/pr32950.C -O3 -g (internal compiler error)
FAIL: g++.dg/torture/pr32950.C -O3 -g (test for excess errors)
FAIL: g++.dg/torture/pr32950.C -Os (internal compiler error)
FAIL: g++.dg/torture/pr32950.C -Os (test for excess errors)
=== g++ Summary ===
# of expected passes 20148
# of unexpected failures 10
# of expected failures 148
# of unsupported tests 103
/home/regress/tbox/native/build/gcc/testsuite/g++/../../g++ version 4.5.0 20090616 (experimental) (GCC)
=== gcc tests ===
Running target unix
FAIL: gcc.c-torture/compile/limits-exprparen.c -O0 (test for excess errors)
FAIL: gcc.c-torture/compile/limits-exprparen.c -O1 (test for excess errors)
FAIL: gcc.c-torture/compile/limits-exprparen.c -O2 (test for excess errors)
FAIL: gcc.c-torture/compile/limits-exprparen.c -O3 -fomit-frame-pointer (test for excess errors)
FAIL: gcc.c-torture/compile/limits-exprparen.c -O3 -g (test for excess errors)
FAIL: gcc.c-torture/compile/limits-exprparen.c -Os (test for excess errors)
XPASS: gcc.dg/Warray-bounds.c (test for warnings, line 59)
XPASS: gcc.dg/Warray-bounds.c (test for warnings, line 65)
FAIL: gcc.dg/Wshadow-3.c (test for warnings, line 47)
FAIL: gcc.dg/Wshadow-3.c (test for excess errors)
FAIL: gcc.dg/func-ptr-conv-1.c bad conversion (test for warnings, line 40)
FAIL: gcc.dg/func-ptr-conv-1.c bad conversion (test for warnings, line 41)
FAIL: gcc.dg/func-ptr-conv-1.c (test for excess errors)
FAIL: gcc.dg/pr34989-1.c (internal compiler error)
FAIL: gcc.dg/pr34989-1.c (test for excess errors)
FAIL: gcc.dg/pr36902.c (test for warnings, line 47)
FAIL: gcc.dg/pr36902.c (test for excess errors)
XPASS: gcc.dg/struct/wo_prof_array_through_pointer.c scan-ipa-dump ipa_struct_reorg "Number of structures to transform is 1"
FAIL: gcc.dg/struct/wo_prof_double_malloc.c (internal compiler error)
FAIL: gcc.dg/struct/wo_prof_double_malloc.c (test for excess errors)
WARNING: gcc.dg/struct/wo_prof_double_malloc.c compilation failed to produce executable
=== gcc Summary ===
# of expected passes 56875
# of unexpected failures 17
# of unexpected successes 3
# of expected failures 194
# of unsupported tests 896
/home/regress/tbox/native/build/gcc/xgcc version 4.5.0 20090616 (experimental) (GCC)
=== gfortran tests ===
Running target unix
=== gfortran Summary ===
# of expected passes 30714
# of expected failures 20
# of unsupported tests 103
/home/regress/tbox/native/build/gcc/testsuite/gfortran/../../gfortran version 4.5.0 20090616 (experimental) (GCC)
=== objc tests ===
Running target unix
=== objc Summary ===
# of expected passes 1873
# of expected failures 7
# of unsupported tests 24
/home/regress/tbox/native/build/gcc/xgcc version 4.5.0 20090616 (experimental) (GCC)
=== libffi tests ===
Running target unix
=== libffi Summary ===
# of expected passes 1589
# of expected failures 15
# of unsupported tests 15
=== libgomp tests ===
Running target unix
=== libgomp Summary ===
# of expected passes 2408
=== libjava tests ===
Running target unix
=== libjava Summary ===
# of expected passes 2574
=== libmudflap tests ===
Running target unix
FAIL: libmudflap.c++/pass41-frag.cxx execution test
FAIL: libmudflap.c++/pass41-frag.cxx (-static) execution test
FAIL: libmudflap.c++/pass41-frag.cxx ( -O) execution test
FAIL: libmudflap.c++/pass41-frag.cxx (-O2) execution test
FAIL: libmudflap.c++/pass41-frag.cxx (-O3) execution test
=== libmudflap Summary ===
# of expected passes 1889
# of unexpected failures 5
=== libstdc++ tests ===
Running target unix
XPASS: 26_numerics/headers/cmath/c99_classification_macros_c.cc (test for excess errors)
=== libstdc++ Summary ===
# of expected passes 6733
# of unexpected successes 1
# of expected failures 81
# of unsupported tests 24
Compiler version: 4.5.0 20090616 (experimental) (GCC)
Platform: i686-pc-linux-gnu
configure flags: --prefix=/home/regress/tbox/objs --target=i686-pc-linux-gnu