This is the mail archive of the
gcc-testresults@gcc.gnu.org
mailing list for the GCC project.
Results for 4.5.0 20090601 (experimental) [trunk revision 148037] (GCC) testsuite on i686-pc-cygwin
- From: David Billinghurst <dbcygwin at gmail dot com>
- To: gcc-testresults at gcc dot gnu dot org
- Date: Fri, 05 Jun 2009 23:23:09 +1000
- Subject: Results for 4.5.0 20090601 (experimental) [trunk revision 148037] (GCC) testsuite on i686-pc-cygwin
Native configuration is i686-pc-cygwin
=== g++ tests ===
Running target unix
FAIL: g++.dg/compat/eh/ctor1 cp_compat_x_tst.o-cp_compat_y_tst.o execute
FAIL: g++.dg/compat/eh/ctor2 cp_compat_x_tst.o-cp_compat_y_tst.o execute
FAIL: g++.dg/compat/eh/dtor1 cp_compat_x_tst.o-cp_compat_y_tst.o execute
FAIL: g++.dg/compat/eh/filter1 cp_compat_x_tst.o-cp_compat_y_tst.o execute
FAIL: g++.dg/compat/eh/new1 cp_compat_x_tst.o-cp_compat_y_tst.o execute
FAIL: g++.dg/compat/eh/nrv1 cp_compat_x_tst.o-cp_compat_y_tst.o execute
FAIL: g++.dg/compat/eh/spec3 cp_compat_x_tst.o-cp_compat_y_tst.o execute
FAIL: g++.dg/compat/eh/template1 cp_compat_x_tst.o-cp_compat_y_tst.o execute
FAIL: g++.dg/compat/eh/unexpected1 cp_compat_x_tst.o-cp_compat_y_tst.o execute
FAIL: g++.dg/compat/init/array5 cp_compat_x_tst.o-cp_compat_y_tst.o execute
FAIL: g++.dg/abi/local1.C execution test
FAIL: g++.dg/abi/rtti3.C scan-assembler .weak[ \\t]_?_ZTSPP1A
FAIL: g++.dg/abi/thunk4.C scan-assembler .weak[ \\t]_?_ZThn._N7Derived3FooEv
FAIL: g++.dg/cpp0x/variadic73.C execution test
FAIL: g++.dg/eh/alias1.C execution test
FAIL: g++.dg/eh/async-unwind1.C execution test
FAIL: g++.dg/eh/async-unwind2.C execution test
FAIL: g++.dg/eh/cond1.C execution test
FAIL: g++.dg/eh/crossjump1.C execution test
FAIL: g++.dg/eh/ctor1.C execution test
FAIL: g++.dg/eh/ctor2.C execution test
FAIL: g++.dg/eh/delayslot1.C execution test
FAIL: g++.dg/eh/dtor1.C execution test
FAIL: g++.dg/eh/elide1.C execution test
FAIL: g++.dg/eh/filter1.C execution test
FAIL: g++.dg/eh/forced1.C execution test
FAIL: g++.dg/eh/forced2.C execution test
FAIL: g++.dg/eh/forced3.C execution test
FAIL: g++.dg/eh/forced4.C execution test
FAIL: g++.dg/eh/fp-regs.C execution test
FAIL: g++.dg/eh/gcsec1.C execution test
FAIL: g++.dg/eh/ia64-2.C execution test
FAIL: g++.dg/eh/loop1.C execution test
FAIL: g++.dg/eh/loop2.C execution test
FAIL: g++.dg/eh/new1.C execution test
FAIL: g++.dg/eh/omit-frame-pointer.C execution test
FAIL: g++.dg/eh/omit-frame-pointer2.C execution test
FAIL: g++.dg/eh/pr29166.C execution test
FAIL: g++.dg/eh/registers1.C execution test
FAIL: g++.dg/eh/simd-1.C execution test
FAIL: g++.dg/eh/simd-2.C execution test
FAIL: g++.dg/eh/simd-3.C execution test
FAIL: g++.dg/eh/spbp.C execution test
FAIL: g++.dg/eh/spec3.C execution test
FAIL: g++.dg/eh/spec7.C execution test
FAIL: g++.dg/eh/spec9.C execution test
FAIL: g++.dg/eh/synth2.C execution test
FAIL: g++.dg/eh/template1.C execution test
FAIL: g++.dg/eh/uncaught1.C execution test
FAIL: g++.dg/eh/unexpected1.C execution test
FAIL: g++.dg/eh/weak1.C execution test
FAIL: g++.dg/ext/cleanup-5.C execution test
FAIL: g++.dg/ext/dllimport7.C C++ specific error (test for errors, line 24)
FAIL: g++.dg/ext/selectany1.C scan-assembler-dem
FAIL: g++.dg/init/array16.C execution test
FAIL: g++.dg/init/array5.C execution test
FAIL: g++.dg/init/cleanup3.C scan-assembler-not _tcf
FAIL: g++.dg/init/ctor1.C execution test
FAIL: g++.dg/init/placement2.C execution test
FAIL: g++.dg/init/ref9.C execution test
FAIL: g++.dg/opt/eh2.C execution test
FAIL: g++.dg/opt/eh3.C execution test
FAIL: g++.dg/opt/pr23478.C execution test
FAIL: g++.dg/opt/vt1.C scan-assembler-not section[^\\n\\r]*_ZTV1S[^\\n\\r]*"[^w"\\n\\r]*"
FAIL: g++.dg/template/spec35.C scan-assembler .weak(_definition)?[\\t ]*_?_Z2f2IiEvT_
FAIL: g++.dg/torture/stackalign/eh-alloca-1.C execution test
FAIL: g++.dg/torture/stackalign/eh-alloca-1.C execution test
FAIL: g++.dg/torture/stackalign/eh-alloca-1.C execution test
FAIL: g++.dg/torture/stackalign/eh-alloca-1.C execution test
FAIL: g++.dg/torture/stackalign/eh-alloca-1.C execution test
FAIL: g++.dg/torture/stackalign/eh-alloca-1.C execution test
FAIL: g++.dg/torture/stackalign/eh-fastcall-1.C execution test
FAIL: g++.dg/torture/stackalign/eh-fastcall-1.C execution test
FAIL: g++.dg/torture/stackalign/eh-fastcall-1.C execution test
FAIL: g++.dg/torture/stackalign/eh-fastcall-1.C execution test
FAIL: g++.dg/torture/stackalign/eh-fastcall-1.C execution test
FAIL: g++.dg/torture/stackalign/eh-fastcall-1.C execution test
FAIL: g++.dg/torture/stackalign/eh-global-1.C execution test
FAIL: g++.dg/torture/stackalign/eh-global-1.C execution test
FAIL: g++.dg/torture/stackalign/eh-global-1.C execution test
FAIL: g++.dg/torture/stackalign/eh-global-1.C execution test
FAIL: g++.dg/torture/stackalign/eh-global-1.C execution test
FAIL: g++.dg/torture/stackalign/eh-global-1.C execution test
FAIL: g++.dg/torture/stackalign/eh-inline-1.C execution test
FAIL: g++.dg/torture/stackalign/eh-inline-1.C execution test
FAIL: g++.dg/torture/stackalign/eh-inline-1.C execution test
FAIL: g++.dg/torture/stackalign/eh-inline-1.C execution test
FAIL: g++.dg/torture/stackalign/eh-inline-1.C execution test
FAIL: g++.dg/torture/stackalign/eh-inline-1.C execution test
FAIL: g++.dg/torture/stackalign/eh-inline-2.C execution test
FAIL: g++.dg/torture/stackalign/eh-inline-2.C execution test
FAIL: g++.dg/torture/stackalign/eh-inline-2.C execution test
FAIL: g++.dg/torture/stackalign/eh-inline-2.C execution test
FAIL: g++.dg/torture/stackalign/eh-inline-2.C execution test
FAIL: g++.dg/torture/stackalign/eh-inline-2.C execution test
FAIL: g++.dg/torture/stackalign/eh-vararg-1.C execution test
FAIL: g++.dg/torture/stackalign/eh-vararg-1.C execution test
FAIL: g++.dg/torture/stackalign/eh-vararg-1.C execution test
FAIL: g++.dg/torture/stackalign/eh-vararg-1.C execution test
FAIL: g++.dg/torture/stackalign/eh-vararg-1.C execution test
FAIL: g++.dg/torture/stackalign/eh-vararg-1.C execution test
FAIL: g++.dg/torture/stackalign/eh-vararg-2.C execution test
FAIL: g++.dg/torture/stackalign/eh-vararg-2.C execution test
FAIL: g++.dg/torture/stackalign/eh-vararg-2.C execution test
FAIL: g++.dg/torture/stackalign/eh-vararg-2.C execution test
FAIL: g++.dg/torture/stackalign/eh-vararg-2.C execution test
FAIL: g++.dg/torture/stackalign/eh-vararg-2.C execution test
FAIL: g++.dg/torture/stackalign/throw-1.C execution test
FAIL: g++.dg/torture/stackalign/throw-1.C execution test
FAIL: g++.dg/torture/stackalign/throw-1.C execution test
FAIL: g++.dg/torture/stackalign/throw-1.C execution test
FAIL: g++.dg/torture/stackalign/throw-1.C execution test
FAIL: g++.dg/torture/stackalign/throw-1.C execution test
FAIL: g++.dg/torture/stackalign/throw-1.C execution test
FAIL: g++.dg/torture/stackalign/throw-1.C execution test
FAIL: g++.dg/torture/stackalign/throw-2.C execution test
FAIL: g++.dg/torture/stackalign/throw-2.C execution test
FAIL: g++.dg/torture/stackalign/throw-2.C execution test
FAIL: g++.dg/torture/stackalign/throw-2.C execution test
FAIL: g++.dg/torture/stackalign/throw-2.C execution test
FAIL: g++.dg/torture/stackalign/throw-2.C execution test
FAIL: g++.dg/torture/stackalign/throw-2.C execution test
FAIL: g++.dg/torture/stackalign/throw-2.C execution test
FAIL: g++.dg/torture/stackalign/throw-3.C execution test
FAIL: g++.dg/torture/stackalign/throw-3.C execution test
FAIL: g++.dg/torture/stackalign/throw-3.C execution test
FAIL: g++.dg/torture/stackalign/throw-3.C execution test
FAIL: g++.dg/torture/stackalign/throw-3.C execution test
FAIL: g++.dg/torture/stackalign/throw-3.C execution test
FAIL: g++.dg/torture/stackalign/throw-3.C execution test
FAIL: g++.dg/torture/stackalign/throw-3.C execution test
FAIL: g++.dg/torture/stackalign/unwind-0.C execution test
FAIL: g++.dg/torture/stackalign/unwind-0.C execution test
FAIL: g++.dg/torture/stackalign/unwind-0.C execution test
FAIL: g++.dg/torture/stackalign/unwind-0.C execution test
FAIL: g++.dg/torture/stackalign/unwind-0.C execution test
FAIL: g++.dg/torture/stackalign/unwind-0.C execution test
FAIL: g++.dg/torture/stackalign/unwind-1.C execution test
FAIL: g++.dg/torture/stackalign/unwind-1.C execution test
FAIL: g++.dg/torture/stackalign/unwind-1.C execution test
FAIL: g++.dg/torture/stackalign/unwind-1.C execution test
FAIL: g++.dg/torture/stackalign/unwind-1.C execution test
FAIL: g++.dg/torture/stackalign/unwind-1.C execution test
FAIL: g++.dg/torture/stackalign/unwind-2.C execution test
FAIL: g++.dg/torture/stackalign/unwind-2.C execution test
FAIL: g++.dg/torture/stackalign/unwind-2.C execution test
FAIL: g++.dg/torture/stackalign/unwind-2.C execution test
FAIL: g++.dg/torture/stackalign/unwind-2.C execution test
FAIL: g++.dg/torture/stackalign/unwind-2.C execution test
FAIL: g++.dg/torture/stackalign/unwind-3.C execution test
FAIL: g++.dg/torture/stackalign/unwind-3.C execution test
FAIL: g++.dg/torture/stackalign/unwind-3.C execution test
FAIL: g++.dg/torture/stackalign/unwind-3.C execution test
FAIL: g++.dg/torture/stackalign/unwind-3.C execution test
FAIL: g++.dg/torture/stackalign/unwind-3.C execution test
FAIL: g++.dg/torture/stackalign/unwind-4.C execution test
FAIL: g++.dg/torture/stackalign/unwind-4.C execution test
FAIL: g++.dg/torture/stackalign/unwind-4.C execution test
FAIL: g++.dg/torture/stackalign/unwind-4.C execution test
FAIL: g++.dg/torture/stackalign/unwind-4.C execution test
FAIL: g++.dg/torture/stackalign/unwind-4.C execution test
FAIL: g++.dg/torture/stackalign/unwind-4.C execution test
FAIL: g++.dg/torture/stackalign/unwind-4.C execution test
FAIL: g++.dg/torture/stackalign/unwind-5.C execution test
FAIL: g++.dg/torture/stackalign/unwind-5.C execution test
FAIL: g++.dg/torture/stackalign/unwind-5.C execution test
FAIL: g++.dg/torture/stackalign/unwind-5.C execution test
FAIL: g++.dg/torture/stackalign/unwind-5.C execution test
FAIL: g++.dg/torture/stackalign/unwind-5.C execution test
FAIL: g++.dg/torture/stackalign/unwind-6.C execution test
FAIL: g++.dg/torture/stackalign/unwind-6.C execution test
FAIL: g++.dg/torture/stackalign/unwind-6.C execution test
FAIL: g++.dg/torture/stackalign/unwind-6.C execution test
FAIL: g++.dg/torture/stackalign/unwind-6.C execution test
FAIL: g++.dg/torture/stackalign/unwind-6.C execution test
FAIL: g++.dg/torture/stackalign/eh-alloca-1.C execution test
FAIL: g++.dg/torture/stackalign/eh-alloca-1.C execution test
FAIL: g++.dg/torture/stackalign/eh-alloca-1.C execution test
FAIL: g++.dg/torture/stackalign/eh-alloca-1.C execution test
FAIL: g++.dg/torture/stackalign/eh-alloca-1.C execution test
FAIL: g++.dg/torture/stackalign/eh-alloca-1.C execution test
FAIL: g++.dg/torture/stackalign/eh-fastcall-1.C execution test
FAIL: g++.dg/torture/stackalign/eh-fastcall-1.C execution test
FAIL: g++.dg/torture/stackalign/eh-fastcall-1.C execution test
FAIL: g++.dg/torture/stackalign/eh-fastcall-1.C execution test
FAIL: g++.dg/torture/stackalign/eh-fastcall-1.C execution test
FAIL: g++.dg/torture/stackalign/eh-fastcall-1.C execution test
FAIL: g++.dg/torture/stackalign/eh-global-1.C execution test
FAIL: g++.dg/torture/stackalign/eh-global-1.C execution test
FAIL: g++.dg/torture/stackalign/eh-global-1.C execution test
FAIL: g++.dg/torture/stackalign/eh-global-1.C execution test
FAIL: g++.dg/torture/stackalign/eh-global-1.C execution test
FAIL: g++.dg/torture/stackalign/eh-global-1.C execution test
FAIL: g++.dg/torture/stackalign/eh-inline-1.C execution test
FAIL: g++.dg/torture/stackalign/eh-inline-1.C execution test
FAIL: g++.dg/torture/stackalign/eh-inline-1.C execution test
FAIL: g++.dg/torture/stackalign/eh-inline-1.C execution test
FAIL: g++.dg/torture/stackalign/eh-inline-1.C execution test
FAIL: g++.dg/torture/stackalign/eh-inline-1.C execution test
FAIL: g++.dg/torture/stackalign/eh-inline-2.C execution test
FAIL: g++.dg/torture/stackalign/eh-inline-2.C execution test
FAIL: g++.dg/torture/stackalign/eh-inline-2.C execution test
FAIL: g++.dg/torture/stackalign/eh-inline-2.C execution test
FAIL: g++.dg/torture/stackalign/eh-inline-2.C execution test
FAIL: g++.dg/torture/stackalign/eh-inline-2.C execution test
FAIL: g++.dg/torture/stackalign/eh-vararg-1.C execution test
FAIL: g++.dg/torture/stackalign/eh-vararg-1.C execution test
FAIL: g++.dg/torture/stackalign/eh-vararg-1.C execution test
FAIL: g++.dg/torture/stackalign/eh-vararg-1.C execution test
FAIL: g++.dg/torture/stackalign/eh-vararg-1.C execution test
FAIL: g++.dg/torture/stackalign/eh-vararg-1.C execution test
FAIL: g++.dg/torture/stackalign/eh-vararg-2.C execution test
FAIL: g++.dg/torture/stackalign/eh-vararg-2.C execution test
FAIL: g++.dg/torture/stackalign/eh-vararg-2.C execution test
FAIL: g++.dg/torture/stackalign/eh-vararg-2.C execution test
FAIL: g++.dg/torture/stackalign/eh-vararg-2.C execution test
FAIL: g++.dg/torture/stackalign/eh-vararg-2.C execution test
FAIL: g++.dg/torture/stackalign/throw-1.C execution test
FAIL: g++.dg/torture/stackalign/throw-1.C execution test
FAIL: g++.dg/torture/stackalign/throw-1.C execution test
FAIL: g++.dg/torture/stackalign/throw-1.C execution test
FAIL: g++.dg/torture/stackalign/throw-1.C execution test
FAIL: g++.dg/torture/stackalign/throw-1.C execution test
FAIL: g++.dg/torture/stackalign/throw-1.C execution test
FAIL: g++.dg/torture/stackalign/throw-1.C execution test
FAIL: g++.dg/torture/stackalign/throw-2.C execution test
FAIL: g++.dg/torture/stackalign/throw-2.C execution test
FAIL: g++.dg/torture/stackalign/throw-2.C execution test
FAIL: g++.dg/torture/stackalign/throw-2.C execution test
FAIL: g++.dg/torture/stackalign/throw-2.C execution test
FAIL: g++.dg/torture/stackalign/throw-2.C execution test
FAIL: g++.dg/torture/stackalign/throw-2.C execution test
FAIL: g++.dg/torture/stackalign/throw-2.C execution test
FAIL: g++.dg/torture/stackalign/throw-3.C execution test
FAIL: g++.dg/torture/stackalign/throw-3.C execution test
FAIL: g++.dg/torture/stackalign/throw-3.C execution test
FAIL: g++.dg/torture/stackalign/throw-3.C execution test
FAIL: g++.dg/torture/stackalign/throw-3.C execution test
FAIL: g++.dg/torture/stackalign/throw-3.C execution test
FAIL: g++.dg/torture/stackalign/throw-3.C execution test
FAIL: g++.dg/torture/stackalign/throw-3.C execution test
FAIL: g++.dg/torture/stackalign/unwind-0.C execution test
FAIL: g++.dg/torture/stackalign/unwind-0.C execution test
FAIL: g++.dg/torture/stackalign/unwind-0.C execution test
FAIL: g++.dg/torture/stackalign/unwind-0.C execution test
FAIL: g++.dg/torture/stackalign/unwind-0.C execution test
FAIL: g++.dg/torture/stackalign/unwind-0.C execution test
FAIL: g++.dg/torture/stackalign/unwind-1.C execution test
FAIL: g++.dg/torture/stackalign/unwind-1.C execution test
FAIL: g++.dg/torture/stackalign/unwind-1.C execution test
FAIL: g++.dg/torture/stackalign/unwind-1.C execution test
FAIL: g++.dg/torture/stackalign/unwind-1.C execution test
FAIL: g++.dg/torture/stackalign/unwind-1.C execution test
FAIL: g++.dg/torture/stackalign/unwind-2.C execution test
FAIL: g++.dg/torture/stackalign/unwind-2.C execution test
FAIL: g++.dg/torture/stackalign/unwind-2.C execution test
FAIL: g++.dg/torture/stackalign/unwind-2.C execution test
FAIL: g++.dg/torture/stackalign/unwind-2.C execution test
FAIL: g++.dg/torture/stackalign/unwind-2.C execution test
FAIL: g++.dg/torture/stackalign/unwind-3.C execution test
FAIL: g++.dg/torture/stackalign/unwind-3.C execution test
FAIL: g++.dg/torture/stackalign/unwind-3.C execution test
FAIL: g++.dg/torture/stackalign/unwind-3.C execution test
FAIL: g++.dg/torture/stackalign/unwind-3.C execution test
FAIL: g++.dg/torture/stackalign/unwind-3.C execution test
FAIL: g++.dg/torture/stackalign/unwind-4.C execution test
FAIL: g++.dg/torture/stackalign/unwind-4.C execution test
FAIL: g++.dg/torture/stackalign/unwind-4.C execution test
FAIL: g++.dg/torture/stackalign/unwind-4.C execution test
FAIL: g++.dg/torture/stackalign/unwind-4.C execution test
FAIL: g++.dg/torture/stackalign/unwind-4.C execution test
FAIL: g++.dg/torture/stackalign/unwind-4.C execution test
FAIL: g++.dg/torture/stackalign/unwind-4.C execution test
FAIL: g++.dg/torture/stackalign/unwind-5.C execution test
FAIL: g++.dg/torture/stackalign/unwind-5.C execution test
FAIL: g++.dg/torture/stackalign/unwind-5.C execution test
FAIL: g++.dg/torture/stackalign/unwind-5.C execution test
FAIL: g++.dg/torture/stackalign/unwind-5.C execution test
FAIL: g++.dg/torture/stackalign/unwind-5.C execution test
FAIL: g++.dg/torture/stackalign/unwind-6.C execution test
FAIL: g++.dg/torture/stackalign/unwind-6.C execution test
FAIL: g++.dg/torture/stackalign/unwind-6.C execution test
FAIL: g++.dg/torture/stackalign/unwind-6.C execution test
FAIL: g++.dg/torture/stackalign/unwind-6.C execution test
FAIL: g++.dg/torture/stackalign/unwind-6.C execution test
FAIL: g++.dg/torture/stackalign/eh-alloca-1.C execution test
FAIL: g++.dg/torture/stackalign/eh-alloca-1.C execution test
FAIL: g++.dg/torture/stackalign/eh-alloca-1.C execution test
FAIL: g++.dg/torture/stackalign/eh-alloca-1.C execution test
FAIL: g++.dg/torture/stackalign/eh-alloca-1.C execution test
FAIL: g++.dg/torture/stackalign/eh-alloca-1.C execution test
FAIL: g++.dg/torture/stackalign/eh-fastcall-1.C execution test
FAIL: g++.dg/torture/stackalign/eh-fastcall-1.C execution test
FAIL: g++.dg/torture/stackalign/eh-fastcall-1.C execution test
FAIL: g++.dg/torture/stackalign/eh-fastcall-1.C execution test
FAIL: g++.dg/torture/stackalign/eh-fastcall-1.C execution test
FAIL: g++.dg/torture/stackalign/eh-fastcall-1.C execution test
FAIL: g++.dg/torture/stackalign/eh-global-1.C execution test
FAIL: g++.dg/torture/stackalign/eh-global-1.C execution test
FAIL: g++.dg/torture/stackalign/eh-global-1.C execution test
FAIL: g++.dg/torture/stackalign/eh-global-1.C execution test
FAIL: g++.dg/torture/stackalign/eh-global-1.C execution test
FAIL: g++.dg/torture/stackalign/eh-global-1.C execution test
FAIL: g++.dg/torture/stackalign/eh-inline-1.C execution test
FAIL: g++.dg/torture/stackalign/eh-inline-1.C execution test
FAIL: g++.dg/torture/stackalign/eh-inline-1.C execution test
FAIL: g++.dg/torture/stackalign/eh-inline-1.C execution test
FAIL: g++.dg/torture/stackalign/eh-inline-1.C execution test
FAIL: g++.dg/torture/stackalign/eh-inline-1.C execution test
FAIL: g++.dg/torture/stackalign/eh-inline-2.C execution test
FAIL: g++.dg/torture/stackalign/eh-inline-2.C execution test
FAIL: g++.dg/torture/stackalign/eh-inline-2.C execution test
FAIL: g++.dg/torture/stackalign/eh-inline-2.C execution test
FAIL: g++.dg/torture/stackalign/eh-inline-2.C execution test
FAIL: g++.dg/torture/stackalign/eh-inline-2.C execution test
FAIL: g++.dg/torture/stackalign/eh-vararg-1.C execution test
FAIL: g++.dg/torture/stackalign/eh-vararg-1.C execution test
FAIL: g++.dg/torture/stackalign/eh-vararg-1.C execution test
FAIL: g++.dg/torture/stackalign/eh-vararg-1.C execution test
FAIL: g++.dg/torture/stackalign/eh-vararg-1.C execution test
FAIL: g++.dg/torture/stackalign/eh-vararg-1.C execution test
FAIL: g++.dg/torture/stackalign/eh-vararg-2.C execution test
FAIL: g++.dg/torture/stackalign/eh-vararg-2.C execution test
FAIL: g++.dg/torture/stackalign/eh-vararg-2.C execution test
FAIL: g++.dg/torture/stackalign/eh-vararg-2.C execution test
FAIL: g++.dg/torture/stackalign/eh-vararg-2.C execution test
FAIL: g++.dg/torture/stackalign/eh-vararg-2.C execution test
FAIL: g++.dg/torture/stackalign/throw-1.C execution test
FAIL: g++.dg/torture/stackalign/throw-1.C execution test
FAIL: g++.dg/torture/stackalign/throw-1.C execution test
FAIL: g++.dg/torture/stackalign/throw-1.C execution test
FAIL: g++.dg/torture/stackalign/throw-1.C execution test
FAIL: g++.dg/torture/stackalign/throw-1.C execution test
FAIL: g++.dg/torture/stackalign/throw-1.C execution test
FAIL: g++.dg/torture/stackalign/throw-1.C execution test
FAIL: g++.dg/torture/stackalign/throw-2.C execution test
FAIL: g++.dg/torture/stackalign/throw-2.C execution test
FAIL: g++.dg/torture/stackalign/throw-2.C execution test
FAIL: g++.dg/torture/stackalign/throw-2.C execution test
FAIL: g++.dg/torture/stackalign/throw-2.C execution test
FAIL: g++.dg/torture/stackalign/throw-2.C execution test
FAIL: g++.dg/torture/stackalign/throw-2.C execution test
FAIL: g++.dg/torture/stackalign/throw-2.C execution test
FAIL: g++.dg/torture/stackalign/throw-3.C execution test
FAIL: g++.dg/torture/stackalign/throw-3.C execution test
FAIL: g++.dg/torture/stackalign/throw-3.C execution test
FAIL: g++.dg/torture/stackalign/throw-3.C execution test
FAIL: g++.dg/torture/stackalign/throw-3.C execution test
FAIL: g++.dg/torture/stackalign/throw-3.C execution test
FAIL: g++.dg/torture/stackalign/throw-3.C execution test
FAIL: g++.dg/torture/stackalign/throw-3.C execution test
FAIL: g++.dg/torture/stackalign/unwind-0.C execution test
FAIL: g++.dg/torture/stackalign/unwind-0.C execution test
FAIL: g++.dg/torture/stackalign/unwind-0.C execution test
FAIL: g++.dg/torture/stackalign/unwind-0.C execution test
FAIL: g++.dg/torture/stackalign/unwind-0.C execution test
FAIL: g++.dg/torture/stackalign/unwind-0.C execution test
FAIL: g++.dg/torture/stackalign/unwind-1.C execution test
FAIL: g++.dg/torture/stackalign/unwind-1.C execution test
FAIL: g++.dg/torture/stackalign/unwind-1.C execution test
FAIL: g++.dg/torture/stackalign/unwind-1.C execution test
FAIL: g++.dg/torture/stackalign/unwind-1.C execution test
FAIL: g++.dg/torture/stackalign/unwind-1.C execution test
FAIL: g++.dg/torture/stackalign/unwind-2.C execution test
FAIL: g++.dg/torture/stackalign/unwind-2.C execution test
FAIL: g++.dg/torture/stackalign/unwind-2.C execution test
FAIL: g++.dg/torture/stackalign/unwind-2.C execution test
FAIL: g++.dg/torture/stackalign/unwind-2.C execution test
FAIL: g++.dg/torture/stackalign/unwind-2.C execution test
FAIL: g++.dg/torture/stackalign/unwind-3.C execution test
FAIL: g++.dg/torture/stackalign/unwind-3.C execution test
FAIL: g++.dg/torture/stackalign/unwind-3.C execution test
FAIL: g++.dg/torture/stackalign/unwind-3.C execution test
FAIL: g++.dg/torture/stackalign/unwind-3.C execution test
FAIL: g++.dg/torture/stackalign/unwind-3.C execution test
FAIL: g++.dg/torture/stackalign/unwind-4.C execution test
FAIL: g++.dg/torture/stackalign/unwind-4.C execution test
FAIL: g++.dg/torture/stackalign/unwind-4.C execution test
FAIL: g++.dg/torture/stackalign/unwind-4.C execution test
FAIL: g++.dg/torture/stackalign/unwind-4.C execution test
FAIL: g++.dg/torture/stackalign/unwind-4.C execution test
FAIL: g++.dg/torture/stackalign/unwind-4.C execution test
FAIL: g++.dg/torture/stackalign/unwind-4.C execution test
FAIL: g++.dg/torture/stackalign/unwind-5.C execution test
FAIL: g++.dg/torture/stackalign/unwind-5.C execution test
FAIL: g++.dg/torture/stackalign/unwind-5.C execution test
FAIL: g++.dg/torture/stackalign/unwind-5.C execution test
FAIL: g++.dg/torture/stackalign/unwind-5.C execution test
FAIL: g++.dg/torture/stackalign/unwind-5.C execution test
FAIL: g++.dg/torture/stackalign/unwind-6.C execution test
FAIL: g++.dg/torture/stackalign/unwind-6.C execution test
FAIL: g++.dg/torture/stackalign/unwind-6.C execution test
FAIL: g++.dg/torture/stackalign/unwind-6.C execution test
FAIL: g++.dg/torture/stackalign/unwind-6.C execution test
FAIL: g++.dg/torture/stackalign/unwind-6.C execution test
FAIL: g++.dg/torture/stackalign/eh-alloca-1.C execution test
FAIL: g++.dg/torture/stackalign/eh-alloca-1.C execution test
FAIL: g++.dg/torture/stackalign/eh-alloca-1.C execution test
FAIL: g++.dg/torture/stackalign/eh-alloca-1.C execution test
FAIL: g++.dg/torture/stackalign/eh-alloca-1.C execution test
FAIL: g++.dg/torture/stackalign/eh-alloca-1.C execution test
FAIL: g++.dg/torture/stackalign/eh-fastcall-1.C execution test
FAIL: g++.dg/torture/stackalign/eh-fastcall-1.C execution test
FAIL: g++.dg/torture/stackalign/eh-fastcall-1.C execution test
FAIL: g++.dg/torture/stackalign/eh-fastcall-1.C execution test
FAIL: g++.dg/torture/stackalign/eh-fastcall-1.C execution test
FAIL: g++.dg/torture/stackalign/eh-fastcall-1.C execution test
FAIL: g++.dg/torture/stackalign/eh-global-1.C execution test
FAIL: g++.dg/torture/stackalign/eh-global-1.C execution test
FAIL: g++.dg/torture/stackalign/eh-global-1.C execution test
FAIL: g++.dg/torture/stackalign/eh-global-1.C execution test
FAIL: g++.dg/torture/stackalign/eh-global-1.C execution test
FAIL: g++.dg/torture/stackalign/eh-global-1.C execution test
FAIL: g++.dg/torture/stackalign/eh-inline-1.C execution test
FAIL: g++.dg/torture/stackalign/eh-inline-1.C execution test
FAIL: g++.dg/torture/stackalign/eh-inline-1.C execution test
FAIL: g++.dg/torture/stackalign/eh-inline-1.C execution test
FAIL: g++.dg/torture/stackalign/eh-inline-1.C execution test
FAIL: g++.dg/torture/stackalign/eh-inline-1.C execution test
FAIL: g++.dg/torture/stackalign/eh-inline-2.C execution test
FAIL: g++.dg/torture/stackalign/eh-inline-2.C execution test
FAIL: g++.dg/torture/stackalign/eh-inline-2.C execution test
FAIL: g++.dg/torture/stackalign/eh-inline-2.C execution test
FAIL: g++.dg/torture/stackalign/eh-inline-2.C execution test
FAIL: g++.dg/torture/stackalign/eh-inline-2.C execution test
FAIL: g++.dg/torture/stackalign/eh-vararg-1.C execution test
FAIL: g++.dg/torture/stackalign/eh-vararg-1.C execution test
FAIL: g++.dg/torture/stackalign/eh-vararg-1.C execution test
FAIL: g++.dg/torture/stackalign/eh-vararg-1.C execution test
FAIL: g++.dg/torture/stackalign/eh-vararg-1.C execution test
FAIL: g++.dg/torture/stackalign/eh-vararg-1.C execution test
FAIL: g++.dg/torture/stackalign/eh-vararg-2.C execution test
FAIL: g++.dg/torture/stackalign/eh-vararg-2.C execution test
FAIL: g++.dg/torture/stackalign/eh-vararg-2.C execution test
FAIL: g++.dg/torture/stackalign/eh-vararg-2.C execution test
FAIL: g++.dg/torture/stackalign/eh-vararg-2.C execution test
FAIL: g++.dg/torture/stackalign/eh-vararg-2.C execution test
FAIL: g++.dg/torture/stackalign/throw-1.C execution test
FAIL: g++.dg/torture/stackalign/throw-1.C execution test
FAIL: g++.dg/torture/stackalign/throw-1.C execution test
FAIL: g++.dg/torture/stackalign/throw-1.C execution test
FAIL: g++.dg/torture/stackalign/throw-1.C execution test
FAIL: g++.dg/torture/stackalign/throw-1.C execution test
FAIL: g++.dg/torture/stackalign/throw-1.C execution test
FAIL: g++.dg/torture/stackalign/throw-1.C execution test
FAIL: g++.dg/torture/stackalign/throw-2.C execution test
FAIL: g++.dg/torture/stackalign/throw-2.C execution test
FAIL: g++.dg/torture/stackalign/throw-2.C execution test
FAIL: g++.dg/torture/stackalign/throw-2.C execution test
FAIL: g++.dg/torture/stackalign/throw-2.C execution test
FAIL: g++.dg/torture/stackalign/throw-2.C execution test
FAIL: g++.dg/torture/stackalign/throw-2.C execution test
FAIL: g++.dg/torture/stackalign/throw-2.C execution test
FAIL: g++.dg/torture/stackalign/throw-3.C execution test
FAIL: g++.dg/torture/stackalign/throw-3.C execution test
FAIL: g++.dg/torture/stackalign/throw-3.C execution test
FAIL: g++.dg/torture/stackalign/throw-3.C execution test
FAIL: g++.dg/torture/stackalign/throw-3.C execution test
FAIL: g++.dg/torture/stackalign/throw-3.C execution test
FAIL: g++.dg/torture/stackalign/throw-3.C execution test
FAIL: g++.dg/torture/stackalign/throw-3.C execution test
FAIL: g++.dg/torture/stackalign/unwind-0.C execution test
FAIL: g++.dg/torture/stackalign/unwind-0.C execution test
FAIL: g++.dg/torture/stackalign/unwind-0.C execution test
FAIL: g++.dg/torture/stackalign/unwind-0.C execution test
FAIL: g++.dg/torture/stackalign/unwind-0.C execution test
FAIL: g++.dg/torture/stackalign/unwind-0.C execution test
FAIL: g++.dg/torture/stackalign/unwind-1.C execution test
FAIL: g++.dg/torture/stackalign/unwind-1.C execution test
FAIL: g++.dg/torture/stackalign/unwind-1.C execution test
FAIL: g++.dg/torture/stackalign/unwind-1.C execution test
FAIL: g++.dg/torture/stackalign/unwind-1.C execution test
FAIL: g++.dg/torture/stackalign/unwind-1.C execution test
FAIL: g++.dg/torture/stackalign/unwind-2.C execution test
FAIL: g++.dg/torture/stackalign/unwind-2.C execution test
FAIL: g++.dg/torture/stackalign/unwind-2.C execution test
FAIL: g++.dg/torture/stackalign/unwind-2.C execution test
FAIL: g++.dg/torture/stackalign/unwind-2.C execution test
FAIL: g++.dg/torture/stackalign/unwind-2.C execution test
FAIL: g++.dg/torture/stackalign/unwind-3.C execution test
FAIL: g++.dg/torture/stackalign/unwind-3.C execution test
FAIL: g++.dg/torture/stackalign/unwind-3.C execution test
FAIL: g++.dg/torture/stackalign/unwind-3.C execution test
FAIL: g++.dg/torture/stackalign/unwind-3.C execution test
FAIL: g++.dg/torture/stackalign/unwind-3.C execution test
FAIL: g++.dg/torture/stackalign/unwind-4.C execution test
FAIL: g++.dg/torture/stackalign/unwind-4.C execution test
FAIL: g++.dg/torture/stackalign/unwind-4.C execution test
FAIL: g++.dg/torture/stackalign/unwind-4.C execution test
FAIL: g++.dg/torture/stackalign/unwind-4.C execution test
FAIL: g++.dg/torture/stackalign/unwind-4.C execution test
FAIL: g++.dg/torture/stackalign/unwind-4.C execution test
FAIL: g++.dg/torture/stackalign/unwind-4.C execution test
FAIL: g++.dg/torture/stackalign/unwind-5.C execution test
FAIL: g++.dg/torture/stackalign/unwind-5.C execution test
FAIL: g++.dg/torture/stackalign/unwind-5.C execution test
FAIL: g++.dg/torture/stackalign/unwind-5.C execution test
FAIL: g++.dg/torture/stackalign/unwind-5.C execution test
FAIL: g++.dg/torture/stackalign/unwind-5.C execution test
FAIL: g++.dg/torture/stackalign/unwind-6.C execution test
FAIL: g++.dg/torture/stackalign/unwind-6.C execution test
FAIL: g++.dg/torture/stackalign/unwind-6.C execution test
FAIL: g++.dg/torture/stackalign/unwind-6.C execution test
FAIL: g++.dg/torture/stackalign/unwind-6.C execution test
FAIL: g++.dg/torture/stackalign/unwind-6.C execution test
FAIL: g++.old-deja/g++.abi/cxa_vec.C execution test
FAIL: g++.old-deja/g++.brendan/eh1.C execution test
FAIL: g++.old-deja/g++.eh/badalloc1.C execution test
FAIL: g++.old-deja/g++.eh/catch11.C execution test
FAIL: g++.old-deja/g++.eh/catch12.C execution test
FAIL: g++.old-deja/g++.eh/catch3.C execution test
FAIL: g++.old-deja/g++.eh/catch3p.C execution test
FAIL: g++.old-deja/g++.eh/catch4.C execution test
FAIL: g++.old-deja/g++.eh/catch4p.C execution test
FAIL: g++.old-deja/g++.eh/catch5.C execution test
FAIL: g++.old-deja/g++.eh/catch5p.C execution test
FAIL: g++.old-deja/g++.eh/catch6.C execution test
FAIL: g++.old-deja/g++.eh/catch6p.C execution test
FAIL: g++.old-deja/g++.eh/catch7.C execution test
FAIL: g++.old-deja/g++.eh/catch7p.C execution test
FAIL: g++.old-deja/g++.eh/catch8.C execution test
FAIL: g++.old-deja/g++.eh/catch8p.C execution test
FAIL: g++.old-deja/g++.eh/catch9.C execution test
FAIL: g++.old-deja/g++.eh/catch9p.C execution test
FAIL: g++.old-deja/g++.eh/catchptr1.C execution test
FAIL: g++.old-deja/g++.eh/cleanup1.C execution test
FAIL: g++.old-deja/g++.eh/cleanup2.C execution test
FAIL: g++.old-deja/g++.eh/flow1.C execution test
FAIL: g++.old-deja/g++.eh/fntry1.C execution test
FAIL: g++.old-deja/g++.eh/ia64-1.C execution test
FAIL: g++.old-deja/g++.eh/inline2.C execution test
FAIL: g++.old-deja/g++.eh/new1.C execution test
FAIL: g++.old-deja/g++.eh/new2.C execution test
FAIL: g++.old-deja/g++.eh/pdel1.C execution test
FAIL: g++.old-deja/g++.eh/pdel2.C execution test
FAIL: g++.old-deja/g++.eh/ptr1.C execution test
FAIL: g++.old-deja/g++.eh/ptrmem1.C execution test
FAIL: g++.old-deja/g++.eh/rethrow1.C execution test
FAIL: g++.old-deja/g++.eh/rethrow2.C execution test
FAIL: g++.old-deja/g++.eh/rethrow3.C execution test
FAIL: g++.old-deja/g++.eh/rethrow4.C execution test
FAIL: g++.old-deja/g++.eh/rethrow5.C execution test
FAIL: g++.old-deja/g++.eh/rethrow6.C execution test
FAIL: g++.old-deja/g++.eh/spec1.C execution test
FAIL: g++.old-deja/g++.eh/spec2.C execution test
FAIL: g++.old-deja/g++.eh/spec3.C execution test
FAIL: g++.old-deja/g++.eh/tmpl1.C execution test
FAIL: g++.old-deja/g++.eh/unwind1.C execution test
FAIL: g++.old-deja/g++.eh/vbase1.C execution test
FAIL: g++.old-deja/g++.eh/vbase2.C execution test
FAIL: g++.old-deja/g++.eh/vbase4.C execution test
XPASS: g++.old-deja/g++.ext/attrib5.C execution test
FAIL: g++.old-deja/g++.martin/new1.C execution test
FAIL: g++.old-deja/g++.mike/dyncast1.C execution test
FAIL: g++.old-deja/g++.mike/dyncast2.C execution test
FAIL: g++.old-deja/g++.mike/eh10.C execution test
FAIL: g++.old-deja/g++.mike/eh12.C execution test
FAIL: g++.old-deja/g++.mike/eh14.C execution test
FAIL: g++.old-deja/g++.mike/eh16.C execution test
FAIL: g++.old-deja/g++.mike/eh17.C execution test
FAIL: g++.old-deja/g++.mike/eh18.C execution test
FAIL: g++.old-deja/g++.mike/eh2.C execution test
FAIL: g++.old-deja/g++.mike/eh21.C execution test
FAIL: g++.old-deja/g++.mike/eh24.C execution test
FAIL: g++.old-deja/g++.mike/eh25.C execution test
FAIL: g++.old-deja/g++.mike/eh26.C execution test
FAIL: g++.old-deja/g++.mike/eh27.C execution test
FAIL: g++.old-deja/g++.mike/eh28.C execution test
FAIL: g++.old-deja/g++.mike/eh29.C execution test
FAIL: g++.old-deja/g++.mike/eh3.C execution test
FAIL: g++.old-deja/g++.mike/eh31.C execution test
FAIL: g++.old-deja/g++.mike/eh33.C execution test
FAIL: g++.old-deja/g++.mike/eh34.C execution test
FAIL: g++.old-deja/g++.mike/eh35.C execution test
FAIL: g++.old-deja/g++.mike/eh36.C execution test
FAIL: g++.old-deja/g++.mike/eh37.C execution test
FAIL: g++.old-deja/g++.mike/eh38.C execution test
FAIL: g++.old-deja/g++.mike/eh39.C execution test
FAIL: g++.old-deja/g++.mike/eh40.C execution test
FAIL: g++.old-deja/g++.mike/eh41.C execution test
FAIL: g++.old-deja/g++.mike/eh42.C execution test
FAIL: g++.old-deja/g++.mike/eh44.C execution test
FAIL: g++.old-deja/g++.mike/eh47.C execution test
FAIL: g++.old-deja/g++.mike/eh48.C execution test
FAIL: g++.old-deja/g++.mike/eh49.C execution test
FAIL: g++.old-deja/g++.mike/eh5.C execution test
FAIL: g++.old-deja/g++.mike/eh50.C execution test
FAIL: g++.old-deja/g++.mike/eh51.C execution test
FAIL: g++.old-deja/g++.mike/eh6.C execution test
FAIL: g++.old-deja/g++.mike/eh8.C execution test
FAIL: g++.old-deja/g++.mike/p7912.C execution test
FAIL: g++.old-deja/g++.mike/p9706.C execution test
FAIL: g++.old-deja/g++.oliva/delete3.C execution test
FAIL: g++.old-deja/g++.oliva/new1.C execution test
FAIL: g++.old-deja/g++.other/array1.C execution test
FAIL: g++.old-deja/g++.other/eh3.C execution test
FAIL: g++.old-deja/g++.other/init5.C execution test
FAIL: g++.old-deja/g++.other/init7.C execution test
FAIL: g++.old-deja/g++.other/new7.C execution test
FAIL: g++.old-deja/g++.other/singleton.C execution test
FAIL: g++.old-deja/g++.other/vbase2.C execution test
FAIL: g++.old-deja/g++.pt/fntry1.C execution test
FAIL: g++.old-deja/g++.robertl/eb31.C execution test
FAIL: g++.old-deja/g++.robertl/eb50.C execution test
FAIL: g++.old-deja/g++.robertl/eb66.C execution test
FAIL: g++.old-deja/g++.robertl/eb88.C execution test
FAIL: g++.old-deja/g++.robertl/eh990323-1.C execution test
FAIL: g++.old-deja/g++.robertl/eh990323-2.C execution test
FAIL: g++.old-deja/g++.robertl/eh990323-3.C execution test
FAIL: g++.old-deja/g++.robertl/eh990323-4.C execution test
FAIL: g++.old-deja/g++.robertl/eh990323-5.C execution test
FAIL: g++.old-deja/g++.robertl/ice990323-2.C execution test
=== g++ Summary ===
# of expected passes 20474
# of unexpected failures 611
# of unexpected successes 1
# of expected failures 139
# of unsupported tests 231
/usr/local/obj/gcc-20090601/gcc/testsuite/g++/../../g++ version 4.5.0 20090601 (experimental) [trunk revision 148037]
(GCC)
=== gcc tests ===
Running target unix
FAIL: gcc.dg/cpp/include2.c (test for excess errors)
XPASS: gcc.dg/Warray-bounds.c (test for warnings, line 59)
XPASS: gcc.dg/Warray-bounds.c (test for warnings, line 65)
FAIL: gcc.dg/alias-7.c execution test
FAIL: gcc.dg/cleanup-12.c execution test
FAIL: gcc.dg/cleanup-5.c execution test
FAIL: gcc.dg/dll-4.c scan-assembler (foo2:.*.comm[ \\t_]*foo1)
FAIL: gcc.dg/pr34989-1.c (internal compiler error)
FAIL: gcc.dg/pr34989-1.c (test for excess errors)
FAIL: largefile.c (test for excess errors)
FAIL: gcc.dg/pch/largefile.c -O0 -g assembly comparison
FAIL: largefile.c (test for excess errors)
FAIL: gcc.dg/pch/largefile.c -O0 assembly comparison
FAIL: largefile.c (test for excess errors)
FAIL: gcc.dg/pch/largefile.c -O1 assembly comparison
FAIL: largefile.c (test for excess errors)
FAIL: gcc.dg/pch/largefile.c -O2 assembly comparison
FAIL: largefile.c (test for excess errors)
FAIL: gcc.dg/pch/largefile.c -O3 -fomit-frame-pointer assembly comparison
FAIL: largefile.c (test for excess errors)
FAIL: gcc.dg/pch/largefile.c -O3 -g assembly comparison
FAIL: largefile.c (test for excess errors)
FAIL: gcc.dg/pch/largefile.c -Os assembly comparison
XPASS: gcc.dg/struct/wo_prof_array_through_pointer.c scan-ipa-dump ipa_struct_reorg "Number of structures to transform is 1"
FAIL: gcc.dg/struct/wo_prof_double_malloc.c (internal compiler error)
FAIL: gcc.dg/struct/wo_prof_double_malloc.c (test for excess errors)
WARNING: gcc.dg/struct/wo_prof_double_malloc.c compilation failed to produce executable
FAIL: gcc.dg/tree-ssa/pr27781.c scan-tree-dump optimized "func \\(\\);"
FAIL: gcc.dg/tree-ssa/pr36881.c scan-assembler-not CSWTCH
FAIL: gcc.dg/tree-ssa/pr36881.c scan-tree-dump switchconv "need runtime relocations"
FAIL: gcc.dg/tree-ssa/ssa-store-ccp-2.c scan-tree-dump-times optimized "conststaticvariable" 1
FAIL: gcc.dg/tree-ssa/ssa-store-ccp-4.c scan-tree-dump-times optimized "conststaticvariable" 1
FAIL: gcc.dg/vect/pr25413.c scan-tree-dump-times vect "vectorized 1 loops" 0
FAIL: gcc.dg/vect/pr25413.c scan-tree-dump-times vect "vector alignment may not be reachable" 1
FAIL: gcc.dg/vect/pr25413.c scan-tree-dump-times vect "not vectorized: unsupported unaligned store" 1
FAIL: gcc.target/i386/lea.c scan-assembler leal
FAIL: gcc.target/i386/pic-1.c (test for errors, line 11)
FAIL: gcc.target/i386/pr25993.c (test for excess errors)
FAIL: gcc.target/i386/pr32000-2.c (test for excess errors)
WARNING: gcc.target/i386/pr32000-2.c compilation failed to produce executable
FAIL: gcc.target/i386/pr37843-1.c scan-assembler call[\\\\t ]*foo
FAIL: gcc.target/i386/pr37843-2.c scan-assembler jmp[\\\\t ]*foo
FAIL: gcc.target/i386/pr37843-3.c scan-assembler jmp[\\\\t ]*foo
XPASS: gcc.target/i386/push-1.c scan-assembler-not movups
FAIL: gcc.target/i386/stackalign/return-3.c (test for excess errors)
FAIL: gcc.target/i386/stackalign/return-3.c (test for excess errors)
FAIL: gcc.target/i386/stackalign/return-3.c (test for excess errors)
FAIL: gcc.target/i386/stackalign/return-3.c (test for excess errors)
=== gcc Summary ===
# of expected passes 60923
# of unexpected failures 42
# of unexpected successes 4
# of expected failures 153
# of unsupported tests 643
/usr/local/obj/gcc-20090601/gcc/xgcc version 4.5.0 20090601 (experimental) [trunk revision 148037] (GCC)
=== gfortran tests ===
Running target unix
=== gfortran Summary ===
# of expected passes 30205
# of expected failures 24
# of unsupported tests 297
/usr/local/obj/gcc-20090601/gcc/testsuite/gfortran/../../gfortran version 4.5.0 20090601 (experimental) [trunk revision
148037] (GCC)
=== objc tests ===
Running target unix
FAIL: objc/execute/exceptions/catchall-1.m execution, -O0 -fgnu-runtime
FAIL: objc/execute/exceptions/catchall-1.m execution, -O1 -fgnu-runtime
FAIL: objc/execute/exceptions/catchall-1.m execution, -O2 -fgnu-runtime
FAIL: objc/execute/exceptions/catchall-1.m execution, -O3 -fomit-frame-pointer -fgnu-runtime
FAIL: objc/execute/exceptions/catchall-1.m execution, -O3 -g -fgnu-runtime
FAIL: objc/execute/exceptions/catchall-1.m execution, -Os -fgnu-runtime
FAIL: objc/execute/exceptions/finally-1.m execution, -O0 -fgnu-runtime
FAIL: objc/execute/exceptions/finally-1.m execution, -O1 -fgnu-runtime
FAIL: objc/execute/exceptions/finally-1.m execution, -O2 -fgnu-runtime
FAIL: objc/execute/exceptions/finally-1.m execution, -O3 -fomit-frame-pointer -fgnu-runtime
FAIL: objc/execute/exceptions/finally-1.m execution, -O3 -g -fgnu-runtime
FAIL: objc/execute/exceptions/finally-1.m execution, -Os -fgnu-runtime
FAIL: objc/execute/exceptions/foward-1.m execution, -O0 -fgnu-runtime
FAIL: objc/execute/exceptions/foward-1.m execution, -O1 -fgnu-runtime
FAIL: objc/execute/exceptions/foward-1.m execution, -O2 -fgnu-runtime
FAIL: objc/execute/exceptions/foward-1.m execution, -O3 -fomit-frame-pointer -fgnu-runtime
FAIL: objc/execute/exceptions/foward-1.m execution, -O3 -fomit-frame-pointer -funroll-loops -fgnu-runtime
FAIL: objc/execute/exceptions/foward-1.m execution, -O3 -fomit-frame-pointer -funroll-all-loops -finline-functions
-fgnu-runtime
FAIL: objc/execute/exceptions/foward-1.m execution, -O3 -g -fgnu-runtime
FAIL: objc/execute/exceptions/foward-1.m execution, -Os -fgnu-runtime
FAIL: objc/execute/exceptions/handler-1.m execution, -O0 -fgnu-runtime
FAIL: objc/execute/exceptions/handler-1.m execution, -O1 -fgnu-runtime
FAIL: objc/execute/exceptions/handler-1.m execution, -O2 -fgnu-runtime
FAIL: objc/execute/exceptions/handler-1.m execution, -O3 -fomit-frame-pointer -fgnu-runtime
FAIL: objc/execute/exceptions/handler-1.m execution, -O3 -g -fgnu-runtime
FAIL: objc/execute/exceptions/handler-1.m execution, -Os -fgnu-runtime
FAIL: objc/execute/exceptions/local-variables-1.m execution, -O0 -fgnu-runtime
FAIL: objc/execute/exceptions/local-variables-1.m execution, -O1 -fgnu-runtime
FAIL: objc/execute/exceptions/local-variables-1.m execution, -O2 -fgnu-runtime
FAIL: objc/execute/exceptions/local-variables-1.m execution, -O3 -fomit-frame-pointer -fgnu-runtime
FAIL: objc/execute/exceptions/local-variables-1.m execution, -O3 -g -fgnu-runtime
FAIL: objc/execute/exceptions/local-variables-1.m execution, -Os -fgnu-runtime
FAIL: objc/execute/exceptions/catchall-1.m execution, -O0 -fgnu-runtime
FAIL: objc/execute/exceptions/catchall-1.m execution, -O1 -fgnu-runtime
FAIL: objc/execute/exceptions/catchall-1.m execution, -O2 -fgnu-runtime
FAIL: objc/execute/exceptions/catchall-1.m execution, -O3 -fomit-frame-pointer -fgnu-runtime
FAIL: objc/execute/exceptions/catchall-1.m execution, -O3 -g -fgnu-runtime
FAIL: objc/execute/exceptions/catchall-1.m execution, -Os -fgnu-runtime
FAIL: objc/execute/exceptions/finally-1.m execution, -O0 -fgnu-runtime
FAIL: objc/execute/exceptions/finally-1.m execution, -O1 -fgnu-runtime
FAIL: objc/execute/exceptions/finally-1.m execution, -O2 -fgnu-runtime
FAIL: objc/execute/exceptions/finally-1.m execution, -O3 -fomit-frame-pointer -fgnu-runtime
FAIL: objc/execute/exceptions/finally-1.m execution, -O3 -g -fgnu-runtime
FAIL: objc/execute/exceptions/finally-1.m execution, -Os -fgnu-runtime
FAIL: objc/execute/exceptions/foward-1.m execution, -O0 -fgnu-runtime
FAIL: objc/execute/exceptions/foward-1.m execution, -O1 -fgnu-runtime
FAIL: objc/execute/exceptions/foward-1.m execution, -O2 -fgnu-runtime
FAIL: objc/execute/exceptions/foward-1.m execution, -O3 -fomit-frame-pointer -fgnu-runtime
FAIL: objc/execute/exceptions/foward-1.m execution, -O3 -fomit-frame-pointer -funroll-loops -fgnu-runtime
FAIL: objc/execute/exceptions/foward-1.m execution, -O3 -fomit-frame-pointer -funroll-all-loops -finline-functions
-fgnu-runtime
FAIL: objc/execute/exceptions/foward-1.m execution, -O3 -g -fgnu-runtime
FAIL: objc/execute/exceptions/foward-1.m execution, -Os -fgnu-runtime
FAIL: objc/execute/exceptions/handler-1.m execution, -O0 -fgnu-runtime
FAIL: objc/execute/exceptions/handler-1.m execution, -O1 -fgnu-runtime
FAIL: objc/execute/exceptions/handler-1.m execution, -O2 -fgnu-runtime
FAIL: objc/execute/exceptions/handler-1.m execution, -O3 -fomit-frame-pointer -fgnu-runtime
FAIL: objc/execute/exceptions/handler-1.m execution, -O3 -g -fgnu-runtime
FAIL: objc/execute/exceptions/handler-1.m execution, -Os -fgnu-runtime
FAIL: objc/execute/exceptions/local-variables-1.m execution, -O0 -fgnu-runtime
FAIL: objc/execute/exceptions/local-variables-1.m execution, -O1 -fgnu-runtime
FAIL: objc/execute/exceptions/local-variables-1.m execution, -O2 -fgnu-runtime
FAIL: objc/execute/exceptions/local-variables-1.m execution, -O3 -fomit-frame-pointer -fgnu-runtime
FAIL: objc/execute/exceptions/local-variables-1.m execution, -O3 -g -fgnu-runtime
FAIL: objc/execute/exceptions/local-variables-1.m execution, -Os -fgnu-runtime
=== objc Summary ===
# of expected passes 1901
# of unexpected failures 64
# of expected failures 7
# of unsupported tests 24
/usr/local/obj/gcc-20090601/gcc/xgcc version 4.5.0 20090601 (experimental) [trunk revision 148037] (GCC)
=== libstdc++ tests ===
Running target unix
FAIL: 18_support/bad_alloc/cons_virtual_derivation.cc execution test
FAIL: 18_support/bad_cast/cons_virtual_derivation.cc execution test
FAIL: 18_support/bad_exception/cons_virtual_derivation.cc execution test
FAIL: 18_support/bad_typeid/cons_virtual_derivation.cc execution test
FAIL: 18_support/exception/38732.cc execution test
FAIL: 18_support/exception_ptr/current_exception.cc execution test
FAIL: 18_support/exception_ptr/lifespan.cc execution test
FAIL: 18_support/exception_ptr/rethrow_exception.cc execution test
FAIL: 18_support/nested_exception/cons.cc execution test
FAIL: 18_support/nested_exception/nested_ptr.cc execution test
FAIL: 18_support/nested_exception/rethrow_if_nested.cc execution test
FAIL: 18_support/nested_exception/rethrow_nested.cc execution test
FAIL: 18_support/nested_exception/throw_with_nested.cc execution test
FAIL: 18_support/uncaught_exception/14026.cc execution test
FAIL: 19_diagnostics/logic_error/cons_virtual_derivation.cc execution test
FAIL: 19_diagnostics/logic_error/what-2.cc execution test
FAIL: 19_diagnostics/runtime_error/cons_virtual_derivation.cc execution test
FAIL: 19_diagnostics/runtime_error/what-2.cc execution test
FAIL: 19_diagnostics/system_error/cons_virtual_derivation.cc execution test
FAIL: 19_diagnostics/system_error/what-2.cc execution test
FAIL: 20_util/allocator/8230.cc execution test
FAIL: 20_util/bad_function_call/cons_virtual_derivation.cc execution test
FAIL: 20_util/shared_ptr/thread/default_weaktoshared.cc execution test
FAIL: 20_util/shared_ptr/thread/default_weaktoshared.cc execution test
FAIL: 20_util/shared_ptr/thread/mutex_weaktoshared.cc execution test
FAIL: 20_util/shared_ptr/thread/mutex_weaktoshared.cc execution test
FAIL: 21_strings/basic_string/append/char/1.cc execution test
FAIL: 21_strings/basic_string/append/char/1.cc execution test
FAIL: 21_strings/basic_string/append/char/1.cc execution test
FAIL: 21_strings/basic_string/append/wchar_t/1.cc execution test
FAIL: 21_strings/basic_string/append/wchar_t/1.cc execution test
FAIL: 21_strings/basic_string/append/wchar_t/1.cc execution test
FAIL: 21_strings/basic_string/cons/char/1.cc execution test
FAIL: 21_strings/basic_string/cons/char/1.cc execution test
FAIL: 21_strings/basic_string/cons/char/1.cc execution test
FAIL: 21_strings/basic_string/cons/char/3.cc execution test
FAIL: 21_strings/basic_string/cons/char/3.cc execution test
FAIL: 21_strings/basic_string/cons/char/3.cc execution test
FAIL: 21_strings/basic_string/cons/wchar_t/1.cc execution test
FAIL: 21_strings/basic_string/cons/wchar_t/1.cc execution test
FAIL: 21_strings/basic_string/cons/wchar_t/1.cc execution test
FAIL: 21_strings/basic_string/cons/wchar_t/3.cc execution test
FAIL: 21_strings/basic_string/cons/wchar_t/3.cc execution test
FAIL: 21_strings/basic_string/cons/wchar_t/3.cc execution test
FAIL: 21_strings/basic_string/element_access/char/1.cc execution test
FAIL: 21_strings/basic_string/element_access/char/1.cc execution test
FAIL: 21_strings/basic_string/element_access/char/1.cc execution test
FAIL: 21_strings/basic_string/element_access/wchar_t/1.cc execution test
FAIL: 21_strings/basic_string/element_access/wchar_t/1.cc execution test
FAIL: 21_strings/basic_string/element_access/wchar_t/1.cc execution test
FAIL: 21_strings/basic_string/insert/char/1.cc execution test
FAIL: 21_strings/basic_string/insert/char/1.cc execution test
FAIL: 21_strings/basic_string/insert/char/1.cc execution test
FAIL: 21_strings/basic_string/insert/wchar_t/1.cc execution test
FAIL: 21_strings/basic_string/insert/wchar_t/1.cc execution test
FAIL: 21_strings/basic_string/insert/wchar_t/1.cc execution test
FAIL: 21_strings/basic_string/inserters_extractors/pod/10081-in.cc execution test
FAIL: 21_strings/basic_string/inserters_extractors/pod/10081-in.cc execution test
FAIL: 21_strings/basic_string/inserters_extractors/pod/10081-in.cc execution test
FAIL: 21_strings/basic_string/pthread18185.cc execution test
FAIL: 21_strings/basic_string/substr/char/1.cc execution test
FAIL: 21_strings/basic_string/substr/char/1.cc execution test
FAIL: 21_strings/basic_string/substr/char/1.cc execution test
FAIL: 21_strings/basic_string/substr/wchar_t/1.cc execution test
FAIL: 21_strings/basic_string/substr/wchar_t/1.cc execution test
FAIL: 21_strings/basic_string/substr/wchar_t/1.cc execution test
FAIL: 22_locale/ctype/scan/wchar_t/1.cc execution test
FAIL: 22_locale/ctype/scan/wchar_t/1.cc execution test
FAIL: 22_locale/ctype/scan/wchar_t/1.cc execution test
FAIL: 22_locale/facet/25421.cc execution test
FAIL: 22_locale/global_templates/1.cc execution test
FAIL: 22_locale/locale/cons/unicode.cc execution test
FAIL: 22_locale/locale/cons/unicode.cc execution test
FAIL: 22_locale/numpunct/members/pod/2.cc execution test
FAIL: 22_locale/numpunct/members/pod/2.cc execution test
FAIL: 22_locale/numpunct/members/pod/2.cc execution test
FAIL: 23_containers/bitset/cons/1.cc execution test
FAIL: 23_containers/bitset/cons/1.cc execution test
FAIL: 23_containers/bitset/cons/6282.cc execution test
FAIL: 23_containers/bitset/cons/6282.cc execution test
FAIL: 23_containers/bitset/test/1.cc execution test
FAIL: 23_containers/bitset/test/1.cc execution test
FAIL: 23_containers/bitset/to_ulong/1.cc execution test
FAIL: 23_containers/bitset/to_ulong/1.cc execution test
FAIL: 23_containers/deque/capacity/29134-2.cc execution test
FAIL: 23_containers/deque/capacity/29134-2.cc execution test
FAIL: 23_containers/deque/cons/2.cc execution test
FAIL: 23_containers/deque/cons/2.cc execution test
FAIL: 23_containers/list/modifiers/3.cc execution test
FAIL: 23_containers/list/modifiers/3.cc execution test
FAIL: 23_containers/list/modifiers/insert/25288.cc execution test
FAIL: 23_containers/list/modifiers/insert/25288.cc execution test
FAIL: 23_containers/list/modifiers/insert/25288.cc execution test
FAIL: 23_containers/list/operations/5.cc execution test
FAIL: 23_containers/list/operations/5.cc execution test
FAIL: 23_containers/map/element_access/1.cc execution test
FAIL: 23_containers/map/element_access/1.cc execution test
FAIL: 23_containers/unordered_map/dr761.cc execution test
FAIL: 23_containers/vector/bool/modifiers/insert/31370.cc execution test
FAIL: 23_containers/vector/bool/modifiers/insert/31370.cc execution test
FAIL: 23_containers/vector/bool/modifiers/insert/31370.cc execution test
FAIL: 23_containers/vector/bool/modifiers/insert/31370.cc execution test
FAIL: 23_containers/vector/capacity/2.cc execution test
FAIL: 23_containers/vector/capacity/2.cc execution test
FAIL: 23_containers/vector/capacity/29134-2.cc execution test
FAIL: 23_containers/vector/capacity/29134-2.cc execution test
FAIL: 23_containers/vector/capacity/8230.cc execution test
FAIL: 23_containers/vector/capacity/8230.cc execution test
FAIL: 23_containers/vector/cons/4.cc execution test
FAIL: 23_containers/vector/cons/4.cc execution test
FAIL: 23_containers/vector/element_access/1.cc execution test
FAIL: 23_containers/vector/element_access/1.cc execution test
FAIL: 23_containers/vector/ext_pointer/modifiers/element.cc execution test
FAIL: 23_containers/vector/ext_pointer/modifiers/element.cc execution test
FAIL: 23_containers/vector/ext_pointer/modifiers/element.cc execution test
FAIL: 23_containers/vector/ext_pointer/modifiers/insert.cc execution test
FAIL: 23_containers/vector/ext_pointer/modifiers/insert.cc execution test
FAIL: 23_containers/vector/ext_pointer/modifiers/insert.cc execution test
FAIL: 23_containers/vector/modifiers/insert/1.cc execution test
FAIL: 23_containers/vector/modifiers/insert/1.cc execution test
FAIL: 23_containers/vector/modifiers/insert/1.cc execution test
FAIL: 23_containers/vector/resize/1.cc execution test
FAIL: 23_containers/vector/resize/1.cc execution test
XPASS: 26_numerics/headers/cmath/c99_classification_macros_c.cc (test for excess errors)
XPASS: 26_numerics/headers/cmath/c99_classification_macros_c.cc (test for excess errors)
FAIL: 27_io/basic_filebuf/cons/wchar_t/10132-1.cc execution test
FAIL: 27_io/basic_filebuf/cons/wchar_t/10132-1.cc execution test
FAIL: 27_io/basic_filebuf/cons/wchar_t/10132-1.cc execution test
FAIL: 27_io/basic_filebuf/overflow/char/13858.cc execution test
FAIL: 27_io/basic_filebuf/overflow/char/13858.cc execution test
FAIL: 27_io/basic_filebuf/overflow/char/13858.cc execution test
FAIL: 27_io/basic_filebuf/overflow/char/9182-2.cc execution test
FAIL: 27_io/basic_filebuf/overflow/char/9182-2.cc execution test
FAIL: 27_io/basic_filebuf/overflow/char/9182-2.cc execution test
FAIL: 27_io/basic_filebuf/overflow/wchar_t/13858.cc execution test
FAIL: 27_io/basic_filebuf/overflow/wchar_t/13858.cc execution test
FAIL: 27_io/basic_filebuf/overflow/wchar_t/13858.cc execution test
FAIL: 27_io/basic_filebuf/seekoff/char/1-io.cc execution test
FAIL: 27_io/basic_filebuf/seekoff/char/1-io.cc execution test
FAIL: 27_io/basic_filebuf/seekoff/char/2-io.cc execution test
FAIL: 27_io/basic_filebuf/seekoff/char/2-io.cc execution test
FAIL: 27_io/basic_filebuf/seekoff/wchar_t/3.cc execution test
FAIL: 27_io/basic_filebuf/seekoff/wchar_t/3.cc execution test
FAIL: 27_io/basic_filebuf/seekoff/wchar_t/3.cc execution test
FAIL: 27_io/basic_filebuf/seekpos/char/1-io.cc execution test
FAIL: 27_io/basic_filebuf/seekpos/char/1-io.cc execution test
FAIL: 27_io/basic_filebuf/seekpos/char/2-io.cc execution test
FAIL: 27_io/basic_filebuf/seekpos/char/2-io.cc execution test
FAIL: 27_io/basic_filebuf/seekpos/wchar_t/1.cc execution test
FAIL: 27_io/basic_filebuf/seekpos/wchar_t/1.cc execution test
FAIL: 27_io/basic_filebuf/seekpos/wchar_t/1.cc execution test
FAIL: 27_io/basic_filebuf/sgetn/char/1-in.cc execution test
FAIL: 27_io/basic_filebuf/sgetn/char/1-in.cc execution test
FAIL: 27_io/basic_filebuf/sgetn/char/1-in.cc execution test
FAIL: 27_io/basic_filebuf/sgetn/char/1-io.cc execution test
FAIL: 27_io/basic_filebuf/sgetn/char/1-io.cc execution test
FAIL: 27_io/basic_filebuf/sgetn/char/1-io.cc execution test
FAIL: 27_io/basic_filebuf/sgetn/char/2-in.cc execution test
FAIL: 27_io/basic_filebuf/sgetn/char/2-in.cc execution test
FAIL: 27_io/basic_filebuf/sgetn/char/2-in.cc execution test
FAIL: 27_io/basic_filebuf/sgetn/char/2-io.cc execution test
FAIL: 27_io/basic_filebuf/sgetn/char/2-io.cc execution test
FAIL: 27_io/basic_filebuf/sgetn/char/2-io.cc execution test
FAIL: 27_io/basic_filebuf/sync/char/9182-1.cc execution test
FAIL: 27_io/basic_filebuf/sync/char/9182-1.cc execution test
FAIL: 27_io/basic_filebuf/sync/char/9182-1.cc execution test
FAIL: 27_io/basic_filebuf/underflow/wchar_t/11544-1.cc execution test
FAIL: 27_io/basic_filebuf/underflow/wchar_t/11544-1.cc execution test
FAIL: 27_io/basic_filebuf/underflow/wchar_t/11544-1.cc execution test
FAIL: 27_io/basic_filebuf/underflow/wchar_t/11544-2.cc execution test
FAIL: 27_io/basic_filebuf/underflow/wchar_t/11544-2.cc execution test
FAIL: 27_io/basic_filebuf/underflow/wchar_t/11544-2.cc execution test
FAIL: 27_io/basic_filebuf/underflow/wchar_t/11603.cc execution test
FAIL: 27_io/basic_filebuf/underflow/wchar_t/11603.cc execution test
FAIL: 27_io/basic_filebuf/underflow/wchar_t/11603.cc execution test
FAIL: 27_io/basic_ios/copyfmt/char/1.cc execution test
FAIL: 27_io/basic_ios/copyfmt/char/1.cc execution test
FAIL: 27_io/basic_ios/copyfmt/char/1.cc execution test
FAIL: 27_io/basic_ios/exceptions/char/1.cc execution test
FAIL: 27_io/basic_ios/exceptions/char/1.cc execution test
FAIL: 27_io/basic_ios/exceptions/char/1.cc execution test
FAIL: 27_io/basic_ios/exceptions/char/2.cc execution test
FAIL: 27_io/basic_ios/exceptions/char/2.cc execution test
FAIL: 27_io/basic_ios/exceptions/char/2.cc execution test
FAIL: 27_io/basic_ios/imbue/14072.cc execution test
FAIL: 27_io/basic_ios/imbue/14072.cc execution test
FAIL: 27_io/basic_istream/exceptions/char/9561.cc execution test
FAIL: 27_io/basic_istream/exceptions/char/9561.cc execution test
FAIL: 27_io/basic_istream/exceptions/char/9561.cc execution test
FAIL: 27_io/basic_istream/exceptions/wchar_t/9561.cc execution test
FAIL: 27_io/basic_istream/exceptions/wchar_t/9561.cc execution test
FAIL: 27_io/basic_istream/exceptions/wchar_t/9561.cc execution test
FAIL: 27_io/basic_istream/extractors_arithmetic/char/exceptions_badbit_throw.cc execution test
FAIL: 27_io/basic_istream/extractors_arithmetic/char/exceptions_badbit_throw.cc execution test
FAIL: 27_io/basic_istream/extractors_arithmetic/char/exceptions_badbit_throw.cc execution test
FAIL: 27_io/basic_istream/extractors_arithmetic/char/exceptions_failbit.cc execution test
FAIL: 27_io/basic_istream/extractors_arithmetic/char/exceptions_failbit.cc execution test
FAIL: 27_io/basic_istream/extractors_arithmetic/char/exceptions_failbit.cc execution test
FAIL: 27_io/basic_istream/extractors_arithmetic/char/exceptions_failbit_throw.cc execution test
FAIL: 27_io/basic_istream/extractors_arithmetic/char/exceptions_failbit_throw.cc execution test
FAIL: 27_io/basic_istream/extractors_arithmetic/char/exceptions_failbit_throw.cc execution test
FAIL: 27_io/basic_istream/extractors_arithmetic/pod/3983-1.cc execution test
FAIL: 27_io/basic_istream/extractors_arithmetic/pod/3983-1.cc execution test
FAIL: 27_io/basic_istream/extractors_arithmetic/pod/3983-1.cc execution test
FAIL: 27_io/basic_istream/extractors_arithmetic/wchar_t/exceptions_badbit_throw.cc execution test
FAIL: 27_io/basic_istream/extractors_arithmetic/wchar_t/exceptions_badbit_throw.cc execution test
FAIL: 27_io/basic_istream/extractors_arithmetic/wchar_t/exceptions_badbit_throw.cc execution test
FAIL: 27_io/basic_istream/extractors_arithmetic/wchar_t/exceptions_failbit.cc execution test
FAIL: 27_io/basic_istream/extractors_arithmetic/wchar_t/exceptions_failbit.cc execution test
FAIL: 27_io/basic_istream/extractors_arithmetic/wchar_t/exceptions_failbit.cc execution test
FAIL: 27_io/basic_istream/extractors_arithmetic/wchar_t/exceptions_failbit_throw.cc execution test
FAIL: 27_io/basic_istream/extractors_arithmetic/wchar_t/exceptions_failbit_throw.cc execution test
FAIL: 27_io/basic_istream/extractors_arithmetic/wchar_t/exceptions_failbit_throw.cc execution test
FAIL: 27_io/basic_istream/extractors_character/pod/3983-2.cc execution test
FAIL: 27_io/basic_istream/extractors_character/pod/3983-2.cc execution test
FAIL: 27_io/basic_istream/extractors_character/pod/3983-2.cc execution test
FAIL: 27_io/basic_istream/extractors_other/char/error_failbit.cc execution test
FAIL: 27_io/basic_istream/extractors_other/char/error_failbit.cc execution test
FAIL: 27_io/basic_istream/extractors_other/char/error_failbit.cc execution test
FAIL: 27_io/basic_istream/extractors_other/char/exceptions_badbit_throw.cc execution test
FAIL: 27_io/basic_istream/extractors_other/char/exceptions_badbit_throw.cc execution test
FAIL: 27_io/basic_istream/extractors_other/char/exceptions_badbit_throw.cc execution test
FAIL: 27_io/basic_istream/extractors_other/char/exceptions_failbit_throw.cc execution test
FAIL: 27_io/basic_istream/extractors_other/char/exceptions_failbit_throw.cc execution test
FAIL: 27_io/basic_istream/extractors_other/char/exceptions_failbit_throw.cc execution test
FAIL: 27_io/basic_istream/extractors_other/char/exceptions_null.cc execution test
FAIL: 27_io/basic_istream/extractors_other/char/exceptions_null.cc execution test
FAIL: 27_io/basic_istream/extractors_other/char/exceptions_null.cc execution test
FAIL: 27_io/basic_istream/extractors_other/pod/3983-3.cc execution test
FAIL: 27_io/basic_istream/extractors_other/pod/3983-3.cc execution test
FAIL: 27_io/basic_istream/extractors_other/pod/3983-3.cc execution test
FAIL: 27_io/basic_istream/extractors_other/wchar_t/error_failbit.cc execution test
FAIL: 27_io/basic_istream/extractors_other/wchar_t/error_failbit.cc execution test
FAIL: 27_io/basic_istream/extractors_other/wchar_t/error_failbit.cc execution test
FAIL: 27_io/basic_istream/extractors_other/wchar_t/exceptions_badbit_throw.cc execution test
FAIL: 27_io/basic_istream/extractors_other/wchar_t/exceptions_badbit_throw.cc execution test
FAIL: 27_io/basic_istream/extractors_other/wchar_t/exceptions_badbit_throw.cc execution test
FAIL: 27_io/basic_istream/extractors_other/wchar_t/exceptions_failbit_throw.cc execution test
FAIL: 27_io/basic_istream/extractors_other/wchar_t/exceptions_failbit_throw.cc execution test
FAIL: 27_io/basic_istream/extractors_other/wchar_t/exceptions_failbit_throw.cc execution test
FAIL: 27_io/basic_istream/extractors_other/wchar_t/exceptions_null.cc execution test
FAIL: 27_io/basic_istream/extractors_other/wchar_t/exceptions_null.cc execution test
FAIL: 27_io/basic_istream/extractors_other/wchar_t/exceptions_null.cc execution test
FAIL: 27_io/basic_istream/readsome/char/6746-2.cc execution test
FAIL: 27_io/basic_istream/readsome/char/6746-2.cc execution test
FAIL: 27_io/basic_istream/readsome/char/6746-2.cc execution test
FAIL: 27_io/basic_istream/readsome/wchar_t/6746-2.cc execution test
FAIL: 27_io/basic_istream/readsome/wchar_t/6746-2.cc execution test
FAIL: 27_io/basic_istream/readsome/wchar_t/6746-2.cc execution test
FAIL: 27_io/basic_istream/seekg/char/exceptions_badbit_throw.cc execution test
FAIL: 27_io/basic_istream/seekg/char/exceptions_badbit_throw.cc execution test
FAIL: 27_io/basic_istream/seekg/char/exceptions_badbit_throw.cc execution test
FAIL: 27_io/basic_istream/seekg/wchar_t/exceptions_badbit_throw.cc execution test
FAIL: 27_io/basic_istream/seekg/wchar_t/exceptions_badbit_throw.cc execution test
FAIL: 27_io/basic_istream/seekg/wchar_t/exceptions_badbit_throw.cc execution test
FAIL: 27_io/basic_istream/sentry/char/12297.cc execution test
FAIL: 27_io/basic_istream/sentry/char/12297.cc execution test
FAIL: 27_io/basic_istream/sentry/char/12297.cc execution test
FAIL: 27_io/basic_istream/sentry/pod/1.cc execution test
FAIL: 27_io/basic_istream/sentry/pod/1.cc execution test
FAIL: 27_io/basic_istream/sentry/pod/1.cc execution test
FAIL: 27_io/basic_istream/sentry/wchar_t/12297.cc execution test
FAIL: 27_io/basic_istream/sentry/wchar_t/12297.cc execution test
FAIL: 27_io/basic_istream/sentry/wchar_t/12297.cc execution test
FAIL: 27_io/basic_istream/tellg/char/exceptions_badbit_throw.cc execution test
FAIL: 27_io/basic_istream/tellg/char/exceptions_badbit_throw.cc execution test
FAIL: 27_io/basic_istream/tellg/char/exceptions_badbit_throw.cc execution test
FAIL: 27_io/basic_istream/tellg/wchar_t/exceptions_badbit_throw.cc execution test
FAIL: 27_io/basic_istream/tellg/wchar_t/exceptions_badbit_throw.cc execution test
FAIL: 27_io/basic_istream/tellg/wchar_t/exceptions_badbit_throw.cc execution test
FAIL: 27_io/basic_ostream/exceptions/char/9561.cc execution test
FAIL: 27_io/basic_ostream/exceptions/char/9561.cc execution test
FAIL: 27_io/basic_ostream/exceptions/char/9561.cc execution test
FAIL: 27_io/basic_ostream/exceptions/wchar_t/9561.cc execution test
FAIL: 27_io/basic_ostream/exceptions/wchar_t/9561.cc execution test
FAIL: 27_io/basic_ostream/exceptions/wchar_t/9561.cc execution test
FAIL: 27_io/basic_ostream/flush/char/exceptions_badbit_throw.cc execution test
FAIL: 27_io/basic_ostream/flush/char/exceptions_badbit_throw.cc execution test
FAIL: 27_io/basic_ostream/flush/char/exceptions_badbit_throw.cc execution test
FAIL: 27_io/basic_ostream/flush/wchar_t/exceptions_badbit_throw.cc execution test
FAIL: 27_io/basic_ostream/flush/wchar_t/exceptions_badbit_throw.cc execution test
FAIL: 27_io/basic_ostream/flush/wchar_t/exceptions_badbit_throw.cc execution test
FAIL: 27_io/basic_ostream/inserters_arithmetic/char/9555-oa.cc execution test
FAIL: 27_io/basic_ostream/inserters_arithmetic/char/9555-oa.cc execution test
FAIL: 27_io/basic_ostream/inserters_arithmetic/char/9555-oa.cc execution test
FAIL: 27_io/basic_ostream/inserters_arithmetic/char/exceptions_badbit_throw.cc execution test
FAIL: 27_io/basic_ostream/inserters_arithmetic/char/exceptions_badbit_throw.cc execution test
FAIL: 27_io/basic_ostream/inserters_arithmetic/char/exceptions_badbit_throw.cc execution test
FAIL: 27_io/basic_ostream/inserters_arithmetic/char/exceptions_failbit_throw.cc execution test
FAIL: 27_io/basic_ostream/inserters_arithmetic/char/exceptions_failbit_throw.cc execution test
FAIL: 27_io/basic_ostream/inserters_arithmetic/char/exceptions_failbit_throw.cc execution test
FAIL: 27_io/basic_ostream/inserters_arithmetic/pod/23875.cc execution test
FAIL: 27_io/basic_ostream/inserters_arithmetic/pod/23875.cc execution test
FAIL: 27_io/basic_ostream/inserters_arithmetic/pod/23875.cc execution test
FAIL: 27_io/basic_ostream/inserters_arithmetic/wchar_t/4402.cc execution test
FAIL: 27_io/basic_ostream/inserters_arithmetic/wchar_t/4402.cc execution test
FAIL: 27_io/basic_ostream/inserters_arithmetic/wchar_t/4402.cc execution test
FAIL: 27_io/basic_ostream/inserters_arithmetic/wchar_t/9555-oa.cc execution test
FAIL: 27_io/basic_ostream/inserters_arithmetic/wchar_t/9555-oa.cc execution test
FAIL: 27_io/basic_ostream/inserters_arithmetic/wchar_t/9555-oa.cc execution test
FAIL: 27_io/basic_ostream/inserters_arithmetic/wchar_t/exceptions_badbit_throw.cc execution test
FAIL: 27_io/basic_ostream/inserters_arithmetic/wchar_t/exceptions_badbit_throw.cc execution test
FAIL: 27_io/basic_ostream/inserters_arithmetic/wchar_t/exceptions_badbit_throw.cc execution test
FAIL: 27_io/basic_ostream/inserters_arithmetic/wchar_t/exceptions_failbit_throw.cc execution test
FAIL: 27_io/basic_ostream/inserters_arithmetic/wchar_t/exceptions_failbit_throw.cc execution test
FAIL: 27_io/basic_ostream/inserters_arithmetic/wchar_t/exceptions_failbit_throw.cc execution test
FAIL: 27_io/basic_ostream/inserters_character/char/9555-oc.cc execution test
FAIL: 27_io/basic_ostream/inserters_character/char/9555-oc.cc execution test
FAIL: 27_io/basic_ostream/inserters_character/char/9555-oc.cc execution test
FAIL: 27_io/basic_ostream/inserters_character/wchar_t/9555-oc.cc execution test
FAIL: 27_io/basic_ostream/inserters_character/wchar_t/9555-oc.cc execution test
FAIL: 27_io/basic_ostream/inserters_character/wchar_t/9555-oc.cc execution test
FAIL: 27_io/basic_ostream/inserters_other/char/5.cc execution test
FAIL: 27_io/basic_ostream/inserters_other/char/5.cc execution test
FAIL: 27_io/basic_ostream/inserters_other/char/5.cc execution test
FAIL: 27_io/basic_ostream/inserters_other/char/error_failbit.cc execution test
FAIL: 27_io/basic_ostream/inserters_other/char/error_failbit.cc execution test
FAIL: 27_io/basic_ostream/inserters_other/char/error_failbit.cc execution test
FAIL: 27_io/basic_ostream/inserters_other/char/exceptions_badbit_throw.cc execution test
FAIL: 27_io/basic_ostream/inserters_other/char/exceptions_badbit_throw.cc execution test
FAIL: 27_io/basic_ostream/inserters_other/char/exceptions_badbit_throw.cc execution test
FAIL: 27_io/basic_ostream/inserters_other/char/exceptions_failbit_throw.cc execution test
FAIL: 27_io/basic_ostream/inserters_other/char/exceptions_failbit_throw.cc execution test
FAIL: 27_io/basic_ostream/inserters_other/char/exceptions_failbit_throw.cc execution test
FAIL: 27_io/basic_ostream/inserters_other/char/exceptions_null.cc execution test
FAIL: 27_io/basic_ostream/inserters_other/char/exceptions_null.cc execution test
FAIL: 27_io/basic_ostream/inserters_other/char/exceptions_null.cc execution test
FAIL: 27_io/basic_ostream/inserters_other/wchar_t/5.cc execution test
FAIL: 27_io/basic_ostream/inserters_other/wchar_t/5.cc execution test
FAIL: 27_io/basic_ostream/inserters_other/wchar_t/5.cc execution test
FAIL: 27_io/basic_ostream/inserters_other/wchar_t/error_failbit.cc execution test
FAIL: 27_io/basic_ostream/inserters_other/wchar_t/error_failbit.cc execution test
FAIL: 27_io/basic_ostream/inserters_other/wchar_t/error_failbit.cc execution test
FAIL: 27_io/basic_ostream/inserters_other/wchar_t/exceptions_badbit_throw.cc execution test
FAIL: 27_io/basic_ostream/inserters_other/wchar_t/exceptions_badbit_throw.cc execution test
FAIL: 27_io/basic_ostream/inserters_other/wchar_t/exceptions_badbit_throw.cc execution test
FAIL: 27_io/basic_ostream/inserters_other/wchar_t/exceptions_failbit_throw.cc execution test
FAIL: 27_io/basic_ostream/inserters_other/wchar_t/exceptions_failbit_throw.cc execution test
FAIL: 27_io/basic_ostream/inserters_other/wchar_t/exceptions_failbit_throw.cc execution test
FAIL: 27_io/basic_ostream/inserters_other/wchar_t/exceptions_null.cc execution test
FAIL: 27_io/basic_ostream/inserters_other/wchar_t/exceptions_null.cc execution test
FAIL: 27_io/basic_ostream/inserters_other/wchar_t/exceptions_null.cc execution test
FAIL: 27_io/basic_ostream/put/char/1.cc execution test
FAIL: 27_io/basic_ostream/put/char/1.cc execution test
FAIL: 27_io/basic_ostream/put/char/1.cc execution test
FAIL: 27_io/basic_ostream/put/wchar_t/1.cc execution test
FAIL: 27_io/basic_ostream/put/wchar_t/1.cc execution test
FAIL: 27_io/basic_ostream/put/wchar_t/1.cc execution test
FAIL: 27_io/basic_ostream/seekp/char/exceptions_badbit_throw.cc execution test
FAIL: 27_io/basic_ostream/seekp/char/exceptions_badbit_throw.cc execution test
FAIL: 27_io/basic_ostream/seekp/char/exceptions_badbit_throw.cc execution test
FAIL: 27_io/basic_ostream/seekp/wchar_t/exceptions_badbit_throw.cc execution test
FAIL: 27_io/basic_ostream/seekp/wchar_t/exceptions_badbit_throw.cc execution test
FAIL: 27_io/basic_ostream/seekp/wchar_t/exceptions_badbit_throw.cc execution test
FAIL: 27_io/basic_ostream/tellp/char/exceptions_badbit_throw.cc execution test
FAIL: 27_io/basic_ostream/tellp/char/exceptions_badbit_throw.cc execution test
FAIL: 27_io/basic_ostream/tellp/char/exceptions_badbit_throw.cc execution test
FAIL: 27_io/basic_ostream/tellp/wchar_t/exceptions_badbit_throw.cc execution test
FAIL: 27_io/basic_ostream/tellp/wchar_t/exceptions_badbit_throw.cc execution test
FAIL: 27_io/basic_ostream/tellp/wchar_t/exceptions_badbit_throw.cc execution test
FAIL: 27_io/basic_ostream/write/char/1.cc execution test
FAIL: 27_io/basic_ostream/write/char/1.cc execution test
FAIL: 27_io/basic_ostream/write/char/1.cc execution test
FAIL: 27_io/basic_ostream/write/wchar_t/1.cc execution test
FAIL: 27_io/basic_ostream/write/wchar_t/1.cc execution test
FAIL: 27_io/basic_ostream/write/wchar_t/1.cc execution test
FAIL: 27_io/ios_base/failure/cons_virtual_derivation.cc execution test
FAIL: 27_io/ios_base/failure/cons_virtual_derivation.cc execution test
FAIL: 27_io/ios_base/failure/what-2.cc execution test
FAIL: 27_io/ios_base/failure/what-2.cc execution test
FAIL: 27_io/ios_base/storage/11584.cc execution test
FAIL: 27_io/ios_base/storage/11584.cc execution test
FAIL: 27_io/ios_base/storage/2.cc execution test
FAIL: 27_io/ios_base/storage/2.cc execution test
FAIL: 27_io/objects/char/6.cc execution test
FAIL: 27_io/objects/char/6.cc execution test
FAIL: 27_io/objects/wchar_t/6.cc execution test
FAIL: 27_io/objects/wchar_t/6.cc execution test
FAIL: ext/array_allocator/check_allocate_max_size.cc execution test
FAIL: ext/bitmap_allocator/check_allocate_max_size.cc execution test
FAIL: ext/bitmap_allocator/variadic_construct.cc execution test
FAIL: ext/codecvt/wchar_t.cc execution test
FAIL: ext/concurrence_lock_error/cons_virtual_derivation.cc execution test
FAIL: ext/concurrence_unlock_error/cons_virtual_derivation.cc execution test
FAIL: ext/debug_allocator/check_deallocate_null.cc execution test
FAIL: ext/enc_filebuf/char/13189.cc execution test
FAIL: ext/enc_filebuf/char/13189.cc execution test
FAIL: ext/enc_filebuf/wchar_t/13189.cc execution test
FAIL: ext/enc_filebuf/wchar_t/13189.cc execution test
FAIL: ext/forced_exception_error/cons_virtual_derivation.cc execution test
FAIL: ext/malloc_allocator/check_allocate_max_size.cc execution test
FAIL: ext/mt_allocator/check_allocate_max_size.cc execution test
FAIL: ext/new_allocator/check_allocate_max_size.cc execution test
FAIL: ext/pb_ds/example/hash_illegal_resize.cc execution test
FAIL: ext/pb_ds/example/hash_illegal_resize.cc execution test
FAIL: ext/pb_ds/example/tree_join.cc execution test
FAIL: ext/pb_ds/example/tree_join.cc execution test
FAIL: ext/pb_ds/regression/hash_data_map_rand.cc execution test
FAIL: ext/pb_ds/regression/hash_data_map_rand.cc execution test
FAIL: ext/pb_ds/regression/hash_no_data_map_rand.cc execution test
FAIL: ext/pb_ds/regression/hash_no_data_map_rand.cc execution test
FAIL: ext/pb_ds/regression/list_update_data_map_rand.cc execution test
FAIL: ext/pb_ds/regression/list_update_data_map_rand.cc execution test
FAIL: ext/pb_ds/regression/list_update_no_data_map_rand.cc execution test
FAIL: ext/pb_ds/regression/priority_queue_rand.cc execution test
FAIL: ext/pb_ds/regression/priority_queue_rand.cc execution test
FAIL: ext/pb_ds/regression/tree_data_map_rand.cc execution test
FAIL: ext/pb_ds/regression/tree_data_map_rand.cc execution test
FAIL: ext/pb_ds/regression/tree_no_data_map_rand.cc execution test
FAIL: ext/pb_ds/regression/tree_no_data_map_rand.cc execution test
FAIL: ext/pb_ds/regression/trie_data_map_rand.cc execution test
FAIL: ext/pb_ds/regression/trie_data_map_rand.cc execution test
FAIL: ext/pb_ds/regression/trie_no_data_map_rand.cc execution test
FAIL: ext/pb_ds/regression/trie_no_data_map_rand.cc execution test
FAIL: ext/pool_allocator/allocate_chunk.cc execution test
FAIL: ext/pool_allocator/check_allocate_max_size.cc execution test
FAIL: ext/throw_allocator/check_allocate_max_size.cc execution test
FAIL: ext/throw_allocator/check_deallocate_null.cc execution test
FAIL: tr1/2_general_utilities/enable_shared_from_this/not_shared.cc execution test
FAIL: tr1/2_general_utilities/enable_shared_from_this/not_shared.cc execution test
FAIL: tr1/2_general_utilities/enable_shared_from_this/not_shared2.cc execution test
FAIL: tr1/2_general_utilities/enable_shared_from_this/not_shared2.cc execution test
FAIL: tr1/2_general_utilities/enable_shared_from_this/not_shared3.cc execution test
FAIL: tr1/2_general_utilities/enable_shared_from_this/not_shared3.cc execution test
FAIL: tr1/2_general_utilities/shared_ptr/thread/default_weaktoshared.cc execution test
FAIL: tr1/2_general_utilities/shared_ptr/thread/default_weaktoshared.cc execution test
FAIL: tr1/2_general_utilities/shared_ptr/thread/default_weaktoshared.cc execution test
FAIL: tr1/2_general_utilities/shared_ptr/thread/mutex_weaktoshared.cc execution test
FAIL: tr1/2_general_utilities/shared_ptr/thread/mutex_weaktoshared.cc execution test
FAIL: tr1/2_general_utilities/shared_ptr/thread/mutex_weaktoshared.cc execution test
FAIL: tr1/3_function_objects/function/1.cc execution test
FAIL: tr1/3_function_objects/function/1.cc execution test
FAIL: tr1/6_containers/array/element_access/at_out_of_range.cc execution test
FAIL: tr1/6_containers/array/element_access/at_out_of_range.cc execution test
FAIL: tr1/6_containers/array/element_access/at_out_of_range.cc execution test
=== libstdc++ Summary ===
# of expected passes 13461
# of unexpected failures 433
# of unexpected successes 2
# of expected failures 180
# of unsupported tests 1235
Compiler version: 4.5.0 20090601 (experimental) [trunk revision 148037] (GCC)
Platform: i686-pc-cygwin
configure flags: CC=gcc-4 LD=/opt/gcc-tools/bin/ld.exe LD_FOR_TARGET=/opt/gcc-tools/bin/ld.exe
AS=/opt/gcc-tools/bin/as.exe AS_FOR_TARGET=/opt/gcc-tools/bin/as.exe --with-build-time-tools=/opt/gcc-tools/bin:/usr/bin
--prefix=/usr/local/gcc-4_5 --enable-threads=posix --enable-languages=c,c++,fortran,objc --disable-libgcj
--disable-sjlj-exceptions --with-system-zlib --enable-nls --enable-static --enable-shared --enable-shared-libgcc
--enable-__cxa_atexit --disable-libmudflap --enable-version-specific-runtime-libs --without-included-gettext
--with-dwarf2 --disable-symvers --enable-libssp --with-mpc --with-ppl --with-cloog --with-arch=i686 --with-tune=generic