This is the mail archive of the
gcc-testresults@gcc.gnu.org
mailing list for the GCC project.
Results for 4.5.0 20090527 (experimental) [trunk revision 147923] (GCC) testsuite on armv5tel-unknown-linux-gnueabi
- From: Laurent GUERBY gcc50 <guerby at gcc50 dot fsffrance dot org>
- To: gcc-testresults at gcc dot gnu dot org
- Date: Mon, 01 Jun 2009 02:01:43 +0200
- Subject: Results for 4.5.0 20090527 (experimental) [trunk revision 147923] (GCC) testsuite on armv5tel-unknown-linux-gnueabi
LAST_UPDATED: Wed May 27 18:30:00 UTC 2009 (revision 147923)
Native configuration is armv5tel-unknown-linux-gnueabi
=== libgomp tests ===
Running target unix
FAIL: libgomp.c++/task-4.C -O (internal compiler error)
FAIL: libgomp.c++/task-4.C -O (test for excess errors)
UNRESOLVED: libgomp.c++/task-4.C -O compilation failed to produce executable
FAIL: libgomp.fortran/jacobi.f -O0 (test for excess errors)
UNRESOLVED: libgomp.fortran/jacobi.f -O0 compilation failed to produce executable
FAIL: libgomp.fortran/jacobi.f -O1 (test for excess errors)
UNRESOLVED: libgomp.fortran/jacobi.f -O1 compilation failed to produce executable
FAIL: libgomp.fortran/jacobi.f -O2 (test for excess errors)
UNRESOLVED: libgomp.fortran/jacobi.f -O2 compilation failed to produce executable
FAIL: libgomp.fortran/jacobi.f -O3 -fomit-frame-pointer (test for excess errors)
UNRESOLVED: libgomp.fortran/jacobi.f -O3 -fomit-frame-pointer compilation failed to produce executable
FAIL: libgomp.fortran/jacobi.f -O3 -fomit-frame-pointer -funroll-loops (test for excess errors)
UNRESOLVED: libgomp.fortran/jacobi.f -O3 -fomit-frame-pointer -funroll-loops compilation failed to produce executable
FAIL: libgomp.fortran/jacobi.f -O3 -fomit-frame-pointer -funroll-all-loops -finline-functions (test for excess errors)
UNRESOLVED: libgomp.fortran/jacobi.f -O3 -fomit-frame-pointer -funroll-all-loops -finline-functions compilation failed to produce executable
FAIL: libgomp.fortran/jacobi.f -O3 -g (test for excess errors)
UNRESOLVED: libgomp.fortran/jacobi.f -O3 -g compilation failed to produce executable
FAIL: libgomp.fortran/jacobi.f -Os (test for excess errors)
UNRESOLVED: libgomp.fortran/jacobi.f -Os compilation failed to produce executable
FAIL: libgomp.fortran/nestedfn2.f90 -O0 (internal compiler error)
FAIL: libgomp.fortran/nestedfn2.f90 -O0 (test for excess errors)
UNRESOLVED: libgomp.fortran/nestedfn2.f90 -O0 compilation failed to produce executable
FAIL: libgomp.fortran/nestedfn2.f90 -O1 (internal compiler error)
FAIL: libgomp.fortran/nestedfn2.f90 -O1 (test for excess errors)
UNRESOLVED: libgomp.fortran/nestedfn2.f90 -O1 compilation failed to produce executable
FAIL: libgomp.fortran/nestedfn2.f90 -O2 (internal compiler error)
FAIL: libgomp.fortran/nestedfn2.f90 -O2 (test for excess errors)
UNRESOLVED: libgomp.fortran/nestedfn2.f90 -O2 compilation failed to produce executable
FAIL: libgomp.fortran/nestedfn2.f90 -O3 -fomit-frame-pointer (internal compiler error)
FAIL: libgomp.fortran/nestedfn2.f90 -O3 -fomit-frame-pointer (test for excess errors)
UNRESOLVED: libgomp.fortran/nestedfn2.f90 -O3 -fomit-frame-pointer compilation failed to produce executable
FAIL: libgomp.fortran/nestedfn2.f90 -O3 -fomit-frame-pointer -funroll-loops (internal compiler error)
FAIL: libgomp.fortran/nestedfn2.f90 -O3 -fomit-frame-pointer -funroll-loops (test for excess errors)
UNRESOLVED: libgomp.fortran/nestedfn2.f90 -O3 -fomit-frame-pointer -funroll-loops compilation failed to produce executable
FAIL: libgomp.fortran/nestedfn2.f90 -O3 -fomit-frame-pointer -funroll-all-loops -finline-functions (internal compiler error)
FAIL: libgomp.fortran/nestedfn2.f90 -O3 -fomit-frame-pointer -funroll-all-loops -finline-functions (test for excess errors)
UNRESOLVED: libgomp.fortran/nestedfn2.f90 -O3 -fomit-frame-pointer -funroll-all-loops -finline-functions compilation failed to produce executable
FAIL: libgomp.fortran/nestedfn2.f90 -O3 -g (internal compiler error)
FAIL: libgomp.fortran/nestedfn2.f90 -O3 -g (test for excess errors)
UNRESOLVED: libgomp.fortran/nestedfn2.f90 -O3 -g compilation failed to produce executable
FAIL: libgomp.fortran/nestedfn2.f90 -Os (internal compiler error)
FAIL: libgomp.fortran/nestedfn2.f90 -Os (test for excess errors)
UNRESOLVED: libgomp.fortran/nestedfn2.f90 -Os compilation failed to produce executable
FAIL: libgomp.fortran/omp_orphan.f -O (test for excess errors)
UNRESOLVED: libgomp.fortran/omp_orphan.f -O compilation failed to produce executable
FAIL: libgomp.fortran/pr25162.f -O0 (test for excess errors)
UNRESOLVED: libgomp.fortran/pr25162.f -O0 compilation failed to produce executable
FAIL: libgomp.fortran/pr25162.f -O1 (test for excess errors)
UNRESOLVED: libgomp.fortran/pr25162.f -O1 compilation failed to produce executable
FAIL: libgomp.fortran/pr25162.f -O2 (test for excess errors)
UNRESOLVED: libgomp.fortran/pr25162.f -O2 compilation failed to produce executable
FAIL: libgomp.fortran/pr25162.f -O3 -fomit-frame-pointer (test for excess errors)
UNRESOLVED: libgomp.fortran/pr25162.f -O3 -fomit-frame-pointer compilation failed to produce executable
FAIL: libgomp.fortran/pr25162.f -O3 -fomit-frame-pointer -funroll-loops (test for excess errors)
UNRESOLVED: libgomp.fortran/pr25162.f -O3 -fomit-frame-pointer -funroll-loops compilation failed to produce executable
FAIL: libgomp.fortran/pr25162.f -O3 -fomit-frame-pointer -funroll-all-loops -finline-functions (test for excess errors)
UNRESOLVED: libgomp.fortran/pr25162.f -O3 -fomit-frame-pointer -funroll-all-loops -finline-functions compilation failed to produce executable
FAIL: libgomp.fortran/pr25162.f -O3 -g (test for excess errors)
UNRESOLVED: libgomp.fortran/pr25162.f -O3 -g compilation failed to produce executable
FAIL: libgomp.fortran/pr25162.f -Os (test for excess errors)
UNRESOLVED: libgomp.fortran/pr25162.f -Os compilation failed to produce executable
FAIL: libgomp.fortran/pr27395-1.f90 -O0 (test for excess errors)
UNRESOLVED: libgomp.fortran/pr27395-1.f90 -O0 compilation failed to produce executable
FAIL: libgomp.fortran/pr27395-1.f90 -O1 (test for excess errors)
UNRESOLVED: libgomp.fortran/pr27395-1.f90 -O1 compilation failed to produce executable
FAIL: libgomp.fortran/pr27395-1.f90 -O2 (test for excess errors)
UNRESOLVED: libgomp.fortran/pr27395-1.f90 -O2 compilation failed to produce executable
FAIL: libgomp.fortran/pr27395-1.f90 -O3 -fomit-frame-pointer (test for excess errors)
UNRESOLVED: libgomp.fortran/pr27395-1.f90 -O3 -fomit-frame-pointer compilation failed to produce executable
FAIL: libgomp.fortran/pr27395-1.f90 -O3 -fomit-frame-pointer -funroll-loops (test for excess errors)
UNRESOLVED: libgomp.fortran/pr27395-1.f90 -O3 -fomit-frame-pointer -funroll-loops compilation failed to produce executable
FAIL: libgomp.fortran/pr27395-1.f90 -O3 -fomit-frame-pointer -funroll-all-loops -finline-functions (test for excess errors)
UNRESOLVED: libgomp.fortran/pr27395-1.f90 -O3 -fomit-frame-pointer -funroll-all-loops -finline-functions compilation failed to produce executable
FAIL: libgomp.fortran/pr27395-1.f90 -O3 -g (test for excess errors)
UNRESOLVED: libgomp.fortran/pr27395-1.f90 -O3 -g compilation failed to produce executable
FAIL: libgomp.fortran/pr27395-1.f90 -Os (test for excess errors)
UNRESOLVED: libgomp.fortran/pr27395-1.f90 -Os compilation failed to produce executable
FAIL: libgomp.fortran/pr27395-2.f90 -O0 (test for excess errors)
UNRESOLVED: libgomp.fortran/pr27395-2.f90 -O0 compilation failed to produce executable
FAIL: libgomp.fortran/pr27395-2.f90 -O1 (test for excess errors)
UNRESOLVED: libgomp.fortran/pr27395-2.f90 -O1 compilation failed to produce executable
FAIL: libgomp.fortran/pr27395-2.f90 -O2 (test for excess errors)
UNRESOLVED: libgomp.fortran/pr27395-2.f90 -O2 compilation failed to produce executable
FAIL: libgomp.fortran/pr27395-2.f90 -O3 -fomit-frame-pointer (test for excess errors)
UNRESOLVED: libgomp.fortran/pr27395-2.f90 -O3 -fomit-frame-pointer compilation failed to produce executable
FAIL: libgomp.fortran/pr27395-2.f90 -O3 -fomit-frame-pointer -funroll-loops (test for excess errors)
UNRESOLVED: libgomp.fortran/pr27395-2.f90 -O3 -fomit-frame-pointer -funroll-loops compilation failed to produce executable
FAIL: libgomp.fortran/pr27395-2.f90 -O3 -fomit-frame-pointer -funroll-all-loops -finline-functions (test for excess errors)
UNRESOLVED: libgomp.fortran/pr27395-2.f90 -O3 -fomit-frame-pointer -funroll-all-loops -finline-functions compilation failed to produce executable
FAIL: libgomp.fortran/pr27395-2.f90 -O3 -g (test for excess errors)
UNRESOLVED: libgomp.fortran/pr27395-2.f90 -O3 -g compilation failed to produce executable
FAIL: libgomp.fortran/pr27395-2.f90 -Os (test for excess errors)
UNRESOLVED: libgomp.fortran/pr27395-2.f90 -Os compilation failed to produce executable
FAIL: libgomp.fortran/pr27416-1.f90 -O0 (test for excess errors)
UNRESOLVED: libgomp.fortran/pr27416-1.f90 -O0 compilation failed to produce executable
FAIL: libgomp.fortran/pr27416-1.f90 -O1 (test for excess errors)
UNRESOLVED: libgomp.fortran/pr27416-1.f90 -O1 compilation failed to produce executable
FAIL: libgomp.fortran/pr27416-1.f90 -O2 (test for excess errors)
UNRESOLVED: libgomp.fortran/pr27416-1.f90 -O2 compilation failed to produce executable
FAIL: libgomp.fortran/pr27416-1.f90 -O3 -fomit-frame-pointer (test for excess errors)
UNRESOLVED: libgomp.fortran/pr27416-1.f90 -O3 -fomit-frame-pointer compilation failed to produce executable
FAIL: libgomp.fortran/pr27416-1.f90 -O3 -fomit-frame-pointer -funroll-loops (test for excess errors)
UNRESOLVED: libgomp.fortran/pr27416-1.f90 -O3 -fomit-frame-pointer -funroll-loops compilation failed to produce executable
FAIL: libgomp.fortran/pr27416-1.f90 -O3 -fomit-frame-pointer -funroll-all-loops -finline-functions (test for excess errors)
UNRESOLVED: libgomp.fortran/pr27416-1.f90 -O3 -fomit-frame-pointer -funroll-all-loops -finline-functions compilation failed to produce executable
FAIL: libgomp.fortran/pr27416-1.f90 -O3 -g (test for excess errors)
UNRESOLVED: libgomp.fortran/pr27416-1.f90 -O3 -g compilation failed to produce executable
FAIL: libgomp.fortran/pr27416-1.f90 -Os (test for excess errors)
UNRESOLVED: libgomp.fortran/pr27416-1.f90 -Os compilation failed to produce executable
FAIL: libgomp.fortran/stack.f90 -O0 (test for excess errors)
UNRESOLVED: libgomp.fortran/stack.f90 -O0 compilation failed to produce executable
FAIL: libgomp.fortran/stack.f90 -O1 (test for excess errors)
UNRESOLVED: libgomp.fortran/stack.f90 -O1 compilation failed to produce executable
FAIL: libgomp.fortran/stack.f90 -O2 (test for excess errors)
UNRESOLVED: libgomp.fortran/stack.f90 -O2 compilation failed to produce executable
FAIL: libgomp.fortran/stack.f90 -O3 -fomit-frame-pointer (test for excess errors)
UNRESOLVED: libgomp.fortran/stack.f90 -O3 -fomit-frame-pointer compilation failed to produce executable
FAIL: libgomp.fortran/stack.f90 -O3 -fomit-frame-pointer -funroll-loops (test for excess errors)
UNRESOLVED: libgomp.fortran/stack.f90 -O3 -fomit-frame-pointer -funroll-loops compilation failed to produce executable
FAIL: libgomp.fortran/stack.f90 -O3 -fomit-frame-pointer -funroll-all-loops -finline-functions (test for excess errors)
UNRESOLVED: libgomp.fortran/stack.f90 -O3 -fomit-frame-pointer -funroll-all-loops -finline-functions compilation failed to produce executable
FAIL: libgomp.fortran/stack.f90 -O3 -g (test for excess errors)
UNRESOLVED: libgomp.fortran/stack.f90 -O3 -g compilation failed to produce executable
FAIL: libgomp.fortran/stack.f90 -Os (test for excess errors)
UNRESOLVED: libgomp.fortran/stack.f90 -Os compilation failed to produce executable
WARNING: program timed out.
FAIL: libgomp.fortran/strassen.f90 -O execution test
FAIL: libgomp.fortran/vla7.f90 -O0 (test for excess errors)
UNRESOLVED: libgomp.fortran/vla7.f90 -O0 compilation failed to produce executable
FAIL: libgomp.fortran/vla7.f90 -O1 (test for excess errors)
UNRESOLVED: libgomp.fortran/vla7.f90 -O1 compilation failed to produce executable
FAIL: libgomp.fortran/vla7.f90 -O2 (test for excess errors)
UNRESOLVED: libgomp.fortran/vla7.f90 -O2 compilation failed to produce executable
FAIL: libgomp.fortran/vla7.f90 -O3 -fomit-frame-pointer (test for excess errors)
UNRESOLVED: libgomp.fortran/vla7.f90 -O3 -fomit-frame-pointer compilation failed to produce executable
FAIL: libgomp.fortran/vla7.f90 -O3 -fomit-frame-pointer -funroll-loops (test for excess errors)
UNRESOLVED: libgomp.fortran/vla7.f90 -O3 -fomit-frame-pointer -funroll-loops compilation failed to produce executable
FAIL: libgomp.fortran/vla7.f90 -O3 -fomit-frame-pointer -funroll-all-loops -finline-functions (test for excess errors)
UNRESOLVED: libgomp.fortran/vla7.f90 -O3 -fomit-frame-pointer -funroll-all-loops -finline-functions compilation failed to produce executable
FAIL: libgomp.fortran/vla7.f90 -O3 -g (test for excess errors)
UNRESOLVED: libgomp.fortran/vla7.f90 -O3 -g compilation failed to produce executable
FAIL: libgomp.fortran/vla7.f90 -Os (test for excess errors)
UNRESOLVED: libgomp.fortran/vla7.f90 -Os compilation failed to produce executable
=== libgomp Summary ===
# of expected passes 2261
# of unexpected failures 76
# of unresolved testcases 66
# of unsupported tests 7
=== libmudflap tests ===
Running target unix
FAIL: libmudflap.c/pass54-frag.c execution test
FAIL: libmudflap.c/pass54-frag.c execution test
FAIL: libmudflap.c/pass54-frag.c (-static) execution test
FAIL: libmudflap.c/pass54-frag.c (-static) execution test
FAIL: libmudflap.c++/pass41-frag.cxx execution test
FAIL: libmudflap.c++/pass41-frag.cxx (-static) execution test
FAIL: libmudflap.c++/pass41-frag.cxx ( -O) execution test
FAIL: libmudflap.c++/pass41-frag.cxx (-O2) execution test
FAIL: libmudflap.c++/pass41-frag.cxx (-O3) execution test
WARNING: program timed out.
FAIL: libmudflap.cth/pass40-frag.c execution test
FAIL: libmudflap.cth/pass40-frag.c output pattern test
WARNING: program timed out.
FAIL: libmudflap.cth/pass40-frag.c (-static -DSTATIC) execution test
FAIL: libmudflap.cth/pass40-frag.c (-static -DSTATIC) output pattern test
WARNING: program timed out.
FAIL: libmudflap.cth/pass40-frag.c (-O2) execution test
FAIL: libmudflap.cth/pass40-frag.c (-O2) output pattern test
WARNING: program timed out.
FAIL: libmudflap.cth/pass40-frag.c (-O3) execution test
FAIL: libmudflap.cth/pass40-frag.c (-O3) output pattern test
=== libmudflap Summary ===
# of expected passes 1877
# of unexpected failures 17
=== libstdc++ tests ===
Running target unix
XPASS: 26_numerics/headers/cmath/c99_classification_macros_c.cc (test for excess errors)
WARNING: program timed out.
FAIL: ext/pb_ds/regression/tree_data_map_rand.cc (test for excess errors)
UNRESOLVED: ext/pb_ds/regression/tree_data_map_rand.cc compilation failed to produce executable
WARNING: program timed out.
FAIL: ext/pb_ds/regression/tree_no_data_map_rand.cc (test for excess errors)
UNRESOLVED: ext/pb_ds/regression/tree_no_data_map_rand.cc compilation failed to produce executable
=== libstdc++ Summary ===
# of expected passes 6066
# of unexpected failures 2
# of unexpected successes 1
# of expected failures 82
# of unresolved testcases 2
# of unsupported tests 351
=== gcc tests ===
Running target unix
WARNING: program timed out.
FAIL: gcc.dg/20020425-1.c (test for excess errors)
FAIL: gcc.dg/20021014-1.c (test for excess errors)
UNRESOLVED: gcc.dg/20021014-1.c compilation failed to produce executable
XPASS: gcc.dg/Warray-bounds.c (test for warnings, line 59)
XPASS: gcc.dg/Warray-bounds.c (test for warnings, line 65)
FAIL: gcc.dg/c99-stdint-1.c (test for excess errors)
FAIL: gcc.dg/c99-stdint-7.c (test for excess errors)
FAIL: gcc.dg/nest.c (test for excess errors)
UNRESOLVED: gcc.dg/nest.c compilation failed to produce executable
FAIL: gcc.dg/nested-func-4.c (test for excess errors)
UNRESOLVED: gcc.dg/nested-func-4.c compilation failed to produce executable
FAIL: gcc.dg/pr32450.c (test for excess errors)
UNRESOLVED: gcc.dg/pr32450.c compilation failed to produce executable
FAIL: gcc.dg/pr34989-1.c (internal compiler error)
FAIL: gcc.dg/pr34989-1.c (test for excess errors)
FAIL: gcc.dg/uninit-13.c unconditional (test for warnings, line 8)
FAIL: gcc.dg/uninit-13.c (test for excess errors)
FAIL: largefile.c -O0 -g -I. (test for excess errors)
FAIL: gcc.dg/pch/largefile.c -O0 -g assembly comparison
FAIL: largefile.c -O0 -I. (test for excess errors)
FAIL: gcc.dg/pch/largefile.c -O0 assembly comparison
FAIL: largefile.c -O1 -I. (test for excess errors)
FAIL: gcc.dg/pch/largefile.c -O1 assembly comparison
FAIL: largefile.c -O2 -I. (test for excess errors)
FAIL: gcc.dg/pch/largefile.c -O2 assembly comparison
FAIL: largefile.c -O3 -fomit-frame-pointer -I. (test for excess errors)
FAIL: gcc.dg/pch/largefile.c -O3 -fomit-frame-pointer assembly comparison
FAIL: largefile.c -O3 -g -I. (test for excess errors)
FAIL: gcc.dg/pch/largefile.c -O3 -g assembly comparison
FAIL: largefile.c -Os -I. (test for excess errors)
FAIL: gcc.dg/pch/largefile.c -Os assembly comparison
UNRESOLVED: ggcplug.c compilation, -I. -I/home/guerby/trunk/gcc/testsuite -I/home/guerby/trunk/gcc/testsuite/../../gcc -I/home/guerby/build/gcc/testsuite/gcc/../../../gcc -I/home/guerby/trunk/gcc/testsuite/../../include -I/home/guerby/trunk/gcc/testsuite/../../libcpp/include -I/opt/cfarm/mpfr-2.3.2/include -O -DIN_GCC -fPIC -shared
XPASS: gcc.dg/struct/wo_prof_array_through_pointer.c scan-ipa-dump ipa_struct_reorg "Number of structures to transform is 1"
FAIL: gcc.dg/struct/wo_prof_double_malloc.c (internal compiler error)
FAIL: gcc.dg/struct/wo_prof_double_malloc.c (test for excess errors)
UNRESOLVED: gcc.dg/struct/wo_prof_double_malloc.c compilation failed to produce executable
FAIL: gcc.dg/tree-prof/bb-reorg.c compilation, -fprofile-use -D_PROFILE_USE
UNRESOLVED: gcc.dg/tree-prof/bb-reorg.c execution, -fprofile-use -D_PROFILE_USE
FAIL: gcc.dg/tree-prof/pr34999.c compilation, -fprofile-use -D_PROFILE_USE
UNRESOLVED: gcc.dg/tree-prof/pr34999.c execution, -fprofile-use -D_PROFILE_USE
FAIL: gcc.dg/vect/vect-35.c scan-tree-dump-times vect "vectorized 2 loops" 1
FAIL: gcc.dg/vect/vect-42.c scan-tree-dump-times vect "Alignment of access forced using versioning" 1
FAIL: gcc.dg/vect/slp-36.c (internal compiler error)
FAIL: gcc.dg/vect/slp-36.c (test for excess errors)
FAIL: gcc.dg/vect/bb-slp-10.c scan-tree-dump-times slp "basic block vectorized using SLP" 0
FAIL: gcc.dg/vect/bb-slp-10.c scan-tree-dump-times slp "unsupported alignment in basic block." 1
FAIL: gcc.dg/vect/bb-slp-4.c scan-tree-dump-times slp "basic block vectorized using SLP" 0
FAIL: gcc.dg/vect/no-vfa-vect-43.c scan-tree-dump-times vect "Alignment of access forced using versioning" 2
FAIL: gcc.target/arm/neon/polytypes.c (test for excess errors)
FAIL: gcc.target/arm/neon/vget_lowf32.c scan-assembler vmov[ \\t]+[dD][0-9]+, [dD][0-9]+!?([ \\t]+@[a-zA-Z0-9 ]+)?\\n
FAIL: gcc.target/arm/neon/vget_lowp16.c scan-assembler vmov[ \\t]+[dD][0-9]+, [dD][0-9]+!?([ \\t]+@[a-zA-Z0-9 ]+)?\\n
FAIL: gcc.target/arm/neon/vget_lowp8.c scan-assembler vmov[ \\t]+[dD][0-9]+, [dD][0-9]+!?([ \\t]+@[a-zA-Z0-9 ]+)?\\n
FAIL: gcc.target/arm/neon/vget_lows16.c scan-assembler vmov[ \\t]+[dD][0-9]+, [dD][0-9]+!?([ \\t]+@[a-zA-Z0-9 ]+)?\\n
FAIL: gcc.target/arm/neon/vget_lows32.c scan-assembler vmov[ \\t]+[dD][0-9]+, [dD][0-9]+!?([ \\t]+@[a-zA-Z0-9 ]+)?\\n
FAIL: gcc.target/arm/neon/vget_lows64.c scan-assembler vmov[ \\t]+[dD][0-9]+, [dD][0-9]+!?([ \\t]+@[a-zA-Z0-9 ]+)?\\n
FAIL: gcc.target/arm/neon/vget_lows8.c scan-assembler vmov[ \\t]+[dD][0-9]+, [dD][0-9]+!?([ \\t]+@[a-zA-Z0-9 ]+)?\\n
FAIL: gcc.target/arm/neon/vget_lowu16.c scan-assembler vmov[ \\t]+[dD][0-9]+, [dD][0-9]+!?([ \\t]+@[a-zA-Z0-9 ]+)?\\n
FAIL: gcc.target/arm/neon/vget_lowu32.c scan-assembler vmov[ \\t]+[dD][0-9]+, [dD][0-9]+!?([ \\t]+@[a-zA-Z0-9 ]+)?\\n
FAIL: gcc.target/arm/neon/vget_lowu64.c scan-assembler vmov[ \\t]+[dD][0-9]+, [dD][0-9]+!?([ \\t]+@[a-zA-Z0-9 ]+)?\\n
FAIL: gcc.target/arm/neon/vget_lowu8.c scan-assembler vmov[ \\t]+[dD][0-9]+, [dD][0-9]+!?([ \\t]+@[a-zA-Z0-9 ]+)?\\n
=== gcc Summary ===
# of expected passes 54665
# of unexpected failures 49
# of unexpected successes 3
# of expected failures 205
# of unresolved testcases 8
# of unsupported tests 586
/home/guerby/build/gcc/xgcc version 4.5.0 20090527 (experimental) [trunk revision 147923] (GCC)
=== gfortran tests ===
Running target unix
FAIL: gfortran.dg/Wall.f90 -O1 (test for excess errors)
FAIL: gfortran.dg/Wall.f90 -O2 (test for excess errors)
FAIL: gfortran.dg/Wall.f90 -O3 -fomit-frame-pointer (test for excess errors)
FAIL: gfortran.dg/Wall.f90 -O3 -fomit-frame-pointer -funroll-loops (test for excess errors)
FAIL: gfortran.dg/Wall.f90 -O3 -fomit-frame-pointer -funroll-all-loops -finline-functions (test for excess errors)
FAIL: gfortran.dg/Wall.f90 -O3 -g (test for excess errors)
FAIL: gfortran.dg/Wall.f90 -Os (test for excess errors)
FAIL: gfortran.dg/actual_procedure_1.f90 -O0 (test for excess errors)
UNRESOLVED: gfortran.dg/actual_procedure_1.f90 -O0 compilation failed to produce executable
FAIL: gfortran.dg/actual_procedure_1.f90 -O1 (test for excess errors)
UNRESOLVED: gfortran.dg/actual_procedure_1.f90 -O1 compilation failed to produce executable
FAIL: gfortran.dg/actual_procedure_1.f90 -O2 (test for excess errors)
UNRESOLVED: gfortran.dg/actual_procedure_1.f90 -O2 compilation failed to produce executable
FAIL: gfortran.dg/actual_procedure_1.f90 -O3 -fomit-frame-pointer (test for excess errors)
UNRESOLVED: gfortran.dg/actual_procedure_1.f90 -O3 -fomit-frame-pointer compilation failed to produce executable
FAIL: gfortran.dg/actual_procedure_1.f90 -O3 -fomit-frame-pointer -funroll-loops (test for excess errors)
UNRESOLVED: gfortran.dg/actual_procedure_1.f90 -O3 -fomit-frame-pointer -funroll-loops compilation failed to produce executable
FAIL: gfortran.dg/actual_procedure_1.f90 -O3 -fomit-frame-pointer -funroll-all-loops -finline-functions (test for excess errors)
UNRESOLVED: gfortran.dg/actual_procedure_1.f90 -O3 -fomit-frame-pointer -funroll-all-loops -finline-functions compilation failed to produce executable
FAIL: gfortran.dg/actual_procedure_1.f90 -O3 -g (test for excess errors)
UNRESOLVED: gfortran.dg/actual_procedure_1.f90 -O3 -g compilation failed to produce executable
FAIL: gfortran.dg/actual_procedure_1.f90 -Os (test for excess errors)
UNRESOLVED: gfortran.dg/actual_procedure_1.f90 -Os compilation failed to produce executable
FAIL: gfortran.dg/alloc_comp_default_init_1.f90 -O0 (test for excess errors)
UNRESOLVED: gfortran.dg/alloc_comp_default_init_1.f90 -O0 compilation failed to produce executable
FAIL: gfortran.dg/alloc_comp_default_init_1.f90 -O1 (test for excess errors)
UNRESOLVED: gfortran.dg/alloc_comp_default_init_1.f90 -O1 compilation failed to produce executable
FAIL: gfortran.dg/alloc_comp_default_init_1.f90 -O2 (test for excess errors)
UNRESOLVED: gfortran.dg/alloc_comp_default_init_1.f90 -O2 compilation failed to produce executable
FAIL: gfortran.dg/alloc_comp_default_init_1.f90 -O3 -fomit-frame-pointer (test for excess errors)
UNRESOLVED: gfortran.dg/alloc_comp_default_init_1.f90 -O3 -fomit-frame-pointer compilation failed to produce executable
FAIL: gfortran.dg/alloc_comp_default_init_1.f90 -O3 -fomit-frame-pointer -funroll-loops (test for excess errors)
UNRESOLVED: gfortran.dg/alloc_comp_default_init_1.f90 -O3 -fomit-frame-pointer -funroll-loops compilation failed to produce executable
FAIL: gfortran.dg/alloc_comp_default_init_1.f90 -O3 -fomit-frame-pointer -funroll-all-loops -finline-functions (test for excess errors)
UNRESOLVED: gfortran.dg/alloc_comp_default_init_1.f90 -O3 -fomit-frame-pointer -funroll-all-loops -finline-functions compilation failed to produce executable
FAIL: gfortran.dg/alloc_comp_default_init_1.f90 -O3 -g (test for excess errors)
UNRESOLVED: gfortran.dg/alloc_comp_default_init_1.f90 -O3 -g compilation failed to produce executable
FAIL: gfortran.dg/alloc_comp_default_init_1.f90 -Os (test for excess errors)
UNRESOLVED: gfortran.dg/alloc_comp_default_init_1.f90 -Os compilation failed to produce executable
FAIL: gfortran.dg/allocatable_dummy_3.f90 -O0 (test for excess errors)
UNRESOLVED: gfortran.dg/allocatable_dummy_3.f90 -O0 compilation failed to produce executable
FAIL: gfortran.dg/allocatable_dummy_3.f90 -O1 (test for excess errors)
UNRESOLVED: gfortran.dg/allocatable_dummy_3.f90 -O1 compilation failed to produce executable
FAIL: gfortran.dg/allocatable_dummy_3.f90 -O2 (test for excess errors)
UNRESOLVED: gfortran.dg/allocatable_dummy_3.f90 -O2 compilation failed to produce executable
FAIL: gfortran.dg/allocatable_dummy_3.f90 -O3 -fomit-frame-pointer (test for excess errors)
UNRESOLVED: gfortran.dg/allocatable_dummy_3.f90 -O3 -fomit-frame-pointer compilation failed to produce executable
FAIL: gfortran.dg/allocatable_dummy_3.f90 -O3 -fomit-frame-pointer -funroll-loops (test for excess errors)
UNRESOLVED: gfortran.dg/allocatable_dummy_3.f90 -O3 -fomit-frame-pointer -funroll-loops compilation failed to produce executable
FAIL: gfortran.dg/allocatable_dummy_3.f90 -O3 -fomit-frame-pointer -funroll-all-loops -finline-functions (test for excess errors)
UNRESOLVED: gfortran.dg/allocatable_dummy_3.f90 -O3 -fomit-frame-pointer -funroll-all-loops -finline-functions compilation failed to produce executable
FAIL: gfortran.dg/allocatable_dummy_3.f90 -O3 -g (test for excess errors)
UNRESOLVED: gfortran.dg/allocatable_dummy_3.f90 -O3 -g compilation failed to produce executable
FAIL: gfortran.dg/allocatable_dummy_3.f90 -Os (test for excess errors)
UNRESOLVED: gfortran.dg/allocatable_dummy_3.f90 -Os compilation failed to produce executable
FAIL: gfortran.dg/allocate_zerosize_3.f -O0 (test for excess errors)
UNRESOLVED: gfortran.dg/allocate_zerosize_3.f -O0 compilation failed to produce executable
FAIL: gfortran.dg/allocate_zerosize_3.f -O1 (test for excess errors)
UNRESOLVED: gfortran.dg/allocate_zerosize_3.f -O1 compilation failed to produce executable
FAIL: gfortran.dg/allocate_zerosize_3.f -O2 (test for excess errors)
UNRESOLVED: gfortran.dg/allocate_zerosize_3.f -O2 compilation failed to produce executable
FAIL: gfortran.dg/allocate_zerosize_3.f -O3 -fomit-frame-pointer (test for excess errors)
UNRESOLVED: gfortran.dg/allocate_zerosize_3.f -O3 -fomit-frame-pointer compilation failed to produce executable
FAIL: gfortran.dg/allocate_zerosize_3.f -O3 -fomit-frame-pointer -funroll-loops (test for excess errors)
UNRESOLVED: gfortran.dg/allocate_zerosize_3.f -O3 -fomit-frame-pointer -funroll-loops compilation failed to produce executable
FAIL: gfortran.dg/allocate_zerosize_3.f -O3 -fomit-frame-pointer -funroll-all-loops -finline-functions (test for excess errors)
UNRESOLVED: gfortran.dg/allocate_zerosize_3.f -O3 -fomit-frame-pointer -funroll-all-loops -finline-functions compilation failed to produce executable
FAIL: gfortran.dg/allocate_zerosize_3.f -O3 -g (test for excess errors)
UNRESOLVED: gfortran.dg/allocate_zerosize_3.f -O3 -g compilation failed to produce executable
FAIL: gfortran.dg/allocate_zerosize_3.f -Os (test for excess errors)
UNRESOLVED: gfortran.dg/allocate_zerosize_3.f -Os compilation failed to produce executable
FAIL: gfortran.dg/argument_checking_15.f90 -O (internal compiler error)
FAIL: gfortran.dg/argument_checking_15.f90 -O (test for excess errors)
FAIL: gfortran.dg/array_constructor_24.f -O0 (test for excess errors)
UNRESOLVED: gfortran.dg/array_constructor_24.f -O0 compilation failed to produce executable
FAIL: gfortran.dg/array_constructor_24.f -O1 (test for excess errors)
UNRESOLVED: gfortran.dg/array_constructor_24.f -O1 compilation failed to produce executable
FAIL: gfortran.dg/array_constructor_24.f -O2 (test for excess errors)
UNRESOLVED: gfortran.dg/array_constructor_24.f -O2 compilation failed to produce executable
FAIL: gfortran.dg/array_constructor_24.f -O3 -fomit-frame-pointer (test for excess errors)
UNRESOLVED: gfortran.dg/array_constructor_24.f -O3 -fomit-frame-pointer compilation failed to produce executable
FAIL: gfortran.dg/array_constructor_24.f -O3 -fomit-frame-pointer -funroll-loops (test for excess errors)
UNRESOLVED: gfortran.dg/array_constructor_24.f -O3 -fomit-frame-pointer -funroll-loops compilation failed to produce executable
FAIL: gfortran.dg/array_constructor_24.f -O3 -fomit-frame-pointer -funroll-all-loops -finline-functions (test for excess errors)
UNRESOLVED: gfortran.dg/array_constructor_24.f -O3 -fomit-frame-pointer -funroll-all-loops -finline-functions compilation failed to produce executable
FAIL: gfortran.dg/array_constructor_24.f -O3 -g (test for excess errors)
UNRESOLVED: gfortran.dg/array_constructor_24.f -O3 -g compilation failed to produce executable
FAIL: gfortran.dg/array_constructor_24.f -Os (test for excess errors)
UNRESOLVED: gfortran.dg/array_constructor_24.f -Os compilation failed to produce executable
FAIL: gfortran.dg/associated_5.f90 -O0 (test for excess errors)
UNRESOLVED: gfortran.dg/associated_5.f90 -O0 compilation failed to produce executable
FAIL: gfortran.dg/associated_5.f90 -O1 (test for excess errors)
UNRESOLVED: gfortran.dg/associated_5.f90 -O1 compilation failed to produce executable
FAIL: gfortran.dg/associated_5.f90 -O2 (test for excess errors)
UNRESOLVED: gfortran.dg/associated_5.f90 -O2 compilation failed to produce executable
FAIL: gfortran.dg/associated_5.f90 -O3 -fomit-frame-pointer (test for excess errors)
UNRESOLVED: gfortran.dg/associated_5.f90 -O3 -fomit-frame-pointer compilation failed to produce executable
FAIL: gfortran.dg/associated_5.f90 -O3 -fomit-frame-pointer -funroll-loops (test for excess errors)
UNRESOLVED: gfortran.dg/associated_5.f90 -O3 -fomit-frame-pointer -funroll-loops compilation failed to produce executable
FAIL: gfortran.dg/associated_5.f90 -O3 -fomit-frame-pointer -funroll-all-loops -finline-functions (test for excess errors)
UNRESOLVED: gfortran.dg/associated_5.f90 -O3 -fomit-frame-pointer -funroll-all-loops -finline-functions compilation failed to produce executable
FAIL: gfortran.dg/associated_5.f90 -O3 -g (test for excess errors)
UNRESOLVED: gfortran.dg/associated_5.f90 -O3 -g compilation failed to produce executable
FAIL: gfortran.dg/associated_5.f90 -Os (test for excess errors)
UNRESOLVED: gfortran.dg/associated_5.f90 -Os compilation failed to produce executable
FAIL: gfortran.dg/backspace_9.f -O0 (test for excess errors)
UNRESOLVED: gfortran.dg/backspace_9.f -O0 compilation failed to produce executable
FAIL: gfortran.dg/backspace_9.f -O1 (test for excess errors)
UNRESOLVED: gfortran.dg/backspace_9.f -O1 compilation failed to produce executable
FAIL: gfortran.dg/backspace_9.f -O2 (test for excess errors)
UNRESOLVED: gfortran.dg/backspace_9.f -O2 compilation failed to produce executable
FAIL: gfortran.dg/backspace_9.f -O3 -fomit-frame-pointer (test for excess errors)
UNRESOLVED: gfortran.dg/backspace_9.f -O3 -fomit-frame-pointer compilation failed to produce executable
FAIL: gfortran.dg/backspace_9.f -O3 -fomit-frame-pointer -funroll-loops (test for excess errors)
UNRESOLVED: gfortran.dg/backspace_9.f -O3 -fomit-frame-pointer -funroll-loops compilation failed to produce executable
FAIL: gfortran.dg/backspace_9.f -O3 -fomit-frame-pointer -funroll-all-loops -finline-functions (test for excess errors)
UNRESOLVED: gfortran.dg/backspace_9.f -O3 -fomit-frame-pointer -funroll-all-loops -finline-functions compilation failed to produce executable
FAIL: gfortran.dg/backspace_9.f -O3 -g (test for excess errors)
UNRESOLVED: gfortran.dg/backspace_9.f -O3 -g compilation failed to produce executable
FAIL: gfortran.dg/backspace_9.f -Os (test for excess errors)
UNRESOLVED: gfortran.dg/backspace_9.f -Os compilation failed to produce executable
FAIL: gfortran.dg/blockdata_3.f90 -O (test for excess errors)
FAIL: gfortran.dg/bound_4.f90 -O0 (test for excess errors)
UNRESOLVED: gfortran.dg/bound_4.f90 -O0 compilation failed to produce executable
FAIL: gfortran.dg/bound_4.f90 -O1 (test for excess errors)
UNRESOLVED: gfortran.dg/bound_4.f90 -O1 compilation failed to produce executable
FAIL: gfortran.dg/bound_4.f90 -O2 (test for excess errors)
UNRESOLVED: gfortran.dg/bound_4.f90 -O2 compilation failed to produce executable
FAIL: gfortran.dg/bound_4.f90 -O3 -fomit-frame-pointer (test for excess errors)
UNRESOLVED: gfortran.dg/bound_4.f90 -O3 -fomit-frame-pointer compilation failed to produce executable
FAIL: gfortran.dg/bound_4.f90 -O3 -fomit-frame-pointer -funroll-loops (test for excess errors)
UNRESOLVED: gfortran.dg/bound_4.f90 -O3 -fomit-frame-pointer -funroll-loops compilation failed to produce executable
FAIL: gfortran.dg/bound_4.f90 -O3 -fomit-frame-pointer -funroll-all-loops -finline-functions (test for excess errors)
UNRESOLVED: gfortran.dg/bound_4.f90 -O3 -fomit-frame-pointer -funroll-all-loops -finline-functions compilation failed to produce executable
FAIL: gfortran.dg/bound_4.f90 -O3 -g (test for excess errors)
UNRESOLVED: gfortran.dg/bound_4.f90 -O3 -g compilation failed to produce executable
FAIL: gfortran.dg/bound_4.f90 -Os (test for excess errors)
UNRESOLVED: gfortran.dg/bound_4.f90 -Os compilation failed to produce executable
FAIL: gfortran.dg/bound_6.f90 -O0 (internal compiler error)
FAIL: gfortran.dg/bound_6.f90 -O0 (test for excess errors)
UNRESOLVED: gfortran.dg/bound_6.f90 -O0 compilation failed to produce executable
FAIL: gfortran.dg/bound_6.f90 -O1 (internal compiler error)
FAIL: gfortran.dg/bound_6.f90 -O1 (test for excess errors)
UNRESOLVED: gfortran.dg/bound_6.f90 -O1 compilation failed to produce executable
FAIL: gfortran.dg/bound_6.f90 -O2 (internal compiler error)
FAIL: gfortran.dg/bound_6.f90 -O2 (test for excess errors)
UNRESOLVED: gfortran.dg/bound_6.f90 -O2 compilation failed to produce executable
FAIL: gfortran.dg/bound_6.f90 -O3 -fomit-frame-pointer (internal compiler error)
FAIL: gfortran.dg/bound_6.f90 -O3 -fomit-frame-pointer (test for excess errors)
UNRESOLVED: gfortran.dg/bound_6.f90 -O3 -fomit-frame-pointer compilation failed to produce executable
FAIL: gfortran.dg/bound_6.f90 -O3 -fomit-frame-pointer -funroll-loops (internal compiler error)
FAIL: gfortran.dg/bound_6.f90 -O3 -fomit-frame-pointer -funroll-loops (test for excess errors)
UNRESOLVED: gfortran.dg/bound_6.f90 -O3 -fomit-frame-pointer -funroll-loops compilation failed to produce executable
FAIL: gfortran.dg/bound_6.f90 -O3 -fomit-frame-pointer -funroll-all-loops -finline-functions (internal compiler error)
FAIL: gfortran.dg/bound_6.f90 -O3 -fomit-frame-pointer -funroll-all-loops -finline-functions (test for excess errors)
UNRESOLVED: gfortran.dg/bound_6.f90 -O3 -fomit-frame-pointer -funroll-all-loops -finline-functions compilation failed to produce executable
FAIL: gfortran.dg/bound_6.f90 -O3 -g (internal compiler error)
FAIL: gfortran.dg/bound_6.f90 -O3 -g (test for excess errors)
UNRESOLVED: gfortran.dg/bound_6.f90 -O3 -g compilation failed to produce executable
FAIL: gfortran.dg/bound_6.f90 -Os (internal compiler error)
FAIL: gfortran.dg/bound_6.f90 -Os (test for excess errors)
UNRESOLVED: gfortran.dg/bound_6.f90 -Os compilation failed to produce executable
FAIL: gfortran.dg/bounds_check_14.f90 -O0 (test for excess errors)
UNRESOLVED: gfortran.dg/bounds_check_14.f90 -O0 compilation failed to produce executable
FAIL: gfortran.dg/bounds_check_14.f90 -O1 (test for excess errors)
UNRESOLVED: gfortran.dg/bounds_check_14.f90 -O1 compilation failed to produce executable
FAIL: gfortran.dg/bounds_check_14.f90 -O2 (test for excess errors)
UNRESOLVED: gfortran.dg/bounds_check_14.f90 -O2 compilation failed to produce executable
FAIL: gfortran.dg/bounds_check_14.f90 -O3 -fomit-frame-pointer (test for excess errors)
UNRESOLVED: gfortran.dg/bounds_check_14.f90 -O3 -fomit-frame-pointer compilation failed to produce executable
FAIL: gfortran.dg/bounds_check_14.f90 -O3 -fomit-frame-pointer -funroll-loops (test for excess errors)
UNRESOLVED: gfortran.dg/bounds_check_14.f90 -O3 -fomit-frame-pointer -funroll-loops compilation failed to produce executable
FAIL: gfortran.dg/bounds_check_14.f90 -O3 -fomit-frame-pointer -funroll-all-loops -finline-functions (test for excess errors)
UNRESOLVED: gfortran.dg/bounds_check_14.f90 -O3 -fomit-frame-pointer -funroll-all-loops -finline-functions compilation failed to produce executable
FAIL: gfortran.dg/bounds_check_14.f90 -O3 -g (test for excess errors)
UNRESOLVED: gfortran.dg/bounds_check_14.f90 -O3 -g compilation failed to produce executable
FAIL: gfortran.dg/bounds_check_14.f90 -Os (test for excess errors)
UNRESOLVED: gfortran.dg/bounds_check_14.f90 -Os compilation failed to produce executable
FAIL: gfortran.dg/bounds_check_2.f -O0 (test for excess errors)
UNRESOLVED: gfortran.dg/bounds_check_2.f -O0 compilation failed to produce executable
FAIL: gfortran.dg/bounds_check_2.f -O1 (test for excess errors)
UNRESOLVED: gfortran.dg/bounds_check_2.f -O1 compilation failed to produce executable
FAIL: gfortran.dg/bounds_check_2.f -O2 (test for excess errors)
UNRESOLVED: gfortran.dg/bounds_check_2.f -O2 compilation failed to produce executable
FAIL: gfortran.dg/bounds_check_2.f -O3 -fomit-frame-pointer (test for excess errors)
UNRESOLVED: gfortran.dg/bounds_check_2.f -O3 -fomit-frame-pointer compilation failed to produce executable
FAIL: gfortran.dg/bounds_check_2.f -O3 -fomit-frame-pointer -funroll-loops (test for excess errors)
UNRESOLVED: gfortran.dg/bounds_check_2.f -O3 -fomit-frame-pointer -funroll-loops compilation failed to produce executable
FAIL: gfortran.dg/bounds_check_2.f -O3 -fomit-frame-pointer -funroll-all-loops -finline-functions (test for excess errors)
UNRESOLVED: gfortran.dg/bounds_check_2.f -O3 -fomit-frame-pointer -funroll-all-loops -finline-functions compilation failed to produce executable
FAIL: gfortran.dg/bounds_check_2.f -O3 -g (test for excess errors)
UNRESOLVED: gfortran.dg/bounds_check_2.f -O3 -g compilation failed to produce executable
FAIL: gfortran.dg/bounds_check_2.f -Os (test for excess errors)
UNRESOLVED: gfortran.dg/bounds_check_2.f -Os compilation failed to produce executable
FAIL: gfortran.dg/byte_2.f90 -O0 (test for excess errors)
UNRESOLVED: gfortran.dg/byte_2.f90 -O0 compilation failed to produce executable
FAIL: gfortran.dg/byte_2.f90 -O1 (test for excess errors)
UNRESOLVED: gfortran.dg/byte_2.f90 -O1 compilation failed to produce executable
FAIL: gfortran.dg/byte_2.f90 -O2 (test for excess errors)
UNRESOLVED: gfortran.dg/byte_2.f90 -O2 compilation failed to produce executable
FAIL: gfortran.dg/byte_2.f90 -O3 -fomit-frame-pointer (test for excess errors)
UNRESOLVED: gfortran.dg/byte_2.f90 -O3 -fomit-frame-pointer compilation failed to produce executable
FAIL: gfortran.dg/byte_2.f90 -O3 -fomit-frame-pointer -funroll-loops (test for excess errors)
UNRESOLVED: gfortran.dg/byte_2.f90 -O3 -fomit-frame-pointer -funroll-loops compilation failed to produce executable
FAIL: gfortran.dg/byte_2.f90 -O3 -fomit-frame-pointer -funroll-all-loops -finline-functions (test for excess errors)
UNRESOLVED: gfortran.dg/byte_2.f90 -O3 -fomit-frame-pointer -funroll-all-loops -finline-functions compilation failed to produce executable
FAIL: gfortran.dg/byte_2.f90 -O3 -g (test for excess errors)
UNRESOLVED: gfortran.dg/byte_2.f90 -O3 -g compilation failed to produce executable
FAIL: gfortran.dg/byte_2.f90 -Os (test for excess errors)
UNRESOLVED: gfortran.dg/byte_2.f90 -Os compilation failed to produce executable
FAIL: gfortran.dg/c_by_val_5.f90 -O1 (test for excess errors)
FAIL: gfortran.dg/c_by_val_5.f90 -O2 (test for excess errors)
FAIL: gfortran.dg/c_by_val_5.f90 -O3 -fomit-frame-pointer (test for excess errors)
FAIL: gfortran.dg/c_by_val_5.f90 -O3 -fomit-frame-pointer -funroll-loops (test for excess errors)
FAIL: gfortran.dg/c_by_val_5.f90 -O3 -fomit-frame-pointer -funroll-all-loops -finline-functions (test for excess errors)
FAIL: gfortran.dg/c_by_val_5.f90 -O3 -g (test for excess errors)
FAIL: gfortran.dg/c_by_val_5.f90 -Os (test for excess errors)
FAIL: gfortran.dg/c_sizeof_2.f90 -O (test for excess errors)
FAIL: gfortran.dg/common_4.f90 -O0 (test for excess errors)
UNRESOLVED: gfortran.dg/common_4.f90 -O0 compilation failed to produce executable
FAIL: gfortran.dg/common_4.f90 -O1 (test for excess errors)
UNRESOLVED: gfortran.dg/common_4.f90 -O1 compilation failed to produce executable
FAIL: gfortran.dg/common_4.f90 -O2 (test for excess errors)
UNRESOLVED: gfortran.dg/common_4.f90 -O2 compilation failed to produce executable
FAIL: gfortran.dg/common_4.f90 -O3 -fomit-frame-pointer (test for excess errors)
UNRESOLVED: gfortran.dg/common_4.f90 -O3 -fomit-frame-pointer compilation failed to produce executable
FAIL: gfortran.dg/common_4.f90 -O3 -fomit-frame-pointer -funroll-loops (test for excess errors)
UNRESOLVED: gfortran.dg/common_4.f90 -O3 -fomit-frame-pointer -funroll-loops compilation failed to produce executable
FAIL: gfortran.dg/common_4.f90 -O3 -fomit-frame-pointer -funroll-all-loops -finline-functions (test for excess errors)
UNRESOLVED: gfortran.dg/common_4.f90 -O3 -fomit-frame-pointer -funroll-all-loops -finline-functions compilation failed to produce executable
FAIL: gfortran.dg/common_4.f90 -O3 -g (test for excess errors)
UNRESOLVED: gfortran.dg/common_4.f90 -O3 -g compilation failed to produce executable
FAIL: gfortran.dg/common_4.f90 -Os (test for excess errors)
UNRESOLVED: gfortran.dg/common_4.f90 -Os compilation failed to produce executable
FAIL: gfortran.dg/common_equivalence_1.f -O0 (test for excess errors)
UNRESOLVED: gfortran.dg/common_equivalence_1.f -O0 compilation failed to produce executable
FAIL: gfortran.dg/common_equivalence_1.f -O1 (test for excess errors)
UNRESOLVED: gfortran.dg/common_equivalence_1.f -O1 compilation failed to produce executable
FAIL: gfortran.dg/common_equivalence_1.f -O2 (test for excess errors)
UNRESOLVED: gfortran.dg/common_equivalence_1.f -O2 compilation failed to produce executable
FAIL: gfortran.dg/common_equivalence_1.f -O3 -fomit-frame-pointer (test for excess errors)
UNRESOLVED: gfortran.dg/common_equivalence_1.f -O3 -fomit-frame-pointer compilation failed to produce executable
FAIL: gfortran.dg/common_equivalence_1.f -O3 -fomit-frame-pointer -funroll-loops (test for excess errors)
UNRESOLVED: gfortran.dg/common_equivalence_1.f -O3 -fomit-frame-pointer -funroll-loops compilation failed to produce executable
FAIL: gfortran.dg/common_equivalence_1.f -O3 -fomit-frame-pointer -funroll-all-loops -finline-functions (test for excess errors)
UNRESOLVED: gfortran.dg/common_equivalence_1.f -O3 -fomit-frame-pointer -funroll-all-loops -finline-functions compilation failed to produce executable
FAIL: gfortran.dg/common_equivalence_1.f -O3 -g (test for excess errors)
UNRESOLVED: gfortran.dg/common_equivalence_1.f -O3 -g compilation failed to produce executable
FAIL: gfortran.dg/common_equivalence_1.f -Os (test for excess errors)
UNRESOLVED: gfortran.dg/common_equivalence_1.f -Os compilation failed to produce executable
FAIL: gfortran.dg/contained_3.f90 -O0 (test for excess errors)
UNRESOLVED: gfortran.dg/contained_3.f90 -O0 compilation failed to produce executable
FAIL: gfortran.dg/contained_3.f90 -O1 (test for excess errors)
UNRESOLVED: gfortran.dg/contained_3.f90 -O1 compilation failed to produce executable
FAIL: gfortran.dg/contained_3.f90 -O2 (test for excess errors)
UNRESOLVED: gfortran.dg/contained_3.f90 -O2 compilation failed to produce executable
FAIL: gfortran.dg/contained_3.f90 -O3 -fomit-frame-pointer (test for excess errors)
UNRESOLVED: gfortran.dg/contained_3.f90 -O3 -fomit-frame-pointer compilation failed to produce executable
FAIL: gfortran.dg/contained_3.f90 -O3 -fomit-frame-pointer -funroll-loops (test for excess errors)
UNRESOLVED: gfortran.dg/contained_3.f90 -O3 -fomit-frame-pointer -funroll-loops compilation failed to produce executable
FAIL: gfortran.dg/contained_3.f90 -O3 -fomit-frame-pointer -funroll-all-loops -finline-functions (test for excess errors)
UNRESOLVED: gfortran.dg/contained_3.f90 -O3 -fomit-frame-pointer -funroll-all-loops -finline-functions compilation failed to produce executable
FAIL: gfortran.dg/contained_3.f90 -O3 -g (test for excess errors)
UNRESOLVED: gfortran.dg/contained_3.f90 -O3 -g compilation failed to produce executable
FAIL: gfortran.dg/contained_3.f90 -Os (test for excess errors)
UNRESOLVED: gfortran.dg/contained_3.f90 -Os compilation failed to produce executable
FAIL: gfortran.dg/cray_pointers_2.f90 -O0 (test for excess errors)
UNRESOLVED: gfortran.dg/cray_pointers_2.f90 -O0 compilation failed to produce executable
FAIL: gfortran.dg/cray_pointers_2.f90 -O1 (test for excess errors)
UNRESOLVED: gfortran.dg/cray_pointers_2.f90 -O1 compilation failed to produce executable
FAIL: gfortran.dg/cray_pointers_2.f90 -O2 (test for excess errors)
UNRESOLVED: gfortran.dg/cray_pointers_2.f90 -O2 compilation failed to produce executable
FAIL: gfortran.dg/cray_pointers_2.f90 -O3 -fomit-frame-pointer (test for excess errors)
UNRESOLVED: gfortran.dg/cray_pointers_2.f90 -O3 -fomit-frame-pointer compilation failed to produce executable
FAIL: gfortran.dg/cray_pointers_2.f90 -O3 -fomit-frame-pointer -funroll-loops (test for excess errors)
UNRESOLVED: gfortran.dg/cray_pointers_2.f90 -O3 -fomit-frame-pointer -funroll-loops compilation failed to produce executable
FAIL: gfortran.dg/cray_pointers_2.f90 -O3 -fomit-frame-pointer -funroll-all-loops -finline-functions (test for excess errors)
UNRESOLVED: gfortran.dg/cray_pointers_2.f90 -O3 -fomit-frame-pointer -funroll-all-loops -finline-functions compilation failed to produce executable
FAIL: gfortran.dg/cray_pointers_2.f90 -O3 -g (test for excess errors)
UNRESOLVED: gfortran.dg/cray_pointers_2.f90 -O3 -g compilation failed to produce executable
FAIL: gfortran.dg/cray_pointers_2.f90 -Os (test for excess errors)
UNRESOLVED: gfortran.dg/cray_pointers_2.f90 -Os compilation failed to produce executable
FAIL: gfortran.dg/cray_pointers_7.f90 -O0 (test for excess errors)
UNRESOLVED: gfortran.dg/cray_pointers_7.f90 -O0 compilation failed to produce executable
FAIL: gfortran.dg/cray_pointers_7.f90 -O1 (test for excess errors)
UNRESOLVED: gfortran.dg/cray_pointers_7.f90 -O1 compilation failed to produce executable
FAIL: gfortran.dg/cray_pointers_7.f90 -O2 (test for excess errors)
UNRESOLVED: gfortran.dg/cray_pointers_7.f90 -O2 compilation failed to produce executable
FAIL: gfortran.dg/cray_pointers_7.f90 -O3 -fomit-frame-pointer (test for excess errors)
UNRESOLVED: gfortran.dg/cray_pointers_7.f90 -O3 -fomit-frame-pointer compilation failed to produce executable
FAIL: gfortran.dg/cray_pointers_7.f90 -O3 -fomit-frame-pointer -funroll-loops (test for excess errors)
UNRESOLVED: gfortran.dg/cray_pointers_7.f90 -O3 -fomit-frame-pointer -funroll-loops compilation failed to produce executable
FAIL: gfortran.dg/cray_pointers_7.f90 -O3 -fomit-frame-pointer -funroll-all-loops -finline-functions (test for excess errors)
UNRESOLVED: gfortran.dg/cray_pointers_7.f90 -O3 -fomit-frame-pointer -funroll-all-loops -finline-functions compilation failed to produce executable
FAIL: gfortran.dg/cray_pointers_7.f90 -O3 -g (test for excess errors)
UNRESOLVED: gfortran.dg/cray_pointers_7.f90 -O3 -g compilation failed to produce executable
FAIL: gfortran.dg/cray_pointers_7.f90 -Os (test for excess errors)
UNRESOLVED: gfortran.dg/cray_pointers_7.f90 -Os compilation failed to produce executable
FAIL: gfortran.dg/direct_io_10.f -O0 (test for excess errors)
UNRESOLVED: gfortran.dg/direct_io_10.f -O0 compilation failed to produce executable
FAIL: gfortran.dg/direct_io_10.f -O1 (test for excess errors)
UNRESOLVED: gfortran.dg/direct_io_10.f -O1 compilation failed to produce executable
FAIL: gfortran.dg/direct_io_10.f -O2 (test for excess errors)
UNRESOLVED: gfortran.dg/direct_io_10.f -O2 compilation failed to produce executable
FAIL: gfortran.dg/direct_io_10.f -O3 -fomit-frame-pointer (test for excess errors)
UNRESOLVED: gfortran.dg/direct_io_10.f -O3 -fomit-frame-pointer compilation failed to produce executable
FAIL: gfortran.dg/direct_io_10.f -O3 -fomit-frame-pointer -funroll-loops (test for excess errors)
UNRESOLVED: gfortran.dg/direct_io_10.f -O3 -fomit-frame-pointer -funroll-loops compilation failed to produce executable
FAIL: gfortran.dg/direct_io_10.f -O3 -fomit-frame-pointer -funroll-all-loops -finline-functions (test for excess errors)
UNRESOLVED: gfortran.dg/direct_io_10.f -O3 -fomit-frame-pointer -funroll-all-loops -finline-functions compilation failed to produce executable
FAIL: gfortran.dg/direct_io_10.f -O3 -g (test for excess errors)
UNRESOLVED: gfortran.dg/direct_io_10.f -O3 -g compilation failed to produce executable
FAIL: gfortran.dg/direct_io_10.f -Os (test for excess errors)
UNRESOLVED: gfortran.dg/direct_io_10.f -Os compilation failed to produce executable
FAIL: gfortran.dg/do_iterator_2.f90 -O0 (internal compiler error)
FAIL: gfortran.dg/do_iterator_2.f90 -O0 (test for excess errors)
UNRESOLVED: gfortran.dg/do_iterator_2.f90 -O0 compilation failed to produce executable
FAIL: gfortran.dg/do_iterator_2.f90 -O1 (internal compiler error)
FAIL: gfortran.dg/do_iterator_2.f90 -O1 (test for excess errors)
UNRESOLVED: gfortran.dg/do_iterator_2.f90 -O1 compilation failed to produce executable
FAIL: gfortran.dg/do_iterator_2.f90 -O2 (internal compiler error)
FAIL: gfortran.dg/do_iterator_2.f90 -O2 (test for excess errors)
UNRESOLVED: gfortran.dg/do_iterator_2.f90 -O2 compilation failed to produce executable
FAIL: gfortran.dg/do_iterator_2.f90 -O3 -fomit-frame-pointer (internal compiler error)
FAIL: gfortran.dg/do_iterator_2.f90 -O3 -fomit-frame-pointer (test for excess errors)
UNRESOLVED: gfortran.dg/do_iterator_2.f90 -O3 -fomit-frame-pointer compilation failed to produce executable
FAIL: gfortran.dg/do_iterator_2.f90 -O3 -fomit-frame-pointer -funroll-loops (internal compiler error)
FAIL: gfortran.dg/do_iterator_2.f90 -O3 -fomit-frame-pointer -funroll-loops (test for excess errors)
UNRESOLVED: gfortran.dg/do_iterator_2.f90 -O3 -fomit-frame-pointer -funroll-loops compilation failed to produce executable
FAIL: gfortran.dg/do_iterator_2.f90 -O3 -fomit-frame-pointer -funroll-all-loops -finline-functions (internal compiler error)
FAIL: gfortran.dg/do_iterator_2.f90 -O3 -fomit-frame-pointer -funroll-all-loops -finline-functions (test for excess errors)
UNRESOLVED: gfortran.dg/do_iterator_2.f90 -O3 -fomit-frame-pointer -funroll-all-loops -finline-functions compilation failed to produce executable
FAIL: gfortran.dg/do_iterator_2.f90 -O3 -g (internal compiler error)
FAIL: gfortran.dg/do_iterator_2.f90 -O3 -g (test for excess errors)
UNRESOLVED: gfortran.dg/do_iterator_2.f90 -O3 -g compilation failed to produce executable
FAIL: gfortran.dg/do_iterator_2.f90 -Os (internal compiler error)
FAIL: gfortran.dg/do_iterator_2.f90 -Os (test for excess errors)
UNRESOLVED: gfortran.dg/do_iterator_2.f90 -Os compilation failed to produce executable
FAIL: gfortran.dg/dup_save_1.f90 -O0 (test for excess errors)
UNRESOLVED: gfortran.dg/dup_save_1.f90 -O0 compilation failed to produce executable
FAIL: gfortran.dg/dup_save_1.f90 -O1 (test for excess errors)
UNRESOLVED: gfortran.dg/dup_save_1.f90 -O1 compilation failed to produce executable
FAIL: gfortran.dg/dup_save_1.f90 -O2 (test for excess errors)
UNRESOLVED: gfortran.dg/dup_save_1.f90 -O2 compilation failed to produce executable
FAIL: gfortran.dg/dup_save_1.f90 -O3 -fomit-frame-pointer (test for excess errors)
UNRESOLVED: gfortran.dg/dup_save_1.f90 -O3 -fomit-frame-pointer compilation failed to produce executable
FAIL: gfortran.dg/dup_save_1.f90 -O3 -fomit-frame-pointer -funroll-loops (test for excess errors)
UNRESOLVED: gfortran.dg/dup_save_1.f90 -O3 -fomit-frame-pointer -funroll-loops compilation failed to produce executable
FAIL: gfortran.dg/dup_save_1.f90 -O3 -fomit-frame-pointer -funroll-all-loops -finline-functions (test for excess errors)
UNRESOLVED: gfortran.dg/dup_save_1.f90 -O3 -fomit-frame-pointer -funroll-all-loops -finline-functions compilation failed to produce executable
FAIL: gfortran.dg/dup_save_1.f90 -O3 -g (test for excess errors)
UNRESOLVED: gfortran.dg/dup_save_1.f90 -O3 -g compilation failed to produce executable
FAIL: gfortran.dg/dup_save_1.f90 -Os (test for excess errors)
UNRESOLVED: gfortran.dg/dup_save_1.f90 -Os compilation failed to produce executable
FAIL: gfortran.dg/entry_array_specs_2.f -O0 (internal compiler error)
FAIL: gfortran.dg/entry_array_specs_2.f -O0 (test for excess errors)
UNRESOLVED: gfortran.dg/entry_array_specs_2.f -O0 compilation failed to produce executable
FAIL: gfortran.dg/entry_array_specs_2.f -O1 (internal compiler error)
FAIL: gfortran.dg/entry_array_specs_2.f -O1 (test for excess errors)
UNRESOLVED: gfortran.dg/entry_array_specs_2.f -O1 compilation failed to produce executable
FAIL: gfortran.dg/entry_array_specs_2.f -O2 (internal compiler error)
FAIL: gfortran.dg/entry_array_specs_2.f -O2 (test for excess errors)
UNRESOLVED: gfortran.dg/entry_array_specs_2.f -O2 compilation failed to produce executable
FAIL: gfortran.dg/entry_array_specs_2.f -O3 -fomit-frame-pointer (internal compiler error)
FAIL: gfortran.dg/entry_array_specs_2.f -O3 -fomit-frame-pointer (test for excess errors)
UNRESOLVED: gfortran.dg/entry_array_specs_2.f -O3 -fomit-frame-pointer compilation failed to produce executable
FAIL: gfortran.dg/entry_array_specs_2.f -O3 -fomit-frame-pointer -funroll-loops (internal compiler error)
FAIL: gfortran.dg/entry_array_specs_2.f -O3 -fomit-frame-pointer -funroll-loops (test for excess errors)
UNRESOLVED: gfortran.dg/entry_array_specs_2.f -O3 -fomit-frame-pointer -funroll-loops compilation failed to produce executable
FAIL: gfortran.dg/entry_array_specs_2.f -O3 -fomit-frame-pointer -funroll-all-loops -finline-functions (internal compiler error)
FAIL: gfortran.dg/entry_array_specs_2.f -O3 -fomit-frame-pointer -funroll-all-loops -finline-functions (test for excess errors)
UNRESOLVED: gfortran.dg/entry_array_specs_2.f -O3 -fomit-frame-pointer -funroll-all-loops -finline-functions compilation failed to produce executable
FAIL: gfortran.dg/entry_array_specs_2.f -O3 -g (internal compiler error)
FAIL: gfortran.dg/entry_array_specs_2.f -O3 -g (test for excess errors)
UNRESOLVED: gfortran.dg/entry_array_specs_2.f -O3 -g compilation failed to produce executable
FAIL: gfortran.dg/entry_array_specs_2.f -Os (internal compiler error)
FAIL: gfortran.dg/entry_array_specs_2.f -Os (test for excess errors)
UNRESOLVED: gfortran.dg/entry_array_specs_2.f -Os compilation failed to produce executable
FAIL: gfortran.dg/equiv_6.f90 -O0 (test for excess errors)
UNRESOLVED: gfortran.dg/equiv_6.f90 -O0 compilation failed to produce executable
FAIL: gfortran.dg/equiv_6.f90 -O1 (test for excess errors)
UNRESOLVED: gfortran.dg/equiv_6.f90 -O1 compilation failed to produce executable
FAIL: gfortran.dg/equiv_6.f90 -O2 (test for excess errors)
UNRESOLVED: gfortran.dg/equiv_6.f90 -O2 compilation failed to produce executable
FAIL: gfortran.dg/equiv_6.f90 -O3 -fomit-frame-pointer (test for excess errors)
UNRESOLVED: gfortran.dg/equiv_6.f90 -O3 -fomit-frame-pointer compilation failed to produce executable
FAIL: gfortran.dg/equiv_6.f90 -O3 -fomit-frame-pointer -funroll-loops (test for excess errors)
UNRESOLVED: gfortran.dg/equiv_6.f90 -O3 -fomit-frame-pointer -funroll-loops compilation failed to produce executable
FAIL: gfortran.dg/equiv_6.f90 -O3 -fomit-frame-pointer -funroll-all-loops -finline-functions (test for excess errors)
UNRESOLVED: gfortran.dg/equiv_6.f90 -O3 -fomit-frame-pointer -funroll-all-loops -finline-functions compilation failed to produce executable
FAIL: gfortran.dg/equiv_6.f90 -O3 -g (test for excess errors)
UNRESOLVED: gfortran.dg/equiv_6.f90 -O3 -g compilation failed to produce executable
FAIL: gfortran.dg/equiv_6.f90 -Os (test for excess errors)
UNRESOLVED: gfortran.dg/equiv_6.f90 -Os compilation failed to produce executable
FAIL: gfortran.dg/extended_char_comparison_1.f -O0 (test for excess errors)
UNRESOLVED: gfortran.dg/extended_char_comparison_1.f -O0 compilation failed to produce executable
FAIL: gfortran.dg/extended_char_comparison_1.f -O1 (test for excess errors)
UNRESOLVED: gfortran.dg/extended_char_comparison_1.f -O1 compilation failed to produce executable
FAIL: gfortran.dg/extended_char_comparison_1.f -O2 (test for excess errors)
UNRESOLVED: gfortran.dg/extended_char_comparison_1.f -O2 compilation failed to produce executable
FAIL: gfortran.dg/extended_char_comparison_1.f -O3 -fomit-frame-pointer (test for excess errors)
UNRESOLVED: gfortran.dg/extended_char_comparison_1.f -O3 -fomit-frame-pointer compilation failed to produce executable
FAIL: gfortran.dg/extended_char_comparison_1.f -O3 -fomit-frame-pointer -funroll-loops (test for excess errors)
UNRESOLVED: gfortran.dg/extended_char_comparison_1.f -O3 -fomit-frame-pointer -funroll-loops compilation failed to produce executable
FAIL: gfortran.dg/extended_char_comparison_1.f -O3 -fomit-frame-pointer -funroll-all-loops -finline-functions (test for excess errors)
UNRESOLVED: gfortran.dg/extended_char_comparison_1.f -O3 -fomit-frame-pointer -funroll-all-loops -finline-functions compilation failed to produce executable
FAIL: gfortran.dg/extended_char_comparison_1.f -O3 -g (test for excess errors)
UNRESOLVED: gfortran.dg/extended_char_comparison_1.f -O3 -g compilation failed to produce executable
FAIL: gfortran.dg/extended_char_comparison_1.f -Os (test for excess errors)
UNRESOLVED: gfortran.dg/extended_char_comparison_1.f -Os compilation failed to produce executable
FAIL: gfortran.dg/f2c_4.f90 -O0 (test for excess errors)
UNRESOLVED: gfortran.dg/f2c_4.f90 -O0 compilation failed to produce executable
FAIL: gfortran.dg/f2c_4.f90 -O1 (test for excess errors)
UNRESOLVED: gfortran.dg/f2c_4.f90 -O1 compilation failed to produce executable
FAIL: gfortran.dg/f2c_4.f90 -O2 (test for excess errors)
UNRESOLVED: gfortran.dg/f2c_4.f90 -O2 compilation failed to produce executable
FAIL: gfortran.dg/f2c_4.f90 -O3 -fomit-frame-pointer (test for excess errors)
UNRESOLVED: gfortran.dg/f2c_4.f90 -O3 -fomit-frame-pointer compilation failed to produce executable
FAIL: gfortran.dg/f2c_4.f90 -O3 -fomit-frame-pointer -funroll-loops (test for excess errors)
UNRESOLVED: gfortran.dg/f2c_4.f90 -O3 -fomit-frame-pointer -funroll-loops compilation failed to produce executable
FAIL: gfortran.dg/f2c_4.f90 -O3 -fomit-frame-pointer -funroll-all-loops -finline-functions (test for excess errors)
UNRESOLVED: gfortran.dg/f2c_4.f90 -O3 -fomit-frame-pointer -funroll-all-loops -finline-functions compilation failed to produce executable
FAIL: gfortran.dg/f2c_4.f90 -O3 -g (test for excess errors)
UNRESOLVED: gfortran.dg/f2c_4.f90 -O3 -g compilation failed to produce executable
FAIL: gfortran.dg/f2c_4.f90 -Os (test for excess errors)
UNRESOLVED: gfortran.dg/f2c_4.f90 -Os compilation failed to produce executable
FAIL: gfortran.dg/f2c_5.f90 -O0 (test for excess errors)
UNRESOLVED: gfortran.dg/f2c_5.f90 -O0 compilation failed to produce executable
FAIL: gfortran.dg/f2c_5.f90 -O1 (test for excess errors)
UNRESOLVED: gfortran.dg/f2c_5.f90 -O1 compilation failed to produce executable
FAIL: gfortran.dg/f2c_5.f90 -O2 (test for excess errors)
UNRESOLVED: gfortran.dg/f2c_5.f90 -O2 compilation failed to produce executable
FAIL: gfortran.dg/f2c_5.f90 -O3 -fomit-frame-pointer (test for excess errors)
UNRESOLVED: gfortran.dg/f2c_5.f90 -O3 -fomit-frame-pointer compilation failed to produce executable
FAIL: gfortran.dg/f2c_5.f90 -O3 -fomit-frame-pointer -funroll-loops (test for excess errors)
UNRESOLVED: gfortran.dg/f2c_5.f90 -O3 -fomit-frame-pointer -funroll-loops compilation failed to produce executable
FAIL: gfortran.dg/f2c_5.f90 -O3 -fomit-frame-pointer -funroll-all-loops -finline-functions (test for excess errors)
UNRESOLVED: gfortran.dg/f2c_5.f90 -O3 -fomit-frame-pointer -funroll-all-loops -finline-functions compilation failed to produce executable
FAIL: gfortran.dg/f2c_5.f90 -O3 -g (test for excess errors)
UNRESOLVED: gfortran.dg/f2c_5.f90 -O3 -g compilation failed to produce executable
FAIL: gfortran.dg/f2c_5.f90 -Os (test for excess errors)
UNRESOLVED: gfortran.dg/f2c_5.f90 -Os compilation failed to produce executable
FAIL: gfortran.dg/hollerith.f90 -O0 (test for excess errors)
UNRESOLVED: gfortran.dg/hollerith.f90 -O0 compilation failed to produce executable
FAIL: gfortran.dg/hollerith.f90 -O1 (test for excess errors)
UNRESOLVED: gfortran.dg/hollerith.f90 -O1 compilation failed to produce executable
FAIL: gfortran.dg/hollerith.f90 -O2 (test for excess errors)
UNRESOLVED: gfortran.dg/hollerith.f90 -O2 compilation failed to produce executable
FAIL: gfortran.dg/hollerith.f90 -O3 -fomit-frame-pointer (test for excess errors)
UNRESOLVED: gfortran.dg/hollerith.f90 -O3 -fomit-frame-pointer compilation failed to produce executable
FAIL: gfortran.dg/hollerith.f90 -O3 -fomit-frame-pointer -funroll-loops (test for excess errors)
UNRESOLVED: gfortran.dg/hollerith.f90 -O3 -fomit-frame-pointer -funroll-loops compilation failed to produce executable
FAIL: gfortran.dg/hollerith.f90 -O3 -fomit-frame-pointer -funroll-all-loops -finline-functions (test for excess errors)
UNRESOLVED: gfortran.dg/hollerith.f90 -O3 -fomit-frame-pointer -funroll-all-loops -finline-functions compilation failed to produce executable
FAIL: gfortran.dg/hollerith.f90 -O3 -g (test for excess errors)
UNRESOLVED: gfortran.dg/hollerith.f90 -O3 -g compilation failed to produce executable
FAIL: gfortran.dg/hollerith.f90 -Os (test for excess errors)
UNRESOLVED: gfortran.dg/hollerith.f90 -Os compilation failed to produce executable
FAIL: gfortran.dg/in_pack_rank7.f90 -O0 (test for excess errors)
UNRESOLVED: gfortran.dg/in_pack_rank7.f90 -O0 compilation failed to produce executable
FAIL: gfortran.dg/in_pack_rank7.f90 -O1 (test for excess errors)
UNRESOLVED: gfortran.dg/in_pack_rank7.f90 -O1 compilation failed to produce executable
FAIL: gfortran.dg/in_pack_rank7.f90 -O2 (test for excess errors)
UNRESOLVED: gfortran.dg/in_pack_rank7.f90 -O2 compilation failed to produce executable
FAIL: gfortran.dg/in_pack_rank7.f90 -O3 -fomit-frame-pointer (test for excess errors)
UNRESOLVED: gfortran.dg/in_pack_rank7.f90 -O3 -fomit-frame-pointer compilation failed to produce executable
FAIL: gfortran.dg/in_pack_rank7.f90 -O3 -fomit-frame-pointer -funroll-loops (test for excess errors)
UNRESOLVED: gfortran.dg/in_pack_rank7.f90 -O3 -fomit-frame-pointer -funroll-loops compilation failed to produce executable
FAIL: gfortran.dg/in_pack_rank7.f90 -O3 -fomit-frame-pointer -funroll-all-loops -finline-functions (test for excess errors)
UNRESOLVED: gfortran.dg/in_pack_rank7.f90 -O3 -fomit-frame-pointer -funroll-all-loops -finline-functions compilation failed to produce executable
FAIL: gfortran.dg/in_pack_rank7.f90 -O3 -g (test for excess errors)
UNRESOLVED: gfortran.dg/in_pack_rank7.f90 -O3 -g compilation failed to produce executable
FAIL: gfortran.dg/in_pack_rank7.f90 -Os (test for excess errors)
UNRESOLVED: gfortran.dg/in_pack_rank7.f90 -Os compilation failed to produce executable
FAIL: gfortran.dg/init_flag_1.f90 -O0 (test for excess errors)
UNRESOLVED: gfortran.dg/init_flag_1.f90 -O0 compilation failed to produce executable
FAIL: gfortran.dg/init_flag_1.f90 -O1 (test for excess errors)
UNRESOLVED: gfortran.dg/init_flag_1.f90 -O1 compilation failed to produce executable
FAIL: gfortran.dg/init_flag_1.f90 -O2 (test for excess errors)
UNRESOLVED: gfortran.dg/init_flag_1.f90 -O2 compilation failed to produce executable
FAIL: gfortran.dg/init_flag_1.f90 -O3 -fomit-frame-pointer (test for excess errors)
UNRESOLVED: gfortran.dg/init_flag_1.f90 -O3 -fomit-frame-pointer compilation failed to produce executable
FAIL: gfortran.dg/init_flag_1.f90 -O3 -fomit-frame-pointer -funroll-loops (test for excess errors)
UNRESOLVED: gfortran.dg/init_flag_1.f90 -O3 -fomit-frame-pointer -funroll-loops compilation failed to produce executable
FAIL: gfortran.dg/init_flag_1.f90 -O3 -fomit-frame-pointer -funroll-all-loops -finline-functions (test for excess errors)
UNRESOLVED: gfortran.dg/init_flag_1.f90 -O3 -fomit-frame-pointer -funroll-all-loops -finline-functions compilation failed to produce executable
FAIL: gfortran.dg/init_flag_1.f90 -O3 -g (test for excess errors)
UNRESOLVED: gfortran.dg/init_flag_1.f90 -O3 -g compilation failed to produce executable
FAIL: gfortran.dg/init_flag_1.f90 -Os (test for excess errors)
UNRESOLVED: gfortran.dg/init_flag_1.f90 -Os compilation failed to produce executable
FAIL: gfortran.dg/init_flag_2.f90 -O0 (test for excess errors)
UNRESOLVED: gfortran.dg/init_flag_2.f90 -O0 compilation failed to produce executable
FAIL: gfortran.dg/init_flag_2.f90 -O1 (test for excess errors)
UNRESOLVED: gfortran.dg/init_flag_2.f90 -O1 compilation failed to produce executable
FAIL: gfortran.dg/init_flag_2.f90 -O2 (test for excess errors)
UNRESOLVED: gfortran.dg/init_flag_2.f90 -O2 compilation failed to produce executable
FAIL: gfortran.dg/init_flag_2.f90 -O3 -fomit-frame-pointer (test for excess errors)
UNRESOLVED: gfortran.dg/init_flag_2.f90 -O3 -fomit-frame-pointer compilation failed to produce executable
FAIL: gfortran.dg/init_flag_2.f90 -O3 -fomit-frame-pointer -funroll-loops (test for excess errors)
UNRESOLVED: gfortran.dg/init_flag_2.f90 -O3 -fomit-frame-pointer -funroll-loops compilation failed to produce executable
FAIL: gfortran.dg/init_flag_2.f90 -O3 -fomit-frame-pointer -funroll-all-loops -finline-functions (test for excess errors)
UNRESOLVED: gfortran.dg/init_flag_2.f90 -O3 -fomit-frame-pointer -funroll-all-loops -finline-functions compilation failed to produce executable
FAIL: gfortran.dg/init_flag_2.f90 -O3 -g (test for excess errors)
UNRESOLVED: gfortran.dg/init_flag_2.f90 -O3 -g compilation failed to produce executable
FAIL: gfortran.dg/init_flag_2.f90 -Os (test for excess errors)
UNRESOLVED: gfortran.dg/init_flag_2.f90 -Os compilation failed to produce executable
FAIL: gfortran.dg/init_flag_3.f90 -O0 (test for excess errors)
UNRESOLVED: gfortran.dg/init_flag_3.f90 -O0 compilation failed to produce executable
FAIL: gfortran.dg/init_flag_3.f90 -O1 (test for excess errors)
UNRESOLVED: gfortran.dg/init_flag_3.f90 -O1 compilation failed to produce executable
FAIL: gfortran.dg/init_flag_3.f90 -O2 (test for excess errors)
UNRESOLVED: gfortran.dg/init_flag_3.f90 -O2 compilation failed to produce executable
FAIL: gfortran.dg/init_flag_3.f90 -O3 -fomit-frame-pointer (test for excess errors)
UNRESOLVED: gfortran.dg/init_flag_3.f90 -O3 -fomit-frame-pointer compilation failed to produce executable
FAIL: gfortran.dg/init_flag_3.f90 -O3 -fomit-frame-pointer -funroll-loops (test for excess errors)
UNRESOLVED: gfortran.dg/init_flag_3.f90 -O3 -fomit-frame-pointer -funroll-loops compilation failed to produce executable
FAIL: gfortran.dg/init_flag_3.f90 -O3 -fomit-frame-pointer -funroll-all-loops -finline-functions (test for excess errors)
UNRESOLVED: gfortran.dg/init_flag_3.f90 -O3 -fomit-frame-pointer -funroll-all-loops -finline-functions compilation failed to produce executable
FAIL: gfortran.dg/init_flag_3.f90 -O3 -g (test for excess errors)
UNRESOLVED: gfortran.dg/init_flag_3.f90 -O3 -g compilation failed to produce executable
FAIL: gfortran.dg/init_flag_3.f90 -Os (test for excess errors)
UNRESOLVED: gfortran.dg/init_flag_3.f90 -Os compilation failed to produce executable
FAIL: gfortran.dg/init_flag_4.f90 -O0 (test for excess errors)
UNRESOLVED: gfortran.dg/init_flag_4.f90 -O0 compilation failed to produce executable
FAIL: gfortran.dg/init_flag_4.f90 -O1 (test for excess errors)
UNRESOLVED: gfortran.dg/init_flag_4.f90 -O1 compilation failed to produce executable
FAIL: gfortran.dg/init_flag_4.f90 -O2 (test for excess errors)
UNRESOLVED: gfortran.dg/init_flag_4.f90 -O2 compilation failed to produce executable
FAIL: gfortran.dg/init_flag_4.f90 -O3 -fomit-frame-pointer (test for excess errors)
UNRESOLVED: gfortran.dg/init_flag_4.f90 -O3 -fomit-frame-pointer compilation failed to produce executable
FAIL: gfortran.dg/init_flag_4.f90 -O3 -fomit-frame-pointer -funroll-loops (test for excess errors)
UNRESOLVED: gfortran.dg/init_flag_4.f90 -O3 -fomit-frame-pointer -funroll-loops compilation failed to produce executable
FAIL: gfortran.dg/init_flag_4.f90 -O3 -fomit-frame-pointer -funroll-all-loops -finline-functions (test for excess errors)
UNRESOLVED: gfortran.dg/init_flag_4.f90 -O3 -fomit-frame-pointer -funroll-all-loops -finline-functions compilation failed to produce executable
FAIL: gfortran.dg/init_flag_4.f90 -O3 -g (test for excess errors)
UNRESOLVED: gfortran.dg/init_flag_4.f90 -O3 -g compilation failed to produce executable
FAIL: gfortran.dg/init_flag_4.f90 -Os (test for excess errors)
UNRESOLVED: gfortran.dg/init_flag_4.f90 -Os compilation failed to produce executable
FAIL: gfortran.dg/init_flag_5.f90 -O0 (test for excess errors)
UNRESOLVED: gfortran.dg/init_flag_5.f90 -O0 compilation failed to produce executable
FAIL: gfortran.dg/init_flag_5.f90 -O1 (test for excess errors)
UNRESOLVED: gfortran.dg/init_flag_5.f90 -O1 compilation failed to produce executable
FAIL: gfortran.dg/init_flag_5.f90 -O2 (test for excess errors)
UNRESOLVED: gfortran.dg/init_flag_5.f90 -O2 compilation failed to produce executable
FAIL: gfortran.dg/init_flag_5.f90 -O3 -fomit-frame-pointer (test for excess errors)
UNRESOLVED: gfortran.dg/init_flag_5.f90 -O3 -fomit-frame-pointer compilation failed to produce executable
FAIL: gfortran.dg/init_flag_5.f90 -O3 -fomit-frame-pointer -funroll-loops (test for excess errors)
UNRESOLVED: gfortran.dg/init_flag_5.f90 -O3 -fomit-frame-pointer -funroll-loops compilation failed to produce executable
FAIL: gfortran.dg/init_flag_5.f90 -O3 -fomit-frame-pointer -funroll-all-loops -finline-functions (test for excess errors)
UNRESOLVED: gfortran.dg/init_flag_5.f90 -O3 -fomit-frame-pointer -funroll-all-loops -finline-functions compilation failed to produce executable
FAIL: gfortran.dg/init_flag_5.f90 -O3 -g (test for excess errors)
UNRESOLVED: gfortran.dg/init_flag_5.f90 -O3 -g compilation failed to produce executable
FAIL: gfortran.dg/init_flag_5.f90 -Os (test for excess errors)
UNRESOLVED: gfortran.dg/init_flag_5.f90 -Os compilation failed to produce executable
FAIL: gfortran.dg/init_flag_6.f90 -O0 (test for excess errors)
UNRESOLVED: gfortran.dg/init_flag_6.f90 -O0 compilation failed to produce executable
FAIL: gfortran.dg/init_flag_6.f90 -O1 (test for excess errors)
UNRESOLVED: gfortran.dg/init_flag_6.f90 -O1 compilation failed to produce executable
FAIL: gfortran.dg/init_flag_6.f90 -O2 (test for excess errors)
UNRESOLVED: gfortran.dg/init_flag_6.f90 -O2 compilation failed to produce executable
FAIL: gfortran.dg/init_flag_6.f90 -O3 -fomit-frame-pointer (test for excess errors)
UNRESOLVED: gfortran.dg/init_flag_6.f90 -O3 -fomit-frame-pointer compilation failed to produce executable
FAIL: gfortran.dg/init_flag_6.f90 -O3 -fomit-frame-pointer -funroll-loops (test for excess errors)
UNRESOLVED: gfortran.dg/init_flag_6.f90 -O3 -fomit-frame-pointer -funroll-loops compilation failed to produce executable
FAIL: gfortran.dg/init_flag_6.f90 -O3 -fomit-frame-pointer -funroll-all-loops -finline-functions (test for excess errors)
UNRESOLVED: gfortran.dg/init_flag_6.f90 -O3 -fomit-frame-pointer -funroll-all-loops -finline-functions compilation failed to produce executable
FAIL: gfortran.dg/init_flag_6.f90 -O3 -g (test for excess errors)
UNRESOLVED: gfortran.dg/init_flag_6.f90 -O3 -g compilation failed to produce executable
FAIL: gfortran.dg/init_flag_6.f90 -Os (test for excess errors)
UNRESOLVED: gfortran.dg/init_flag_6.f90 -Os compilation failed to produce executable
FAIL: gfortran.dg/init_flag_7.f90 -O0 (test for excess errors)
UNRESOLVED: gfortran.dg/init_flag_7.f90 -O0 compilation failed to produce executable
FAIL: gfortran.dg/init_flag_7.f90 -O1 (test for excess errors)
UNRESOLVED: gfortran.dg/init_flag_7.f90 -O1 compilation failed to produce executable
FAIL: gfortran.dg/init_flag_7.f90 -O2 (test for excess errors)
UNRESOLVED: gfortran.dg/init_flag_7.f90 -O2 compilation failed to produce executable
FAIL: gfortran.dg/init_flag_7.f90 -O3 -fomit-frame-pointer (test for excess errors)
UNRESOLVED: gfortran.dg/init_flag_7.f90 -O3 -fomit-frame-pointer compilation failed to produce executable
FAIL: gfortran.dg/init_flag_7.f90 -O3 -fomit-frame-pointer -funroll-loops (test for excess errors)
UNRESOLVED: gfortran.dg/init_flag_7.f90 -O3 -fomit-frame-pointer -funroll-loops compilation failed to produce executable
FAIL: gfortran.dg/init_flag_7.f90 -O3 -fomit-frame-pointer -funroll-all-loops -finline-functions (test for excess errors)
UNRESOLVED: gfortran.dg/init_flag_7.f90 -O3 -fomit-frame-pointer -funroll-all-loops -finline-functions compilation failed to produce executable
FAIL: gfortran.dg/init_flag_7.f90 -O3 -g (test for excess errors)
UNRESOLVED: gfortran.dg/init_flag_7.f90 -O3 -g compilation failed to produce executable
FAIL: gfortran.dg/init_flag_7.f90 -Os (test for excess errors)
UNRESOLVED: gfortran.dg/init_flag_7.f90 -Os compilation failed to produce executable
FAIL: gfortran.dg/initialization_18.f90 -O (test for excess errors)
FAIL: gfortran.dg/integer_exponentiation_2.f90 -O0 (internal compiler error)
FAIL: gfortran.dg/integer_exponentiation_2.f90 -O0 (test for excess errors)
UNRESOLVED: gfortran.dg/integer_exponentiation_2.f90 -O0 compilation failed to produce executable
FAIL: gfortran.dg/integer_exponentiation_2.f90 -O1 (internal compiler error)
FAIL: gfortran.dg/integer_exponentiation_2.f90 -O1 (test for excess errors)
UNRESOLVED: gfortran.dg/integer_exponentiation_2.f90 -O1 compilation failed to produce executable
FAIL: gfortran.dg/integer_exponentiation_2.f90 -O2 (internal compiler error)
FAIL: gfortran.dg/integer_exponentiation_2.f90 -O2 (test for excess errors)
UNRESOLVED: gfortran.dg/integer_exponentiation_2.f90 -O2 compilation failed to produce executable
FAIL: gfortran.dg/integer_exponentiation_2.f90 -O3 -fomit-frame-pointer (internal compiler error)
FAIL: gfortran.dg/integer_exponentiation_2.f90 -O3 -fomit-frame-pointer (test for excess errors)
UNRESOLVED: gfortran.dg/integer_exponentiation_2.f90 -O3 -fomit-frame-pointer compilation failed to produce executable
FAIL: gfortran.dg/integer_exponentiation_2.f90 -O3 -fomit-frame-pointer -funroll-loops (internal compiler error)
FAIL: gfortran.dg/integer_exponentiation_2.f90 -O3 -fomit-frame-pointer -funroll-loops (test for excess errors)
UNRESOLVED: gfortran.dg/integer_exponentiation_2.f90 -O3 -fomit-frame-pointer -funroll-loops compilation failed to produce executable
FAIL: gfortran.dg/integer_exponentiation_2.f90 -O3 -fomit-frame-pointer -funroll-all-loops -finline-functions (internal compiler error)
FAIL: gfortran.dg/integer_exponentiation_2.f90 -O3 -fomit-frame-pointer -funroll-all-loops -finline-functions (test for excess errors)
UNRESOLVED: gfortran.dg/integer_exponentiation_2.f90 -O3 -fomit-frame-pointer -funroll-all-loops -finline-functions compilation failed to produce executable
FAIL: gfortran.dg/integer_exponentiation_2.f90 -O3 -g (internal compiler error)
FAIL: gfortran.dg/integer_exponentiation_2.f90 -O3 -g (test for excess errors)
UNRESOLVED: gfortran.dg/integer_exponentiation_2.f90 -O3 -g compilation failed to produce executable
FAIL: gfortran.dg/integer_exponentiation_2.f90 -Os (internal compiler error)
FAIL: gfortran.dg/integer_exponentiation_2.f90 -Os (test for excess errors)
UNRESOLVED: gfortran.dg/integer_exponentiation_2.f90 -Os compilation failed to produce executable
FAIL: gfortran.dg/interface_12.f90 -O0 (test for excess errors)
UNRESOLVED: gfortran.dg/interface_12.f90 -O0 compilation failed to produce executable
FAIL: gfortran.dg/interface_12.f90 -O1 (test for excess errors)
UNRESOLVED: gfortran.dg/interface_12.f90 -O1 compilation failed to produce executable
FAIL: gfortran.dg/interface_12.f90 -O2 (test for excess errors)
UNRESOLVED: gfortran.dg/interface_12.f90 -O2 compilation failed to produce executable
FAIL: gfortran.dg/interface_12.f90 -O3 -fomit-frame-pointer (test for excess errors)
UNRESOLVED: gfortran.dg/interface_12.f90 -O3 -fomit-frame-pointer compilation failed to produce executable
FAIL: gfortran.dg/interface_12.f90 -O3 -fomit-frame-pointer -funroll-loops (test for excess errors)
UNRESOLVED: gfortran.dg/interface_12.f90 -O3 -fomit-frame-pointer -funroll-loops compilation failed to produce executable
FAIL: gfortran.dg/interface_12.f90 -O3 -fomit-frame-pointer -funroll-all-loops -finline-functions (test for excess errors)
UNRESOLVED: gfortran.dg/interface_12.f90 -O3 -fomit-frame-pointer -funroll-all-loops -finline-functions compilation failed to produce executable
FAIL: gfortran.dg/interface_12.f90 -O3 -g (test for excess errors)
UNRESOLVED: gfortran.dg/interface_12.f90 -O3 -g compilation failed to produce executable
FAIL: gfortran.dg/interface_12.f90 -Os (test for excess errors)
UNRESOLVED: gfortran.dg/interface_12.f90 -Os compilation failed to produce executable
FAIL: gfortran.dg/internal_pack_1.f90 -O0 (test for excess errors)
UNRESOLVED: gfortran.dg/internal_pack_1.f90 -O0 compilation failed to produce executable
FAIL: gfortran.dg/internal_pack_1.f90 -O1 (test for excess errors)
UNRESOLVED: gfortran.dg/internal_pack_1.f90 -O1 compilation failed to produce executable
FAIL: gfortran.dg/internal_pack_1.f90 -O2 (test for excess errors)
UNRESOLVED: gfortran.dg/internal_pack_1.f90 -O2 compilation failed to produce executable
FAIL: gfortran.dg/internal_pack_1.f90 -O3 -fomit-frame-pointer (test for excess errors)
UNRESOLVED: gfortran.dg/internal_pack_1.f90 -O3 -fomit-frame-pointer compilation failed to produce executable
FAIL: gfortran.dg/internal_pack_1.f90 -O3 -fomit-frame-pointer -funroll-loops (test for excess errors)
UNRESOLVED: gfortran.dg/internal_pack_1.f90 -O3 -fomit-frame-pointer -funroll-loops compilation failed to produce executable
FAIL: gfortran.dg/internal_pack_1.f90 -O3 -fomit-frame-pointer -funroll-all-loops -finline-functions (test for excess errors)
UNRESOLVED: gfortran.dg/internal_pack_1.f90 -O3 -fomit-frame-pointer -funroll-all-loops -finline-functions compilation failed to produce executable
FAIL: gfortran.dg/internal_pack_1.f90 -O3 -g (test for excess errors)
UNRESOLVED: gfortran.dg/internal_pack_1.f90 -O3 -g compilation failed to produce executable
FAIL: gfortran.dg/internal_pack_1.f90 -Os (test for excess errors)
UNRESOLVED: gfortran.dg/internal_pack_1.f90 -Os compilation failed to produce executable
FAIL: gfortran.dg/intrinsic_ifunction_1.f90 -O0 (test for excess errors)
UNRESOLVED: gfortran.dg/intrinsic_ifunction_1.f90 -O0 compilation failed to produce executable
FAIL: gfortran.dg/intrinsic_ifunction_1.f90 -O1 (test for excess errors)
UNRESOLVED: gfortran.dg/intrinsic_ifunction_1.f90 -O1 compilation failed to produce executable
FAIL: gfortran.dg/intrinsic_ifunction_1.f90 -O2 (test for excess errors)
UNRESOLVED: gfortran.dg/intrinsic_ifunction_1.f90 -O2 compilation failed to produce executable
FAIL: gfortran.dg/intrinsic_ifunction_1.f90 -O3 -fomit-frame-pointer (test for excess errors)
UNRESOLVED: gfortran.dg/intrinsic_ifunction_1.f90 -O3 -fomit-frame-pointer compilation failed to produce executable
FAIL: gfortran.dg/intrinsic_ifunction_1.f90 -O3 -fomit-frame-pointer -funroll-loops (test for excess errors)
UNRESOLVED: gfortran.dg/intrinsic_ifunction_1.f90 -O3 -fomit-frame-pointer -funroll-loops compilation failed to produce executable
FAIL: gfortran.dg/intrinsic_ifunction_1.f90 -O3 -fomit-frame-pointer -funroll-all-loops -finline-functions (test for excess errors)
UNRESOLVED: gfortran.dg/intrinsic_ifunction_1.f90 -O3 -fomit-frame-pointer -funroll-all-loops -finline-functions compilation failed to produce executable
FAIL: gfortran.dg/intrinsic_ifunction_1.f90 -O3 -g (test for excess errors)
UNRESOLVED: gfortran.dg/intrinsic_ifunction_1.f90 -O3 -g compilation failed to produce executable
FAIL: gfortran.dg/intrinsic_ifunction_1.f90 -Os (test for excess errors)
UNRESOLVED: gfortran.dg/intrinsic_ifunction_1.f90 -Os compilation failed to produce executable
FAIL: gfortran.dg/intrinsic_pack_4.f90 -O0 (test for excess errors)
UNRESOLVED: gfortran.dg/intrinsic_pack_4.f90 -O0 compilation failed to produce executable
FAIL: gfortran.dg/intrinsic_pack_4.f90 -O1 (test for excess errors)
UNRESOLVED: gfortran.dg/intrinsic_pack_4.f90 -O1 compilation failed to produce executable
FAIL: gfortran.dg/intrinsic_pack_4.f90 -O2 (test for excess errors)
UNRESOLVED: gfortran.dg/intrinsic_pack_4.f90 -O2 compilation failed to produce executable
FAIL: gfortran.dg/intrinsic_pack_4.f90 -O3 -fomit-frame-pointer (test for excess errors)
UNRESOLVED: gfortran.dg/intrinsic_pack_4.f90 -O3 -fomit-frame-pointer compilation failed to produce executable
FAIL: gfortran.dg/intrinsic_pack_4.f90 -O3 -fomit-frame-pointer -funroll-loops (test for excess errors)
UNRESOLVED: gfortran.dg/intrinsic_pack_4.f90 -O3 -fomit-frame-pointer -funroll-loops compilation failed to produce executable
FAIL: gfortran.dg/intrinsic_pack_4.f90 -O3 -fomit-frame-pointer -funroll-all-loops -finline-functions (test for excess errors)
UNRESOLVED: gfortran.dg/intrinsic_pack_4.f90 -O3 -fomit-frame-pointer -funroll-all-loops -finline-functions compilation failed to produce executable
FAIL: gfortran.dg/intrinsic_pack_4.f90 -O3 -g (test for excess errors)
UNRESOLVED: gfortran.dg/intrinsic_pack_4.f90 -O3 -g compilation failed to produce executable
FAIL: gfortran.dg/intrinsic_pack_4.f90 -Os (test for excess errors)
UNRESOLVED: gfortran.dg/intrinsic_pack_4.f90 -Os compilation failed to produce executable
FAIL: gfortran.dg/intrinsic_product_1.f90 -O0 (test for excess errors)
UNRESOLVED: gfortran.dg/intrinsic_product_1.f90 -O0 compilation failed to produce executable
FAIL: gfortran.dg/intrinsic_product_1.f90 -O1 (test for excess errors)
UNRESOLVED: gfortran.dg/intrinsic_product_1.f90 -O1 compilation failed to produce executable
FAIL: gfortran.dg/intrinsic_product_1.f90 -O2 (test for excess errors)
UNRESOLVED: gfortran.dg/intrinsic_product_1.f90 -O2 compilation failed to produce executable
FAIL: gfortran.dg/intrinsic_product_1.f90 -O3 -fomit-frame-pointer (test for excess errors)
UNRESOLVED: gfortran.dg/intrinsic_product_1.f90 -O3 -fomit-frame-pointer compilation failed to produce executable
FAIL: gfortran.dg/intrinsic_product_1.f90 -O3 -fomit-frame-pointer -funroll-loops (test for excess errors)
UNRESOLVED: gfortran.dg/intrinsic_product_1.f90 -O3 -fomit-frame-pointer -funroll-loops compilation failed to produce executable
FAIL: gfortran.dg/intrinsic_product_1.f90 -O3 -fomit-frame-pointer -funroll-all-loops -finline-functions (test for excess errors)
UNRESOLVED: gfortran.dg/intrinsic_product_1.f90 -O3 -fomit-frame-pointer -funroll-all-loops -finline-functions compilation failed to produce executable
FAIL: gfortran.dg/intrinsic_product_1.f90 -O3 -g (test for excess errors)
UNRESOLVED: gfortran.dg/intrinsic_product_1.f90 -O3 -g compilation failed to produce executable
FAIL: gfortran.dg/intrinsic_product_1.f90 -Os (test for excess errors)
UNRESOLVED: gfortran.dg/intrinsic_product_1.f90 -Os compilation failed to produce executable
FAIL: gfortran.dg/list_read_3.f90 -O0 (test for excess errors)
UNRESOLVED: gfortran.dg/list_read_3.f90 -O0 compilation failed to produce executable
FAIL: gfortran.dg/list_read_3.f90 -O1 (test for excess errors)
UNRESOLVED: gfortran.dg/list_read_3.f90 -O1 compilation failed to produce executable
FAIL: gfortran.dg/list_read_3.f90 -O2 (test for excess errors)
UNRESOLVED: gfortran.dg/list_read_3.f90 -O2 compilation failed to produce executable
FAIL: gfortran.dg/list_read_3.f90 -O3 -fomit-frame-pointer (test for excess errors)
UNRESOLVED: gfortran.dg/list_read_3.f90 -O3 -fomit-frame-pointer compilation failed to produce executable
FAIL: gfortran.dg/list_read_3.f90 -O3 -fomit-frame-pointer -funroll-loops (test for excess errors)
UNRESOLVED: gfortran.dg/list_read_3.f90 -O3 -fomit-frame-pointer -funroll-loops compilation failed to produce executable
FAIL: gfortran.dg/list_read_3.f90 -O3 -fomit-frame-pointer -funroll-all-loops -finline-functions (test for excess errors)
UNRESOLVED: gfortran.dg/list_read_3.f90 -O3 -fomit-frame-pointer -funroll-all-loops -finline-functions compilation failed to produce executable
FAIL: gfortran.dg/list_read_3.f90 -O3 -g (test for excess errors)
UNRESOLVED: gfortran.dg/list_read_3.f90 -O3 -g compilation failed to produce executable
FAIL: gfortran.dg/list_read_3.f90 -Os (test for excess errors)
UNRESOLVED: gfortran.dg/list_read_3.f90 -Os compilation failed to produce executable
FAIL: gfortran.dg/loc_1.f90 -O0 (test for excess errors)
UNRESOLVED: gfortran.dg/loc_1.f90 -O0 compilation failed to produce executable
FAIL: gfortran.dg/loc_1.f90 -O1 (test for excess errors)
UNRESOLVED: gfortran.dg/loc_1.f90 -O1 compilation failed to produce executable
FAIL: gfortran.dg/loc_1.f90 -O2 (test for excess errors)
UNRESOLVED: gfortran.dg/loc_1.f90 -O2 compilation failed to produce executable
FAIL: gfortran.dg/loc_1.f90 -O3 -fomit-frame-pointer (test for excess errors)
UNRESOLVED: gfortran.dg/loc_1.f90 -O3 -fomit-frame-pointer compilation failed to produce executable
FAIL: gfortran.dg/loc_1.f90 -O3 -fomit-frame-pointer -funroll-loops (test for excess errors)
UNRESOLVED: gfortran.dg/loc_1.f90 -O3 -fomit-frame-pointer -funroll-loops compilation failed to produce executable
FAIL: gfortran.dg/loc_1.f90 -O3 -fomit-frame-pointer -funroll-all-loops -finline-functions (test for excess errors)
UNRESOLVED: gfortran.dg/loc_1.f90 -O3 -fomit-frame-pointer -funroll-all-loops -finline-functions compilation failed to produce executable
FAIL: gfortran.dg/loc_1.f90 -O3 -g (test for excess errors)
UNRESOLVED: gfortran.dg/loc_1.f90 -O3 -g compilation failed to produce executable
FAIL: gfortran.dg/loc_1.f90 -Os (test for excess errors)
UNRESOLVED: gfortran.dg/loc_1.f90 -Os compilation failed to produce executable
FAIL: gfortran.dg/loc_2.f90 -O0 (test for excess errors)
UNRESOLVED: gfortran.dg/loc_2.f90 -O0 compilation failed to produce executable
FAIL: gfortran.dg/loc_2.f90 -O1 (test for excess errors)
UNRESOLVED: gfortran.dg/loc_2.f90 -O1 compilation failed to produce executable
FAIL: gfortran.dg/loc_2.f90 -O2 (test for excess errors)
UNRESOLVED: gfortran.dg/loc_2.f90 -O2 compilation failed to produce executable
FAIL: gfortran.dg/loc_2.f90 -O3 -fomit-frame-pointer (test for excess errors)
UNRESOLVED: gfortran.dg/loc_2.f90 -O3 -fomit-frame-pointer compilation failed to produce executable
FAIL: gfortran.dg/loc_2.f90 -O3 -fomit-frame-pointer -funroll-loops (test for excess errors)
UNRESOLVED: gfortran.dg/loc_2.f90 -O3 -fomit-frame-pointer -funroll-loops compilation failed to produce executable
FAIL: gfortran.dg/loc_2.f90 -O3 -fomit-frame-pointer -funroll-all-loops -finline-functions (test for excess errors)
UNRESOLVED: gfortran.dg/loc_2.f90 -O3 -fomit-frame-pointer -funroll-all-loops -finline-functions compilation failed to produce executable
FAIL: gfortran.dg/loc_2.f90 -O3 -g (test for excess errors)
UNRESOLVED: gfortran.dg/loc_2.f90 -O3 -g compilation failed to produce executable
FAIL: gfortran.dg/loc_2.f90 -Os (test for excess errors)
UNRESOLVED: gfortran.dg/loc_2.f90 -Os compilation failed to produce executable
FAIL: gfortran.dg/matmul_7.f90 -O0 (test for excess errors)
UNRESOLVED: gfortran.dg/matmul_7.f90 -O0 compilation failed to produce executable
FAIL: gfortran.dg/matmul_7.f90 -O1 (test for excess errors)
UNRESOLVED: gfortran.dg/matmul_7.f90 -O1 compilation failed to produce executable
FAIL: gfortran.dg/matmul_7.f90 -O2 (test for excess errors)
UNRESOLVED: gfortran.dg/matmul_7.f90 -O2 compilation failed to produce executable
FAIL: gfortran.dg/matmul_7.f90 -O3 -fomit-frame-pointer (test for excess errors)
UNRESOLVED: gfortran.dg/matmul_7.f90 -O3 -fomit-frame-pointer compilation failed to produce executable
FAIL: gfortran.dg/matmul_7.f90 -O3 -fomit-frame-pointer -funroll-loops (test for excess errors)
UNRESOLVED: gfortran.dg/matmul_7.f90 -O3 -fomit-frame-pointer -funroll-loops compilation failed to produce executable
FAIL: gfortran.dg/matmul_7.f90 -O3 -fomit-frame-pointer -funroll-all-loops -finline-functions (test for excess errors)
UNRESOLVED: gfortran.dg/matmul_7.f90 -O3 -fomit-frame-pointer -funroll-all-loops -finline-functions compilation failed to produce executable
FAIL: gfortran.dg/matmul_7.f90 -O3 -g (test for excess errors)
UNRESOLVED: gfortran.dg/matmul_7.f90 -O3 -g compilation failed to produce executable
FAIL: gfortran.dg/matmul_7.f90 -Os (test for excess errors)
UNRESOLVED: gfortran.dg/matmul_7.f90 -Os compilation failed to produce executable
FAIL: gfortran.dg/mvbits_5.f90 -O0 (test for excess errors)
UNRESOLVED: gfortran.dg/mvbits_5.f90 -O0 compilation failed to produce executable
FAIL: gfortran.dg/mvbits_5.f90 -O1 (test for excess errors)
UNRESOLVED: gfortran.dg/mvbits_5.f90 -O1 compilation failed to produce executable
FAIL: gfortran.dg/mvbits_5.f90 -O2 (test for excess errors)
UNRESOLVED: gfortran.dg/mvbits_5.f90 -O2 compilation failed to produce executable
FAIL: gfortran.dg/mvbits_5.f90 -O3 -fomit-frame-pointer (test for excess errors)
UNRESOLVED: gfortran.dg/mvbits_5.f90 -O3 -fomit-frame-pointer compilation failed to produce executable
FAIL: gfortran.dg/mvbits_5.f90 -O3 -fomit-frame-pointer -funroll-loops (test for excess errors)
UNRESOLVED: gfortran.dg/mvbits_5.f90 -O3 -fomit-frame-pointer -funroll-loops compilation failed to produce executable
FAIL: gfortran.dg/mvbits_5.f90 -O3 -fomit-frame-pointer -funroll-all-loops -finline-functions (test for excess errors)
UNRESOLVED: gfortran.dg/mvbits_5.f90 -O3 -fomit-frame-pointer -funroll-all-loops -finline-functions compilation failed to produce executable
FAIL: gfortran.dg/mvbits_5.f90 -O3 -g (test for excess errors)
UNRESOLVED: gfortran.dg/mvbits_5.f90 -O3 -g compilation failed to produce executable
FAIL: gfortran.dg/mvbits_5.f90 -Os (test for excess errors)
UNRESOLVED: gfortran.dg/mvbits_5.f90 -Os compilation failed to produce executable
FAIL: gfortran.dg/negative_automatic_size.f90 -O0 (test for excess errors)
UNRESOLVED: gfortran.dg/negative_automatic_size.f90 -O0 compilation failed to produce executable
FAIL: gfortran.dg/negative_automatic_size.f90 -O1 (test for excess errors)
UNRESOLVED: gfortran.dg/negative_automatic_size.f90 -O1 compilation failed to produce executable
FAIL: gfortran.dg/negative_automatic_size.f90 -O2 (test for excess errors)
UNRESOLVED: gfortran.dg/negative_automatic_size.f90 -O2 compilation failed to produce executable
FAIL: gfortran.dg/negative_automatic_size.f90 -O3 -fomit-frame-pointer (test for excess errors)
UNRESOLVED: gfortran.dg/negative_automatic_size.f90 -O3 -fomit-frame-pointer compilation failed to produce executable
FAIL: gfortran.dg/negative_automatic_size.f90 -O3 -fomit-frame-pointer -funroll-loops (test for excess errors)
UNRESOLVED: gfortran.dg/negative_automatic_size.f90 -O3 -fomit-frame-pointer -funroll-loops compilation failed to produce executable
FAIL: gfortran.dg/negative_automatic_size.f90 -O3 -fomit-frame-pointer -funroll-all-loops -finline-functions (test for excess errors)
UNRESOLVED: gfortran.dg/negative_automatic_size.f90 -O3 -fomit-frame-pointer -funroll-all-loops -finline-functions compilation failed to produce executable
FAIL: gfortran.dg/negative_automatic_size.f90 -O3 -g (test for excess errors)
UNRESOLVED: gfortran.dg/negative_automatic_size.f90 -O3 -g compilation failed to produce executable
FAIL: gfortran.dg/negative_automatic_size.f90 -Os (test for excess errors)
UNRESOLVED: gfortran.dg/negative_automatic_size.f90 -Os compilation failed to produce executable
FAIL: gfortran.dg/nested_array_constructor_3.f90 -O0 (test for excess errors)
UNRESOLVED: gfortran.dg/nested_array_constructor_3.f90 -O0 compilation failed to produce executable
FAIL: gfortran.dg/nested_array_constructor_3.f90 -O1 (test for excess errors)
UNRESOLVED: gfortran.dg/nested_array_constructor_3.f90 -O1 compilation failed to produce executable
FAIL: gfortran.dg/nested_array_constructor_3.f90 -O2 (test for excess errors)
UNRESOLVED: gfortran.dg/nested_array_constructor_3.f90 -O2 compilation failed to produce executable
FAIL: gfortran.dg/nested_array_constructor_3.f90 -O3 -fomit-frame-pointer (test for excess errors)
UNRESOLVED: gfortran.dg/nested_array_constructor_3.f90 -O3 -fomit-frame-pointer compilation failed to produce executable
FAIL: gfortran.dg/nested_array_constructor_3.f90 -O3 -fomit-frame-pointer -funroll-loops (test for excess errors)
UNRESOLVED: gfortran.dg/nested_array_constructor_3.f90 -O3 -fomit-frame-pointer -funroll-loops compilation failed to produce executable
FAIL: gfortran.dg/nested_array_constructor_3.f90 -O3 -fomit-frame-pointer -funroll-all-loops -finline-functions (test for excess errors)
UNRESOLVED: gfortran.dg/nested_array_constructor_3.f90 -O3 -fomit-frame-pointer -funroll-all-loops -finline-functions compilation failed to produce executable
FAIL: gfortran.dg/nested_array_constructor_3.f90 -O3 -g (test for excess errors)
UNRESOLVED: gfortran.dg/nested_array_constructor_3.f90 -O3 -g compilation failed to produce executable
FAIL: gfortran.dg/nested_array_constructor_3.f90 -Os (test for excess errors)
UNRESOLVED: gfortran.dg/nested_array_constructor_3.f90 -Os compilation failed to produce executable
FAIL: gfortran.dg/parameter_unused.f90 -O (test for excess errors)
FAIL: gfortran.dg/parens_3.f90 -O0 (test for excess errors)
UNRESOLVED: gfortran.dg/parens_3.f90 -O0 compilation failed to produce executable
FAIL: gfortran.dg/parens_3.f90 -O1 (test for excess errors)
UNRESOLVED: gfortran.dg/parens_3.f90 -O1 compilation failed to produce executable
FAIL: gfortran.dg/parens_3.f90 -O2 (test for excess errors)
UNRESOLVED: gfortran.dg/parens_3.f90 -O2 compilation failed to produce executable
FAIL: gfortran.dg/parens_3.f90 -O3 -fomit-frame-pointer (test for excess errors)
UNRESOLVED: gfortran.dg/parens_3.f90 -O3 -fomit-frame-pointer compilation failed to produce executable
FAIL: gfortran.dg/parens_3.f90 -O3 -fomit-frame-pointer -funroll-loops (test for excess errors)
UNRESOLVED: gfortran.dg/parens_3.f90 -O3 -fomit-frame-pointer -funroll-loops compilation failed to produce executable
FAIL: gfortran.dg/parens_3.f90 -O3 -fomit-frame-pointer -funroll-all-loops -finline-functions (test for excess errors)
UNRESOLVED: gfortran.dg/parens_3.f90 -O3 -fomit-frame-pointer -funroll-all-loops -finline-functions compilation failed to produce executable
FAIL: gfortran.dg/parens_3.f90 -O3 -g (test for excess errors)
UNRESOLVED: gfortran.dg/parens_3.f90 -O3 -g compilation failed to produce executable
FAIL: gfortran.dg/parens_3.f90 -Os (test for excess errors)
UNRESOLVED: gfortran.dg/parens_3.f90 -Os compilation failed to produce executable
FAIL: gfortran.dg/pr15324.f90 -O0 (test for excess errors)
UNRESOLVED: gfortran.dg/pr15324.f90 -O0 compilation failed to produce executable
FAIL: gfortran.dg/pr15324.f90 -O1 (test for excess errors)
UNRESOLVED: gfortran.dg/pr15324.f90 -O1 compilation failed to produce executable
FAIL: gfortran.dg/pr15324.f90 -O2 (test for excess errors)
UNRESOLVED: gfortran.dg/pr15324.f90 -O2 compilation failed to produce executable
FAIL: gfortran.dg/pr15324.f90 -O3 -fomit-frame-pointer (test for excess errors)
UNRESOLVED: gfortran.dg/pr15324.f90 -O3 -fomit-frame-pointer compilation failed to produce executable
FAIL: gfortran.dg/pr15324.f90 -O3 -fomit-frame-pointer -funroll-loops (test for excess errors)
UNRESOLVED: gfortran.dg/pr15324.f90 -O3 -fomit-frame-pointer -funroll-loops compilation failed to produce executable
FAIL: gfortran.dg/pr15324.f90 -O3 -fomit-frame-pointer -funroll-all-loops -finline-functions (test for excess errors)
UNRESOLVED: gfortran.dg/pr15324.f90 -O3 -fomit-frame-pointer -funroll-all-loops -finline-functions compilation failed to produce executable
FAIL: gfortran.dg/pr15324.f90 -O3 -g (test for excess errors)
UNRESOLVED: gfortran.dg/pr15324.f90 -O3 -g compilation failed to produce executable
FAIL: gfortran.dg/pr15324.f90 -Os (test for excess errors)
UNRESOLVED: gfortran.dg/pr15324.f90 -Os compilation failed to produce executable
FAIL: gfortran.dg/pr19926.f90 -O0 (test for excess errors)
UNRESOLVED: gfortran.dg/pr19926.f90 -O0 compilation failed to produce executable
FAIL: gfortran.dg/pr19926.f90 -O1 (test for excess errors)
UNRESOLVED: gfortran.dg/pr19926.f90 -O1 compilation failed to produce executable
FAIL: gfortran.dg/pr19926.f90 -O2 (test for excess errors)
UNRESOLVED: gfortran.dg/pr19926.f90 -O2 compilation failed to produce executable
FAIL: gfortran.dg/pr19926.f90 -O3 -fomit-frame-pointer (test for excess errors)
UNRESOLVED: gfortran.dg/pr19926.f90 -O3 -fomit-frame-pointer compilation failed to produce executable
FAIL: gfortran.dg/pr19926.f90 -O3 -fomit-frame-pointer -funroll-loops (test for excess errors)
UNRESOLVED: gfortran.dg/pr19926.f90 -O3 -fomit-frame-pointer -funroll-loops compilation failed to produce executable
FAIL: gfortran.dg/pr19926.f90 -O3 -fomit-frame-pointer -funroll-all-loops -finline-functions (test for excess errors)
UNRESOLVED: gfortran.dg/pr19926.f90 -O3 -fomit-frame-pointer -funroll-all-loops -finline-functions compilation failed to produce executable
FAIL: gfortran.dg/pr19926.f90 -O3 -g (test for excess errors)
UNRESOLVED: gfortran.dg/pr19926.f90 -O3 -g compilation failed to produce executable
FAIL: gfortran.dg/pr19926.f90 -Os (test for excess errors)
UNRESOLVED: gfortran.dg/pr19926.f90 -Os compilation failed to produce executable
FAIL: gfortran.dg/pr25603.f -O0 (test for excess errors)
UNRESOLVED: gfortran.dg/pr25603.f -O0 compilation failed to produce executable
FAIL: gfortran.dg/pr25603.f -O1 (test for excess errors)
UNRESOLVED: gfortran.dg/pr25603.f -O1 compilation failed to produce executable
FAIL: gfortran.dg/pr25603.f -O2 (test for excess errors)
UNRESOLVED: gfortran.dg/pr25603.f -O2 compilation failed to produce executable
FAIL: gfortran.dg/pr25603.f -O3 -fomit-frame-pointer (test for excess errors)
UNRESOLVED: gfortran.dg/pr25603.f -O3 -fomit-frame-pointer compilation failed to produce executable
FAIL: gfortran.dg/pr25603.f -O3 -fomit-frame-pointer -funroll-loops (test for excess errors)
UNRESOLVED: gfortran.dg/pr25603.f -O3 -fomit-frame-pointer -funroll-loops compilation failed to produce executable
FAIL: gfortran.dg/pr25603.f -O3 -fomit-frame-pointer -funroll-all-loops -finline-functions (test for excess errors)
UNRESOLVED: gfortran.dg/pr25603.f -O3 -fomit-frame-pointer -funroll-all-loops -finline-functions compilation failed to produce executable
FAIL: gfortran.dg/pr25603.f -O3 -g (test for excess errors)
UNRESOLVED: gfortran.dg/pr25603.f -O3 -g compilation failed to produce executable
FAIL: gfortran.dg/pr25603.f -Os (test for excess errors)
UNRESOLVED: gfortran.dg/pr25603.f -Os compilation failed to produce executable
FAIL: gfortran.dg/pr37243.f -O0 (test for excess errors)
UNRESOLVED: gfortran.dg/pr37243.f -O0 compilation failed to produce executable
FAIL: gfortran.dg/pr37243.f -O1 (test for excess errors)
UNRESOLVED: gfortran.dg/pr37243.f -O1 compilation failed to produce executable
FAIL: gfortran.dg/pr37243.f -O2 (test for excess errors)
UNRESOLVED: gfortran.dg/pr37243.f -O2 compilation failed to produce executable
FAIL: gfortran.dg/pr37243.f -O3 -fomit-frame-pointer (test for excess errors)
UNRESOLVED: gfortran.dg/pr37243.f -O3 -fomit-frame-pointer compilation failed to produce executable
FAIL: gfortran.dg/pr37243.f -O3 -fomit-frame-pointer -funroll-loops (test for excess errors)
UNRESOLVED: gfortran.dg/pr37243.f -O3 -fomit-frame-pointer -funroll-loops compilation failed to produce executable
FAIL: gfortran.dg/pr37243.f -O3 -fomit-frame-pointer -funroll-all-loops -finline-functions (test for excess errors)
UNRESOLVED: gfortran.dg/pr37243.f -O3 -fomit-frame-pointer -funroll-all-loops -finline-functions compilation failed to produce executable
FAIL: gfortran.dg/pr37243.f -O3 -g (test for excess errors)
UNRESOLVED: gfortran.dg/pr37243.f -O3 -g compilation failed to produce executable
FAIL: gfortran.dg/pr37243.f -Os (test for excess errors)
UNRESOLVED: gfortran.dg/pr37243.f -Os compilation failed to produce executable
FAIL: gfortran.dg/proc_decl_18.f90 -O0 (test for excess errors)
UNRESOLVED: gfortran.dg/proc_decl_18.f90 -O0 compilation failed to produce executable
FAIL: gfortran.dg/proc_decl_18.f90 -O1 (test for excess errors)
UNRESOLVED: gfortran.dg/proc_decl_18.f90 -O1 compilation failed to produce executable
FAIL: gfortran.dg/proc_decl_18.f90 -O2 (test for excess errors)
UNRESOLVED: gfortran.dg/proc_decl_18.f90 -O2 compilation failed to produce executable
FAIL: gfortran.dg/proc_decl_18.f90 -O3 -fomit-frame-pointer (test for excess errors)
UNRESOLVED: gfortran.dg/proc_decl_18.f90 -O3 -fomit-frame-pointer compilation failed to produce executable
FAIL: gfortran.dg/proc_decl_18.f90 -O3 -fomit-frame-pointer -funroll-loops (test for excess errors)
UNRESOLVED: gfortran.dg/proc_decl_18.f90 -O3 -fomit-frame-pointer -funroll-loops compilation failed to produce executable
FAIL: gfortran.dg/proc_decl_18.f90 -O3 -fomit-frame-pointer -funroll-all-loops -finline-functions (test for excess errors)
UNRESOLVED: gfortran.dg/proc_decl_18.f90 -O3 -fomit-frame-pointer -funroll-all-loops -finline-functions compilation failed to produce executable
FAIL: gfortran.dg/proc_decl_18.f90 -O3 -g (test for excess errors)
UNRESOLVED: gfortran.dg/proc_decl_18.f90 -O3 -g compilation failed to produce executable
FAIL: gfortran.dg/proc_decl_18.f90 -Os (test for excess errors)
UNRESOLVED: gfortran.dg/proc_decl_18.f90 -Os compilation failed to produce executable
FAIL: gfortran.dg/proc_decl_2.f90 -O0 (test for excess errors)
UNRESOLVED: gfortran.dg/proc_decl_2.f90 -O0 compilation failed to produce executable
FAIL: gfortran.dg/proc_decl_2.f90 -O1 (test for excess errors)
UNRESOLVED: gfortran.dg/proc_decl_2.f90 -O1 compilation failed to produce executable
FAIL: gfortran.dg/proc_decl_2.f90 -O2 (test for excess errors)
UNRESOLVED: gfortran.dg/proc_decl_2.f90 -O2 compilation failed to produce executable
FAIL: gfortran.dg/proc_decl_2.f90 -O3 -fomit-frame-pointer (test for excess errors)
UNRESOLVED: gfortran.dg/proc_decl_2.f90 -O3 -fomit-frame-pointer compilation failed to produce executable
FAIL: gfortran.dg/proc_decl_2.f90 -O3 -fomit-frame-pointer -funroll-loops (test for excess errors)
UNRESOLVED: gfortran.dg/proc_decl_2.f90 -O3 -fomit-frame-pointer -funroll-loops compilation failed to produce executable
FAIL: gfortran.dg/proc_decl_2.f90 -O3 -fomit-frame-pointer -funroll-all-loops -finline-functions (test for excess errors)
UNRESOLVED: gfortran.dg/proc_decl_2.f90 -O3 -fomit-frame-pointer -funroll-all-loops -finline-functions compilation failed to produce executable
FAIL: gfortran.dg/proc_decl_2.f90 -O3 -g (test for excess errors)
UNRESOLVED: gfortran.dg/proc_decl_2.f90 -O3 -g compilation failed to produce executable
FAIL: gfortran.dg/proc_decl_2.f90 -Os (test for excess errors)
UNRESOLVED: gfortran.dg/proc_decl_2.f90 -Os compilation failed to produce executable
FAIL: gfortran.dg/proc_ptr_result_3.f90 -O0 (test for excess errors)
UNRESOLVED: gfortran.dg/proc_ptr_result_3.f90 -O0 compilation failed to produce executable
FAIL: gfortran.dg/proc_ptr_result_3.f90 -O1 (test for excess errors)
UNRESOLVED: gfortran.dg/proc_ptr_result_3.f90 -O1 compilation failed to produce executable
FAIL: gfortran.dg/proc_ptr_result_3.f90 -O2 (test for excess errors)
UNRESOLVED: gfortran.dg/proc_ptr_result_3.f90 -O2 compilation failed to produce executable
FAIL: gfortran.dg/proc_ptr_result_3.f90 -O3 -fomit-frame-pointer (test for excess errors)
UNRESOLVED: gfortran.dg/proc_ptr_result_3.f90 -O3 -fomit-frame-pointer compilation failed to produce executable
FAIL: gfortran.dg/proc_ptr_result_3.f90 -O3 -fomit-frame-pointer -funroll-loops (test for excess errors)
UNRESOLVED: gfortran.dg/proc_ptr_result_3.f90 -O3 -fomit-frame-pointer -funroll-loops compilation failed to produce executable
FAIL: gfortran.dg/proc_ptr_result_3.f90 -O3 -fomit-frame-pointer -funroll-all-loops -finline-functions (test for excess errors)
UNRESOLVED: gfortran.dg/proc_ptr_result_3.f90 -O3 -fomit-frame-pointer -funroll-all-loops -finline-functions compilation failed to produce executable
FAIL: gfortran.dg/proc_ptr_result_3.f90 -O3 -g (test for excess errors)
UNRESOLVED: gfortran.dg/proc_ptr_result_3.f90 -O3 -g compilation failed to produce executable
FAIL: gfortran.dg/proc_ptr_result_3.f90 -Os (test for excess errors)
UNRESOLVED: gfortran.dg/proc_ptr_result_3.f90 -Os compilation failed to produce executable
FAIL: gfortran.dg/recursive_stack.f90 -O0 (test for excess errors)
UNRESOLVED: gfortran.dg/recursive_stack.f90 -O0 compilation failed to produce executable
FAIL: gfortran.dg/recursive_stack.f90 -O1 (test for excess errors)
UNRESOLVED: gfortran.dg/recursive_stack.f90 -O1 compilation failed to produce executable
FAIL: gfortran.dg/recursive_stack.f90 -O2 (test for excess errors)
UNRESOLVED: gfortran.dg/recursive_stack.f90 -O2 compilation failed to produce executable
FAIL: gfortran.dg/recursive_stack.f90 -O3 -fomit-frame-pointer (test for excess errors)
UNRESOLVED: gfortran.dg/recursive_stack.f90 -O3 -fomit-frame-pointer compilation failed to produce executable
FAIL: gfortran.dg/recursive_stack.f90 -O3 -fomit-frame-pointer -funroll-loops (test for excess errors)
UNRESOLVED: gfortran.dg/recursive_stack.f90 -O3 -fomit-frame-pointer -funroll-loops compilation failed to produce executable
FAIL: gfortran.dg/recursive_stack.f90 -O3 -fomit-frame-pointer -funroll-all-loops -finline-functions (test for excess errors)
UNRESOLVED: gfortran.dg/recursive_stack.f90 -O3 -fomit-frame-pointer -funroll-all-loops -finline-functions compilation failed to produce executable
FAIL: gfortran.dg/recursive_stack.f90 -O3 -g (test for excess errors)
UNRESOLVED: gfortran.dg/recursive_stack.f90 -O3 -g compilation failed to produce executable
FAIL: gfortran.dg/recursive_stack.f90 -Os (test for excess errors)
UNRESOLVED: gfortran.dg/recursive_stack.f90 -Os compilation failed to produce executable
FAIL: gfortran.dg/reshape_zerosize_1.f90 -O0 (test for excess errors)
UNRESOLVED: gfortran.dg/reshape_zerosize_1.f90 -O0 compilation failed to produce executable
FAIL: gfortran.dg/reshape_zerosize_1.f90 -O1 (test for excess errors)
UNRESOLVED: gfortran.dg/reshape_zerosize_1.f90 -O1 compilation failed to produce executable
FAIL: gfortran.dg/reshape_zerosize_1.f90 -O2 (test for excess errors)
UNRESOLVED: gfortran.dg/reshape_zerosize_1.f90 -O2 compilation failed to produce executable
FAIL: gfortran.dg/reshape_zerosize_1.f90 -O3 -fomit-frame-pointer (test for excess errors)
UNRESOLVED: gfortran.dg/reshape_zerosize_1.f90 -O3 -fomit-frame-pointer compilation failed to produce executable
FAIL: gfortran.dg/reshape_zerosize_1.f90 -O3 -fomit-frame-pointer -funroll-loops (test for excess errors)
UNRESOLVED: gfortran.dg/reshape_zerosize_1.f90 -O3 -fomit-frame-pointer -funroll-loops compilation failed to produce executable
FAIL: gfortran.dg/reshape_zerosize_1.f90 -O3 -fomit-frame-pointer -funroll-all-loops -finline-functions (test for excess errors)
UNRESOLVED: gfortran.dg/reshape_zerosize_1.f90 -O3 -fomit-frame-pointer -funroll-all-loops -finline-functions compilation failed to produce executable
FAIL: gfortran.dg/reshape_zerosize_1.f90 -O3 -g (test for excess errors)
UNRESOLVED: gfortran.dg/reshape_zerosize_1.f90 -O3 -g compilation failed to produce executable
FAIL: gfortran.dg/reshape_zerosize_1.f90 -Os (test for excess errors)
UNRESOLVED: gfortran.dg/reshape_zerosize_1.f90 -Os compilation failed to produce executable
FAIL: gfortran.dg/result_in_spec_1.f90 -O0 (test for excess errors)
UNRESOLVED: gfortran.dg/result_in_spec_1.f90 -O0 compilation failed to produce executable
FAIL: gfortran.dg/result_in_spec_1.f90 -O1 (test for excess errors)
UNRESOLVED: gfortran.dg/result_in_spec_1.f90 -O1 compilation failed to produce executable
FAIL: gfortran.dg/result_in_spec_1.f90 -O2 (test for excess errors)
UNRESOLVED: gfortran.dg/result_in_spec_1.f90 -O2 compilation failed to produce executable
FAIL: gfortran.dg/result_in_spec_1.f90 -O3 -fomit-frame-pointer (test for excess errors)
UNRESOLVED: gfortran.dg/result_in_spec_1.f90 -O3 -fomit-frame-pointer compilation failed to produce executable
FAIL: gfortran.dg/result_in_spec_1.f90 -O3 -fomit-frame-pointer -funroll-loops (test for excess errors)
UNRESOLVED: gfortran.dg/result_in_spec_1.f90 -O3 -fomit-frame-pointer -funroll-loops compilation failed to produce executable
FAIL: gfortran.dg/result_in_spec_1.f90 -O3 -fomit-frame-pointer -funroll-all-loops -finline-functions (test for excess errors)
UNRESOLVED: gfortran.dg/result_in_spec_1.f90 -O3 -fomit-frame-pointer -funroll-all-loops -finline-functions compilation failed to produce executable
FAIL: gfortran.dg/result_in_spec_1.f90 -O3 -g (test for excess errors)
UNRESOLVED: gfortran.dg/result_in_spec_1.f90 -O3 -g compilation failed to produce executable
FAIL: gfortran.dg/result_in_spec_1.f90 -Os (test for excess errors)
UNRESOLVED: gfortran.dg/result_in_spec_1.f90 -Os compilation failed to produce executable
FAIL: gfortran.dg/ret_array_1.f90 -O0 (test for excess errors)
UNRESOLVED: gfortran.dg/ret_array_1.f90 -O0 compilation failed to produce executable
FAIL: gfortran.dg/save_2.f90 -O0 (test for excess errors)
UNRESOLVED: gfortran.dg/save_2.f90 -O0 compilation failed to produce executable
FAIL: gfortran.dg/save_2.f90 -O1 (test for excess errors)
UNRESOLVED: gfortran.dg/save_2.f90 -O1 compilation failed to produce executable
FAIL: gfortran.dg/save_2.f90 -O2 (test for excess errors)
UNRESOLVED: gfortran.dg/save_2.f90 -O2 compilation failed to produce executable
FAIL: gfortran.dg/save_2.f90 -O3 -fomit-frame-pointer (test for excess errors)
UNRESOLVED: gfortran.dg/save_2.f90 -O3 -fomit-frame-pointer compilation failed to produce executable
FAIL: gfortran.dg/save_2.f90 -O3 -fomit-frame-pointer -funroll-loops (test for excess errors)
UNRESOLVED: gfortran.dg/save_2.f90 -O3 -fomit-frame-pointer -funroll-loops compilation failed to produce executable
FAIL: gfortran.dg/save_2.f90 -O3 -fomit-frame-pointer -funroll-all-loops -finline-functions (test for excess errors)
UNRESOLVED: gfortran.dg/save_2.f90 -O3 -fomit-frame-pointer -funroll-all-loops -finline-functions compilation failed to produce executable
FAIL: gfortran.dg/save_2.f90 -O3 -g (test for excess errors)
UNRESOLVED: gfortran.dg/save_2.f90 -O3 -g compilation failed to produce executable
FAIL: gfortran.dg/save_2.f90 -Os (test for excess errors)
UNRESOLVED: gfortran.dg/save_2.f90 -Os compilation failed to produce executable
FAIL: gfortran.dg/selected_char_kind_1.f90 -O0 (test for excess errors)
UNRESOLVED: gfortran.dg/selected_char_kind_1.f90 -O0 compilation failed to produce executable
FAIL: gfortran.dg/selected_char_kind_1.f90 -O1 (test for excess errors)
UNRESOLVED: gfortran.dg/selected_char_kind_1.f90 -O1 compilation failed to produce executable
FAIL: gfortran.dg/selected_char_kind_1.f90 -O2 (test for excess errors)
UNRESOLVED: gfortran.dg/selected_char_kind_1.f90 -O2 compilation failed to produce executable
FAIL: gfortran.dg/selected_char_kind_1.f90 -O3 -fomit-frame-pointer (test for excess errors)
UNRESOLVED: gfortran.dg/selected_char_kind_1.f90 -O3 -fomit-frame-pointer compilation failed to produce executable
FAIL: gfortran.dg/selected_char_kind_1.f90 -O3 -fomit-frame-pointer -funroll-loops (test for excess errors)
UNRESOLVED: gfortran.dg/selected_char_kind_1.f90 -O3 -fomit-frame-pointer -funroll-loops compilation failed to produce executable
FAIL: gfortran.dg/selected_char_kind_1.f90 -O3 -fomit-frame-pointer -funroll-all-loops -finline-functions (test for excess errors)
UNRESOLVED: gfortran.dg/selected_char_kind_1.f90 -O3 -fomit-frame-pointer -funroll-all-loops -finline-functions compilation failed to produce executable
FAIL: gfortran.dg/selected_char_kind_1.f90 -O3 -g (test for excess errors)
UNRESOLVED: gfortran.dg/selected_char_kind_1.f90 -O3 -g compilation failed to produce executable
FAIL: gfortran.dg/selected_char_kind_1.f90 -Os (test for excess errors)
UNRESOLVED: gfortran.dg/selected_char_kind_1.f90 -Os compilation failed to produce executable
FAIL: gfortran.dg/string_null_compare_1.f -O0 (test for excess errors)
UNRESOLVED: gfortran.dg/string_null_compare_1.f -O0 compilation failed to produce executable
FAIL: gfortran.dg/string_null_compare_1.f -O1 (test for excess errors)
UNRESOLVED: gfortran.dg/string_null_compare_1.f -O1 compilation failed to produce executable
FAIL: gfortran.dg/string_null_compare_1.f -O2 (test for excess errors)
UNRESOLVED: gfortran.dg/string_null_compare_1.f -O2 compilation failed to produce executable
FAIL: gfortran.dg/string_null_compare_1.f -O3 -fomit-frame-pointer (test for excess errors)
UNRESOLVED: gfortran.dg/string_null_compare_1.f -O3 -fomit-frame-pointer compilation failed to produce executable
FAIL: gfortran.dg/string_null_compare_1.f -O3 -fomit-frame-pointer -funroll-loops (test for excess errors)
UNRESOLVED: gfortran.dg/string_null_compare_1.f -O3 -fomit-frame-pointer -funroll-loops compilation failed to produce executable
FAIL: gfortran.dg/string_null_compare_1.f -O3 -fomit-frame-pointer -funroll-all-loops -finline-functions (test for excess errors)
UNRESOLVED: gfortran.dg/string_null_compare_1.f -O3 -fomit-frame-pointer -funroll-all-loops -finline-functions compilation failed to produce executable
FAIL: gfortran.dg/string_null_compare_1.f -O3 -g (test for excess errors)
UNRESOLVED: gfortran.dg/string_null_compare_1.f -O3 -g compilation failed to produce executable
FAIL: gfortran.dg/string_null_compare_1.f -Os (test for excess errors)
UNRESOLVED: gfortran.dg/string_null_compare_1.f -Os compilation failed to produce executable
FAIL: gfortran.dg/use_allocated_1.f90 -O0 (test for excess errors)
UNRESOLVED: gfortran.dg/use_allocated_1.f90 -O0 compilation failed to produce executable
FAIL: gfortran.dg/use_allocated_1.f90 -O1 (test for excess errors)
UNRESOLVED: gfortran.dg/use_allocated_1.f90 -O1 compilation failed to produce executable
FAIL: gfortran.dg/use_allocated_1.f90 -O2 (test for excess errors)
UNRESOLVED: gfortran.dg/use_allocated_1.f90 -O2 compilation failed to produce executable
FAIL: gfortran.dg/use_allocated_1.f90 -O3 -fomit-frame-pointer (test for excess errors)
UNRESOLVED: gfortran.dg/use_allocated_1.f90 -O3 -fomit-frame-pointer compilation failed to produce executable
FAIL: gfortran.dg/use_allocated_1.f90 -O3 -fomit-frame-pointer -funroll-loops (test for excess errors)
UNRESOLVED: gfortran.dg/use_allocated_1.f90 -O3 -fomit-frame-pointer -funroll-loops compilation failed to produce executable
FAIL: gfortran.dg/use_allocated_1.f90 -O3 -fomit-frame-pointer -funroll-all-loops -finline-functions (test for excess errors)
UNRESOLVED: gfortran.dg/use_allocated_1.f90 -O3 -fomit-frame-pointer -funroll-all-loops -finline-functions compilation failed to produce executable
FAIL: gfortran.dg/use_allocated_1.f90 -O3 -g (test for excess errors)
UNRESOLVED: gfortran.dg/use_allocated_1.f90 -O3 -g compilation failed to produce executable
FAIL: gfortran.dg/use_allocated_1.f90 -Os (test for excess errors)
UNRESOLVED: gfortran.dg/use_allocated_1.f90 -Os compilation failed to produce executable
FAIL: gfortran.dg/used_interface_ref.f90 -O0 (test for excess errors)
UNRESOLVED: gfortran.dg/used_interface_ref.f90 -O0 compilation failed to produce executable
FAIL: gfortran.dg/used_interface_ref.f90 -O1 (test for excess errors)
UNRESOLVED: gfortran.dg/used_interface_ref.f90 -O1 compilation failed to produce executable
FAIL: gfortran.dg/used_interface_ref.f90 -O2 (test for excess errors)
UNRESOLVED: gfortran.dg/used_interface_ref.f90 -O2 compilation failed to produce executable
FAIL: gfortran.dg/used_interface_ref.f90 -O3 -fomit-frame-pointer (test for excess errors)
UNRESOLVED: gfortran.dg/used_interface_ref.f90 -O3 -fomit-frame-pointer compilation failed to produce executable
FAIL: gfortran.dg/used_interface_ref.f90 -O3 -fomit-frame-pointer -funroll-loops (test for excess errors)
UNRESOLVED: gfortran.dg/used_interface_ref.f90 -O3 -fomit-frame-pointer -funroll-loops compilation failed to produce executable
FAIL: gfortran.dg/used_interface_ref.f90 -O3 -fomit-frame-pointer -funroll-all-loops -finline-functions (test for excess errors)
UNRESOLVED: gfortran.dg/used_interface_ref.f90 -O3 -fomit-frame-pointer -funroll-all-loops -finline-functions compilation failed to produce executable
FAIL: gfortran.dg/used_interface_ref.f90 -O3 -g (test for excess errors)
UNRESOLVED: gfortran.dg/used_interface_ref.f90 -O3 -g compilation failed to produce executable
FAIL: gfortran.dg/used_interface_ref.f90 -Os (test for excess errors)
UNRESOLVED: gfortran.dg/used_interface_ref.f90 -Os compilation failed to produce executable
FAIL: gfortran.dg/value_test.f90 -O0 (test for excess errors)
UNRESOLVED: gfortran.dg/value_test.f90 -O0 compilation failed to produce executable
FAIL: gfortran.dg/value_test.f90 -O1 (test for excess errors)
UNRESOLVED: gfortran.dg/value_test.f90 -O1 compilation failed to produce executable
FAIL: gfortran.dg/value_test.f90 -O2 (test for excess errors)
UNRESOLVED: gfortran.dg/value_test.f90 -O2 compilation failed to produce executable
FAIL: gfortran.dg/value_test.f90 -O3 -fomit-frame-pointer (test for excess errors)
UNRESOLVED: gfortran.dg/value_test.f90 -O3 -fomit-frame-pointer compilation failed to produce executable
FAIL: gfortran.dg/value_test.f90 -O3 -fomit-frame-pointer -funroll-loops (test for excess errors)
UNRESOLVED: gfortran.dg/value_test.f90 -O3 -fomit-frame-pointer -funroll-loops compilation failed to produce executable
FAIL: gfortran.dg/value_test.f90 -O3 -fomit-frame-pointer -funroll-all-loops -finline-functions (test for excess errors)
UNRESOLVED: gfortran.dg/value_test.f90 -O3 -fomit-frame-pointer -funroll-all-loops -finline-functions compilation failed to produce executable
FAIL: gfortran.dg/value_test.f90 -O3 -g (test for excess errors)
UNRESOLVED: gfortran.dg/value_test.f90 -O3 -g compilation failed to produce executable
FAIL: gfortran.dg/value_test.f90 -Os (test for excess errors)
UNRESOLVED: gfortran.dg/value_test.f90 -Os compilation failed to produce executable
FAIL: gfortran.dg/value_tests_f03.f90 -O0 (test for excess errors)
UNRESOLVED: gfortran.dg/value_tests_f03.f90 -O0 compilation failed to produce executable
FAIL: gfortran.dg/value_tests_f03.f90 -O1 (test for excess errors)
UNRESOLVED: gfortran.dg/value_tests_f03.f90 -O1 compilation failed to produce executable
FAIL: gfortran.dg/value_tests_f03.f90 -O2 (test for excess errors)
UNRESOLVED: gfortran.dg/value_tests_f03.f90 -O2 compilation failed to produce executable
FAIL: gfortran.dg/value_tests_f03.f90 -O3 -fomit-frame-pointer (test for excess errors)
UNRESOLVED: gfortran.dg/value_tests_f03.f90 -O3 -fomit-frame-pointer compilation failed to produce executable
FAIL: gfortran.dg/value_tests_f03.f90 -O3 -fomit-frame-pointer -funroll-loops (test for excess errors)
UNRESOLVED: gfortran.dg/value_tests_f03.f90 -O3 -fomit-frame-pointer -funroll-loops compilation failed to produce executable
FAIL: gfortran.dg/value_tests_f03.f90 -O3 -fomit-frame-pointer -funroll-all-loops -finline-functions (test for excess errors)
UNRESOLVED: gfortran.dg/value_tests_f03.f90 -O3 -fomit-frame-pointer -funroll-all-loops -finline-functions compilation failed to produce executable
FAIL: gfortran.dg/value_tests_f03.f90 -O3 -g (test for excess errors)
UNRESOLVED: gfortran.dg/value_tests_f03.f90 -O3 -g compilation failed to produce executable
FAIL: gfortran.dg/value_tests_f03.f90 -Os (test for excess errors)
UNRESOLVED: gfortran.dg/value_tests_f03.f90 -Os compilation failed to produce executable
FAIL: gfortran.dg/where_2.f90 -O0 (test for excess errors)
UNRESOLVED: gfortran.dg/where_2.f90 -O0 compilation failed to produce executable
FAIL: gfortran.dg/where_2.f90 -O1 (test for excess errors)
UNRESOLVED: gfortran.dg/where_2.f90 -O1 compilation failed to produce executable
FAIL: gfortran.dg/where_2.f90 -O2 (test for excess errors)
UNRESOLVED: gfortran.dg/where_2.f90 -O2 compilation failed to produce executable
FAIL: gfortran.dg/where_2.f90 -O3 -fomit-frame-pointer (test for excess errors)
UNRESOLVED: gfortran.dg/where_2.f90 -O3 -fomit-frame-pointer compilation failed to produce executable
FAIL: gfortran.dg/where_2.f90 -O3 -fomit-frame-pointer -funroll-loops (test for excess errors)
UNRESOLVED: gfortran.dg/where_2.f90 -O3 -fomit-frame-pointer -funroll-loops compilation failed to produce executable
FAIL: gfortran.dg/where_2.f90 -O3 -fomit-frame-pointer -funroll-all-loops -finline-functions (test for excess errors)
UNRESOLVED: gfortran.dg/where_2.f90 -O3 -fomit-frame-pointer -funroll-all-loops -finline-functions compilation failed to produce executable
FAIL: gfortran.dg/where_2.f90 -O3 -g (test for excess errors)
UNRESOLVED: gfortran.dg/where_2.f90 -O3 -g compilation failed to produce executable
FAIL: gfortran.dg/where_2.f90 -Os (test for excess errors)
UNRESOLVED: gfortran.dg/where_2.f90 -Os compilation failed to produce executable
FAIL: gfortran.dg/zero_sized_4.f90 -O0 (test for excess errors)
UNRESOLVED: gfortran.dg/zero_sized_4.f90 -O0 compilation failed to produce executable
FAIL: gfortran.dg/zero_sized_4.f90 -O1 (test for excess errors)
UNRESOLVED: gfortran.dg/zero_sized_4.f90 -O1 compilation failed to produce executable
FAIL: gfortran.dg/zero_sized_4.f90 -O2 (test for excess errors)
UNRESOLVED: gfortran.dg/zero_sized_4.f90 -O2 compilation failed to produce executable
FAIL: gfortran.dg/zero_sized_4.f90 -O3 -fomit-frame-pointer (test for excess errors)
UNRESOLVED: gfortran.dg/zero_sized_4.f90 -O3 -fomit-frame-pointer compilation failed to produce executable
FAIL: gfortran.dg/zero_sized_4.f90 -O3 -fomit-frame-pointer -funroll-loops (test for excess errors)
UNRESOLVED: gfortran.dg/zero_sized_4.f90 -O3 -fomit-frame-pointer -funroll-loops compilation failed to produce executable
FAIL: gfortran.dg/zero_sized_4.f90 -O3 -fomit-frame-pointer -funroll-all-loops -finline-functions (test for excess errors)
UNRESOLVED: gfortran.dg/zero_sized_4.f90 -O3 -fomit-frame-pointer -funroll-all-loops -finline-functions compilation failed to produce executable
FAIL: gfortran.dg/zero_sized_4.f90 -O3 -g (test for excess errors)
UNRESOLVED: gfortran.dg/zero_sized_4.f90 -O3 -g compilation failed to produce executable
FAIL: gfortran.dg/zero_sized_4.f90 -Os (test for excess errors)
UNRESOLVED: gfortran.dg/zero_sized_4.f90 -Os compilation failed to produce executable
FAIL: gfortran.dg/g77/19990419-1.f -O0 (test for excess errors)
UNRESOLVED: gfortran.dg/g77/19990419-1.f -O0 compilation failed to produce executable
FAIL: gfortran.dg/g77/19990419-1.f -O1 (test for excess errors)
UNRESOLVED: gfortran.dg/g77/19990419-1.f -O1 compilation failed to produce executable
FAIL: gfortran.dg/g77/19990419-1.f -O2 (test for excess errors)
UNRESOLVED: gfortran.dg/g77/19990419-1.f -O2 compilation failed to produce executable
FAIL: gfortran.dg/g77/19990419-1.f -O3 -fomit-frame-pointer (test for excess errors)
UNRESOLVED: gfortran.dg/g77/19990419-1.f -O3 -fomit-frame-pointer compilation failed to produce executable
FAIL: gfortran.dg/g77/19990419-1.f -O3 -fomit-frame-pointer -funroll-loops (test for excess errors)
UNRESOLVED: gfortran.dg/g77/19990419-1.f -O3 -fomit-frame-pointer -funroll-loops compilation failed to produce executable
FAIL: gfortran.dg/g77/19990419-1.f -O3 -fomit-frame-pointer -funroll-all-loops -finline-functions (test for excess errors)
UNRESOLVED: gfortran.dg/g77/19990419-1.f -O3 -fomit-frame-pointer -funroll-all-loops -finline-functions compilation failed to produce executable
FAIL: gfortran.dg/g77/19990419-1.f -O3 -g (test for excess errors)
UNRESOLVED: gfortran.dg/g77/19990419-1.f -O3 -g compilation failed to produce executable
FAIL: gfortran.dg/g77/19990419-1.f -Os (test for excess errors)
UNRESOLVED: gfortran.dg/g77/19990419-1.f -Os compilation failed to produce executable
FAIL: gfortran.dg/g77/20000503-1.f -O0 (test for excess errors)
UNRESOLVED: gfortran.dg/g77/20000503-1.f -O0 compilation failed to produce executable
FAIL: gfortran.dg/g77/20000503-1.f -O1 (test for excess errors)
UNRESOLVED: gfortran.dg/g77/20000503-1.f -O1 compilation failed to produce executable
FAIL: gfortran.dg/g77/20000503-1.f -O2 (test for excess errors)
UNRESOLVED: gfortran.dg/g77/20000503-1.f -O2 compilation failed to produce executable
FAIL: gfortran.dg/g77/20000503-1.f -O3 -fomit-frame-pointer (test for excess errors)
UNRESOLVED: gfortran.dg/g77/20000503-1.f -O3 -fomit-frame-pointer compilation failed to produce executable
FAIL: gfortran.dg/g77/20000503-1.f -O3 -fomit-frame-pointer -funroll-loops (test for excess errors)
UNRESOLVED: gfortran.dg/g77/20000503-1.f -O3 -fomit-frame-pointer -funroll-loops compilation failed to produce executable
FAIL: gfortran.dg/g77/20000503-1.f -O3 -fomit-frame-pointer -funroll-all-loops -finline-functions (test for excess errors)
UNRESOLVED: gfortran.dg/g77/20000503-1.f -O3 -fomit-frame-pointer -funroll-all-loops -finline-functions compilation failed to produce executable
FAIL: gfortran.dg/g77/20000503-1.f -O3 -g (test for excess errors)
UNRESOLVED: gfortran.dg/g77/20000503-1.f -O3 -g compilation failed to produce executable
FAIL: gfortran.dg/g77/20000503-1.f -Os (test for excess errors)
UNRESOLVED: gfortran.dg/g77/20000503-1.f -Os compilation failed to produce executable
FAIL: gfortran.dg/g77/20010116.f -O0 (test for excess errors)
UNRESOLVED: gfortran.dg/g77/20010116.f -O0 compilation failed to produce executable
FAIL: gfortran.dg/g77/20010116.f -O1 (test for excess errors)
UNRESOLVED: gfortran.dg/g77/20010116.f -O1 compilation failed to produce executable
FAIL: gfortran.dg/g77/20010116.f -O2 (test for excess errors)
UNRESOLVED: gfortran.dg/g77/20010116.f -O2 compilation failed to produce executable
FAIL: gfortran.dg/g77/20010116.f -O3 -fomit-frame-pointer (test for excess errors)
UNRESOLVED: gfortran.dg/g77/20010116.f -O3 -fomit-frame-pointer compilation failed to produce executable
FAIL: gfortran.dg/g77/20010116.f -O3 -fomit-frame-pointer -funroll-loops (test for excess errors)
UNRESOLVED: gfortran.dg/g77/20010116.f -O3 -fomit-frame-pointer -funroll-loops compilation failed to produce executable
FAIL: gfortran.dg/g77/20010116.f -O3 -fomit-frame-pointer -funroll-all-loops -finline-functions (test for excess errors)
UNRESOLVED: gfortran.dg/g77/20010116.f -O3 -fomit-frame-pointer -funroll-all-loops -finline-functions compilation failed to produce executable
FAIL: gfortran.dg/g77/20010116.f -O3 -g (test for excess errors)
UNRESOLVED: gfortran.dg/g77/20010116.f -O3 -g compilation failed to produce executable
FAIL: gfortran.dg/g77/20010116.f -Os (test for excess errors)
UNRESOLVED: gfortran.dg/g77/20010116.f -Os compilation failed to produce executable
FAIL: gfortran.dg/g77/980628-0.f -O0 (test for excess errors)
UNRESOLVED: gfortran.dg/g77/980628-0.f -O0 compilation failed to produce executable
FAIL: gfortran.dg/g77/980628-0.f -O1 (test for excess errors)
UNRESOLVED: gfortran.dg/g77/980628-0.f -O1 compilation failed to produce executable
FAIL: gfortran.dg/g77/980628-0.f -O2 (test for excess errors)
UNRESOLVED: gfortran.dg/g77/980628-0.f -O2 compilation failed to produce executable
FAIL: gfortran.dg/g77/980628-0.f -O3 -fomit-frame-pointer (test for excess errors)
UNRESOLVED: gfortran.dg/g77/980628-0.f -O3 -fomit-frame-pointer compilation failed to produce executable
FAIL: gfortran.dg/g77/980628-0.f -O3 -fomit-frame-pointer -funroll-loops (test for excess errors)
UNRESOLVED: gfortran.dg/g77/980628-0.f -O3 -fomit-frame-pointer -funroll-loops compilation failed to produce executable
FAIL: gfortran.dg/g77/980628-0.f -O3 -fomit-frame-pointer -funroll-all-loops -finline-functions (test for excess errors)
UNRESOLVED: gfortran.dg/g77/980628-0.f -O3 -fomit-frame-pointer -funroll-all-loops -finline-functions compilation failed to produce executable
FAIL: gfortran.dg/g77/980628-0.f -O3 -g (test for excess errors)
UNRESOLVED: gfortran.dg/g77/980628-0.f -O3 -g compilation failed to produce executable
FAIL: gfortran.dg/g77/980628-0.f -Os (test for excess errors)
UNRESOLVED: gfortran.dg/g77/980628-0.f -Os compilation failed to produce executable
FAIL: gfortran.dg/g77/980628-1.f -O0 (test for excess errors)
UNRESOLVED: gfortran.dg/g77/980628-1.f -O0 compilation failed to produce executable
FAIL: gfortran.dg/g77/980628-1.f -O1 (test for excess errors)
UNRESOLVED: gfortran.dg/g77/980628-1.f -O1 compilation failed to produce executable
FAIL: gfortran.dg/g77/980628-1.f -O2 (test for excess errors)
UNRESOLVED: gfortran.dg/g77/980628-1.f -O2 compilation failed to produce executable
FAIL: gfortran.dg/g77/980628-1.f -O3 -fomit-frame-pointer (test for excess errors)
UNRESOLVED: gfortran.dg/g77/980628-1.f -O3 -fomit-frame-pointer compilation failed to produce executable
FAIL: gfortran.dg/g77/980628-1.f -O3 -fomit-frame-pointer -funroll-loops (test for excess errors)
UNRESOLVED: gfortran.dg/g77/980628-1.f -O3 -fomit-frame-pointer -funroll-loops compilation failed to produce executable
FAIL: gfortran.dg/g77/980628-1.f -O3 -fomit-frame-pointer -funroll-all-loops -finline-functions (test for excess errors)
UNRESOLVED: gfortran.dg/g77/980628-1.f -O3 -fomit-frame-pointer -funroll-all-loops -finline-functions compilation failed to produce executable
FAIL: gfortran.dg/g77/980628-1.f -O3 -g (test for excess errors)
UNRESOLVED: gfortran.dg/g77/980628-1.f -O3 -g compilation failed to produce executable
FAIL: gfortran.dg/g77/980628-1.f -Os (test for excess errors)
UNRESOLVED: gfortran.dg/g77/980628-1.f -Os compilation failed to produce executable
FAIL: gfortran.dg/g77/980628-10.f -O0 (test for excess errors)
UNRESOLVED: gfortran.dg/g77/980628-10.f -O0 compilation failed to produce executable
FAIL: gfortran.dg/g77/980628-10.f -O1 (test for excess errors)
UNRESOLVED: gfortran.dg/g77/980628-10.f -O1 compilation failed to produce executable
FAIL: gfortran.dg/g77/980628-10.f -O2 (test for excess errors)
UNRESOLVED: gfortran.dg/g77/980628-10.f -O2 compilation failed to produce executable
FAIL: gfortran.dg/g77/980628-10.f -O3 -fomit-frame-pointer (test for excess errors)
UNRESOLVED: gfortran.dg/g77/980628-10.f -O3 -fomit-frame-pointer compilation failed to produce executable
FAIL: gfortran.dg/g77/980628-10.f -O3 -fomit-frame-pointer -funroll-loops (test for excess errors)
UNRESOLVED: gfortran.dg/g77/980628-10.f -O3 -fomit-frame-pointer -funroll-loops compilation failed to produce executable
FAIL: gfortran.dg/g77/980628-10.f -O3 -fomit-frame-pointer -funroll-all-loops -finline-functions (test for excess errors)
UNRESOLVED: gfortran.dg/g77/980628-10.f -O3 -fomit-frame-pointer -funroll-all-loops -finline-functions compilation failed to produce executable
FAIL: gfortran.dg/g77/980628-10.f -O3 -g (test for excess errors)
UNRESOLVED: gfortran.dg/g77/980628-10.f -O3 -g compilation failed to produce executable
FAIL: gfortran.dg/g77/980628-10.f -Os (test for excess errors)
UNRESOLVED: gfortran.dg/g77/980628-10.f -Os compilation failed to produce executable
FAIL: gfortran.dg/g77/980628-2.f -O0 (test for excess errors)
UNRESOLVED: gfortran.dg/g77/980628-2.f -O0 compilation failed to produce executable
FAIL: gfortran.dg/g77/980628-2.f -O1 (test for excess errors)
UNRESOLVED: gfortran.dg/g77/980628-2.f -O1 compilation failed to produce executable
FAIL: gfortran.dg/g77/980628-2.f -O2 (test for excess errors)
UNRESOLVED: gfortran.dg/g77/980628-2.f -O2 compilation failed to produce executable
FAIL: gfortran.dg/g77/980628-2.f -O3 -fomit-frame-pointer (test for excess errors)
UNRESOLVED: gfortran.dg/g77/980628-2.f -O3 -fomit-frame-pointer compilation failed to produce executable
FAIL: gfortran.dg/g77/980628-2.f -O3 -fomit-frame-pointer -funroll-loops (test for excess errors)
UNRESOLVED: gfortran.dg/g77/980628-2.f -O3 -fomit-frame-pointer -funroll-loops compilation failed to produce executable
FAIL: gfortran.dg/g77/980628-2.f -O3 -fomit-frame-pointer -funroll-all-loops -finline-functions (test for excess errors)
UNRESOLVED: gfortran.dg/g77/980628-2.f -O3 -fomit-frame-pointer -funroll-all-loops -finline-functions compilation failed to produce executable
FAIL: gfortran.dg/g77/980628-2.f -O3 -g (test for excess errors)
UNRESOLVED: gfortran.dg/g77/980628-2.f -O3 -g compilation failed to produce executable
FAIL: gfortran.dg/g77/980628-2.f -Os (test for excess errors)
UNRESOLVED: gfortran.dg/g77/980628-2.f -Os compilation failed to produce executable
FAIL: gfortran.dg/g77/980628-3.f -O0 (test for excess errors)
UNRESOLVED: gfortran.dg/g77/980628-3.f -O0 compilation failed to produce executable
FAIL: gfortran.dg/g77/980628-3.f -O1 (test for excess errors)
UNRESOLVED: gfortran.dg/g77/980628-3.f -O1 compilation failed to produce executable
FAIL: gfortran.dg/g77/980628-3.f -O2 (test for excess errors)
UNRESOLVED: gfortran.dg/g77/980628-3.f -O2 compilation failed to produce executable
FAIL: gfortran.dg/g77/980628-3.f -O3 -fomit-frame-pointer (test for excess errors)
UNRESOLVED: gfortran.dg/g77/980628-3.f -O3 -fomit-frame-pointer compilation failed to produce executable
FAIL: gfortran.dg/g77/980628-3.f -O3 -fomit-frame-pointer -funroll-loops (test for excess errors)
UNRESOLVED: gfortran.dg/g77/980628-3.f -O3 -fomit-frame-pointer -funroll-loops compilation failed to produce executable
FAIL: gfortran.dg/g77/980628-3.f -O3 -fomit-frame-pointer -funroll-all-loops -finline-functions (test for excess errors)
UNRESOLVED: gfortran.dg/g77/980628-3.f -O3 -fomit-frame-pointer -funroll-all-loops -finline-functions compilation failed to produce executable
FAIL: gfortran.dg/g77/980628-3.f -O3 -g (test for excess errors)
UNRESOLVED: gfortran.dg/g77/980628-3.f -O3 -g compilation failed to produce executable
FAIL: gfortran.dg/g77/980628-3.f -Os (test for excess errors)
UNRESOLVED: gfortran.dg/g77/980628-3.f -Os compilation failed to produce executable
FAIL: gfortran.dg/g77/980628-7.f -O0 (test for excess errors)
UNRESOLVED: gfortran.dg/g77/980628-7.f -O0 compilation failed to produce executable
FAIL: gfortran.dg/g77/980628-7.f -O1 (test for excess errors)
UNRESOLVED: gfortran.dg/g77/980628-7.f -O1 compilation failed to produce executable
FAIL: gfortran.dg/g77/980628-7.f -O2 (test for excess errors)
UNRESOLVED: gfortran.dg/g77/980628-7.f -O2 compilation failed to produce executable
FAIL: gfortran.dg/g77/980628-7.f -O3 -fomit-frame-pointer (test for excess errors)
UNRESOLVED: gfortran.dg/g77/980628-7.f -O3 -fomit-frame-pointer compilation failed to produce executable
FAIL: gfortran.dg/g77/980628-7.f -O3 -fomit-frame-pointer -funroll-loops (test for excess errors)
UNRESOLVED: gfortran.dg/g77/980628-7.f -O3 -fomit-frame-pointer -funroll-loops compilation failed to produce executable
FAIL: gfortran.dg/g77/980628-7.f -O3 -fomit-frame-pointer -funroll-all-loops -finline-functions (test for excess errors)
UNRESOLVED: gfortran.dg/g77/980628-7.f -O3 -fomit-frame-pointer -funroll-all-loops -finline-functions compilation failed to produce executable
FAIL: gfortran.dg/g77/980628-7.f -O3 -g (test for excess errors)
UNRESOLVED: gfortran.dg/g77/980628-7.f -O3 -g compilation failed to produce executable
FAIL: gfortran.dg/g77/980628-7.f -Os (test for excess errors)
UNRESOLVED: gfortran.dg/g77/980628-7.f -Os compilation failed to produce executable
FAIL: gfortran.dg/g77/980628-8.f -O0 (test for excess errors)
UNRESOLVED: gfortran.dg/g77/980628-8.f -O0 compilation failed to produce executable
FAIL: gfortran.dg/g77/980628-8.f -O1 (test for excess errors)
UNRESOLVED: gfortran.dg/g77/980628-8.f -O1 compilation failed to produce executable
FAIL: gfortran.dg/g77/980628-8.f -O2 (test for excess errors)
UNRESOLVED: gfortran.dg/g77/980628-8.f -O2 compilation failed to produce executable
FAIL: gfortran.dg/g77/980628-8.f -O3 -fomit-frame-pointer (test for excess errors)
UNRESOLVED: gfortran.dg/g77/980628-8.f -O3 -fomit-frame-pointer compilation failed to produce executable
FAIL: gfortran.dg/g77/980628-8.f -O3 -fomit-frame-pointer -funroll-loops (test for excess errors)
UNRESOLVED: gfortran.dg/g77/980628-8.f -O3 -fomit-frame-pointer -funroll-loops compilation failed to produce executable
FAIL: gfortran.dg/g77/980628-8.f -O3 -fomit-frame-pointer -funroll-all-loops -finline-functions (test for excess errors)
UNRESOLVED: gfortran.dg/g77/980628-8.f -O3 -fomit-frame-pointer -funroll-all-loops -finline-functions compilation failed to produce executable
FAIL: gfortran.dg/g77/980628-8.f -O3 -g (test for excess errors)
UNRESOLVED: gfortran.dg/g77/980628-8.f -O3 -g compilation failed to produce executable
FAIL: gfortran.dg/g77/980628-8.f -Os (test for excess errors)
UNRESOLVED: gfortran.dg/g77/980628-8.f -Os compilation failed to produce executable
FAIL: gfortran.dg/g77/980628-9.f -O0 (test for excess errors)
UNRESOLVED: gfortran.dg/g77/980628-9.f -O0 compilation failed to produce executable
FAIL: gfortran.dg/g77/980628-9.f -O1 (test for excess errors)
UNRESOLVED: gfortran.dg/g77/980628-9.f -O1 compilation failed to produce executable
FAIL: gfortran.dg/g77/980628-9.f -O2 (test for excess errors)
UNRESOLVED: gfortran.dg/g77/980628-9.f -O2 compilation failed to produce executable
FAIL: gfortran.dg/g77/980628-9.f -O3 -fomit-frame-pointer (test for excess errors)
UNRESOLVED: gfortran.dg/g77/980628-9.f -O3 -fomit-frame-pointer compilation failed to produce executable
FAIL: gfortran.dg/g77/980628-9.f -O3 -fomit-frame-pointer -funroll-loops (test for excess errors)
UNRESOLVED: gfortran.dg/g77/980628-9.f -O3 -fomit-frame-pointer -funroll-loops compilation failed to produce executable
FAIL: gfortran.dg/g77/980628-9.f -O3 -fomit-frame-pointer -funroll-all-loops -finline-functions (test for excess errors)
UNRESOLVED: gfortran.dg/g77/980628-9.f -O3 -fomit-frame-pointer -funroll-all-loops -finline-functions compilation failed to produce executable
FAIL: gfortran.dg/g77/980628-9.f -O3 -g (test for excess errors)
UNRESOLVED: gfortran.dg/g77/980628-9.f -O3 -g compilation failed to produce executable
FAIL: gfortran.dg/g77/980628-9.f -Os (test for excess errors)
UNRESOLVED: gfortran.dg/g77/980628-9.f -Os compilation failed to produce executable
FAIL: gfortran.dg/g77/980701-0.f -O0 (test for excess errors)
UNRESOLVED: gfortran.dg/g77/980701-0.f -O0 compilation failed to produce executable
FAIL: gfortran.dg/g77/980701-0.f -O1 (test for excess errors)
UNRESOLVED: gfortran.dg/g77/980701-0.f -O1 compilation failed to produce executable
FAIL: gfortran.dg/g77/980701-0.f -O2 (test for excess errors)
UNRESOLVED: gfortran.dg/g77/980701-0.f -O2 compilation failed to produce executable
FAIL: gfortran.dg/g77/980701-0.f -O3 -fomit-frame-pointer (test for excess errors)
UNRESOLVED: gfortran.dg/g77/980701-0.f -O3 -fomit-frame-pointer compilation failed to produce executable
FAIL: gfortran.dg/g77/980701-0.f -O3 -fomit-frame-pointer -funroll-loops (test for excess errors)
UNRESOLVED: gfortran.dg/g77/980701-0.f -O3 -fomit-frame-pointer -funroll-loops compilation failed to produce executable
FAIL: gfortran.dg/g77/980701-0.f -O3 -fomit-frame-pointer -funroll-all-loops -finline-functions (test for excess errors)
UNRESOLVED: gfortran.dg/g77/980701-0.f -O3 -fomit-frame-pointer -funroll-all-loops -finline-functions compilation failed to produce executable
FAIL: gfortran.dg/g77/980701-0.f -O3 -g (test for excess errors)
UNRESOLVED: gfortran.dg/g77/980701-0.f -O3 -g compilation failed to produce executable
FAIL: gfortran.dg/g77/980701-0.f -Os (test for excess errors)
UNRESOLVED: gfortran.dg/g77/980701-0.f -Os compilation failed to produce executable
FAIL: gfortran.dg/g77/980701-1.f -O0 (test for excess errors)
UNRESOLVED: gfortran.dg/g77/980701-1.f -O0 compilation failed to produce executable
FAIL: gfortran.dg/g77/980701-1.f -O1 (test for excess errors)
UNRESOLVED: gfortran.dg/g77/980701-1.f -O1 compilation failed to produce executable
FAIL: gfortran.dg/g77/980701-1.f -O2 (test for excess errors)
UNRESOLVED: gfortran.dg/g77/980701-1.f -O2 compilation failed to produce executable
FAIL: gfortran.dg/g77/980701-1.f -O3 -fomit-frame-pointer (test for excess errors)
UNRESOLVED: gfortran.dg/g77/980701-1.f -O3 -fomit-frame-pointer compilation failed to produce executable
FAIL: gfortran.dg/g77/980701-1.f -O3 -fomit-frame-pointer -funroll-loops (test for excess errors)
UNRESOLVED: gfortran.dg/g77/980701-1.f -O3 -fomit-frame-pointer -funroll-loops compilation failed to produce executable
FAIL: gfortran.dg/g77/980701-1.f -O3 -fomit-frame-pointer -funroll-all-loops -finline-functions (test for excess errors)
UNRESOLVED: gfortran.dg/g77/980701-1.f -O3 -fomit-frame-pointer -funroll-all-loops -finline-functions compilation failed to produce executable
FAIL: gfortran.dg/g77/980701-1.f -O3 -g (test for excess errors)
UNRESOLVED: gfortran.dg/g77/980701-1.f -O3 -g compilation failed to produce executable
FAIL: gfortran.dg/g77/980701-1.f -Os (test for excess errors)
UNRESOLVED: gfortran.dg/g77/980701-1.f -Os compilation failed to produce executable
FAIL: gfortran.dg/g77/dnrm2.f -O0 (test for excess errors)
UNRESOLVED: gfortran.dg/g77/dnrm2.f -O0 compilation failed to produce executable
FAIL: gfortran.dg/g77/dnrm2.f -O1 (test for excess errors)
UNRESOLVED: gfortran.dg/g77/dnrm2.f -O1 compilation failed to produce executable
FAIL: gfortran.dg/g77/dnrm2.f -O2 (test for excess errors)
UNRESOLVED: gfortran.dg/g77/dnrm2.f -O2 compilation failed to produce executable
FAIL: gfortran.dg/g77/dnrm2.f -O3 -fomit-frame-pointer (test for excess errors)
UNRESOLVED: gfortran.dg/g77/dnrm2.f -O3 -fomit-frame-pointer compilation failed to produce executable
FAIL: gfortran.dg/g77/dnrm2.f -O3 -fomit-frame-pointer -funroll-loops (test for excess errors)
UNRESOLVED: gfortran.dg/g77/dnrm2.f -O3 -fomit-frame-pointer -funroll-loops compilation failed to produce executable
FAIL: gfortran.dg/g77/dnrm2.f -O3 -fomit-frame-pointer -funroll-all-loops -finline-functions (test for excess errors)
UNRESOLVED: gfortran.dg/g77/dnrm2.f -O3 -fomit-frame-pointer -funroll-all-loops -finline-functions compilation failed to produce executable
FAIL: gfortran.dg/g77/dnrm2.f -O3 -g (test for excess errors)
UNRESOLVED: gfortran.dg/g77/dnrm2.f -O3 -g compilation failed to produce executable
FAIL: gfortran.dg/g77/dnrm2.f -Os (test for excess errors)
UNRESOLVED: gfortran.dg/g77/dnrm2.f -Os compilation failed to produce executable
FAIL: gfortran.dg/g77/f90-intrinsic-bit.f -O0 (test for excess errors)
UNRESOLVED: gfortran.dg/g77/f90-intrinsic-bit.f -O0 compilation failed to produce executable
FAIL: gfortran.dg/g77/f90-intrinsic-bit.f -O1 (test for excess errors)
UNRESOLVED: gfortran.dg/g77/f90-intrinsic-bit.f -O1 compilation failed to produce executable
FAIL: gfortran.dg/g77/f90-intrinsic-bit.f -O2 (test for excess errors)
UNRESOLVED: gfortran.dg/g77/f90-intrinsic-bit.f -O2 compilation failed to produce executable
FAIL: gfortran.dg/g77/f90-intrinsic-bit.f -O3 -fomit-frame-pointer (test for excess errors)
UNRESOLVED: gfortran.dg/g77/f90-intrinsic-bit.f -O3 -fomit-frame-pointer compilation failed to produce executable
FAIL: gfortran.dg/g77/f90-intrinsic-bit.f -O3 -fomit-frame-pointer -funroll-loops (test for excess errors)
UNRESOLVED: gfortran.dg/g77/f90-intrinsic-bit.f -O3 -fomit-frame-pointer -funroll-loops compilation failed to produce executable
FAIL: gfortran.dg/g77/f90-intrinsic-bit.f -O3 -fomit-frame-pointer -funroll-all-loops -finline-functions (test for excess errors)
UNRESOLVED: gfortran.dg/g77/f90-intrinsic-bit.f -O3 -fomit-frame-pointer -funroll-all-loops -finline-functions compilation failed to produce executable
FAIL: gfortran.dg/g77/f90-intrinsic-bit.f -O3 -g (test for excess errors)
UNRESOLVED: gfortran.dg/g77/f90-intrinsic-bit.f -O3 -g compilation failed to produce executable
FAIL: gfortran.dg/g77/f90-intrinsic-bit.f -Os (test for excess errors)
UNRESOLVED: gfortran.dg/g77/f90-intrinsic-bit.f -Os compilation failed to produce executable
FAIL: gfortran.dg/g77/f90-intrinsic-mathematical.f -O0 (test for excess errors)
UNRESOLVED: gfortran.dg/g77/f90-intrinsic-mathematical.f -O0 compilation failed to produce executable
FAIL: gfortran.dg/g77/f90-intrinsic-mathematical.f -O1 (test for excess errors)
UNRESOLVED: gfortran.dg/g77/f90-intrinsic-mathematical.f -O1 compilation failed to produce executable
FAIL: gfortran.dg/g77/f90-intrinsic-mathematical.f -O2 (test for excess errors)
UNRESOLVED: gfortran.dg/g77/f90-intrinsic-mathematical.f -O2 compilation failed to produce executable
FAIL: gfortran.dg/g77/f90-intrinsic-mathematical.f -O3 -fomit-frame-pointer (test for excess errors)
UNRESOLVED: gfortran.dg/g77/f90-intrinsic-mathematical.f -O3 -fomit-frame-pointer compilation failed to produce executable
FAIL: gfortran.dg/g77/f90-intrinsic-mathematical.f -O3 -fomit-frame-pointer -funroll-loops (test for excess errors)
UNRESOLVED: gfortran.dg/g77/f90-intrinsic-mathematical.f -O3 -fomit-frame-pointer -funroll-loops compilation failed to produce executable
FAIL: gfortran.dg/g77/f90-intrinsic-mathematical.f -O3 -fomit-frame-pointer -funroll-all-loops -finline-functions (test for excess errors)
UNRESOLVED: gfortran.dg/g77/f90-intrinsic-mathematical.f -O3 -fomit-frame-pointer -funroll-all-loops -finline-functions compilation failed to produce executable
FAIL: gfortran.dg/g77/f90-intrinsic-mathematical.f -O3 -g (test for excess errors)
UNRESOLVED: gfortran.dg/g77/f90-intrinsic-mathematical.f -O3 -g compilation failed to produce executable
FAIL: gfortran.dg/g77/f90-intrinsic-mathematical.f -Os (test for excess errors)
UNRESOLVED: gfortran.dg/g77/f90-intrinsic-mathematical.f -Os compilation failed to produce executable
FAIL: gfortran.dg/g77/f90-intrinsic-numeric.f -O0 (test for excess errors)
UNRESOLVED: gfortran.dg/g77/f90-intrinsic-numeric.f -O0 compilation failed to produce executable
FAIL: gfortran.dg/g77/f90-intrinsic-numeric.f -O1 (test for excess errors)
UNRESOLVED: gfortran.dg/g77/f90-intrinsic-numeric.f -O1 compilation failed to produce executable
FAIL: gfortran.dg/g77/f90-intrinsic-numeric.f -O2 (test for excess errors)
UNRESOLVED: gfortran.dg/g77/f90-intrinsic-numeric.f -O2 compilation failed to produce executable
FAIL: gfortran.dg/g77/f90-intrinsic-numeric.f -O3 -fomit-frame-pointer (test for excess errors)
UNRESOLVED: gfortran.dg/g77/f90-intrinsic-numeric.f -O3 -fomit-frame-pointer compilation failed to produce executable
FAIL: gfortran.dg/g77/f90-intrinsic-numeric.f -O3 -fomit-frame-pointer -funroll-loops (test for excess errors)
UNRESOLVED: gfortran.dg/g77/f90-intrinsic-numeric.f -O3 -fomit-frame-pointer -funroll-loops compilation failed to produce executable
FAIL: gfortran.dg/g77/f90-intrinsic-numeric.f -O3 -fomit-frame-pointer -funroll-all-loops -finline-functions (test for excess errors)
UNRESOLVED: gfortran.dg/g77/f90-intrinsic-numeric.f -O3 -fomit-frame-pointer -funroll-all-loops -finline-functions compilation failed to produce executable
FAIL: gfortran.dg/g77/f90-intrinsic-numeric.f -O3 -g (test for excess errors)
UNRESOLVED: gfortran.dg/g77/f90-intrinsic-numeric.f -O3 -g compilation failed to produce executable
FAIL: gfortran.dg/g77/f90-intrinsic-numeric.f -Os (test for excess errors)
UNRESOLVED: gfortran.dg/g77/f90-intrinsic-numeric.f -Os compilation failed to produce executable
FAIL: gfortran.dg/g77/intrinsic-unix-bessel.f -O0 (test for excess errors)
UNRESOLVED: gfortran.dg/g77/intrinsic-unix-bessel.f -O0 compilation failed to produce executable
FAIL: gfortran.dg/g77/intrinsic-unix-bessel.f -O1 (test for excess errors)
UNRESOLVED: gfortran.dg/g77/intrinsic-unix-bessel.f -O1 compilation failed to produce executable
FAIL: gfortran.dg/g77/intrinsic-unix-bessel.f -O2 (test for excess errors)
UNRESOLVED: gfortran.dg/g77/intrinsic-unix-bessel.f -O2 compilation failed to produce executable
FAIL: gfortran.dg/g77/intrinsic-unix-bessel.f -O3 -fomit-frame-pointer (test for excess errors)
UNRESOLVED: gfortran.dg/g77/intrinsic-unix-bessel.f -O3 -fomit-frame-pointer compilation failed to produce executable
FAIL: gfortran.dg/g77/intrinsic-unix-bessel.f -O3 -fomit-frame-pointer -funroll-loops (test for excess errors)
UNRESOLVED: gfortran.dg/g77/intrinsic-unix-bessel.f -O3 -fomit-frame-pointer -funroll-loops compilation failed to produce executable
FAIL: gfortran.dg/g77/intrinsic-unix-bessel.f -O3 -fomit-frame-pointer -funroll-all-loops -finline-functions (test for excess errors)
UNRESOLVED: gfortran.dg/g77/intrinsic-unix-bessel.f -O3 -fomit-frame-pointer -funroll-all-loops -finline-functions compilation failed to produce executable
FAIL: gfortran.dg/g77/intrinsic-unix-bessel.f -O3 -g (test for excess errors)
UNRESOLVED: gfortran.dg/g77/intrinsic-unix-bessel.f -O3 -g compilation failed to produce executable
FAIL: gfortran.dg/g77/intrinsic-unix-bessel.f -Os (test for excess errors)
UNRESOLVED: gfortran.dg/g77/intrinsic-unix-bessel.f -Os compilation failed to produce executable
FAIL: gfortran.dg/g77/intrinsic-unix-erf.f -O0 (test for excess errors)
UNRESOLVED: gfortran.dg/g77/intrinsic-unix-erf.f -O0 compilation failed to produce executable
FAIL: gfortran.dg/g77/intrinsic-unix-erf.f -O1 (test for excess errors)
UNRESOLVED: gfortran.dg/g77/intrinsic-unix-erf.f -O1 compilation failed to produce executable
FAIL: gfortran.dg/g77/intrinsic-unix-erf.f -O2 (test for excess errors)
UNRESOLVED: gfortran.dg/g77/intrinsic-unix-erf.f -O2 compilation failed to produce executable
FAIL: gfortran.dg/g77/intrinsic-unix-erf.f -O3 -fomit-frame-pointer (test for excess errors)
UNRESOLVED: gfortran.dg/g77/intrinsic-unix-erf.f -O3 -fomit-frame-pointer compilation failed to produce executable
FAIL: gfortran.dg/g77/intrinsic-unix-erf.f -O3 -fomit-frame-pointer -funroll-loops (test for excess errors)
UNRESOLVED: gfortran.dg/g77/intrinsic-unix-erf.f -O3 -fomit-frame-pointer -funroll-loops compilation failed to produce executable
FAIL: gfortran.dg/g77/intrinsic-unix-erf.f -O3 -fomit-frame-pointer -funroll-all-loops -finline-functions (test for excess errors)
UNRESOLVED: gfortran.dg/g77/intrinsic-unix-erf.f -O3 -fomit-frame-pointer -funroll-all-loops -finline-functions compilation failed to produce executable
FAIL: gfortran.dg/g77/intrinsic-unix-erf.f -O3 -g (test for excess errors)
UNRESOLVED: gfortran.dg/g77/intrinsic-unix-erf.f -O3 -g compilation failed to produce executable
FAIL: gfortran.dg/g77/intrinsic-unix-erf.f -Os (test for excess errors)
UNRESOLVED: gfortran.dg/g77/intrinsic-unix-erf.f -Os compilation failed to produce executable
FAIL: gfortran.dg/g77/labug1.f -O0 (test for excess errors)
UNRESOLVED: gfortran.dg/g77/labug1.f -O0 compilation failed to produce executable
FAIL: gfortran.dg/g77/labug1.f -O1 (test for excess errors)
UNRESOLVED: gfortran.dg/g77/labug1.f -O1 compilation failed to produce executable
FAIL: gfortran.dg/g77/labug1.f -O2 (test for excess errors)
UNRESOLVED: gfortran.dg/g77/labug1.f -O2 compilation failed to produce executable
FAIL: gfortran.dg/g77/labug1.f -O3 -fomit-frame-pointer (test for excess errors)
UNRESOLVED: gfortran.dg/g77/labug1.f -O3 -fomit-frame-pointer compilation failed to produce executable
FAIL: gfortran.dg/g77/labug1.f -O3 -fomit-frame-pointer -funroll-loops (test for excess errors)
UNRESOLVED: gfortran.dg/g77/labug1.f -O3 -fomit-frame-pointer -funroll-loops compilation failed to produce executable
FAIL: gfortran.dg/g77/labug1.f -O3 -fomit-frame-pointer -funroll-all-loops -finline-functions (test for excess errors)
UNRESOLVED: gfortran.dg/g77/labug1.f -O3 -fomit-frame-pointer -funroll-all-loops -finline-functions compilation failed to produce executable
FAIL: gfortran.dg/g77/labug1.f -O3 -g (test for excess errors)
UNRESOLVED: gfortran.dg/g77/labug1.f -O3 -g compilation failed to produce executable
FAIL: gfortran.dg/g77/labug1.f -Os (test for excess errors)
UNRESOLVED: gfortran.dg/g77/labug1.f -Os compilation failed to produce executable
FAIL: gfortran.dg/g77/short.f -O0 (test for excess errors)
UNRESOLVED: gfortran.dg/g77/short.f -O0 compilation failed to produce executable
FAIL: gfortran.dg/g77/short.f -O1 (test for excess errors)
UNRESOLVED: gfortran.dg/g77/short.f -O1 compilation failed to produce executable
FAIL: gfortran.dg/g77/short.f -O2 (test for excess errors)
UNRESOLVED: gfortran.dg/g77/short.f -O2 compilation failed to produce executable
FAIL: gfortran.dg/g77/short.f -O3 -fomit-frame-pointer (test for excess errors)
UNRESOLVED: gfortran.dg/g77/short.f -O3 -fomit-frame-pointer compilation failed to produce executable
FAIL: gfortran.dg/g77/short.f -O3 -fomit-frame-pointer -funroll-loops (test for excess errors)
UNRESOLVED: gfortran.dg/g77/short.f -O3 -fomit-frame-pointer -funroll-loops compilation failed to produce executable
FAIL: gfortran.dg/g77/short.f -O3 -fomit-frame-pointer -funroll-all-loops -finline-functions (test for excess errors)
UNRESOLVED: gfortran.dg/g77/short.f -O3 -fomit-frame-pointer -funroll-all-loops -finline-functions compilation failed to produce executable
FAIL: gfortran.dg/g77/short.f -O3 -g (test for excess errors)
UNRESOLVED: gfortran.dg/g77/short.f -O3 -g compilation failed to produce executable
FAIL: gfortran.dg/g77/short.f -Os (test for excess errors)
UNRESOLVED: gfortran.dg/g77/short.f -Os compilation failed to produce executable
FAIL: gfortran.dg/g77/strlen0.f -O0 (test for excess errors)
UNRESOLVED: gfortran.dg/g77/strlen0.f -O0 compilation failed to produce executable
FAIL: gfortran.dg/g77/strlen0.f -O1 (test for excess errors)
UNRESOLVED: gfortran.dg/g77/strlen0.f -O1 compilation failed to produce executable
FAIL: gfortran.dg/g77/strlen0.f -O2 (test for excess errors)
UNRESOLVED: gfortran.dg/g77/strlen0.f -O2 compilation failed to produce executable
FAIL: gfortran.dg/g77/strlen0.f -O3 -fomit-frame-pointer (test for excess errors)
UNRESOLVED: gfortran.dg/g77/strlen0.f -O3 -fomit-frame-pointer compilation failed to produce executable
FAIL: gfortran.dg/g77/strlen0.f -O3 -fomit-frame-pointer -funroll-loops (test for excess errors)
UNRESOLVED: gfortran.dg/g77/strlen0.f -O3 -fomit-frame-pointer -funroll-loops compilation failed to produce executable
FAIL: gfortran.dg/g77/strlen0.f -O3 -fomit-frame-pointer -funroll-all-loops -finline-functions (test for excess errors)
UNRESOLVED: gfortran.dg/g77/strlen0.f -O3 -fomit-frame-pointer -funroll-all-loops -finline-functions compilation failed to produce executable
FAIL: gfortran.dg/g77/strlen0.f -O3 -g (test for excess errors)
UNRESOLVED: gfortran.dg/g77/strlen0.f -O3 -g compilation failed to produce executable
FAIL: gfortran.dg/g77/strlen0.f -Os (test for excess errors)
UNRESOLVED: gfortran.dg/g77/strlen0.f -Os compilation failed to produce executable
FAIL: gfortran.dg/vect/fast-math-pr38968.f90 scan-tree-dump vect "vectorized 1 loops"
FAIL: gfortran.fortran-torture/execute/pr40021.f compilation, -O0
FAIL: gfortran.fortran-torture/execute/pr40021.f compilation, -O1
FAIL: gfortran.fortran-torture/execute/pr40021.f compilation, -O2
FAIL: gfortran.fortran-torture/execute/pr40021.f compilation, -O2 -fomit-frame-pointer -finline-functions
FAIL: gfortran.fortran-torture/execute/pr40021.f compilation, -O2 -fomit-frame-pointer -finline-functions -funroll-loops
FAIL: gfortran.fortran-torture/execute/pr40021.f compilation, -O2 -fbounds-check
FAIL: gfortran.fortran-torture/execute/pr40021.f compilation, -O3 -g
FAIL: gfortran.fortran-torture/execute/pr40021.f compilation, -Os
FAIL: gfortran.fortran-torture/execute/character_passing.f90 compilation, -O0
FAIL: gfortran.fortran-torture/execute/character_passing.f90 compilation, -O1
FAIL: gfortran.fortran-torture/execute/character_passing.f90 compilation, -O2
FAIL: gfortran.fortran-torture/execute/character_passing.f90 compilation, -O2 -fomit-frame-pointer -finline-functions
FAIL: gfortran.fortran-torture/execute/character_passing.f90 compilation, -O2 -fomit-frame-pointer -finline-functions -funroll-loops
FAIL: gfortran.fortran-torture/execute/character_passing.f90 compilation, -O2 -fbounds-check
FAIL: gfortran.fortran-torture/execute/character_passing.f90 compilation, -O3 -g
FAIL: gfortran.fortran-torture/execute/character_passing.f90 compilation, -Os
FAIL: gfortran.fortran-torture/execute/common.f90 compilation, -O0
FAIL: gfortran.fortran-torture/execute/common.f90 compilation, -O1
FAIL: gfortran.fortran-torture/execute/common.f90 compilation, -O2
FAIL: gfortran.fortran-torture/execute/common.f90 compilation, -O2 -fomit-frame-pointer -finline-functions
FAIL: gfortran.fortran-torture/execute/common.f90 compilation, -O2 -fomit-frame-pointer -finline-functions -funroll-loops
FAIL: gfortran.fortran-torture/execute/common.f90 compilation, -O2 -fbounds-check
FAIL: gfortran.fortran-torture/execute/common.f90 compilation, -O3 -g
FAIL: gfortran.fortran-torture/execute/common.f90 compilation, -Os
FAIL: gfortran.fortran-torture/execute/csqrt_1.f90 compilation, -O0
FAIL: gfortran.fortran-torture/execute/csqrt_1.f90 compilation, -O1
FAIL: gfortran.fortran-torture/execute/csqrt_1.f90 compilation, -O2
FAIL: gfortran.fortran-torture/execute/csqrt_1.f90 compilation, -O2 -fomit-frame-pointer -finline-functions
FAIL: gfortran.fortran-torture/execute/csqrt_1.f90 compilation, -O2 -fomit-frame-pointer -finline-functions -funroll-loops
FAIL: gfortran.fortran-torture/execute/csqrt_1.f90 compilation, -O2 -fbounds-check
FAIL: gfortran.fortran-torture/execute/csqrt_1.f90 compilation, -O3 -g
FAIL: gfortran.fortran-torture/execute/csqrt_1.f90 compilation, -Os
FAIL: gfortran.fortran-torture/execute/data.f90 compilation, -O0
FAIL: gfortran.fortran-torture/execute/data.f90 compilation, -O1
FAIL: gfortran.fortran-torture/execute/data.f90 compilation, -O2
FAIL: gfortran.fortran-torture/execute/data.f90 compilation, -O2 -fomit-frame-pointer -finline-functions
FAIL: gfortran.fortran-torture/execute/data.f90 compilation, -O2 -fomit-frame-pointer -finline-functions -funroll-loops
FAIL: gfortran.fortran-torture/execute/data.f90 compilation, -O2 -fbounds-check
FAIL: gfortran.fortran-torture/execute/data.f90 compilation, -O3 -g
FAIL: gfortran.fortran-torture/execute/data.f90 compilation, -Os
FAIL: gfortran.fortran-torture/execute/in-pack.f90 compilation, -O0
FAIL: gfortran.fortran-torture/execute/in-pack.f90 compilation, -O1
FAIL: gfortran.fortran-torture/execute/in-pack.f90 compilation, -O2
FAIL: gfortran.fortran-torture/execute/in-pack.f90 compilation, -O2 -fomit-frame-pointer -finline-functions
FAIL: gfortran.fortran-torture/execute/in-pack.f90 compilation, -O2 -fomit-frame-pointer -finline-functions -funroll-loops
FAIL: gfortran.fortran-torture/execute/in-pack.f90 compilation, -O2 -fbounds-check
FAIL: gfortran.fortran-torture/execute/in-pack.f90 compilation, -O3 -g
FAIL: gfortran.fortran-torture/execute/in-pack.f90 compilation, -Os
FAIL: gfortran.fortran-torture/execute/intrinsic_associated.f90 compilation, -O0
FAIL: gfortran.fortran-torture/execute/intrinsic_associated.f90 compilation, -O1
FAIL: gfortran.fortran-torture/execute/intrinsic_associated.f90 compilation, -O2
FAIL: gfortran.fortran-torture/execute/intrinsic_associated.f90 compilation, -O2 -fomit-frame-pointer -finline-functions
FAIL: gfortran.fortran-torture/execute/intrinsic_associated.f90 compilation, -O2 -fomit-frame-pointer -finline-functions -funroll-loops
FAIL: gfortran.fortran-torture/execute/intrinsic_associated.f90 compilation, -O2 -fbounds-check
FAIL: gfortran.fortran-torture/execute/intrinsic_associated.f90 compilation, -O3 -g
FAIL: gfortran.fortran-torture/execute/intrinsic_associated.f90 compilation, -Os
FAIL: gfortran.fortran-torture/execute/intrinsic_fraction_exponent.f90 compilation, -O0
FAIL: gfortran.fortran-torture/execute/intrinsic_fraction_exponent.f90 compilation, -O1
FAIL: gfortran.fortran-torture/execute/intrinsic_fraction_exponent.f90 compilation, -O2
FAIL: gfortran.fortran-torture/execute/intrinsic_fraction_exponent.f90 compilation, -O2 -fomit-frame-pointer -finline-functions
FAIL: gfortran.fortran-torture/execute/intrinsic_fraction_exponent.f90 compilation, -O2 -fomit-frame-pointer -finline-functions -funroll-loops
FAIL: gfortran.fortran-torture/execute/intrinsic_fraction_exponent.f90 compilation, -O2 -fbounds-check
FAIL: gfortran.fortran-torture/execute/intrinsic_fraction_exponent.f90 compilation, -O3 -g
FAIL: gfortran.fortran-torture/execute/intrinsic_fraction_exponent.f90 compilation, -Os
FAIL: gfortran.fortran-torture/execute/intrinsic_index.f90 compilation, -O0
FAIL: gfortran.fortran-torture/execute/intrinsic_index.f90 compilation, -O1
FAIL: gfortran.fortran-torture/execute/intrinsic_index.f90 compilation, -O2
FAIL: gfortran.fortran-torture/execute/intrinsic_index.f90 compilation, -O2 -fomit-frame-pointer -finline-functions
FAIL: gfortran.fortran-torture/execute/intrinsic_index.f90 compilation, -O2 -fomit-frame-pointer -finline-functions -funroll-loops
FAIL: gfortran.fortran-torture/execute/intrinsic_index.f90 compilation, -O2 -fbounds-check
FAIL: gfortran.fortran-torture/execute/intrinsic_index.f90 compilation, -O3 -g
FAIL: gfortran.fortran-torture/execute/intrinsic_index.f90 compilation, -Os
FAIL: gfortran.fortran-torture/execute/intrinsic_len.f90 compilation, -O0
FAIL: gfortran.fortran-torture/execute/intrinsic_len.f90 compilation, -O1
FAIL: gfortran.fortran-torture/execute/intrinsic_len.f90 compilation, -O2
FAIL: gfortran.fortran-torture/execute/intrinsic_len.f90 compilation, -O2 -fomit-frame-pointer -finline-functions
FAIL: gfortran.fortran-torture/execute/intrinsic_len.f90 compilation, -O2 -fomit-frame-pointer -finline-functions -funroll-loops
FAIL: gfortran.fortran-torture/execute/intrinsic_len.f90 compilation, -O2 -fbounds-check
FAIL: gfortran.fortran-torture/execute/intrinsic_len.f90 compilation, -O3 -g
FAIL: gfortran.fortran-torture/execute/intrinsic_len.f90 compilation, -Os
FAIL: gfortran.fortran-torture/execute/intrinsic_nearest.f90 compilation, -O0
FAIL: gfortran.fortran-torture/execute/intrinsic_nearest.f90 compilation, -O1
FAIL: gfortran.fortran-torture/execute/intrinsic_nearest.f90 compilation, -O2
FAIL: gfortran.fortran-torture/execute/intrinsic_nearest.f90 compilation, -O2 -fomit-frame-pointer -finline-functions
FAIL: gfortran.fortran-torture/execute/intrinsic_nearest.f90 compilation, -O2 -fomit-frame-pointer -finline-functions -funroll-loops
FAIL: gfortran.fortran-torture/execute/intrinsic_nearest.f90 compilation, -O2 -fbounds-check
FAIL: gfortran.fortran-torture/execute/intrinsic_nearest.f90 compilation, -O3 -g
FAIL: gfortran.fortran-torture/execute/intrinsic_nearest.f90 compilation, -Os
FAIL: gfortran.fortran-torture/execute/intrinsic_rrspacing.f90 compilation, -O0
FAIL: gfortran.fortran-torture/execute/intrinsic_rrspacing.f90 compilation, -O1
FAIL: gfortran.fortran-torture/execute/intrinsic_rrspacing.f90 compilation, -O2
FAIL: gfortran.fortran-torture/execute/intrinsic_rrspacing.f90 compilation, -O2 -fomit-frame-pointer -finline-functions
FAIL: gfortran.fortran-torture/execute/intrinsic_rrspacing.f90 compilation, -O2 -fomit-frame-pointer -finline-functions -funroll-loops
FAIL: gfortran.fortran-torture/execute/intrinsic_rrspacing.f90 compilation, -O2 -fbounds-check
FAIL: gfortran.fortran-torture/execute/intrinsic_rrspacing.f90 compilation, -O3 -g
FAIL: gfortran.fortran-torture/execute/intrinsic_rrspacing.f90 compilation, -Os
FAIL: gfortran.fortran-torture/execute/intrinsic_scale.f90 compilation, -O0
FAIL: gfortran.fortran-torture/execute/intrinsic_scale.f90 compilation, -O1
FAIL: gfortran.fortran-torture/execute/intrinsic_scale.f90 compilation, -O2
FAIL: gfortran.fortran-torture/execute/intrinsic_scale.f90 compilation, -O2 -fomit-frame-pointer -finline-functions
FAIL: gfortran.fortran-torture/execute/intrinsic_scale.f90 compilation, -O2 -fomit-frame-pointer -finline-functions -funroll-loops
FAIL: gfortran.fortran-torture/execute/intrinsic_scale.f90 compilation, -O2 -fbounds-check
FAIL: gfortran.fortran-torture/execute/intrinsic_scale.f90 compilation, -O3 -g
FAIL: gfortran.fortran-torture/execute/intrinsic_scale.f90 compilation, -Os
FAIL: gfortran.fortran-torture/execute/intrinsic_set_exponent.f90 compilation, -O0
FAIL: gfortran.fortran-torture/execute/intrinsic_set_exponent.f90 compilation, -O1
FAIL: gfortran.fortran-torture/execute/intrinsic_set_exponent.f90 compilation, -O2
FAIL: gfortran.fortran-torture/execute/intrinsic_set_exponent.f90 compilation, -O2 -fomit-frame-pointer -finline-functions
FAIL: gfortran.fortran-torture/execute/intrinsic_set_exponent.f90 compilation, -O2 -fomit-frame-pointer -finline-functions -funroll-loops
FAIL: gfortran.fortran-torture/execute/intrinsic_set_exponent.f90 compilation, -O2 -fbounds-check
FAIL: gfortran.fortran-torture/execute/intrinsic_set_exponent.f90 compilation, -O3 -g
FAIL: gfortran.fortran-torture/execute/intrinsic_set_exponent.f90 compilation, -Os
FAIL: gfortran.fortran-torture/execute/intrinsic_spacing.f90 compilation, -O0
FAIL: gfortran.fortran-torture/execute/intrinsic_spacing.f90 compilation, -O1
FAIL: gfortran.fortran-torture/execute/intrinsic_spacing.f90 compilation, -O2
FAIL: gfortran.fortran-torture/execute/intrinsic_spacing.f90 compilation, -O2 -fomit-frame-pointer -finline-functions
FAIL: gfortran.fortran-torture/execute/intrinsic_spacing.f90 compilation, -O2 -fomit-frame-pointer -finline-functions -funroll-loops
FAIL: gfortran.fortran-torture/execute/intrinsic_spacing.f90 compilation, -O2 -fbounds-check
FAIL: gfortran.fortran-torture/execute/intrinsic_spacing.f90 compilation, -O3 -g
FAIL: gfortran.fortran-torture/execute/intrinsic_spacing.f90 compilation, -Os
FAIL: gfortran.fortran-torture/execute/intrinsic_trim.f90 compilation, -O0
FAIL: gfortran.fortran-torture/execute/intrinsic_trim.f90 compilation, -O1
FAIL: gfortran.fortran-torture/execute/intrinsic_trim.f90 compilation, -O2
FAIL: gfortran.fortran-torture/execute/intrinsic_trim.f90 compilation, -O2 -fomit-frame-pointer -finline-functions
FAIL: gfortran.fortran-torture/execute/intrinsic_trim.f90 compilation, -O2 -fomit-frame-pointer -finline-functions -funroll-loops
FAIL: gfortran.fortran-torture/execute/intrinsic_trim.f90 compilation, -O2 -fbounds-check
FAIL: gfortran.fortran-torture/execute/intrinsic_trim.f90 compilation, -O3 -g
FAIL: gfortran.fortran-torture/execute/intrinsic_trim.f90 compilation, -Os
FAIL: gfortran.fortran-torture/execute/mainsub.f90 compilation, -O0
FAIL: gfortran.fortran-torture/execute/mainsub.f90 compilation, -O1
FAIL: gfortran.fortran-torture/execute/mainsub.f90 compilation, -O2
FAIL: gfortran.fortran-torture/execute/mainsub.f90 compilation, -O2 -fomit-frame-pointer -finline-functions
FAIL: gfortran.fortran-torture/execute/mainsub.f90 compilation, -O2 -fomit-frame-pointer -finline-functions -funroll-loops
FAIL: gfortran.fortran-torture/execute/mainsub.f90 compilation, -O2 -fbounds-check
FAIL: gfortran.fortran-torture/execute/mainsub.f90 compilation, -O3 -g
FAIL: gfortran.fortran-torture/execute/mainsub.f90 compilation, -Os
FAIL: gfortran.fortran-torture/execute/save_2.f90 compilation, -O0
FAIL: gfortran.fortran-torture/execute/save_2.f90 compilation, -O1
FAIL: gfortran.fortran-torture/execute/save_2.f90 compilation, -O2
FAIL: gfortran.fortran-torture/execute/save_2.f90 compilation, -O2 -fomit-frame-pointer -finline-functions
FAIL: gfortran.fortran-torture/execute/save_2.f90 compilation, -O2 -fomit-frame-pointer -finline-functions -funroll-loops
FAIL: gfortran.fortran-torture/execute/save_2.f90 compilation, -O2 -fbounds-check
FAIL: gfortran.fortran-torture/execute/save_2.f90 compilation, -O3 -g
FAIL: gfortran.fortran-torture/execute/save_2.f90 compilation, -Os
FAIL: gfortran.fortran-torture/execute/spec_abs.f90 compilation, -O0
FAIL: gfortran.fortran-torture/execute/spec_abs.f90 compilation, -O1
FAIL: gfortran.fortran-torture/execute/spec_abs.f90 compilation, -O2
FAIL: gfortran.fortran-torture/execute/spec_abs.f90 compilation, -O2 -fomit-frame-pointer -finline-functions
FAIL: gfortran.fortran-torture/execute/spec_abs.f90 compilation, -O2 -fomit-frame-pointer -finline-functions -funroll-loops
FAIL: gfortran.fortran-torture/execute/spec_abs.f90 compilation, -O2 -fbounds-check
FAIL: gfortran.fortran-torture/execute/spec_abs.f90 compilation, -O3 -g
FAIL: gfortran.fortran-torture/execute/spec_abs.f90 compilation, -Os
FAIL: gfortran.fortran-torture/execute/st_function.f90 compilation, -O0
FAIL: gfortran.fortran-torture/execute/st_function.f90 compilation, -O1
FAIL: gfortran.fortran-torture/execute/st_function.f90 compilation, -O2
FAIL: gfortran.fortran-torture/execute/st_function.f90 compilation, -O2 -fomit-frame-pointer -finline-functions
FAIL: gfortran.fortran-torture/execute/st_function.f90 compilation, -O2 -fomit-frame-pointer -finline-functions -funroll-loops
FAIL: gfortran.fortran-torture/execute/st_function.f90 compilation, -O2 -fbounds-check
FAIL: gfortran.fortran-torture/execute/st_function.f90 compilation, -O3 -g
FAIL: gfortran.fortran-torture/execute/st_function.f90 compilation, -Os
=== gfortran Summary ===
# of expected passes 27991
# of unexpected failures 926
# of expected failures 19
# of unresolved testcases 713
# of untested testcases 160
# of unsupported tests 256
/home/guerby/build/gcc/testsuite/gfortran/../../gfortran version 4.5.0 20090527 (experimental) [trunk revision 147923] (GCC)
=== g++ tests ===
Running target unix
WARNING: program timed out.
FAIL: g++.dg/eh/cleanup1.C (test for excess errors)
FAIL: g++.dg/ipa/iinline-1.C scan-ipa-dump inline "String::funcOne[^\\n]*inline copy in int main"
FAIL: g++.dg/template/cond5.C (internal compiler error)
FAIL: g++.dg/template/cond5.C (test for excess errors)
FAIL: g++.dg/tree-ssa/ehcleanup-1.C scan-tree-dump-times ehcleanup1 "Empty EH handler" 1
FAIL: g++.dg/tree-ssa/new1.C scan-tree-dump-not forwprop1 "= .* \\+ -"
FAIL: g++.old-deja/g++.law/profile1.C (test for excess errors)
UNRESOLVED: g++.old-deja/g++.law/profile1.C compilation failed to produce executable
=== g++ Summary ===
# of expected passes 19447
# of unexpected failures 7
# of expected failures 138
# of unresolved testcases 1
# of unsupported tests 151
/home/guerby/build/gcc/testsuite/g++/../../g++ version 4.5.0 20090527 (experimental) [trunk revision 147923] (GCC)
Compiler version: 4.5.0 20090527 (experimental) [trunk revision 147923] (GCC)
Platform: armv5tel-unknown-linux-gnueabi
configure flags: --prefix=/n/50/guerby/install-trunk-147923 --enable-languages=c,c++,fortran --enable-__cxa_atexit --disable-nls --enable-threads=posix --with-mpfr=/opt/cfarm/mpfr-2.3.2 --disable-multilib