This is the mail archive of the
gcc-testresults@gcc.gnu.org
mailing list for the GCC project.
Results for 4.5.0 20090531 (experimental) (GCC) testsuite on ia64-debian-linux-gnu
- From: Steve Ellcey <sje at cup dot hp dot com>
- To: gcc-testresults at gcc dot gnu dot org
- Date: Sun, 31 May 2009 06:31:35 -0700 (PDT)
- Subject: Results for 4.5.0 20090531 (experimental) (GCC) testsuite on ia64-debian-linux-gnu
Native configuration is ia64-debian-linux-gnu
=== gcc tests ===
Running target unix
FAIL: gcc.c-torture/compile/limits-exprparen.c -O0 (test for excess errors)
FAIL: gcc.c-torture/compile/limits-exprparen.c -O1 (test for excess errors)
FAIL: gcc.c-torture/compile/limits-exprparen.c -O2 (test for excess errors)
FAIL: gcc.c-torture/compile/limits-exprparen.c -O3 -fomit-frame-pointer (test for excess errors)
FAIL: gcc.c-torture/compile/limits-exprparen.c -O3 -g (test for excess errors)
FAIL: gcc.c-torture/compile/limits-exprparen.c -Os (test for excess errors)
XPASS: gcc.dg/Warray-bounds.c (test for warnings, line 59)
XPASS: gcc.dg/Warray-bounds.c (test for warnings, line 65)
FAIL: gcc.dg/builtin-apply4.c execution test
FAIL: gcc.dg/pr34989-1.c (internal compiler error)
FAIL: gcc.dg/pr34989-1.c (test for excess errors)
FAIL: gcc.dg/pr37106-1.c (internal compiler error)
FAIL: gcc.dg/pr37106-1.c (test for excess errors)
UNRESOLVED: ggcplug.c compilation, -I. -I/proj/opensrc/nightly2/src/trunk/gcc/testsuite -I/proj/opensrc/nightly2/src/trunk/gcc/testsuite/../../gcc -I/proj/opensrc_nobackup/nightly2/build-ia64-debian-linux-gnu-trunk/obj_gcc/gcc/testsuite/gcc/../../../gcc -I/proj/opensrc/nightly2/src/trunk/gcc/testsuite/../../include -I/proj/opensrc/nightly2/src/trunk/gcc/testsuite/../../libcpp/include -I/proj/opensrc/be/ia64-debian-linux-gnu/include -I/proj/opensrc/be/ia64-debian-linux-gnu/include -O -DIN_GCC -fPIC -shared
XPASS: gcc.dg/struct/wo_prof_array_through_pointer.c scan-ipa-dump ipa_struct_reorg "Number of structures to transform is 1"
FAIL: gcc.dg/struct/wo_prof_double_malloc.c (internal compiler error)
FAIL: gcc.dg/struct/wo_prof_double_malloc.c (test for excess errors)
WARNING: gcc.dg/struct/wo_prof_double_malloc.c compilation failed to produce executable
XPASS: gcc.dg/tree-ssa/loop-1.c scan-assembler-times foo 5
FAIL: gcc.dg/tree-ssa/loop-31.c scan-tree-dump-times optimized " \\+ 2" 1
FAIL: gcc.dg/vect/vect-42.c scan-tree-dump-times vect "Alignment of access forced using versioning" 1
FAIL: gcc.dg/vect/bb-slp-10.c scan-tree-dump-times slp "unsupported alignment in basic block." 1
FAIL: gcc.dg/vect/bb-slp-4.c scan-tree-dump-times slp "basic block vectorized using SLP" 0
FAIL: gcc.dg/vect/no-vfa-vect-43.c scan-tree-dump-times vect "Alignment of access forced using versioning" 2
=== gcc Summary ===
# of expected passes 50548
# of unexpected failures 18
# of unexpected successes 4
# of expected failures 208
# of unresolved testcases 1
# of unsupported tests 500
/proj/opensrc_nobackup/nightly2/build-ia64-debian-linux-gnu-trunk/obj_gcc/gcc/xgcc version 4.5.0 20090531 (experimental) (GCC)
=== gfortran tests ===
Running target unix
WARNING: program timed out.
FAIL: gfortran.dg/vect/fast-math-pr38968.f90 execution test
=== gfortran Summary ===
# of expected passes 30712
# of unexpected failures 1
# of expected failures 21
# of unsupported tests 29
/proj/opensrc_nobackup/nightly2/build-ia64-debian-linux-gnu-trunk/obj_gcc/gcc/testsuite/gfortran/../../gfortran version 4.5.0 20090531 (experimental) (GCC)
=== g++ tests ===
Running target unix
=== g++ Summary ===
# of expected passes 18701
# of expected failures 138
# of unsupported tests 155
/proj/opensrc_nobackup/nightly2/build-ia64-debian-linux-gnu-trunk/obj_gcc/gcc/testsuite/g++/../../g++ version 4.5.0 20090531 (experimental) (GCC)
=== objc tests ===
Running target unix
=== objc Summary ===
# of expected passes 1863
# of expected failures 15
# of unsupported tests 25
/proj/opensrc_nobackup/nightly2/build-ia64-debian-linux-gnu-trunk/obj_gcc/gcc/xgcc version 4.5.0 20090531 (experimental) (GCC)
=== libffi tests ===
Running target unix
=== libffi Summary ===
# of expected passes 1389
# of unsupported tests 10
=== libgomp tests ===
Running target unix
=== libgomp Summary ===
# of expected passes 2408
=== libjava tests ===
Running target unix
FAIL: getlocalvartable output
FAIL: Throw_3 -O3 output - source compiled test
FAIL: Throw_3 -O3 -findirect-dispatch output - source compiled test
=== libjava Summary ===
# of expected passes 2571
# of unexpected failures 3
=== libmudflap tests ===
Running target unix
FAIL: libmudflap.c/pass54-frag.c execution test
FAIL: libmudflap.c/pass54-frag.c execution test
FAIL: libmudflap.c/pass54-frag.c (-static) execution test
FAIL: libmudflap.c/pass54-frag.c (-static) execution test
FAIL: libmudflap.c++/pass41-frag.cxx execution test
FAIL: libmudflap.c++/pass41-frag.cxx (-static) execution test
FAIL: libmudflap.c++/pass41-frag.cxx ( -O) execution test
FAIL: libmudflap.c++/pass41-frag.cxx (-O2) execution test
FAIL: libmudflap.c++/pass41-frag.cxx (-O3) execution test
=== libmudflap Summary ===
# of expected passes 1885
# of unexpected failures 9
=== libstdc++ tests ===
Running target unix
FAIL: abi_check
XPASS: 26_numerics/headers/cmath/c99_classification_macros_c.cc (test for excess errors)
=== libstdc++ Summary ===
# of expected passes 6108
# of unexpected failures 1
# of unexpected successes 1
# of expected failures 82
# of unsupported tests 334
Compiler version: 4.5.0 20090531 (experimental) (GCC)
Platform: ia64-debian-linux-gnu
configure flags: --host=ia64-debian-linux-gnu --build=ia64-debian-linux-gnu --prefix=/proj/opensrc/nightly2/gcc-ia64-debian-linux-gnu-trunk --with-local-prefix=/proj/opensrc/nightly2/gcc-ia64-debian-linux-gnu-trunk --disable-nls --with-gmp=/proj/opensrc/be/ia64-debian-linux-gnu --with-mpfr=/proj/opensrc/be/ia64-debian-linux-gnu