--- Begin Message ---
- From: psilva at localhost dot localdomain
- To: Pedro Silva <pedro dot silva at tqtvd dot com>
- Date: Wed, 27 May 2009 15:08:41 -0300
- Subject: Results for 4.5.0 20090527 (experimental) (GCC) testsuite on i686-pc-linux-gnu
Native configuration is i686-pc-linux-gnu
=== gcc tests ===
Running target unix
XPASS: gcc.dg/Warray-bounds.c (test for warnings, line 59)
XPASS: gcc.dg/Warray-bounds.c (test for warnings, line 65)
FAIL: gcc.dg/pr34989-1.c (internal compiler error)
FAIL: gcc.dg/pr34989-1.c (test for excess errors)
UNRESOLVED: ggcplug.c compilation, -I. -I/home/psilva/Projetos/GCC/trunk/gcc/testsuite -I/home/psilva/Projetos/GCC/trunk/gcc/testsuite/../../gcc -I/home/psilva/Projetos/GCC/trunk-obj/gcc/testsuite/gcc/../../../gcc -I/home/psilva/Projetos/GCC/trunk/gcc/testsuite/../../include -I/home/psilva/Projetos/GCC/trunk/gcc/testsuite/../../libcpp/include -O -DIN_GCC -fPIC -shared
XPASS: gcc.dg/struct/wo_prof_array_through_pointer.c scan-ipa-dump ipa_struct_reorg "Number of structures to transform is 1"
FAIL: gcc.dg/struct/wo_prof_double_malloc.c (internal compiler error)
FAIL: gcc.dg/struct/wo_prof_double_malloc.c (test for excess errors)
WARNING: gcc.dg/struct/wo_prof_double_malloc.c compilation failed to produce executable
FAIL: gcc.target/i386/avx-vmovntdq-256-1.c (test for excess errors)
WARNING: gcc.target/i386/avx-vmovntdq-256-1.c compilation failed to produce executable
FAIL: gcc.target/i386/avx-vmovntpd-256-1.c (test for excess errors)
WARNING: gcc.target/i386/avx-vmovntpd-256-1.c compilation failed to produce executable
FAIL: gcc.target/i386/avx-vmovntps-256-1.c (test for excess errors)
WARNING: gcc.target/i386/avx-vmovntps-256-1.c compilation failed to produce executable
=== gcc Summary ===
# of expected passes 57605
# of unexpected failures 7
# of unexpected successes 3
# of expected failures 152
# of unresolved testcases 1
# of unsupported tests 450
/home/psilva/Projetos/GCC/trunk-obj/gcc/xgcc version 4.5.0 20090527 (experimental) (GCC)
=== g++ tests ===
Running target unix
=== g++ Summary ===
# of expected passes 20027
# of expected failures 138
# of unsupported tests 102
/home/psilva/Projetos/GCC/trunk-obj/gcc/testsuite/g++/../../g++ version 4.5.0 20090527 (experimental) (GCC)
=== libstdc++ tests ===
Running target unix
XPASS: 26_numerics/headers/cmath/c99_classification_macros_c.cc (test for excess errors)
=== libstdc++ Summary ===
# of expected passes 6727
# of unexpected successes 1
# of expected failures 82
# of unsupported tests 23
Compiler version: 4.5.0 20090527 (experimental) (GCC)
Platform: i686-pc-linux-gnu
configure flags: --prefix=/opt/gcc-4.5 --enable-bootstrap --enable-shared --enable-threads=posix --with-system-zlib --enable-__cxa_atexit --disable-libunwind-exceptions --enable-languages=c,c++
--- End Message ---