This is the mail archive of the
gcc-testresults@gcc.gnu.org
mailing list for the GCC project.
Results for 4.5.0 20090527 (experimental) [trunk revision 147887] (GCC) testsuite on powerpc-ibm-aix5.3.0.0
- From: David Edelsohn <dje at watson dot ibm dot com>
- To: gcc-testresults at gcc dot gnu dot org
- Date: Wed, 27 May 2009 14:48:00 -0400
- Subject: Results for 4.5.0 20090527 (experimental) [trunk revision 147887] (GCC) testsuite on powerpc-ibm-aix5.3.0.0
LAST_UPDATED: Wed May 27 01:46:07 UTC 2009 (revision 147887)
Native configuration is powerpc-ibm-aix5.3.0.0
=== g++ tests ===
Running target unix
FAIL: tmpdir-g++.dg-struct-layout-1/t024 cp_compat_x_tst.o-cp_compat_y_tst.o execute
FAIL: tmpdir-g++.dg-struct-layout-1/t028 cp_compat_x_tst.o-cp_compat_y_tst.o execute
FAIL: tmpdir-g++.dg-struct-layout-1/t030 cp_compat_x_tst.o-cp_compat_y_tst.o execute
FAIL: g++.dg/abi/local1.C execution test
FAIL: g++.dg/cpp0x/defaulted8.C (test for errors, line 6)
FAIL: g++.dg/cpp0x/defaulted8.C (test for errors, line 7)
FAIL: g++.dg/cpp0x/defaulted8.C (test for excess errors)
FAIL: g++.dg/ext/alignof2.C execution test
FAIL: g++.dg/ext/visibility/anon1.C scan-assembler-not globl.*_ZN.*1fEv
FAIL: g++.dg/ext/visibility/anon2.C scan-assembler-not globl.*_Z1fv
FAIL: g++.dg/other/anon5.C undefined (test for warnings, line )
FAIL: g++.dg/other/anon5.C (test for excess errors)
WARNING: g++.dg/other/ucnid-1.C compilation failed to produce executable
FAIL: g++.dg/other/unused1.C scan-assembler (string|ascii?)z?[\\t ]"printer("|\\\\\\\\0)
XPASS: g++.old-deja/g++.other/init19.C execution test
FAIL: g++.old-deja/g++.pt/instantiate4.C (test for excess errors)
FAIL: g++.old-deja/g++.pt/repo1.C (test for excess errors)
FAIL: g++.old-deja/g++.pt/repo4.C (test for excess errors)
=== g++ Summary ===
# of expected passes 18111
# of unexpected failures 16
# of unexpected successes 1
# of expected failures 143
# of unsupported tests 240
/tmp/20090526/gcc/testsuite/g++/../../g++ version 4.5.0 20090527 (experimental) [trunk revision 147887] (GCC)
=== gcc tests ===
Running target unix
FAIL: gcc.c-torture/compile/pr34688.c -O2 (internal compiler error)
FAIL: gcc.c-torture/compile/pr34688.c -O2 (test for excess errors)
FAIL: gcc.c-torture/compile/pr34688.c -O3 -fomit-frame-pointer (internal compiler error)
FAIL: gcc.c-torture/compile/pr34688.c -O3 -fomit-frame-pointer (test for excess errors)
FAIL: gcc.c-torture/compile/pr34688.c -O3 -fomit-frame-pointer -funroll-loops (internal compiler error)
FAIL: gcc.c-torture/compile/pr34688.c -O3 -fomit-frame-pointer -funroll-loops (test for excess errors)
FAIL: gcc.c-torture/compile/pr34688.c -O3 -fomit-frame-pointer -funroll-all-loops -finline-functions (internal compiler error)
FAIL: gcc.c-torture/compile/pr34688.c -O3 -fomit-frame-pointer -funroll-all-loops -finline-functions (test for excess errors)
FAIL: gcc.c-torture/compile/pr34688.c -O3 -g (internal compiler error)
FAIL: gcc.c-torture/compile/pr34688.c -O3 -g (test for excess errors)
XPASS: gcc.dg/Warray-bounds.c (test for warnings, line 59)
XPASS: gcc.dg/Warray-bounds.c (test for warnings, line 65)
FAIL: gcc.dg/alias-7.c execution test
FAIL: gcc.dg/asm-names.c scan-assembler-not ____frob14
FAIL: gcc.dg/attr-alias-5.c (test for errors, line 8)
FAIL: gcc.dg/attr-alias-5.c (test for errors, line 9)
FAIL: gcc.dg/attr-alias-5.c (test for errors, line 10)
FAIL: gcc.dg/attr-alias-5.c (test for excess errors)
FAIL: gcc.dg/c99-stdint-1.c (test for excess errors)
FAIL: gcc.dg/pr34989-1.c (internal compiler error)
FAIL: gcc.dg/pr34989-1.c (test for excess errors)
FAIL: gcc.dg/pthread-init-1.c (test for excess errors)
FAIL: gcc.dg/pthread-init-2.c (test for excess errors)
FAIL: gcc.dg/sms-6.c scan-rtl-dump-times sms "SMS succeeded" 3
FAIL: gcc.dg/sms-7.c scan-rtl-dump-times sms "SMS succeeded" 3
FAIL: gcc.dg/sms-8.c scan-rtl-dump-times sms "SMS succeeded" 1
WARNING: gcc.dg/ucnid-11.c compilation failed to produce executable
WARNING: gcc.dg/ucnid-12.c compilation failed to produce executable
FAIL: gcc.dg/ucnid-13.c (test for warnings, line 6)
FAIL: gcc.dg/ucnid-13.c (test for warnings, line 9)
FAIL: gcc.dg/ucnid-13.c (test for warnings, line 11)
FAIL: gcc.dg/ucnid-13.c (test for errors, line 13)
FAIL: gcc.dg/ucnid-13.c (test for excess errors)
WARNING: gcc.dg/ucnid-2.c compilation failed to produce executable
WARNING: gcc.dg/ucnid-3.c compilation failed to produce executable
WARNING: gcc.dg/ucnid-4.c compilation failed to produce executable
XPASS: gcc.dg/ucnid-5.c (test for excess errors)
WARNING: gcc.dg/ucnid-6.c compilation failed to produce executable
FAIL: gcc.dg/ucnid-7.c (test for errors, line 6)
FAIL: gcc.dg/ucnid-7.c (test for errors, line 7)
FAIL: gcc.dg/ucnid-7.c (test for excess errors)
FAIL: gcc.dg/ucnid-8.c (test for errors, line 6)
FAIL: gcc.dg/ucnid-8.c (test for errors, line 7)
FAIL: gcc.dg/ucnid-8.c (test for warnings, line 9)
FAIL: gcc.dg/ucnid-8.c (test for errors, line 11)
FAIL: gcc.dg/ucnid-8.c UCN diag (test for warnings, line 13)
FAIL: gcc.dg/ucnid-8.c (test for excess errors)
WARNING: gcc.dg/ucnid-9.c compilation failed to produce executable
FAIL: gcc.dg/tree-ssa/vrp47.c scan-tree-dump-times vrp1 "[xy][^ ]* !=" 0
FAIL: gcc.dg/tree-ssa/vrp47.c scan-tree-dump-times dom1 "x[^ ]* & y" 1
FAIL: gcc.dg/vect/costmodel/ppc/costmodel-vect-31d.c scan-tree-dump-times vect "vectorization not profitable" 1
FAIL: gcc.dg/vect/costmodel/ppc/costmodel-vect-68d.c scan-tree-dump-times vect "vectorization not profitable" 1
FAIL: gcc.dg/vect/costmodel/ppc/costmodel-vect-76a.c scan-tree-dump-times vect "vectorized 1 loops" 1
FAIL: gcc.dg/vect/costmodel/ppc/costmodel-vect-76b.c scan-tree-dump-times vect "vectorization not profitable" 1
FAIL: gcc.dg/vect/pr35821-altivec.c scan-tree-dump-times vect "vectorized 1 loops" 1
FAIL: gcc.dg/vect/vect-44.c scan-tree-dump-times vect "Alignment of access forced using peeling" 1
FAIL: gcc.dg/vect/vect-50.c scan-tree-dump-times vect "Alignment of access forced using peeling" 1
FAIL: gcc.dg/vect/vect-82_64.c (test for excess errors)
FAIL: gcc.dg/vect/vect-82_64.c scan-tree-dump-times vect "vectorized 1 loops" 1: dump file does not exist
FAIL: gcc.dg/vect/vect-83_64.c (test for excess errors)
FAIL: gcc.dg/vect/vect-83_64.c scan-tree-dump-times vect "vectorized 1 loops" 1: dump file does not exist
FAIL: gcc.dg/vect/vect-reduc-dot-u8b.c (internal compiler error)
FAIL: gcc.dg/vect/vect-reduc-dot-u8b.c (test for excess errors)
FAIL: gcc.dg/vect/slp-perm-1.c (internal compiler error)
FAIL: gcc.dg/vect/slp-perm-1.c (test for excess errors)
FAIL: gcc.dg/vect/slp-perm-2.c (internal compiler error)
FAIL: gcc.dg/vect/slp-perm-2.c (test for excess errors)
FAIL: gcc.dg/vect/slp-perm-3.c (internal compiler error)
FAIL: gcc.dg/vect/slp-perm-3.c (test for excess errors)
FAIL: gcc.dg/vect/slp-perm-8.c (internal compiler error)
FAIL: gcc.dg/vect/slp-perm-8.c (test for excess errors)
FAIL: gcc.dg/vect/slp-perm-8.c scan-tree-dump-times vect "vectorized 1 loops" 2
FAIL: gcc.dg/vect/no-scevccp-outer-13.c (internal compiler error)
FAIL: gcc.dg/vect/no-scevccp-outer-13.c (test for excess errors)
FAIL: gcc.dg/vect/no-scevccp-outer-7.c (internal compiler error)
FAIL: gcc.dg/vect/no-scevccp-outer-7.c (test for excess errors)
FAIL: gcc.target/powerpc/405-dlmzb-strlen-1.c scan-assembler dlmzb\\\\.
FAIL: gcc.target/powerpc/440-dlmzb-strlen-1.c scan-assembler dlmzb\\\\.
FAIL: gcc.target/powerpc/ppc64-double-1.c (test for excess errors)
ERROR: gcc.target/powerpc/ppc64-double-1.c: error executing dg-final: couldn't open "ppc64-double-1.s": no such file or directory
UNRESOLVED: gcc.target/powerpc/ppc64-double-1.c: error executing dg-final: couldn't open "ppc64-double-1.s": no such file or directory
=== gcc Summary ===
# of expected passes 49713
# of unexpected failures 69
# of unexpected successes 3
# of expected failures 163
# of unresolved testcases 1
# of unsupported tests 708
/tmp/20090526/gcc/xgcc version 4.5.0 20090527 (experimental) [trunk revision 147887] (GCC)
=== gfortran tests ===
Running target unix
FAIL: gfortran.dg/Wall.f90 -O1 (test for excess errors)
FAIL: gfortran.dg/Wall.f90 -O2 (test for excess errors)
FAIL: gfortran.dg/Wall.f90 -O3 -fomit-frame-pointer (test for excess errors)
FAIL: gfortran.dg/Wall.f90 -O3 -fomit-frame-pointer -funroll-loops (test for excess errors)
FAIL: gfortran.dg/Wall.f90 -O3 -fomit-frame-pointer -funroll-all-loops -finline-functions (test for excess errors)
FAIL: gfortran.dg/Wall.f90 -O3 -g (test for excess errors)
FAIL: gfortran.dg/Wall.f90 -Os (test for excess errors)
FAIL: gfortran.dg/actual_procedure_1.f90 -O0 (test for excess errors)
WARNING: gfortran.dg/actual_procedure_1.f90 -O0 compilation failed to produce executable
FAIL: gfortran.dg/actual_procedure_1.f90 -O1 (test for excess errors)
WARNING: gfortran.dg/actual_procedure_1.f90 -O1 compilation failed to produce executable
FAIL: gfortran.dg/actual_procedure_1.f90 -O2 (test for excess errors)
WARNING: gfortran.dg/actual_procedure_1.f90 -O2 compilation failed to produce executable
FAIL: gfortran.dg/actual_procedure_1.f90 -O3 -fomit-frame-pointer (test for excess errors)
WARNING: gfortran.dg/actual_procedure_1.f90 -O3 -fomit-frame-pointer compilation failed to produce executable
FAIL: gfortran.dg/actual_procedure_1.f90 -O3 -fomit-frame-pointer -funroll-loops (test for excess errors)
WARNING: gfortran.dg/actual_procedure_1.f90 -O3 -fomit-frame-pointer -funroll-loops compilation failed to produce executable
FAIL: gfortran.dg/actual_procedure_1.f90 -O3 -fomit-frame-pointer -funroll-all-loops -finline-functions (test for excess errors)
WARNING: gfortran.dg/actual_procedure_1.f90 -O3 -fomit-frame-pointer -funroll-all-loops -finline-functions compilation failed to produce executable
FAIL: gfortran.dg/actual_procedure_1.f90 -O3 -g (test for excess errors)
WARNING: gfortran.dg/actual_procedure_1.f90 -O3 -g compilation failed to produce executable
FAIL: gfortran.dg/actual_procedure_1.f90 -Os (test for excess errors)
WARNING: gfortran.dg/actual_procedure_1.f90 -Os compilation failed to produce executable
FAIL: gfortran.dg/alloc_comp_default_init_1.f90 -O0 (test for excess errors)
WARNING: gfortran.dg/alloc_comp_default_init_1.f90 -O0 compilation failed to produce executable
FAIL: gfortran.dg/alloc_comp_default_init_1.f90 -O1 (test for excess errors)
WARNING: gfortran.dg/alloc_comp_default_init_1.f90 -O1 compilation failed to produce executable
FAIL: gfortran.dg/alloc_comp_default_init_1.f90 -O2 (test for excess errors)
WARNING: gfortran.dg/alloc_comp_default_init_1.f90 -O2 compilation failed to produce executable
FAIL: gfortran.dg/alloc_comp_default_init_1.f90 -O3 -fomit-frame-pointer (test for excess errors)
WARNING: gfortran.dg/alloc_comp_default_init_1.f90 -O3 -fomit-frame-pointer compilation failed to produce executable
FAIL: gfortran.dg/alloc_comp_default_init_1.f90 -O3 -fomit-frame-pointer -funroll-loops (test for excess errors)
WARNING: gfortran.dg/alloc_comp_default_init_1.f90 -O3 -fomit-frame-pointer -funroll-loops compilation failed to produce executable
FAIL: gfortran.dg/alloc_comp_default_init_1.f90 -O3 -fomit-frame-pointer -funroll-all-loops -finline-functions (test for excess errors)
WARNING: gfortran.dg/alloc_comp_default_init_1.f90 -O3 -fomit-frame-pointer -funroll-all-loops -finline-functions compilation failed to produce executable
FAIL: gfortran.dg/alloc_comp_default_init_1.f90 -O3 -g (test for excess errors)
WARNING: gfortran.dg/alloc_comp_default_init_1.f90 -O3 -g compilation failed to produce executable
FAIL: gfortran.dg/alloc_comp_default_init_1.f90 -Os (test for excess errors)
WARNING: gfortran.dg/alloc_comp_default_init_1.f90 -Os compilation failed to produce executable
FAIL: gfortran.dg/allocatable_dummy_3.f90 -O0 (test for excess errors)
WARNING: gfortran.dg/allocatable_dummy_3.f90 -O0 compilation failed to produce executable
FAIL: gfortran.dg/allocatable_dummy_3.f90 -O1 (test for excess errors)
WARNING: gfortran.dg/allocatable_dummy_3.f90 -O1 compilation failed to produce executable
FAIL: gfortran.dg/allocatable_dummy_3.f90 -O2 (test for excess errors)
WARNING: gfortran.dg/allocatable_dummy_3.f90 -O2 compilation failed to produce executable
FAIL: gfortran.dg/allocatable_dummy_3.f90 -O3 -fomit-frame-pointer (test for excess errors)
WARNING: gfortran.dg/allocatable_dummy_3.f90 -O3 -fomit-frame-pointer compilation failed to produce executable
FAIL: gfortran.dg/allocatable_dummy_3.f90 -O3 -fomit-frame-pointer -funroll-loops (test for excess errors)
WARNING: gfortran.dg/allocatable_dummy_3.f90 -O3 -fomit-frame-pointer -funroll-loops compilation failed to produce executable
FAIL: gfortran.dg/allocatable_dummy_3.f90 -O3 -fomit-frame-pointer -funroll-all-loops -finline-functions (test for excess errors)
WARNING: gfortran.dg/allocatable_dummy_3.f90 -O3 -fomit-frame-pointer -funroll-all-loops -finline-functions compilation failed to produce executable
FAIL: gfortran.dg/allocatable_dummy_3.f90 -O3 -g (test for excess errors)
WARNING: gfortran.dg/allocatable_dummy_3.f90 -O3 -g compilation failed to produce executable
FAIL: gfortran.dg/allocatable_dummy_3.f90 -Os (test for excess errors)
WARNING: gfortran.dg/allocatable_dummy_3.f90 -Os compilation failed to produce executable
FAIL: gfortran.dg/allocate_zerosize_3.f -O0 (test for excess errors)
WARNING: gfortran.dg/allocate_zerosize_3.f -O0 compilation failed to produce executable
FAIL: gfortran.dg/allocate_zerosize_3.f -O1 (test for excess errors)
WARNING: gfortran.dg/allocate_zerosize_3.f -O1 compilation failed to produce executable
FAIL: gfortran.dg/allocate_zerosize_3.f -O2 (test for excess errors)
WARNING: gfortran.dg/allocate_zerosize_3.f -O2 compilation failed to produce executable
FAIL: gfortran.dg/allocate_zerosize_3.f -O3 -fomit-frame-pointer (test for excess errors)
WARNING: gfortran.dg/allocate_zerosize_3.f -O3 -fomit-frame-pointer compilation failed to produce executable
FAIL: gfortran.dg/allocate_zerosize_3.f -O3 -fomit-frame-pointer -funroll-loops (test for excess errors)
WARNING: gfortran.dg/allocate_zerosize_3.f -O3 -fomit-frame-pointer -funroll-loops compilation failed to produce executable
FAIL: gfortran.dg/allocate_zerosize_3.f -O3 -fomit-frame-pointer -funroll-all-loops -finline-functions (test for excess errors)
WARNING: gfortran.dg/allocate_zerosize_3.f -O3 -fomit-frame-pointer -funroll-all-loops -finline-functions compilation failed to produce executable
FAIL: gfortran.dg/allocate_zerosize_3.f -O3 -g (test for excess errors)
WARNING: gfortran.dg/allocate_zerosize_3.f -O3 -g compilation failed to produce executable
FAIL: gfortran.dg/allocate_zerosize_3.f -Os (test for excess errors)
WARNING: gfortran.dg/allocate_zerosize_3.f -Os compilation failed to produce executable
FAIL: gfortran.dg/argument_checking_15.f90 -O (internal compiler error)
FAIL: gfortran.dg/argument_checking_15.f90 -O (test for excess errors)
FAIL: gfortran.dg/array_constructor_24.f -O0 (test for excess errors)
WARNING: gfortran.dg/array_constructor_24.f -O0 compilation failed to produce executable
FAIL: gfortran.dg/array_constructor_24.f -O1 (test for excess errors)
WARNING: gfortran.dg/array_constructor_24.f -O1 compilation failed to produce executable
FAIL: gfortran.dg/array_constructor_24.f -O2 (test for excess errors)
WARNING: gfortran.dg/array_constructor_24.f -O2 compilation failed to produce executable
FAIL: gfortran.dg/array_constructor_24.f -O3 -fomit-frame-pointer (test for excess errors)
WARNING: gfortran.dg/array_constructor_24.f -O3 -fomit-frame-pointer compilation failed to produce executable
FAIL: gfortran.dg/array_constructor_24.f -O3 -fomit-frame-pointer -funroll-loops (test for excess errors)
WARNING: gfortran.dg/array_constructor_24.f -O3 -fomit-frame-pointer -funroll-loops compilation failed to produce executable
FAIL: gfortran.dg/array_constructor_24.f -O3 -fomit-frame-pointer -funroll-all-loops -finline-functions (test for excess errors)
WARNING: gfortran.dg/array_constructor_24.f -O3 -fomit-frame-pointer -funroll-all-loops -finline-functions compilation failed to produce executable
FAIL: gfortran.dg/array_constructor_24.f -O3 -g (test for excess errors)
WARNING: gfortran.dg/array_constructor_24.f -O3 -g compilation failed to produce executable
FAIL: gfortran.dg/array_constructor_24.f -Os (test for excess errors)
WARNING: gfortran.dg/array_constructor_24.f -Os compilation failed to produce executable
FAIL: gfortran.dg/associated_5.f90 -O0 (test for excess errors)
WARNING: gfortran.dg/associated_5.f90 -O0 compilation failed to produce executable
FAIL: gfortran.dg/associated_5.f90 -O1 (test for excess errors)
WARNING: gfortran.dg/associated_5.f90 -O1 compilation failed to produce executable
FAIL: gfortran.dg/associated_5.f90 -O2 (test for excess errors)
WARNING: gfortran.dg/associated_5.f90 -O2 compilation failed to produce executable
FAIL: gfortran.dg/associated_5.f90 -O3 -fomit-frame-pointer (test for excess errors)
WARNING: gfortran.dg/associated_5.f90 -O3 -fomit-frame-pointer compilation failed to produce executable
FAIL: gfortran.dg/associated_5.f90 -O3 -fomit-frame-pointer -funroll-loops (test for excess errors)
WARNING: gfortran.dg/associated_5.f90 -O3 -fomit-frame-pointer -funroll-loops compilation failed to produce executable
FAIL: gfortran.dg/associated_5.f90 -O3 -fomit-frame-pointer -funroll-all-loops -finline-functions (test for excess errors)
WARNING: gfortran.dg/associated_5.f90 -O3 -fomit-frame-pointer -funroll-all-loops -finline-functions compilation failed to produce executable
FAIL: gfortran.dg/associated_5.f90 -O3 -g (test for excess errors)
WARNING: gfortran.dg/associated_5.f90 -O3 -g compilation failed to produce executable
FAIL: gfortran.dg/associated_5.f90 -Os (test for excess errors)
WARNING: gfortran.dg/associated_5.f90 -Os compilation failed to produce executable
FAIL: gfortran.dg/backspace_9.f -O0 (test for excess errors)
WARNING: gfortran.dg/backspace_9.f -O0 compilation failed to produce executable
FAIL: gfortran.dg/backspace_9.f -O1 (test for excess errors)
WARNING: gfortran.dg/backspace_9.f -O1 compilation failed to produce executable
FAIL: gfortran.dg/backspace_9.f -O2 (test for excess errors)
WARNING: gfortran.dg/backspace_9.f -O2 compilation failed to produce executable
FAIL: gfortran.dg/backspace_9.f -O3 -fomit-frame-pointer (test for excess errors)
WARNING: gfortran.dg/backspace_9.f -O3 -fomit-frame-pointer compilation failed to produce executable
FAIL: gfortran.dg/backspace_9.f -O3 -fomit-frame-pointer -funroll-loops (test for excess errors)
WARNING: gfortran.dg/backspace_9.f -O3 -fomit-frame-pointer -funroll-loops compilation failed to produce executable
FAIL: gfortran.dg/backspace_9.f -O3 -fomit-frame-pointer -funroll-all-loops -finline-functions (test for excess errors)
WARNING: gfortran.dg/backspace_9.f -O3 -fomit-frame-pointer -funroll-all-loops -finline-functions compilation failed to produce executable
FAIL: gfortran.dg/backspace_9.f -O3 -g (test for excess errors)
WARNING: gfortran.dg/backspace_9.f -O3 -g compilation failed to produce executable
FAIL: gfortran.dg/backspace_9.f -Os (test for excess errors)
WARNING: gfortran.dg/backspace_9.f -Os compilation failed to produce executable
FAIL: gfortran.dg/blockdata_3.f90 -O (test for excess errors)
FAIL: gfortran.dg/bound_4.f90 -O0 (test for excess errors)
WARNING: gfortran.dg/bound_4.f90 -O0 compilation failed to produce executable
FAIL: gfortran.dg/bound_4.f90 -O1 (test for excess errors)
WARNING: gfortran.dg/bound_4.f90 -O1 compilation failed to produce executable
FAIL: gfortran.dg/bound_4.f90 -O2 (test for excess errors)
WARNING: gfortran.dg/bound_4.f90 -O2 compilation failed to produce executable
FAIL: gfortran.dg/bound_4.f90 -O3 -fomit-frame-pointer (test for excess errors)
WARNING: gfortran.dg/bound_4.f90 -O3 -fomit-frame-pointer compilation failed to produce executable
FAIL: gfortran.dg/bound_4.f90 -O3 -fomit-frame-pointer -funroll-loops (test for excess errors)
WARNING: gfortran.dg/bound_4.f90 -O3 -fomit-frame-pointer -funroll-loops compilation failed to produce executable
FAIL: gfortran.dg/bound_4.f90 -O3 -fomit-frame-pointer -funroll-all-loops -finline-functions (test for excess errors)
WARNING: gfortran.dg/bound_4.f90 -O3 -fomit-frame-pointer -funroll-all-loops -finline-functions compilation failed to produce executable
FAIL: gfortran.dg/bound_4.f90 -O3 -g (test for excess errors)
WARNING: gfortran.dg/bound_4.f90 -O3 -g compilation failed to produce executable
FAIL: gfortran.dg/bound_4.f90 -Os (test for excess errors)
WARNING: gfortran.dg/bound_4.f90 -Os compilation failed to produce executable
FAIL: gfortran.dg/bound_6.f90 -O0 (internal compiler error)
FAIL: gfortran.dg/bound_6.f90 -O0 (test for excess errors)
WARNING: gfortran.dg/bound_6.f90 -O0 compilation failed to produce executable
FAIL: gfortran.dg/bound_6.f90 -O1 (internal compiler error)
FAIL: gfortran.dg/bound_6.f90 -O1 (test for excess errors)
WARNING: gfortran.dg/bound_6.f90 -O1 compilation failed to produce executable
FAIL: gfortran.dg/bound_6.f90 -O2 (internal compiler error)
FAIL: gfortran.dg/bound_6.f90 -O2 (test for excess errors)
WARNING: gfortran.dg/bound_6.f90 -O2 compilation failed to produce executable
FAIL: gfortran.dg/bound_6.f90 -O3 -fomit-frame-pointer (internal compiler error)
FAIL: gfortran.dg/bound_6.f90 -O3 -fomit-frame-pointer (test for excess errors)
WARNING: gfortran.dg/bound_6.f90 -O3 -fomit-frame-pointer compilation failed to produce executable
FAIL: gfortran.dg/bound_6.f90 -O3 -fomit-frame-pointer -funroll-loops (internal compiler error)
FAIL: gfortran.dg/bound_6.f90 -O3 -fomit-frame-pointer -funroll-loops (test for excess errors)
WARNING: gfortran.dg/bound_6.f90 -O3 -fomit-frame-pointer -funroll-loops compilation failed to produce executable
FAIL: gfortran.dg/bound_6.f90 -O3 -fomit-frame-pointer -funroll-all-loops -finline-functions (internal compiler error)
FAIL: gfortran.dg/bound_6.f90 -O3 -fomit-frame-pointer -funroll-all-loops -finline-functions (test for excess errors)
WARNING: gfortran.dg/bound_6.f90 -O3 -fomit-frame-pointer -funroll-all-loops -finline-functions compilation failed to produce executable
FAIL: gfortran.dg/bound_6.f90 -O3 -g (internal compiler error)
FAIL: gfortran.dg/bound_6.f90 -O3 -g (test for excess errors)
WARNING: gfortran.dg/bound_6.f90 -O3 -g compilation failed to produce executable
FAIL: gfortran.dg/bound_6.f90 -Os (internal compiler error)
FAIL: gfortran.dg/bound_6.f90 -Os (test for excess errors)
WARNING: gfortran.dg/bound_6.f90 -Os compilation failed to produce executable
FAIL: gfortran.dg/bounds_check_14.f90 -O0 (test for excess errors)
WARNING: gfortran.dg/bounds_check_14.f90 -O0 compilation failed to produce executable
FAIL: gfortran.dg/bounds_check_14.f90 -O1 (test for excess errors)
WARNING: gfortran.dg/bounds_check_14.f90 -O1 compilation failed to produce executable
FAIL: gfortran.dg/bounds_check_14.f90 -O2 (test for excess errors)
WARNING: gfortran.dg/bounds_check_14.f90 -O2 compilation failed to produce executable
FAIL: gfortran.dg/bounds_check_14.f90 -O3 -fomit-frame-pointer (test for excess errors)
WARNING: gfortran.dg/bounds_check_14.f90 -O3 -fomit-frame-pointer compilation failed to produce executable
FAIL: gfortran.dg/bounds_check_14.f90 -O3 -fomit-frame-pointer -funroll-loops (test for excess errors)
WARNING: gfortran.dg/bounds_check_14.f90 -O3 -fomit-frame-pointer -funroll-loops compilation failed to produce executable
FAIL: gfortran.dg/bounds_check_14.f90 -O3 -fomit-frame-pointer -funroll-all-loops -finline-functions (test for excess errors)
WARNING: gfortran.dg/bounds_check_14.f90 -O3 -fomit-frame-pointer -funroll-all-loops -finline-functions compilation failed to produce executable
FAIL: gfortran.dg/bounds_check_14.f90 -O3 -g (test for excess errors)
WARNING: gfortran.dg/bounds_check_14.f90 -O3 -g compilation failed to produce executable
FAIL: gfortran.dg/bounds_check_14.f90 -Os (test for excess errors)
WARNING: gfortran.dg/bounds_check_14.f90 -Os compilation failed to produce executable
FAIL: gfortran.dg/bounds_check_2.f -O0 (test for excess errors)
WARNING: gfortran.dg/bounds_check_2.f -O0 compilation failed to produce executable
FAIL: gfortran.dg/bounds_check_2.f -O1 (test for excess errors)
WARNING: gfortran.dg/bounds_check_2.f -O1 compilation failed to produce executable
FAIL: gfortran.dg/bounds_check_2.f -O2 (test for excess errors)
WARNING: gfortran.dg/bounds_check_2.f -O2 compilation failed to produce executable
FAIL: gfortran.dg/bounds_check_2.f -O3 -fomit-frame-pointer (test for excess errors)
WARNING: gfortran.dg/bounds_check_2.f -O3 -fomit-frame-pointer compilation failed to produce executable
FAIL: gfortran.dg/bounds_check_2.f -O3 -fomit-frame-pointer -funroll-loops (test for excess errors)
WARNING: gfortran.dg/bounds_check_2.f -O3 -fomit-frame-pointer -funroll-loops compilation failed to produce executable
FAIL: gfortran.dg/bounds_check_2.f -O3 -fomit-frame-pointer -funroll-all-loops -finline-functions (test for excess errors)
WARNING: gfortran.dg/bounds_check_2.f -O3 -fomit-frame-pointer -funroll-all-loops -finline-functions compilation failed to produce executable
FAIL: gfortran.dg/bounds_check_2.f -O3 -g (test for excess errors)
WARNING: gfortran.dg/bounds_check_2.f -O3 -g compilation failed to produce executable
FAIL: gfortran.dg/bounds_check_2.f -Os (test for excess errors)
WARNING: gfortran.dg/bounds_check_2.f -Os compilation failed to produce executable
FAIL: gfortran.dg/byte_2.f90 -O0 (test for excess errors)
WARNING: gfortran.dg/byte_2.f90 -O0 compilation failed to produce executable
FAIL: gfortran.dg/byte_2.f90 -O1 (test for excess errors)
WARNING: gfortran.dg/byte_2.f90 -O1 compilation failed to produce executable
FAIL: gfortran.dg/byte_2.f90 -O2 (test for excess errors)
WARNING: gfortran.dg/byte_2.f90 -O2 compilation failed to produce executable
FAIL: gfortran.dg/byte_2.f90 -O3 -fomit-frame-pointer (test for excess errors)
WARNING: gfortran.dg/byte_2.f90 -O3 -fomit-frame-pointer compilation failed to produce executable
FAIL: gfortran.dg/byte_2.f90 -O3 -fomit-frame-pointer -funroll-loops (test for excess errors)
WARNING: gfortran.dg/byte_2.f90 -O3 -fomit-frame-pointer -funroll-loops compilation failed to produce executable
FAIL: gfortran.dg/byte_2.f90 -O3 -fomit-frame-pointer -funroll-all-loops -finline-functions (test for excess errors)
WARNING: gfortran.dg/byte_2.f90 -O3 -fomit-frame-pointer -funroll-all-loops -finline-functions compilation failed to produce executable
FAIL: gfortran.dg/byte_2.f90 -O3 -g (test for excess errors)
WARNING: gfortran.dg/byte_2.f90 -O3 -g compilation failed to produce executable
FAIL: gfortran.dg/byte_2.f90 -Os (test for excess errors)
WARNING: gfortran.dg/byte_2.f90 -Os compilation failed to produce executable
FAIL: gfortran.dg/c_by_val_5.f90 -O1 (test for excess errors)
FAIL: gfortran.dg/c_by_val_5.f90 -O2 (test for excess errors)
FAIL: gfortran.dg/c_by_val_5.f90 -O3 -fomit-frame-pointer (test for excess errors)
FAIL: gfortran.dg/c_by_val_5.f90 -O3 -fomit-frame-pointer -funroll-loops (test for excess errors)
FAIL: gfortran.dg/c_by_val_5.f90 -O3 -fomit-frame-pointer -funroll-all-loops -finline-functions (test for excess errors)
FAIL: gfortran.dg/c_by_val_5.f90 -O3 -g (test for excess errors)
FAIL: gfortran.dg/c_by_val_5.f90 -Os (test for excess errors)
FAIL: gfortran.dg/c_sizeof_2.f90 -O (test for excess errors)
FAIL: gfortran.dg/common_4.f90 -O0 (test for excess errors)
WARNING: gfortran.dg/common_4.f90 -O0 compilation failed to produce executable
FAIL: gfortran.dg/common_4.f90 -O1 (test for excess errors)
WARNING: gfortran.dg/common_4.f90 -O1 compilation failed to produce executable
FAIL: gfortran.dg/common_4.f90 -O2 (test for excess errors)
WARNING: gfortran.dg/common_4.f90 -O2 compilation failed to produce executable
FAIL: gfortran.dg/common_4.f90 -O3 -fomit-frame-pointer (test for excess errors)
WARNING: gfortran.dg/common_4.f90 -O3 -fomit-frame-pointer compilation failed to produce executable
FAIL: gfortran.dg/common_4.f90 -O3 -fomit-frame-pointer -funroll-loops (test for excess errors)
WARNING: gfortran.dg/common_4.f90 -O3 -fomit-frame-pointer -funroll-loops compilation failed to produce executable
FAIL: gfortran.dg/common_4.f90 -O3 -fomit-frame-pointer -funroll-all-loops -finline-functions (test for excess errors)
WARNING: gfortran.dg/common_4.f90 -O3 -fomit-frame-pointer -funroll-all-loops -finline-functions compilation failed to produce executable
FAIL: gfortran.dg/common_4.f90 -O3 -g (test for excess errors)
WARNING: gfortran.dg/common_4.f90 -O3 -g compilation failed to produce executable
FAIL: gfortran.dg/common_4.f90 -Os (test for excess errors)
WARNING: gfortran.dg/common_4.f90 -Os compilation failed to produce executable
FAIL: gfortran.dg/common_equivalence_1.f -O0 (test for excess errors)
WARNING: gfortran.dg/common_equivalence_1.f -O0 compilation failed to produce executable
FAIL: gfortran.dg/common_equivalence_1.f -O1 (test for excess errors)
WARNING: gfortran.dg/common_equivalence_1.f -O1 compilation failed to produce executable
FAIL: gfortran.dg/common_equivalence_1.f -O2 (test for excess errors)
WARNING: gfortran.dg/common_equivalence_1.f -O2 compilation failed to produce executable
FAIL: gfortran.dg/common_equivalence_1.f -O3 -fomit-frame-pointer (test for excess errors)
WARNING: gfortran.dg/common_equivalence_1.f -O3 -fomit-frame-pointer compilation failed to produce executable
FAIL: gfortran.dg/common_equivalence_1.f -O3 -fomit-frame-pointer -funroll-loops (test for excess errors)
WARNING: gfortran.dg/common_equivalence_1.f -O3 -fomit-frame-pointer -funroll-loops compilation failed to produce executable
FAIL: gfortran.dg/common_equivalence_1.f -O3 -fomit-frame-pointer -funroll-all-loops -finline-functions (test for excess errors)
WARNING: gfortran.dg/common_equivalence_1.f -O3 -fomit-frame-pointer -funroll-all-loops -finline-functions compilation failed to produce executable
FAIL: gfortran.dg/common_equivalence_1.f -O3 -g (test for excess errors)
WARNING: gfortran.dg/common_equivalence_1.f -O3 -g compilation failed to produce executable
FAIL: gfortran.dg/common_equivalence_1.f -Os (test for excess errors)
WARNING: gfortran.dg/common_equivalence_1.f -Os compilation failed to produce executable
FAIL: gfortran.dg/contained_3.f90 -O0 (test for excess errors)
WARNING: gfortran.dg/contained_3.f90 -O0 compilation failed to produce executable
FAIL: gfortran.dg/contained_3.f90 -O1 (test for excess errors)
WARNING: gfortran.dg/contained_3.f90 -O1 compilation failed to produce executable
FAIL: gfortran.dg/contained_3.f90 -O2 (test for excess errors)
WARNING: gfortran.dg/contained_3.f90 -O2 compilation failed to produce executable
FAIL: gfortran.dg/contained_3.f90 -O3 -fomit-frame-pointer (test for excess errors)
WARNING: gfortran.dg/contained_3.f90 -O3 -fomit-frame-pointer compilation failed to produce executable
FAIL: gfortran.dg/contained_3.f90 -O3 -fomit-frame-pointer -funroll-loops (test for excess errors)
WARNING: gfortran.dg/contained_3.f90 -O3 -fomit-frame-pointer -funroll-loops compilation failed to produce executable
FAIL: gfortran.dg/contained_3.f90 -O3 -fomit-frame-pointer -funroll-all-loops -finline-functions (test for excess errors)
WARNING: gfortran.dg/contained_3.f90 -O3 -fomit-frame-pointer -funroll-all-loops -finline-functions compilation failed to produce executable
FAIL: gfortran.dg/contained_3.f90 -O3 -g (test for excess errors)
WARNING: gfortran.dg/contained_3.f90 -O3 -g compilation failed to produce executable
FAIL: gfortran.dg/contained_3.f90 -Os (test for excess errors)
WARNING: gfortran.dg/contained_3.f90 -Os compilation failed to produce executable
FAIL: gfortran.dg/cray_pointers_2.f90 -O0 (test for excess errors)
WARNING: gfortran.dg/cray_pointers_2.f90 -O0 compilation failed to produce executable
FAIL: gfortran.dg/cray_pointers_2.f90 -O1 (test for excess errors)
WARNING: gfortran.dg/cray_pointers_2.f90 -O1 compilation failed to produce executable
FAIL: gfortran.dg/cray_pointers_2.f90 -O2 (test for excess errors)
WARNING: gfortran.dg/cray_pointers_2.f90 -O2 compilation failed to produce executable
FAIL: gfortran.dg/cray_pointers_2.f90 -O3 -fomit-frame-pointer (test for excess errors)
WARNING: gfortran.dg/cray_pointers_2.f90 -O3 -fomit-frame-pointer compilation failed to produce executable
FAIL: gfortran.dg/cray_pointers_2.f90 -O3 -fomit-frame-pointer -funroll-loops (test for excess errors)
WARNING: gfortran.dg/cray_pointers_2.f90 -O3 -fomit-frame-pointer -funroll-loops compilation failed to produce executable
FAIL: gfortran.dg/cray_pointers_2.f90 -O3 -fomit-frame-pointer -funroll-all-loops -finline-functions (test for excess errors)
WARNING: gfortran.dg/cray_pointers_2.f90 -O3 -fomit-frame-pointer -funroll-all-loops -finline-functions compilation failed to produce executable
FAIL: gfortran.dg/cray_pointers_2.f90 -O3 -g (test for excess errors)
WARNING: gfortran.dg/cray_pointers_2.f90 -O3 -g compilation failed to produce executable
FAIL: gfortran.dg/cray_pointers_2.f90 -Os (test for excess errors)
WARNING: gfortran.dg/cray_pointers_2.f90 -Os compilation failed to produce executable
FAIL: gfortran.dg/cray_pointers_7.f90 -O0 (test for excess errors)
WARNING: gfortran.dg/cray_pointers_7.f90 -O0 compilation failed to produce executable
FAIL: gfortran.dg/cray_pointers_7.f90 -O1 (test for excess errors)
WARNING: gfortran.dg/cray_pointers_7.f90 -O1 compilation failed to produce executable
FAIL: gfortran.dg/cray_pointers_7.f90 -O2 (test for excess errors)
WARNING: gfortran.dg/cray_pointers_7.f90 -O2 compilation failed to produce executable
FAIL: gfortran.dg/cray_pointers_7.f90 -O3 -fomit-frame-pointer (test for excess errors)
WARNING: gfortran.dg/cray_pointers_7.f90 -O3 -fomit-frame-pointer compilation failed to produce executable
FAIL: gfortran.dg/cray_pointers_7.f90 -O3 -fomit-frame-pointer -funroll-loops (test for excess errors)
WARNING: gfortran.dg/cray_pointers_7.f90 -O3 -fomit-frame-pointer -funroll-loops compilation failed to produce executable
FAIL: gfortran.dg/cray_pointers_7.f90 -O3 -fomit-frame-pointer -funroll-all-loops -finline-functions (test for excess errors)
WARNING: gfortran.dg/cray_pointers_7.f90 -O3 -fomit-frame-pointer -funroll-all-loops -finline-functions compilation failed to produce executable
FAIL: gfortran.dg/cray_pointers_7.f90 -O3 -g (test for excess errors)
WARNING: gfortran.dg/cray_pointers_7.f90 -O3 -g compilation failed to produce executable
FAIL: gfortran.dg/cray_pointers_7.f90 -Os (test for excess errors)
WARNING: gfortran.dg/cray_pointers_7.f90 -Os compilation failed to produce executable
FAIL: gfortran.dg/default_format_1.f90 -O0 execution test
FAIL: gfortran.dg/default_format_1.f90 -O1 execution test
FAIL: gfortran.dg/default_format_1.f90 -O2 execution test
FAIL: gfortran.dg/default_format_1.f90 -O3 -fomit-frame-pointer execution test
FAIL: gfortran.dg/default_format_1.f90 -O3 -fomit-frame-pointer -funroll-loops execution test
FAIL: gfortran.dg/default_format_1.f90 -O3 -fomit-frame-pointer -funroll-all-loops -finline-functions execution test
FAIL: gfortran.dg/default_format_1.f90 -O3 -g execution test
FAIL: gfortran.dg/default_format_1.f90 -Os execution test
FAIL: gfortran.dg/default_format_denormal_1.f90 -O0 execution test
FAIL: gfortran.dg/default_format_denormal_1.f90 -O1 execution test
FAIL: gfortran.dg/default_format_denormal_1.f90 -O2 execution test
FAIL: gfortran.dg/default_format_denormal_1.f90 -O3 -fomit-frame-pointer execution test
FAIL: gfortran.dg/default_format_denormal_1.f90 -O3 -fomit-frame-pointer -funroll-loops execution test
FAIL: gfortran.dg/default_format_denormal_1.f90 -O3 -fomit-frame-pointer -funroll-all-loops -finline-functions execution test
FAIL: gfortran.dg/default_format_denormal_1.f90 -O3 -g execution test
FAIL: gfortran.dg/default_format_denormal_1.f90 -Os execution test
FAIL: gfortran.dg/direct_io_10.f -O0 (test for excess errors)
WARNING: gfortran.dg/direct_io_10.f -O0 compilation failed to produce executable
FAIL: gfortran.dg/direct_io_10.f -O1 (test for excess errors)
WARNING: gfortran.dg/direct_io_10.f -O1 compilation failed to produce executable
FAIL: gfortran.dg/direct_io_10.f -O2 (test for excess errors)
WARNING: gfortran.dg/direct_io_10.f -O2 compilation failed to produce executable
FAIL: gfortran.dg/direct_io_10.f -O3 -fomit-frame-pointer (test for excess errors)
WARNING: gfortran.dg/direct_io_10.f -O3 -fomit-frame-pointer compilation failed to produce executable
FAIL: gfortran.dg/direct_io_10.f -O3 -fomit-frame-pointer -funroll-loops (test for excess errors)
WARNING: gfortran.dg/direct_io_10.f -O3 -fomit-frame-pointer -funroll-loops compilation failed to produce executable
FAIL: gfortran.dg/direct_io_10.f -O3 -fomit-frame-pointer -funroll-all-loops -finline-functions (test for excess errors)
WARNING: gfortran.dg/direct_io_10.f -O3 -fomit-frame-pointer -funroll-all-loops -finline-functions compilation failed to produce executable
FAIL: gfortran.dg/direct_io_10.f -O3 -g (test for excess errors)
WARNING: gfortran.dg/direct_io_10.f -O3 -g compilation failed to produce executable
FAIL: gfortran.dg/direct_io_10.f -Os (test for excess errors)
WARNING: gfortran.dg/direct_io_10.f -Os compilation failed to produce executable
FAIL: gfortran.dg/do_iterator_2.f90 -O0 (internal compiler error)
FAIL: gfortran.dg/do_iterator_2.f90 -O0 (test for excess errors)
WARNING: gfortran.dg/do_iterator_2.f90 -O0 compilation failed to produce executable
FAIL: gfortran.dg/do_iterator_2.f90 -O1 (internal compiler error)
FAIL: gfortran.dg/do_iterator_2.f90 -O1 (test for excess errors)
WARNING: gfortran.dg/do_iterator_2.f90 -O1 compilation failed to produce executable
FAIL: gfortran.dg/do_iterator_2.f90 -O2 (internal compiler error)
FAIL: gfortran.dg/do_iterator_2.f90 -O2 (test for excess errors)
WARNING: gfortran.dg/do_iterator_2.f90 -O2 compilation failed to produce executable
FAIL: gfortran.dg/do_iterator_2.f90 -O3 -fomit-frame-pointer (internal compiler error)
FAIL: gfortran.dg/do_iterator_2.f90 -O3 -fomit-frame-pointer (test for excess errors)
WARNING: gfortran.dg/do_iterator_2.f90 -O3 -fomit-frame-pointer compilation failed to produce executable
FAIL: gfortran.dg/do_iterator_2.f90 -O3 -fomit-frame-pointer -funroll-loops (internal compiler error)
FAIL: gfortran.dg/do_iterator_2.f90 -O3 -fomit-frame-pointer -funroll-loops (test for excess errors)
WARNING: gfortran.dg/do_iterator_2.f90 -O3 -fomit-frame-pointer -funroll-loops compilation failed to produce executable
FAIL: gfortran.dg/do_iterator_2.f90 -O3 -fomit-frame-pointer -funroll-all-loops -finline-functions (internal compiler error)
FAIL: gfortran.dg/do_iterator_2.f90 -O3 -fomit-frame-pointer -funroll-all-loops -finline-functions (test for excess errors)
WARNING: gfortran.dg/do_iterator_2.f90 -O3 -fomit-frame-pointer -funroll-all-loops -finline-functions compilation failed to produce executable
FAIL: gfortran.dg/do_iterator_2.f90 -O3 -g (internal compiler error)
FAIL: gfortran.dg/do_iterator_2.f90 -O3 -g (test for excess errors)
WARNING: gfortran.dg/do_iterator_2.f90 -O3 -g compilation failed to produce executable
FAIL: gfortran.dg/do_iterator_2.f90 -Os (internal compiler error)
FAIL: gfortran.dg/do_iterator_2.f90 -Os (test for excess errors)
WARNING: gfortran.dg/do_iterator_2.f90 -Os compilation failed to produce executable
FAIL: gfortran.dg/dup_save_1.f90 -O0 (test for excess errors)
WARNING: gfortran.dg/dup_save_1.f90 -O0 compilation failed to produce executable
FAIL: gfortran.dg/dup_save_1.f90 -O1 (test for excess errors)
WARNING: gfortran.dg/dup_save_1.f90 -O1 compilation failed to produce executable
FAIL: gfortran.dg/dup_save_1.f90 -O2 (test for excess errors)
WARNING: gfortran.dg/dup_save_1.f90 -O2 compilation failed to produce executable
FAIL: gfortran.dg/dup_save_1.f90 -O3 -fomit-frame-pointer (test for excess errors)
WARNING: gfortran.dg/dup_save_1.f90 -O3 -fomit-frame-pointer compilation failed to produce executable
FAIL: gfortran.dg/dup_save_1.f90 -O3 -fomit-frame-pointer -funroll-loops (test for excess errors)
WARNING: gfortran.dg/dup_save_1.f90 -O3 -fomit-frame-pointer -funroll-loops compilation failed to produce executable
FAIL: gfortran.dg/dup_save_1.f90 -O3 -fomit-frame-pointer -funroll-all-loops -finline-functions (test for excess errors)
WARNING: gfortran.dg/dup_save_1.f90 -O3 -fomit-frame-pointer -funroll-all-loops -finline-functions compilation failed to produce executable
FAIL: gfortran.dg/dup_save_1.f90 -O3 -g (test for excess errors)
WARNING: gfortran.dg/dup_save_1.f90 -O3 -g compilation failed to produce executable
FAIL: gfortran.dg/dup_save_1.f90 -Os (test for excess errors)
WARNING: gfortran.dg/dup_save_1.f90 -Os compilation failed to produce executable
FAIL: gfortran.dg/elemental_dependency_1.f90 -O0 scan-tree-dump-times original "A.17\\[4\\]" 1
FAIL: gfortran.dg/elemental_dependency_1.f90 -O0 scan-tree-dump-times original "A.26\\[4\\]" 1
FAIL: gfortran.dg/elemental_dependency_1.f90 -O0 scan-tree-dump-times original "A.38\\[4\\]" 1
FAIL: gfortran.dg/elemental_dependency_1.f90 -O1 scan-tree-dump-times original "A.17\\[4\\]" 1
FAIL: gfortran.dg/elemental_dependency_1.f90 -O1 scan-tree-dump-times original "A.26\\[4\\]" 1
FAIL: gfortran.dg/elemental_dependency_1.f90 -O1 scan-tree-dump-times original "A.38\\[4\\]" 1
FAIL: gfortran.dg/elemental_dependency_1.f90 -O2 scan-tree-dump-times original "A.17\\[4\\]" 1
FAIL: gfortran.dg/elemental_dependency_1.f90 -O2 scan-tree-dump-times original "A.26\\[4\\]" 1
FAIL: gfortran.dg/elemental_dependency_1.f90 -O2 scan-tree-dump-times original "A.38\\[4\\]" 1
FAIL: gfortran.dg/elemental_dependency_1.f90 -O3 -fomit-frame-pointer scan-tree-dump-times original "A.17\\[4\\]" 1
FAIL: gfortran.dg/elemental_dependency_1.f90 -O3 -fomit-frame-pointer scan-tree-dump-times original "A.26\\[4\\]" 1
FAIL: gfortran.dg/elemental_dependency_1.f90 -O3 -fomit-frame-pointer scan-tree-dump-times original "A.38\\[4\\]" 1
FAIL: gfortran.dg/elemental_dependency_1.f90 -O3 -fomit-frame-pointer -funroll-loops scan-tree-dump-times original "A.17\\[4\\]" 1
FAIL: gfortran.dg/elemental_dependency_1.f90 -O3 -fomit-frame-pointer -funroll-loops scan-tree-dump-times original "A.26\\[4\\]" 1
FAIL: gfortran.dg/elemental_dependency_1.f90 -O3 -fomit-frame-pointer -funroll-loops scan-tree-dump-times original "A.38\\[4\\]" 1
FAIL: gfortran.dg/elemental_dependency_1.f90 -O3 -fomit-frame-pointer -funroll-all-loops -finline-functions scan-tree-dump-times original "A.17\\[4\\]" 1
FAIL: gfortran.dg/elemental_dependency_1.f90 -O3 -fomit-frame-pointer -funroll-all-loops -finline-functions scan-tree-dump-times original "A.26\\[4\\]" 1
FAIL: gfortran.dg/elemental_dependency_1.f90 -O3 -fomit-frame-pointer -funroll-all-loops -finline-functions scan-tree-dump-times original "A.38\\[4\\]" 1
FAIL: gfortran.dg/elemental_dependency_1.f90 -O3 -g scan-tree-dump-times original "A.17\\[4\\]" 1
FAIL: gfortran.dg/elemental_dependency_1.f90 -O3 -g scan-tree-dump-times original "A.26\\[4\\]" 1
FAIL: gfortran.dg/elemental_dependency_1.f90 -O3 -g scan-tree-dump-times original "A.38\\[4\\]" 1
FAIL: gfortran.dg/elemental_dependency_1.f90 -Os scan-tree-dump-times original "A.17\\[4\\]" 1
FAIL: gfortran.dg/elemental_dependency_1.f90 -Os scan-tree-dump-times original "A.26\\[4\\]" 1
FAIL: gfortran.dg/elemental_dependency_1.f90 -Os scan-tree-dump-times original "A.38\\[4\\]" 1
FAIL: gfortran.dg/entry_array_specs_2.f -O0 (internal compiler error)
FAIL: gfortran.dg/entry_array_specs_2.f -O0 (test for excess errors)
WARNING: gfortran.dg/entry_array_specs_2.f -O0 compilation failed to produce executable
FAIL: gfortran.dg/entry_array_specs_2.f -O1 (internal compiler error)
FAIL: gfortran.dg/entry_array_specs_2.f -O1 (test for excess errors)
WARNING: gfortran.dg/entry_array_specs_2.f -O1 compilation failed to produce executable
FAIL: gfortran.dg/entry_array_specs_2.f -O2 (internal compiler error)
FAIL: gfortran.dg/entry_array_specs_2.f -O2 (test for excess errors)
WARNING: gfortran.dg/entry_array_specs_2.f -O2 compilation failed to produce executable
FAIL: gfortran.dg/entry_array_specs_2.f -O3 -fomit-frame-pointer (internal compiler error)
FAIL: gfortran.dg/entry_array_specs_2.f -O3 -fomit-frame-pointer (test for excess errors)
WARNING: gfortran.dg/entry_array_specs_2.f -O3 -fomit-frame-pointer compilation failed to produce executable
FAIL: gfortran.dg/entry_array_specs_2.f -O3 -fomit-frame-pointer -funroll-loops (internal compiler error)
FAIL: gfortran.dg/entry_array_specs_2.f -O3 -fomit-frame-pointer -funroll-loops (test for excess errors)
WARNING: gfortran.dg/entry_array_specs_2.f -O3 -fomit-frame-pointer -funroll-loops compilation failed to produce executable
FAIL: gfortran.dg/entry_array_specs_2.f -O3 -fomit-frame-pointer -funroll-all-loops -finline-functions (internal compiler error)
FAIL: gfortran.dg/entry_array_specs_2.f -O3 -fomit-frame-pointer -funroll-all-loops -finline-functions (test for excess errors)
WARNING: gfortran.dg/entry_array_specs_2.f -O3 -fomit-frame-pointer -funroll-all-loops -finline-functions compilation failed to produce executable
FAIL: gfortran.dg/entry_array_specs_2.f -O3 -g (internal compiler error)
FAIL: gfortran.dg/entry_array_specs_2.f -O3 -g (test for excess errors)
WARNING: gfortran.dg/entry_array_specs_2.f -O3 -g compilation failed to produce executable
FAIL: gfortran.dg/entry_array_specs_2.f -Os (internal compiler error)
FAIL: gfortran.dg/entry_array_specs_2.f -Os (test for excess errors)
WARNING: gfortran.dg/entry_array_specs_2.f -Os compilation failed to produce executable
FAIL: gfortran.dg/equiv_6.f90 -O0 (test for excess errors)
WARNING: gfortran.dg/equiv_6.f90 -O0 compilation failed to produce executable
FAIL: gfortran.dg/equiv_6.f90 -O1 (test for excess errors)
WARNING: gfortran.dg/equiv_6.f90 -O1 compilation failed to produce executable
FAIL: gfortran.dg/equiv_6.f90 -O2 (test for excess errors)
WARNING: gfortran.dg/equiv_6.f90 -O2 compilation failed to produce executable
FAIL: gfortran.dg/equiv_6.f90 -O3 -fomit-frame-pointer (test for excess errors)
WARNING: gfortran.dg/equiv_6.f90 -O3 -fomit-frame-pointer compilation failed to produce executable
FAIL: gfortran.dg/equiv_6.f90 -O3 -fomit-frame-pointer -funroll-loops (test for excess errors)
WARNING: gfortran.dg/equiv_6.f90 -O3 -fomit-frame-pointer -funroll-loops compilation failed to produce executable
FAIL: gfortran.dg/equiv_6.f90 -O3 -fomit-frame-pointer -funroll-all-loops -finline-functions (test for excess errors)
WARNING: gfortran.dg/equiv_6.f90 -O3 -fomit-frame-pointer -funroll-all-loops -finline-functions compilation failed to produce executable
FAIL: gfortran.dg/equiv_6.f90 -O3 -g (test for excess errors)
WARNING: gfortran.dg/equiv_6.f90 -O3 -g compilation failed to produce executable
FAIL: gfortran.dg/equiv_6.f90 -Os (test for excess errors)
WARNING: gfortran.dg/equiv_6.f90 -Os compilation failed to produce executable
FAIL: gfortran.dg/extended_char_comparison_1.f -O0 (test for excess errors)
WARNING: gfortran.dg/extended_char_comparison_1.f -O0 compilation failed to produce executable
FAIL: gfortran.dg/extended_char_comparison_1.f -O1 (test for excess errors)
WARNING: gfortran.dg/extended_char_comparison_1.f -O1 compilation failed to produce executable
FAIL: gfortran.dg/extended_char_comparison_1.f -O2 (test for excess errors)
WARNING: gfortran.dg/extended_char_comparison_1.f -O2 compilation failed to produce executable
FAIL: gfortran.dg/extended_char_comparison_1.f -O3 -fomit-frame-pointer (test for excess errors)
WARNING: gfortran.dg/extended_char_comparison_1.f -O3 -fomit-frame-pointer compilation failed to produce executable
FAIL: gfortran.dg/extended_char_comparison_1.f -O3 -fomit-frame-pointer -funroll-loops (test for excess errors)
WARNING: gfortran.dg/extended_char_comparison_1.f -O3 -fomit-frame-pointer -funroll-loops compilation failed to produce executable
FAIL: gfortran.dg/extended_char_comparison_1.f -O3 -fomit-frame-pointer -funroll-all-loops -finline-functions (test for excess errors)
WARNING: gfortran.dg/extended_char_comparison_1.f -O3 -fomit-frame-pointer -funroll-all-loops -finline-functions compilation failed to produce executable
FAIL: gfortran.dg/extended_char_comparison_1.f -O3 -g (test for excess errors)
WARNING: gfortran.dg/extended_char_comparison_1.f -O3 -g compilation failed to produce executable
FAIL: gfortran.dg/extended_char_comparison_1.f -Os (test for excess errors)
WARNING: gfortran.dg/extended_char_comparison_1.f -Os compilation failed to produce executable
FAIL: gfortran.dg/f2c_4.f90 -O0 (test for excess errors)
WARNING: gfortran.dg/f2c_4.f90 -O0 compilation failed to produce executable
FAIL: gfortran.dg/f2c_4.f90 -O1 (test for excess errors)
WARNING: gfortran.dg/f2c_4.f90 -O1 compilation failed to produce executable
FAIL: gfortran.dg/f2c_4.f90 -O2 (test for excess errors)
WARNING: gfortran.dg/f2c_4.f90 -O2 compilation failed to produce executable
FAIL: gfortran.dg/f2c_4.f90 -O3 -fomit-frame-pointer (test for excess errors)
WARNING: gfortran.dg/f2c_4.f90 -O3 -fomit-frame-pointer compilation failed to produce executable
FAIL: gfortran.dg/f2c_4.f90 -O3 -fomit-frame-pointer -funroll-loops (test for excess errors)
WARNING: gfortran.dg/f2c_4.f90 -O3 -fomit-frame-pointer -funroll-loops compilation failed to produce executable
FAIL: gfortran.dg/f2c_4.f90 -O3 -fomit-frame-pointer -funroll-all-loops -finline-functions (test for excess errors)
WARNING: gfortran.dg/f2c_4.f90 -O3 -fomit-frame-pointer -funroll-all-loops -finline-functions compilation failed to produce executable
FAIL: gfortran.dg/f2c_4.f90 -O3 -g (test for excess errors)
WARNING: gfortran.dg/f2c_4.f90 -O3 -g compilation failed to produce executable
FAIL: gfortran.dg/f2c_4.f90 -Os (test for excess errors)
WARNING: gfortran.dg/f2c_4.f90 -Os compilation failed to produce executable
FAIL: gfortran.dg/f2c_5.f90 -O0 (test for excess errors)
WARNING: gfortran.dg/f2c_5.f90 -O0 compilation failed to produce executable
FAIL: gfortran.dg/f2c_5.f90 -O1 (test for excess errors)
WARNING: gfortran.dg/f2c_5.f90 -O1 compilation failed to produce executable
FAIL: gfortran.dg/f2c_5.f90 -O2 (test for excess errors)
WARNING: gfortran.dg/f2c_5.f90 -O2 compilation failed to produce executable
FAIL: gfortran.dg/f2c_5.f90 -O3 -fomit-frame-pointer (test for excess errors)
WARNING: gfortran.dg/f2c_5.f90 -O3 -fomit-frame-pointer compilation failed to produce executable
FAIL: gfortran.dg/f2c_5.f90 -O3 -fomit-frame-pointer -funroll-loops (test for excess errors)
WARNING: gfortran.dg/f2c_5.f90 -O3 -fomit-frame-pointer -funroll-loops compilation failed to produce executable
FAIL: gfortran.dg/f2c_5.f90 -O3 -fomit-frame-pointer -funroll-all-loops -finline-functions (test for excess errors)
WARNING: gfortran.dg/f2c_5.f90 -O3 -fomit-frame-pointer -funroll-all-loops -finline-functions compilation failed to produce executable
FAIL: gfortran.dg/f2c_5.f90 -O3 -g (test for excess errors)
WARNING: gfortran.dg/f2c_5.f90 -O3 -g compilation failed to produce executable
FAIL: gfortran.dg/f2c_5.f90 -Os (test for excess errors)
WARNING: gfortran.dg/f2c_5.f90 -Os compilation failed to produce executable
FAIL: gfortran.dg/hollerith.f90 -O0 (test for excess errors)
WARNING: gfortran.dg/hollerith.f90 -O0 compilation failed to produce executable
FAIL: gfortran.dg/hollerith.f90 -O1 (test for excess errors)
WARNING: gfortran.dg/hollerith.f90 -O1 compilation failed to produce executable
FAIL: gfortran.dg/hollerith.f90 -O2 (test for excess errors)
WARNING: gfortran.dg/hollerith.f90 -O2 compilation failed to produce executable
FAIL: gfortran.dg/hollerith.f90 -O3 -fomit-frame-pointer (test for excess errors)
WARNING: gfortran.dg/hollerith.f90 -O3 -fomit-frame-pointer compilation failed to produce executable
FAIL: gfortran.dg/hollerith.f90 -O3 -fomit-frame-pointer -funroll-loops (test for excess errors)
WARNING: gfortran.dg/hollerith.f90 -O3 -fomit-frame-pointer -funroll-loops compilation failed to produce executable
FAIL: gfortran.dg/hollerith.f90 -O3 -fomit-frame-pointer -funroll-all-loops -finline-functions (test for excess errors)
WARNING: gfortran.dg/hollerith.f90 -O3 -fomit-frame-pointer -funroll-all-loops -finline-functions compilation failed to produce executable
FAIL: gfortran.dg/hollerith.f90 -O3 -g (test for excess errors)
WARNING: gfortran.dg/hollerith.f90 -O3 -g compilation failed to produce executable
FAIL: gfortran.dg/hollerith.f90 -Os (test for excess errors)
WARNING: gfortran.dg/hollerith.f90 -Os compilation failed to produce executable
FAIL: gfortran.dg/in_pack_rank7.f90 -O0 (test for excess errors)
WARNING: gfortran.dg/in_pack_rank7.f90 -O0 compilation failed to produce executable
FAIL: gfortran.dg/in_pack_rank7.f90 -O1 (test for excess errors)
WARNING: gfortran.dg/in_pack_rank7.f90 -O1 compilation failed to produce executable
FAIL: gfortran.dg/in_pack_rank7.f90 -O2 (test for excess errors)
WARNING: gfortran.dg/in_pack_rank7.f90 -O2 compilation failed to produce executable
FAIL: gfortran.dg/in_pack_rank7.f90 -O3 -fomit-frame-pointer (test for excess errors)
WARNING: gfortran.dg/in_pack_rank7.f90 -O3 -fomit-frame-pointer compilation failed to produce executable
FAIL: gfortran.dg/in_pack_rank7.f90 -O3 -fomit-frame-pointer -funroll-loops (test for excess errors)
WARNING: gfortran.dg/in_pack_rank7.f90 -O3 -fomit-frame-pointer -funroll-loops compilation failed to produce executable
FAIL: gfortran.dg/in_pack_rank7.f90 -O3 -fomit-frame-pointer -funroll-all-loops -finline-functions (test for excess errors)
WARNING: gfortran.dg/in_pack_rank7.f90 -O3 -fomit-frame-pointer -funroll-all-loops -finline-functions compilation failed to produce executable
FAIL: gfortran.dg/in_pack_rank7.f90 -O3 -g (test for excess errors)
WARNING: gfortran.dg/in_pack_rank7.f90 -O3 -g compilation failed to produce executable
FAIL: gfortran.dg/in_pack_rank7.f90 -Os (test for excess errors)
WARNING: gfortran.dg/in_pack_rank7.f90 -Os compilation failed to produce executable
FAIL: gfortran.dg/include_2.f90 -O (test for excess errors)
FAIL: gfortran.dg/init_flag_1.f90 -O0 (test for excess errors)
WARNING: gfortran.dg/init_flag_1.f90 -O0 compilation failed to produce executable
FAIL: gfortran.dg/init_flag_1.f90 -O1 (test for excess errors)
WARNING: gfortran.dg/init_flag_1.f90 -O1 compilation failed to produce executable
FAIL: gfortran.dg/init_flag_1.f90 -O2 (test for excess errors)
WARNING: gfortran.dg/init_flag_1.f90 -O2 compilation failed to produce executable
FAIL: gfortran.dg/init_flag_1.f90 -O3 -fomit-frame-pointer (test for excess errors)
WARNING: gfortran.dg/init_flag_1.f90 -O3 -fomit-frame-pointer compilation failed to produce executable
FAIL: gfortran.dg/init_flag_1.f90 -O3 -fomit-frame-pointer -funroll-loops (test for excess errors)
WARNING: gfortran.dg/init_flag_1.f90 -O3 -fomit-frame-pointer -funroll-loops compilation failed to produce executable
FAIL: gfortran.dg/init_flag_1.f90 -O3 -fomit-frame-pointer -funroll-all-loops -finline-functions (test for excess errors)
WARNING: gfortran.dg/init_flag_1.f90 -O3 -fomit-frame-pointer -funroll-all-loops -finline-functions compilation failed to produce executable
FAIL: gfortran.dg/init_flag_1.f90 -O3 -g (test for excess errors)
WARNING: gfortran.dg/init_flag_1.f90 -O3 -g compilation failed to produce executable
FAIL: gfortran.dg/init_flag_1.f90 -Os (test for excess errors)
WARNING: gfortran.dg/init_flag_1.f90 -Os compilation failed to produce executable
FAIL: gfortran.dg/init_flag_2.f90 -O0 (test for excess errors)
WARNING: gfortran.dg/init_flag_2.f90 -O0 compilation failed to produce executable
FAIL: gfortran.dg/init_flag_2.f90 -O1 (test for excess errors)
WARNING: gfortran.dg/init_flag_2.f90 -O1 compilation failed to produce executable
FAIL: gfortran.dg/init_flag_2.f90 -O2 (test for excess errors)
WARNING: gfortran.dg/init_flag_2.f90 -O2 compilation failed to produce executable
FAIL: gfortran.dg/init_flag_2.f90 -O3 -fomit-frame-pointer (test for excess errors)
WARNING: gfortran.dg/init_flag_2.f90 -O3 -fomit-frame-pointer compilation failed to produce executable
FAIL: gfortran.dg/init_flag_2.f90 -O3 -fomit-frame-pointer -funroll-loops (test for excess errors)
WARNING: gfortran.dg/init_flag_2.f90 -O3 -fomit-frame-pointer -funroll-loops compilation failed to produce executable
FAIL: gfortran.dg/init_flag_2.f90 -O3 -fomit-frame-pointer -funroll-all-loops -finline-functions (test for excess errors)
WARNING: gfortran.dg/init_flag_2.f90 -O3 -fomit-frame-pointer -funroll-all-loops -finline-functions compilation failed to produce executable
FAIL: gfortran.dg/init_flag_2.f90 -O3 -g (test for excess errors)
WARNING: gfortran.dg/init_flag_2.f90 -O3 -g compilation failed to produce executable
FAIL: gfortran.dg/init_flag_2.f90 -Os (test for excess errors)
WARNING: gfortran.dg/init_flag_2.f90 -Os compilation failed to produce executable
FAIL: gfortran.dg/init_flag_3.f90 -O0 (test for excess errors)
WARNING: gfortran.dg/init_flag_3.f90 -O0 compilation failed to produce executable
FAIL: gfortran.dg/init_flag_3.f90 -O1 (test for excess errors)
WARNING: gfortran.dg/init_flag_3.f90 -O1 compilation failed to produce executable
FAIL: gfortran.dg/init_flag_3.f90 -O2 (test for excess errors)
WARNING: gfortran.dg/init_flag_3.f90 -O2 compilation failed to produce executable
FAIL: gfortran.dg/init_flag_3.f90 -O3 -fomit-frame-pointer (test for excess errors)
WARNING: gfortran.dg/init_flag_3.f90 -O3 -fomit-frame-pointer compilation failed to produce executable
FAIL: gfortran.dg/init_flag_3.f90 -O3 -fomit-frame-pointer -funroll-loops (test for excess errors)
WARNING: gfortran.dg/init_flag_3.f90 -O3 -fomit-frame-pointer -funroll-loops compilation failed to produce executable
FAIL: gfortran.dg/init_flag_3.f90 -O3 -fomit-frame-pointer -funroll-all-loops -finline-functions (test for excess errors)
WARNING: gfortran.dg/init_flag_3.f90 -O3 -fomit-frame-pointer -funroll-all-loops -finline-functions compilation failed to produce executable
FAIL: gfortran.dg/init_flag_3.f90 -O3 -g (test for excess errors)
WARNING: gfortran.dg/init_flag_3.f90 -O3 -g compilation failed to produce executable
FAIL: gfortran.dg/init_flag_3.f90 -Os (test for excess errors)
WARNING: gfortran.dg/init_flag_3.f90 -Os compilation failed to produce executable
FAIL: gfortran.dg/init_flag_4.f90 -O0 (test for excess errors)
WARNING: gfortran.dg/init_flag_4.f90 -O0 compilation failed to produce executable
FAIL: gfortran.dg/init_flag_4.f90 -O1 (test for excess errors)
WARNING: gfortran.dg/init_flag_4.f90 -O1 compilation failed to produce executable
FAIL: gfortran.dg/init_flag_4.f90 -O2 (test for excess errors)
WARNING: gfortran.dg/init_flag_4.f90 -O2 compilation failed to produce executable
FAIL: gfortran.dg/init_flag_4.f90 -O3 -fomit-frame-pointer (test for excess errors)
WARNING: gfortran.dg/init_flag_4.f90 -O3 -fomit-frame-pointer compilation failed to produce executable
FAIL: gfortran.dg/init_flag_4.f90 -O3 -fomit-frame-pointer -funroll-loops (test for excess errors)
WARNING: gfortran.dg/init_flag_4.f90 -O3 -fomit-frame-pointer -funroll-loops compilation failed to produce executable
FAIL: gfortran.dg/init_flag_4.f90 -O3 -fomit-frame-pointer -funroll-all-loops -finline-functions (test for excess errors)
WARNING: gfortran.dg/init_flag_4.f90 -O3 -fomit-frame-pointer -funroll-all-loops -finline-functions compilation failed to produce executable
FAIL: gfortran.dg/init_flag_4.f90 -O3 -g (test for excess errors)
WARNING: gfortran.dg/init_flag_4.f90 -O3 -g compilation failed to produce executable
FAIL: gfortran.dg/init_flag_4.f90 -Os (test for excess errors)
WARNING: gfortran.dg/init_flag_4.f90 -Os compilation failed to produce executable
FAIL: gfortran.dg/init_flag_5.f90 -O0 (test for excess errors)
WARNING: gfortran.dg/init_flag_5.f90 -O0 compilation failed to produce executable
FAIL: gfortran.dg/init_flag_5.f90 -O1 (test for excess errors)
WARNING: gfortran.dg/init_flag_5.f90 -O1 compilation failed to produce executable
FAIL: gfortran.dg/init_flag_5.f90 -O2 (test for excess errors)
WARNING: gfortran.dg/init_flag_5.f90 -O2 compilation failed to produce executable
FAIL: gfortran.dg/init_flag_5.f90 -O3 -fomit-frame-pointer (test for excess errors)
WARNING: gfortran.dg/init_flag_5.f90 -O3 -fomit-frame-pointer compilation failed to produce executable
FAIL: gfortran.dg/init_flag_5.f90 -O3 -fomit-frame-pointer -funroll-loops (test for excess errors)
WARNING: gfortran.dg/init_flag_5.f90 -O3 -fomit-frame-pointer -funroll-loops compilation failed to produce executable
FAIL: gfortran.dg/init_flag_5.f90 -O3 -fomit-frame-pointer -funroll-all-loops -finline-functions (test for excess errors)
WARNING: gfortran.dg/init_flag_5.f90 -O3 -fomit-frame-pointer -funroll-all-loops -finline-functions compilation failed to produce executable
FAIL: gfortran.dg/init_flag_5.f90 -O3 -g (test for excess errors)
WARNING: gfortran.dg/init_flag_5.f90 -O3 -g compilation failed to produce executable
FAIL: gfortran.dg/init_flag_5.f90 -Os (test for excess errors)
WARNING: gfortran.dg/init_flag_5.f90 -Os compilation failed to produce executable
FAIL: gfortran.dg/init_flag_6.f90 -O0 (test for excess errors)
WARNING: gfortran.dg/init_flag_6.f90 -O0 compilation failed to produce executable
FAIL: gfortran.dg/init_flag_6.f90 -O1 (test for excess errors)
WARNING: gfortran.dg/init_flag_6.f90 -O1 compilation failed to produce executable
FAIL: gfortran.dg/init_flag_6.f90 -O2 (test for excess errors)
WARNING: gfortran.dg/init_flag_6.f90 -O2 compilation failed to produce executable
FAIL: gfortran.dg/init_flag_6.f90 -O3 -fomit-frame-pointer (test for excess errors)
WARNING: gfortran.dg/init_flag_6.f90 -O3 -fomit-frame-pointer compilation failed to produce executable
FAIL: gfortran.dg/init_flag_6.f90 -O3 -fomit-frame-pointer -funroll-loops (test for excess errors)
WARNING: gfortran.dg/init_flag_6.f90 -O3 -fomit-frame-pointer -funroll-loops compilation failed to produce executable
FAIL: gfortran.dg/init_flag_6.f90 -O3 -fomit-frame-pointer -funroll-all-loops -finline-functions (test for excess errors)
WARNING: gfortran.dg/init_flag_6.f90 -O3 -fomit-frame-pointer -funroll-all-loops -finline-functions compilation failed to produce executable
FAIL: gfortran.dg/init_flag_6.f90 -O3 -g (test for excess errors)
WARNING: gfortran.dg/init_flag_6.f90 -O3 -g compilation failed to produce executable
FAIL: gfortran.dg/init_flag_6.f90 -Os (test for excess errors)
WARNING: gfortran.dg/init_flag_6.f90 -Os compilation failed to produce executable
FAIL: gfortran.dg/init_flag_7.f90 -O0 (test for excess errors)
WARNING: gfortran.dg/init_flag_7.f90 -O0 compilation failed to produce executable
FAIL: gfortran.dg/init_flag_7.f90 -O1 (test for excess errors)
WARNING: gfortran.dg/init_flag_7.f90 -O1 compilation failed to produce executable
FAIL: gfortran.dg/init_flag_7.f90 -O2 (test for excess errors)
WARNING: gfortran.dg/init_flag_7.f90 -O2 compilation failed to produce executable
FAIL: gfortran.dg/init_flag_7.f90 -O3 -fomit-frame-pointer (test for excess errors)
WARNING: gfortran.dg/init_flag_7.f90 -O3 -fomit-frame-pointer compilation failed to produce executable
FAIL: gfortran.dg/init_flag_7.f90 -O3 -fomit-frame-pointer -funroll-loops (test for excess errors)
WARNING: gfortran.dg/init_flag_7.f90 -O3 -fomit-frame-pointer -funroll-loops compilation failed to produce executable
FAIL: gfortran.dg/init_flag_7.f90 -O3 -fomit-frame-pointer -funroll-all-loops -finline-functions (test for excess errors)
WARNING: gfortran.dg/init_flag_7.f90 -O3 -fomit-frame-pointer -funroll-all-loops -finline-functions compilation failed to produce executable
FAIL: gfortran.dg/init_flag_7.f90 -O3 -g (test for excess errors)
WARNING: gfortran.dg/init_flag_7.f90 -O3 -g compilation failed to produce executable
FAIL: gfortran.dg/init_flag_7.f90 -Os (test for excess errors)
WARNING: gfortran.dg/init_flag_7.f90 -Os compilation failed to produce executable
FAIL: gfortran.dg/initialization_18.f90 -O (test for excess errors)
FAIL: gfortran.dg/integer_exponentiation_2.f90 -O0 (internal compiler error)
FAIL: gfortran.dg/integer_exponentiation_2.f90 -O0 (test for excess errors)
WARNING: gfortran.dg/integer_exponentiation_2.f90 -O0 compilation failed to produce executable
FAIL: gfortran.dg/integer_exponentiation_2.f90 -O1 (internal compiler error)
FAIL: gfortran.dg/integer_exponentiation_2.f90 -O1 (test for excess errors)
WARNING: gfortran.dg/integer_exponentiation_2.f90 -O1 compilation failed to produce executable
FAIL: gfortran.dg/integer_exponentiation_2.f90 -O2 (internal compiler error)
FAIL: gfortran.dg/integer_exponentiation_2.f90 -O2 (test for excess errors)
WARNING: gfortran.dg/integer_exponentiation_2.f90 -O2 compilation failed to produce executable
FAIL: gfortran.dg/integer_exponentiation_2.f90 -O3 -fomit-frame-pointer (internal compiler error)
FAIL: gfortran.dg/integer_exponentiation_2.f90 -O3 -fomit-frame-pointer (test for excess errors)
WARNING: gfortran.dg/integer_exponentiation_2.f90 -O3 -fomit-frame-pointer compilation failed to produce executable
FAIL: gfortran.dg/integer_exponentiation_2.f90 -O3 -fomit-frame-pointer -funroll-loops (internal compiler error)
FAIL: gfortran.dg/integer_exponentiation_2.f90 -O3 -fomit-frame-pointer -funroll-loops (test for excess errors)
WARNING: gfortran.dg/integer_exponentiation_2.f90 -O3 -fomit-frame-pointer -funroll-loops compilation failed to produce executable
FAIL: gfortran.dg/integer_exponentiation_2.f90 -O3 -fomit-frame-pointer -funroll-all-loops -finline-functions (internal compiler error)
FAIL: gfortran.dg/integer_exponentiation_2.f90 -O3 -fomit-frame-pointer -funroll-all-loops -finline-functions (test for excess errors)
WARNING: gfortran.dg/integer_exponentiation_2.f90 -O3 -fomit-frame-pointer -funroll-all-loops -finline-functions compilation failed to produce executable
FAIL: gfortran.dg/integer_exponentiation_2.f90 -O3 -g (internal compiler error)
FAIL: gfortran.dg/integer_exponentiation_2.f90 -O3 -g (test for excess errors)
WARNING: gfortran.dg/integer_exponentiation_2.f90 -O3 -g compilation failed to produce executable
FAIL: gfortran.dg/integer_exponentiation_2.f90 -Os (internal compiler error)
FAIL: gfortran.dg/integer_exponentiation_2.f90 -Os (test for excess errors)
WARNING: gfortran.dg/integer_exponentiation_2.f90 -Os compilation failed to produce executable
FAIL: gfortran.dg/integer_exponentiation_4.f90 -O (internal compiler error)
FAIL: gfortran.dg/integer_exponentiation_4.f90 -O (test for errors, line 24)
FAIL: gfortran.dg/integer_exponentiation_4.f90 -O (test for errors, line 25)
FAIL: gfortran.dg/integer_exponentiation_4.f90 -O (test for errors, line 26)
FAIL: gfortran.dg/integer_exponentiation_4.f90 -O (test for errors, line 27)
FAIL: gfortran.dg/integer_exponentiation_4.f90 -O (test for errors, line 35)
FAIL: gfortran.dg/integer_exponentiation_4.f90 -O (test for errors, line 36)
FAIL: gfortran.dg/integer_exponentiation_4.f90 -O (test for errors, line 37)
FAIL: gfortran.dg/integer_exponentiation_4.f90 -O (test for errors, line 38)
FAIL: gfortran.dg/integer_exponentiation_4.f90 -O (test for errors, line 41)
FAIL: gfortran.dg/integer_exponentiation_4.f90 -O (test for errors, line 42)
FAIL: gfortran.dg/integer_exponentiation_4.f90 -O (test for excess errors)
FAIL: gfortran.dg/interface_12.f90 -O0 (test for excess errors)
WARNING: gfortran.dg/interface_12.f90 -O0 compilation failed to produce executable
FAIL: gfortran.dg/interface_12.f90 -O1 (test for excess errors)
WARNING: gfortran.dg/interface_12.f90 -O1 compilation failed to produce executable
FAIL: gfortran.dg/interface_12.f90 -O2 (test for excess errors)
WARNING: gfortran.dg/interface_12.f90 -O2 compilation failed to produce executable
FAIL: gfortran.dg/interface_12.f90 -O3 -fomit-frame-pointer (test for excess errors)
WARNING: gfortran.dg/interface_12.f90 -O3 -fomit-frame-pointer compilation failed to produce executable
FAIL: gfortran.dg/interface_12.f90 -O3 -fomit-frame-pointer -funroll-loops (test for excess errors)
WARNING: gfortran.dg/interface_12.f90 -O3 -fomit-frame-pointer -funroll-loops compilation failed to produce executable
FAIL: gfortran.dg/interface_12.f90 -O3 -fomit-frame-pointer -funroll-all-loops -finline-functions (test for excess errors)
WARNING: gfortran.dg/interface_12.f90 -O3 -fomit-frame-pointer -funroll-all-loops -finline-functions compilation failed to produce executable
FAIL: gfortran.dg/interface_12.f90 -O3 -g (test for excess errors)
WARNING: gfortran.dg/interface_12.f90 -O3 -g compilation failed to produce executable
FAIL: gfortran.dg/interface_12.f90 -Os (test for excess errors)
WARNING: gfortran.dg/interface_12.f90 -Os compilation failed to produce executable
FAIL: gfortran.dg/internal_pack_1.f90 -O0 (test for excess errors)
WARNING: gfortran.dg/internal_pack_1.f90 -O0 compilation failed to produce executable
FAIL: gfortran.dg/internal_pack_1.f90 -O1 (test for excess errors)
WARNING: gfortran.dg/internal_pack_1.f90 -O1 compilation failed to produce executable
FAIL: gfortran.dg/internal_pack_1.f90 -O2 (test for excess errors)
WARNING: gfortran.dg/internal_pack_1.f90 -O2 compilation failed to produce executable
FAIL: gfortran.dg/internal_pack_1.f90 -O3 -fomit-frame-pointer (test for excess errors)
WARNING: gfortran.dg/internal_pack_1.f90 -O3 -fomit-frame-pointer compilation failed to produce executable
FAIL: gfortran.dg/internal_pack_1.f90 -O3 -fomit-frame-pointer -funroll-loops (test for excess errors)
WARNING: gfortran.dg/internal_pack_1.f90 -O3 -fomit-frame-pointer -funroll-loops compilation failed to produce executable
FAIL: gfortran.dg/internal_pack_1.f90 -O3 -fomit-frame-pointer -funroll-all-loops -finline-functions (test for excess errors)
WARNING: gfortran.dg/internal_pack_1.f90 -O3 -fomit-frame-pointer -funroll-all-loops -finline-functions compilation failed to produce executable
FAIL: gfortran.dg/internal_pack_1.f90 -O3 -g (test for excess errors)
WARNING: gfortran.dg/internal_pack_1.f90 -O3 -g compilation failed to produce executable
FAIL: gfortran.dg/internal_pack_1.f90 -Os (test for excess errors)
WARNING: gfortran.dg/internal_pack_1.f90 -Os compilation failed to produce executable
FAIL: gfortran.dg/intrinsic_ifunction_1.f90 -O0 (test for excess errors)
WARNING: gfortran.dg/intrinsic_ifunction_1.f90 -O0 compilation failed to produce executable
FAIL: gfortran.dg/intrinsic_ifunction_1.f90 -O1 (test for excess errors)
WARNING: gfortran.dg/intrinsic_ifunction_1.f90 -O1 compilation failed to produce executable
FAIL: gfortran.dg/intrinsic_ifunction_1.f90 -O2 (test for excess errors)
WARNING: gfortran.dg/intrinsic_ifunction_1.f90 -O2 compilation failed to produce executable
FAIL: gfortran.dg/intrinsic_ifunction_1.f90 -O3 -fomit-frame-pointer (test for excess errors)
WARNING: gfortran.dg/intrinsic_ifunction_1.f90 -O3 -fomit-frame-pointer compilation failed to produce executable
FAIL: gfortran.dg/intrinsic_ifunction_1.f90 -O3 -fomit-frame-pointer -funroll-loops (test for excess errors)
WARNING: gfortran.dg/intrinsic_ifunction_1.f90 -O3 -fomit-frame-pointer -funroll-loops compilation failed to produce executable
FAIL: gfortran.dg/intrinsic_ifunction_1.f90 -O3 -fomit-frame-pointer -funroll-all-loops -finline-functions (test for excess errors)
WARNING: gfortran.dg/intrinsic_ifunction_1.f90 -O3 -fomit-frame-pointer -funroll-all-loops -finline-functions compilation failed to produce executable
FAIL: gfortran.dg/intrinsic_ifunction_1.f90 -O3 -g (test for excess errors)
WARNING: gfortran.dg/intrinsic_ifunction_1.f90 -O3 -g compilation failed to produce executable
FAIL: gfortran.dg/intrinsic_ifunction_1.f90 -Os (test for excess errors)
WARNING: gfortran.dg/intrinsic_ifunction_1.f90 -Os compilation failed to produce executable
FAIL: gfortran.dg/intrinsic_pack_4.f90 -O0 (test for excess errors)
WARNING: gfortran.dg/intrinsic_pack_4.f90 -O0 compilation failed to produce executable
FAIL: gfortran.dg/intrinsic_pack_4.f90 -O1 (test for excess errors)
WARNING: gfortran.dg/intrinsic_pack_4.f90 -O1 compilation failed to produce executable
FAIL: gfortran.dg/intrinsic_pack_4.f90 -O2 (test for excess errors)
WARNING: gfortran.dg/intrinsic_pack_4.f90 -O2 compilation failed to produce executable
FAIL: gfortran.dg/intrinsic_pack_4.f90 -O3 -fomit-frame-pointer (test for excess errors)
WARNING: gfortran.dg/intrinsic_pack_4.f90 -O3 -fomit-frame-pointer compilation failed to produce executable
FAIL: gfortran.dg/intrinsic_pack_4.f90 -O3 -fomit-frame-pointer -funroll-loops (test for excess errors)
WARNING: gfortran.dg/intrinsic_pack_4.f90 -O3 -fomit-frame-pointer -funroll-loops compilation failed to produce executable
FAIL: gfortran.dg/intrinsic_pack_4.f90 -O3 -fomit-frame-pointer -funroll-all-loops -finline-functions (test for excess errors)
WARNING: gfortran.dg/intrinsic_pack_4.f90 -O3 -fomit-frame-pointer -funroll-all-loops -finline-functions compilation failed to produce executable
FAIL: gfortran.dg/intrinsic_pack_4.f90 -O3 -g (test for excess errors)
WARNING: gfortran.dg/intrinsic_pack_4.f90 -O3 -g compilation failed to produce executable
FAIL: gfortran.dg/intrinsic_pack_4.f90 -Os (test for excess errors)
WARNING: gfortran.dg/intrinsic_pack_4.f90 -Os compilation failed to produce executable
FAIL: gfortran.dg/intrinsic_product_1.f90 -O0 (test for excess errors)
WARNING: gfortran.dg/intrinsic_product_1.f90 -O0 compilation failed to produce executable
FAIL: gfortran.dg/intrinsic_product_1.f90 -O1 (test for excess errors)
WARNING: gfortran.dg/intrinsic_product_1.f90 -O1 compilation failed to produce executable
FAIL: gfortran.dg/intrinsic_product_1.f90 -O2 (test for excess errors)
WARNING: gfortran.dg/intrinsic_product_1.f90 -O2 compilation failed to produce executable
FAIL: gfortran.dg/intrinsic_product_1.f90 -O3 -fomit-frame-pointer (test for excess errors)
WARNING: gfortran.dg/intrinsic_product_1.f90 -O3 -fomit-frame-pointer compilation failed to produce executable
FAIL: gfortran.dg/intrinsic_product_1.f90 -O3 -fomit-frame-pointer -funroll-loops (test for excess errors)
WARNING: gfortran.dg/intrinsic_product_1.f90 -O3 -fomit-frame-pointer -funroll-loops compilation failed to produce executable
FAIL: gfortran.dg/intrinsic_product_1.f90 -O3 -fomit-frame-pointer -funroll-all-loops -finline-functions (test for excess errors)
WARNING: gfortran.dg/intrinsic_product_1.f90 -O3 -fomit-frame-pointer -funroll-all-loops -finline-functions compilation failed to produce executable
FAIL: gfortran.dg/intrinsic_product_1.f90 -O3 -g (test for excess errors)
WARNING: gfortran.dg/intrinsic_product_1.f90 -O3 -g compilation failed to produce executable
FAIL: gfortran.dg/intrinsic_product_1.f90 -Os (test for excess errors)
WARNING: gfortran.dg/intrinsic_product_1.f90 -Os compilation failed to produce executable
FAIL: gfortran.dg/list_read_3.f90 -O0 (test for excess errors)
WARNING: gfortran.dg/list_read_3.f90 -O0 compilation failed to produce executable
FAIL: gfortran.dg/list_read_3.f90 -O1 (test for excess errors)
WARNING: gfortran.dg/list_read_3.f90 -O1 compilation failed to produce executable
FAIL: gfortran.dg/list_read_3.f90 -O2 (test for excess errors)
WARNING: gfortran.dg/list_read_3.f90 -O2 compilation failed to produce executable
FAIL: gfortran.dg/list_read_3.f90 -O3 -fomit-frame-pointer (test for excess errors)
WARNING: gfortran.dg/list_read_3.f90 -O3 -fomit-frame-pointer compilation failed to produce executable
FAIL: gfortran.dg/list_read_3.f90 -O3 -fomit-frame-pointer -funroll-loops (test for excess errors)
WARNING: gfortran.dg/list_read_3.f90 -O3 -fomit-frame-pointer -funroll-loops compilation failed to produce executable
FAIL: gfortran.dg/list_read_3.f90 -O3 -fomit-frame-pointer -funroll-all-loops -finline-functions (test for excess errors)
WARNING: gfortran.dg/list_read_3.f90 -O3 -fomit-frame-pointer -funroll-all-loops -finline-functions compilation failed to produce executable
FAIL: gfortran.dg/list_read_3.f90 -O3 -g (test for excess errors)
WARNING: gfortran.dg/list_read_3.f90 -O3 -g compilation failed to produce executable
FAIL: gfortran.dg/list_read_3.f90 -Os (test for excess errors)
WARNING: gfortran.dg/list_read_3.f90 -Os compilation failed to produce executable
FAIL: gfortran.dg/loc_1.f90 -O0 (test for excess errors)
WARNING: gfortran.dg/loc_1.f90 -O0 compilation failed to produce executable
FAIL: gfortran.dg/loc_1.f90 -O1 (test for excess errors)
WARNING: gfortran.dg/loc_1.f90 -O1 compilation failed to produce executable
FAIL: gfortran.dg/loc_1.f90 -O2 (test for excess errors)
WARNING: gfortran.dg/loc_1.f90 -O2 compilation failed to produce executable
FAIL: gfortran.dg/loc_1.f90 -O3 -fomit-frame-pointer (test for excess errors)
WARNING: gfortran.dg/loc_1.f90 -O3 -fomit-frame-pointer compilation failed to produce executable
FAIL: gfortran.dg/loc_1.f90 -O3 -fomit-frame-pointer -funroll-loops (test for excess errors)
WARNING: gfortran.dg/loc_1.f90 -O3 -fomit-frame-pointer -funroll-loops compilation failed to produce executable
FAIL: gfortran.dg/loc_1.f90 -O3 -fomit-frame-pointer -funroll-all-loops -finline-functions (test for excess errors)
WARNING: gfortran.dg/loc_1.f90 -O3 -fomit-frame-pointer -funroll-all-loops -finline-functions compilation failed to produce executable
FAIL: gfortran.dg/loc_1.f90 -O3 -g (test for excess errors)
WARNING: gfortran.dg/loc_1.f90 -O3 -g compilation failed to produce executable
FAIL: gfortran.dg/loc_1.f90 -Os (test for excess errors)
WARNING: gfortran.dg/loc_1.f90 -Os compilation failed to produce executable
FAIL: gfortran.dg/loc_2.f90 -O0 (test for excess errors)
WARNING: gfortran.dg/loc_2.f90 -O0 compilation failed to produce executable
FAIL: gfortran.dg/loc_2.f90 -O1 (test for excess errors)
WARNING: gfortran.dg/loc_2.f90 -O1 compilation failed to produce executable
FAIL: gfortran.dg/loc_2.f90 -O2 (test for excess errors)
WARNING: gfortran.dg/loc_2.f90 -O2 compilation failed to produce executable
FAIL: gfortran.dg/loc_2.f90 -O3 -fomit-frame-pointer (test for excess errors)
WARNING: gfortran.dg/loc_2.f90 -O3 -fomit-frame-pointer compilation failed to produce executable
FAIL: gfortran.dg/loc_2.f90 -O3 -fomit-frame-pointer -funroll-loops (test for excess errors)
WARNING: gfortran.dg/loc_2.f90 -O3 -fomit-frame-pointer -funroll-loops compilation failed to produce executable
FAIL: gfortran.dg/loc_2.f90 -O3 -fomit-frame-pointer -funroll-all-loops -finline-functions (test for excess errors)
WARNING: gfortran.dg/loc_2.f90 -O3 -fomit-frame-pointer -funroll-all-loops -finline-functions compilation failed to produce executable
FAIL: gfortran.dg/loc_2.f90 -O3 -g (test for excess errors)
WARNING: gfortran.dg/loc_2.f90 -O3 -g compilation failed to produce executable
FAIL: gfortran.dg/loc_2.f90 -Os (test for excess errors)
WARNING: gfortran.dg/loc_2.f90 -Os compilation failed to produce executable
FAIL: gfortran.dg/matmul_7.f90 -O0 (test for excess errors)
WARNING: gfortran.dg/matmul_7.f90 -O0 compilation failed to produce executable
FAIL: gfortran.dg/matmul_7.f90 -O1 (test for excess errors)
WARNING: gfortran.dg/matmul_7.f90 -O1 compilation failed to produce executable
FAIL: gfortran.dg/matmul_7.f90 -O2 (test for excess errors)
WARNING: gfortran.dg/matmul_7.f90 -O2 compilation failed to produce executable
FAIL: gfortran.dg/matmul_7.f90 -O3 -fomit-frame-pointer (test for excess errors)
WARNING: gfortran.dg/matmul_7.f90 -O3 -fomit-frame-pointer compilation failed to produce executable
FAIL: gfortran.dg/matmul_7.f90 -O3 -fomit-frame-pointer -funroll-loops (test for excess errors)
WARNING: gfortran.dg/matmul_7.f90 -O3 -fomit-frame-pointer -funroll-loops compilation failed to produce executable
FAIL: gfortran.dg/matmul_7.f90 -O3 -fomit-frame-pointer -funroll-all-loops -finline-functions (test for excess errors)
WARNING: gfortran.dg/matmul_7.f90 -O3 -fomit-frame-pointer -funroll-all-loops -finline-functions compilation failed to produce executable
FAIL: gfortran.dg/matmul_7.f90 -O3 -g (test for excess errors)
WARNING: gfortran.dg/matmul_7.f90 -O3 -g compilation failed to produce executable
FAIL: gfortran.dg/matmul_7.f90 -Os (test for excess errors)
WARNING: gfortran.dg/matmul_7.f90 -Os compilation failed to produce executable
FAIL: gfortran.dg/mvbits_5.f90 -O0 (test for excess errors)
WARNING: gfortran.dg/mvbits_5.f90 -O0 compilation failed to produce executable
FAIL: gfortran.dg/mvbits_5.f90 -O1 (test for excess errors)
WARNING: gfortran.dg/mvbits_5.f90 -O1 compilation failed to produce executable
FAIL: gfortran.dg/mvbits_5.f90 -O2 (test for excess errors)
WARNING: gfortran.dg/mvbits_5.f90 -O2 compilation failed to produce executable
FAIL: gfortran.dg/mvbits_5.f90 -O3 -fomit-frame-pointer (test for excess errors)
WARNING: gfortran.dg/mvbits_5.f90 -O3 -fomit-frame-pointer compilation failed to produce executable
FAIL: gfortran.dg/mvbits_5.f90 -O3 -fomit-frame-pointer -funroll-loops (test for excess errors)
WARNING: gfortran.dg/mvbits_5.f90 -O3 -fomit-frame-pointer -funroll-loops compilation failed to produce executable
FAIL: gfortran.dg/mvbits_5.f90 -O3 -fomit-frame-pointer -funroll-all-loops -finline-functions (test for excess errors)
WARNING: gfortran.dg/mvbits_5.f90 -O3 -fomit-frame-pointer -funroll-all-loops -finline-functions compilation failed to produce executable
FAIL: gfortran.dg/mvbits_5.f90 -O3 -g (test for excess errors)
WARNING: gfortran.dg/mvbits_5.f90 -O3 -g compilation failed to produce executable
FAIL: gfortran.dg/mvbits_5.f90 -Os (test for excess errors)
WARNING: gfortran.dg/mvbits_5.f90 -Os compilation failed to produce executable
FAIL: gfortran.dg/negative_automatic_size.f90 -O0 (test for excess errors)
WARNING: gfortran.dg/negative_automatic_size.f90 -O0 compilation failed to produce executable
FAIL: gfortran.dg/negative_automatic_size.f90 -O1 (test for excess errors)
WARNING: gfortran.dg/negative_automatic_size.f90 -O1 compilation failed to produce executable
FAIL: gfortran.dg/negative_automatic_size.f90 -O2 (test for excess errors)
WARNING: gfortran.dg/negative_automatic_size.f90 -O2 compilation failed to produce executable
FAIL: gfortran.dg/negative_automatic_size.f90 -O3 -fomit-frame-pointer (test for excess errors)
WARNING: gfortran.dg/negative_automatic_size.f90 -O3 -fomit-frame-pointer compilation failed to produce executable
FAIL: gfortran.dg/negative_automatic_size.f90 -O3 -fomit-frame-pointer -funroll-loops (test for excess errors)
WARNING: gfortran.dg/negative_automatic_size.f90 -O3 -fomit-frame-pointer -funroll-loops compilation failed to produce executable
FAIL: gfortran.dg/negative_automatic_size.f90 -O3 -fomit-frame-pointer -funroll-all-loops -finline-functions (test for excess errors)
WARNING: gfortran.dg/negative_automatic_size.f90 -O3 -fomit-frame-pointer -funroll-all-loops -finline-functions compilation failed to produce executable
FAIL: gfortran.dg/negative_automatic_size.f90 -O3 -g (test for excess errors)
WARNING: gfortran.dg/negative_automatic_size.f90 -O3 -g compilation failed to produce executable
FAIL: gfortran.dg/negative_automatic_size.f90 -Os (test for excess errors)
WARNING: gfortran.dg/negative_automatic_size.f90 -Os compilation failed to produce executable
FAIL: gfortran.dg/nested_array_constructor_3.f90 -O0 (test for excess errors)
WARNING: gfortran.dg/nested_array_constructor_3.f90 -O0 compilation failed to produce executable
FAIL: gfortran.dg/nested_array_constructor_3.f90 -O1 (test for excess errors)
WARNING: gfortran.dg/nested_array_constructor_3.f90 -O1 compilation failed to produce executable
FAIL: gfortran.dg/nested_array_constructor_3.f90 -O2 (test for excess errors)
WARNING: gfortran.dg/nested_array_constructor_3.f90 -O2 compilation failed to produce executable
FAIL: gfortran.dg/nested_array_constructor_3.f90 -O3 -fomit-frame-pointer (test for excess errors)
WARNING: gfortran.dg/nested_array_constructor_3.f90 -O3 -fomit-frame-pointer compilation failed to produce executable
FAIL: gfortran.dg/nested_array_constructor_3.f90 -O3 -fomit-frame-pointer -funroll-loops (test for excess errors)
WARNING: gfortran.dg/nested_array_constructor_3.f90 -O3 -fomit-frame-pointer -funroll-loops compilation failed to produce executable
FAIL: gfortran.dg/nested_array_constructor_3.f90 -O3 -fomit-frame-pointer -funroll-all-loops -finline-functions (test for excess errors)
WARNING: gfortran.dg/nested_array_constructor_3.f90 -O3 -fomit-frame-pointer -funroll-all-loops -finline-functions compilation failed to produce executable
FAIL: gfortran.dg/nested_array_constructor_3.f90 -O3 -g (test for excess errors)
WARNING: gfortran.dg/nested_array_constructor_3.f90 -O3 -g compilation failed to produce executable
FAIL: gfortran.dg/nested_array_constructor_3.f90 -Os (test for excess errors)
WARNING: gfortran.dg/nested_array_constructor_3.f90 -Os compilation failed to produce executable
FAIL: gfortran.dg/nint_2.f90 -O0 execution test
FAIL: gfortran.dg/parameter_unused.f90 -O (test for excess errors)
FAIL: gfortran.dg/parens_3.f90 -O0 (test for excess errors)
WARNING: gfortran.dg/parens_3.f90 -O0 compilation failed to produce executable
FAIL: gfortran.dg/parens_3.f90 -O1 (test for excess errors)
WARNING: gfortran.dg/parens_3.f90 -O1 compilation failed to produce executable
FAIL: gfortran.dg/parens_3.f90 -O2 (test for excess errors)
WARNING: gfortran.dg/parens_3.f90 -O2 compilation failed to produce executable
FAIL: gfortran.dg/parens_3.f90 -O3 -fomit-frame-pointer (test for excess errors)
WARNING: gfortran.dg/parens_3.f90 -O3 -fomit-frame-pointer compilation failed to produce executable
FAIL: gfortran.dg/parens_3.f90 -O3 -fomit-frame-pointer -funroll-loops (test for excess errors)
WARNING: gfortran.dg/parens_3.f90 -O3 -fomit-frame-pointer -funroll-loops compilation failed to produce executable
FAIL: gfortran.dg/parens_3.f90 -O3 -fomit-frame-pointer -funroll-all-loops -finline-functions (test for excess errors)
WARNING: gfortran.dg/parens_3.f90 -O3 -fomit-frame-pointer -funroll-all-loops -finline-functions compilation failed to produce executable
FAIL: gfortran.dg/parens_3.f90 -O3 -g (test for excess errors)
WARNING: gfortran.dg/parens_3.f90 -O3 -g compilation failed to produce executable
FAIL: gfortran.dg/parens_3.f90 -Os (test for excess errors)
WARNING: gfortran.dg/parens_3.f90 -Os compilation failed to produce executable
FAIL: gfortran.dg/pr15324.f90 -O0 (test for excess errors)
WARNING: gfortran.dg/pr15324.f90 -O0 compilation failed to produce executable
FAIL: gfortran.dg/pr15324.f90 -O1 (test for excess errors)
WARNING: gfortran.dg/pr15324.f90 -O1 compilation failed to produce executable
FAIL: gfortran.dg/pr15324.f90 -O2 (test for excess errors)
WARNING: gfortran.dg/pr15324.f90 -O2 compilation failed to produce executable
FAIL: gfortran.dg/pr15324.f90 -O3 -fomit-frame-pointer (test for excess errors)
WARNING: gfortran.dg/pr15324.f90 -O3 -fomit-frame-pointer compilation failed to produce executable
FAIL: gfortran.dg/pr15324.f90 -O3 -fomit-frame-pointer -funroll-loops (test for excess errors)
WARNING: gfortran.dg/pr15324.f90 -O3 -fomit-frame-pointer -funroll-loops compilation failed to produce executable
FAIL: gfortran.dg/pr15324.f90 -O3 -fomit-frame-pointer -funroll-all-loops -finline-functions (test for excess errors)
WARNING: gfortran.dg/pr15324.f90 -O3 -fomit-frame-pointer -funroll-all-loops -finline-functions compilation failed to produce executable
FAIL: gfortran.dg/pr15324.f90 -O3 -g (test for excess errors)
WARNING: gfortran.dg/pr15324.f90 -O3 -g compilation failed to produce executable
FAIL: gfortran.dg/pr15324.f90 -Os (test for excess errors)
WARNING: gfortran.dg/pr15324.f90 -Os compilation failed to produce executable
FAIL: gfortran.dg/pr19155.f -O0 execution test
FAIL: gfortran.dg/pr19155.f -O1 execution test
FAIL: gfortran.dg/pr19155.f -O2 execution test
FAIL: gfortran.dg/pr19155.f -O3 -fomit-frame-pointer execution test
FAIL: gfortran.dg/pr19155.f -O3 -fomit-frame-pointer -funroll-loops execution test
FAIL: gfortran.dg/pr19155.f -O3 -fomit-frame-pointer -funroll-all-loops -finline-functions execution test
FAIL: gfortran.dg/pr19155.f -O3 -g execution test
FAIL: gfortran.dg/pr19155.f -Os execution test
FAIL: gfortran.dg/pr19926.f90 -O0 (test for excess errors)
WARNING: gfortran.dg/pr19926.f90 -O0 compilation failed to produce executable
FAIL: gfortran.dg/pr19926.f90 -O1 (test for excess errors)
WARNING: gfortran.dg/pr19926.f90 -O1 compilation failed to produce executable
FAIL: gfortran.dg/pr19926.f90 -O2 (test for excess errors)
WARNING: gfortran.dg/pr19926.f90 -O2 compilation failed to produce executable
FAIL: gfortran.dg/pr19926.f90 -O3 -fomit-frame-pointer (test for excess errors)
WARNING: gfortran.dg/pr19926.f90 -O3 -fomit-frame-pointer compilation failed to produce executable
FAIL: gfortran.dg/pr19926.f90 -O3 -fomit-frame-pointer -funroll-loops (test for excess errors)
WARNING: gfortran.dg/pr19926.f90 -O3 -fomit-frame-pointer -funroll-loops compilation failed to produce executable
FAIL: gfortran.dg/pr19926.f90 -O3 -fomit-frame-pointer -funroll-all-loops -finline-functions (test for excess errors)
WARNING: gfortran.dg/pr19926.f90 -O3 -fomit-frame-pointer -funroll-all-loops -finline-functions compilation failed to produce executable
FAIL: gfortran.dg/pr19926.f90 -O3 -g (test for excess errors)
WARNING: gfortran.dg/pr19926.f90 -O3 -g compilation failed to produce executable
FAIL: gfortran.dg/pr19926.f90 -Os (test for excess errors)
WARNING: gfortran.dg/pr19926.f90 -Os compilation failed to produce executable
FAIL: gfortran.dg/pr25603.f -O0 (test for excess errors)
WARNING: gfortran.dg/pr25603.f -O0 compilation failed to produce executable
FAIL: gfortran.dg/pr25603.f -O1 (test for excess errors)
WARNING: gfortran.dg/pr25603.f -O1 compilation failed to produce executable
FAIL: gfortran.dg/pr25603.f -O2 (test for excess errors)
WARNING: gfortran.dg/pr25603.f -O2 compilation failed to produce executable
FAIL: gfortran.dg/pr25603.f -O3 -fomit-frame-pointer (test for excess errors)
WARNING: gfortran.dg/pr25603.f -O3 -fomit-frame-pointer compilation failed to produce executable
FAIL: gfortran.dg/pr25603.f -O3 -fomit-frame-pointer -funroll-loops (test for excess errors)
WARNING: gfortran.dg/pr25603.f -O3 -fomit-frame-pointer -funroll-loops compilation failed to produce executable
FAIL: gfortran.dg/pr25603.f -O3 -fomit-frame-pointer -funroll-all-loops -finline-functions (test for excess errors)
WARNING: gfortran.dg/pr25603.f -O3 -fomit-frame-pointer -funroll-all-loops -finline-functions compilation failed to produce executable
FAIL: gfortran.dg/pr25603.f -O3 -g (test for excess errors)
WARNING: gfortran.dg/pr25603.f -O3 -g compilation failed to produce executable
FAIL: gfortran.dg/pr25603.f -Os (test for excess errors)
WARNING: gfortran.dg/pr25603.f -Os compilation failed to produce executable
FAIL: gfortran.dg/pr37243.f -O0 (test for excess errors)
WARNING: gfortran.dg/pr37243.f -O0 compilation failed to produce executable
FAIL: gfortran.dg/pr37243.f -O1 (test for excess errors)
WARNING: gfortran.dg/pr37243.f -O1 compilation failed to produce executable
FAIL: gfortran.dg/pr37243.f -O2 (test for excess errors)
WARNING: gfortran.dg/pr37243.f -O2 compilation failed to produce executable
FAIL: gfortran.dg/pr37243.f -O3 -fomit-frame-pointer (test for excess errors)
WARNING: gfortran.dg/pr37243.f -O3 -fomit-frame-pointer compilation failed to produce executable
FAIL: gfortran.dg/pr37243.f -O3 -fomit-frame-pointer -funroll-loops (test for excess errors)
WARNING: gfortran.dg/pr37243.f -O3 -fomit-frame-pointer -funroll-loops compilation failed to produce executable
FAIL: gfortran.dg/pr37243.f -O3 -fomit-frame-pointer -funroll-all-loops -finline-functions (test for excess errors)
WARNING: gfortran.dg/pr37243.f -O3 -fomit-frame-pointer -funroll-all-loops -finline-functions compilation failed to produce executable
FAIL: gfortran.dg/pr37243.f -O3 -g (test for excess errors)
WARNING: gfortran.dg/pr37243.f -O3 -g compilation failed to produce executable
FAIL: gfortran.dg/pr37243.f -Os (test for excess errors)
WARNING: gfortran.dg/pr37243.f -Os compilation failed to produce executable
FAIL: gfortran.dg/proc_decl_18.f90 -O0 (test for excess errors)
WARNING: gfortran.dg/proc_decl_18.f90 -O0 compilation failed to produce executable
FAIL: gfortran.dg/proc_decl_18.f90 -O1 (test for excess errors)
WARNING: gfortran.dg/proc_decl_18.f90 -O1 compilation failed to produce executable
FAIL: gfortran.dg/proc_decl_18.f90 -O2 (test for excess errors)
WARNING: gfortran.dg/proc_decl_18.f90 -O2 compilation failed to produce executable
FAIL: gfortran.dg/proc_decl_18.f90 -O3 -fomit-frame-pointer (test for excess errors)
WARNING: gfortran.dg/proc_decl_18.f90 -O3 -fomit-frame-pointer compilation failed to produce executable
FAIL: gfortran.dg/proc_decl_18.f90 -O3 -fomit-frame-pointer -funroll-loops (test for excess errors)
WARNING: gfortran.dg/proc_decl_18.f90 -O3 -fomit-frame-pointer -funroll-loops compilation failed to produce executable
FAIL: gfortran.dg/proc_decl_18.f90 -O3 -fomit-frame-pointer -funroll-all-loops -finline-functions (test for excess errors)
WARNING: gfortran.dg/proc_decl_18.f90 -O3 -fomit-frame-pointer -funroll-all-loops -finline-functions compilation failed to produce executable
FAIL: gfortran.dg/proc_decl_18.f90 -O3 -g (test for excess errors)
WARNING: gfortran.dg/proc_decl_18.f90 -O3 -g compilation failed to produce executable
FAIL: gfortran.dg/proc_decl_18.f90 -Os (test for excess errors)
WARNING: gfortran.dg/proc_decl_18.f90 -Os compilation failed to produce executable
FAIL: gfortran.dg/proc_decl_2.f90 -O0 (test for excess errors)
WARNING: gfortran.dg/proc_decl_2.f90 -O0 compilation failed to produce executable
FAIL: gfortran.dg/proc_decl_2.f90 -O1 (test for excess errors)
WARNING: gfortran.dg/proc_decl_2.f90 -O1 compilation failed to produce executable
FAIL: gfortran.dg/proc_decl_2.f90 -O2 (test for excess errors)
WARNING: gfortran.dg/proc_decl_2.f90 -O2 compilation failed to produce executable
FAIL: gfortran.dg/proc_decl_2.f90 -O3 -fomit-frame-pointer (test for excess errors)
WARNING: gfortran.dg/proc_decl_2.f90 -O3 -fomit-frame-pointer compilation failed to produce executable
FAIL: gfortran.dg/proc_decl_2.f90 -O3 -fomit-frame-pointer -funroll-loops (test for excess errors)
WARNING: gfortran.dg/proc_decl_2.f90 -O3 -fomit-frame-pointer -funroll-loops compilation failed to produce executable
FAIL: gfortran.dg/proc_decl_2.f90 -O3 -fomit-frame-pointer -funroll-all-loops -finline-functions (test for excess errors)
WARNING: gfortran.dg/proc_decl_2.f90 -O3 -fomit-frame-pointer -funroll-all-loops -finline-functions compilation failed to produce executable
FAIL: gfortran.dg/proc_decl_2.f90 -O3 -g (test for excess errors)
WARNING: gfortran.dg/proc_decl_2.f90 -O3 -g compilation failed to produce executable
FAIL: gfortran.dg/proc_decl_2.f90 -Os (test for excess errors)
WARNING: gfortran.dg/proc_decl_2.f90 -Os compilation failed to produce executable
FAIL: gfortran.dg/proc_ptr_result_3.f90 -O0 (test for excess errors)
WARNING: gfortran.dg/proc_ptr_result_3.f90 -O0 compilation failed to produce executable
FAIL: gfortran.dg/proc_ptr_result_3.f90 -O1 (test for excess errors)
WARNING: gfortran.dg/proc_ptr_result_3.f90 -O1 compilation failed to produce executable
FAIL: gfortran.dg/proc_ptr_result_3.f90 -O2 (test for excess errors)
WARNING: gfortran.dg/proc_ptr_result_3.f90 -O2 compilation failed to produce executable
FAIL: gfortran.dg/proc_ptr_result_3.f90 -O3 -fomit-frame-pointer (test for excess errors)
WARNING: gfortran.dg/proc_ptr_result_3.f90 -O3 -fomit-frame-pointer compilation failed to produce executable
FAIL: gfortran.dg/proc_ptr_result_3.f90 -O3 -fomit-frame-pointer -funroll-loops (test for excess errors)
WARNING: gfortran.dg/proc_ptr_result_3.f90 -O3 -fomit-frame-pointer -funroll-loops compilation failed to produce executable
FAIL: gfortran.dg/proc_ptr_result_3.f90 -O3 -fomit-frame-pointer -funroll-all-loops -finline-functions (test for excess errors)
WARNING: gfortran.dg/proc_ptr_result_3.f90 -O3 -fomit-frame-pointer -funroll-all-loops -finline-functions compilation failed to produce executable
FAIL: gfortran.dg/proc_ptr_result_3.f90 -O3 -g (test for excess errors)
WARNING: gfortran.dg/proc_ptr_result_3.f90 -O3 -g compilation failed to produce executable
FAIL: gfortran.dg/proc_ptr_result_3.f90 -Os (test for excess errors)
WARNING: gfortran.dg/proc_ptr_result_3.f90 -Os compilation failed to produce executable
FAIL: gfortran.dg/recursive_stack.f90 -O0 (test for excess errors)
WARNING: gfortran.dg/recursive_stack.f90 -O0 compilation failed to produce executable
FAIL: gfortran.dg/recursive_stack.f90 -O1 (test for excess errors)
WARNING: gfortran.dg/recursive_stack.f90 -O1 compilation failed to produce executable
FAIL: gfortran.dg/recursive_stack.f90 -O2 (test for excess errors)
WARNING: gfortran.dg/recursive_stack.f90 -O2 compilation failed to produce executable
FAIL: gfortran.dg/recursive_stack.f90 -O3 -fomit-frame-pointer (test for excess errors)
WARNING: gfortran.dg/recursive_stack.f90 -O3 -fomit-frame-pointer compilation failed to produce executable
FAIL: gfortran.dg/recursive_stack.f90 -O3 -fomit-frame-pointer -funroll-loops (test for excess errors)
WARNING: gfortran.dg/recursive_stack.f90 -O3 -fomit-frame-pointer -funroll-loops compilation failed to produce executable
FAIL: gfortran.dg/recursive_stack.f90 -O3 -fomit-frame-pointer -funroll-all-loops -finline-functions (test for excess errors)
WARNING: gfortran.dg/recursive_stack.f90 -O3 -fomit-frame-pointer -funroll-all-loops -finline-functions compilation failed to produce executable
FAIL: gfortran.dg/recursive_stack.f90 -O3 -g (test for excess errors)
WARNING: gfortran.dg/recursive_stack.f90 -O3 -g compilation failed to produce executable
FAIL: gfortran.dg/recursive_stack.f90 -Os (test for excess errors)
WARNING: gfortran.dg/recursive_stack.f90 -Os compilation failed to produce executable
FAIL: gfortran.dg/reshape_zerosize_1.f90 -O0 (test for excess errors)
WARNING: gfortran.dg/reshape_zerosize_1.f90 -O0 compilation failed to produce executable
FAIL: gfortran.dg/reshape_zerosize_1.f90 -O1 (test for excess errors)
WARNING: gfortran.dg/reshape_zerosize_1.f90 -O1 compilation failed to produce executable
FAIL: gfortran.dg/reshape_zerosize_1.f90 -O2 (test for excess errors)
WARNING: gfortran.dg/reshape_zerosize_1.f90 -O2 compilation failed to produce executable
FAIL: gfortran.dg/reshape_zerosize_1.f90 -O3 -fomit-frame-pointer (test for excess errors)
WARNING: gfortran.dg/reshape_zerosize_1.f90 -O3 -fomit-frame-pointer compilation failed to produce executable
FAIL: gfortran.dg/reshape_zerosize_1.f90 -O3 -fomit-frame-pointer -funroll-loops (test for excess errors)
WARNING: gfortran.dg/reshape_zerosize_1.f90 -O3 -fomit-frame-pointer -funroll-loops compilation failed to produce executable
FAIL: gfortran.dg/reshape_zerosize_1.f90 -O3 -fomit-frame-pointer -funroll-all-loops -finline-functions (test for excess errors)
WARNING: gfortran.dg/reshape_zerosize_1.f90 -O3 -fomit-frame-pointer -funroll-all-loops -finline-functions compilation failed to produce executable
FAIL: gfortran.dg/reshape_zerosize_1.f90 -O3 -g (test for excess errors)
WARNING: gfortran.dg/reshape_zerosize_1.f90 -O3 -g compilation failed to produce executable
FAIL: gfortran.dg/reshape_zerosize_1.f90 -Os (test for excess errors)
WARNING: gfortran.dg/reshape_zerosize_1.f90 -Os compilation failed to produce executable
FAIL: gfortran.dg/result_in_spec_1.f90 -O0 (test for excess errors)
WARNING: gfortran.dg/result_in_spec_1.f90 -O0 compilation failed to produce executable
FAIL: gfortran.dg/result_in_spec_1.f90 -O1 (test for excess errors)
WARNING: gfortran.dg/result_in_spec_1.f90 -O1 compilation failed to produce executable
FAIL: gfortran.dg/result_in_spec_1.f90 -O2 (test for excess errors)
WARNING: gfortran.dg/result_in_spec_1.f90 -O2 compilation failed to produce executable
FAIL: gfortran.dg/result_in_spec_1.f90 -O3 -fomit-frame-pointer (test for excess errors)
WARNING: gfortran.dg/result_in_spec_1.f90 -O3 -fomit-frame-pointer compilation failed to produce executable
FAIL: gfortran.dg/result_in_spec_1.f90 -O3 -fomit-frame-pointer -funroll-loops (test for excess errors)
WARNING: gfortran.dg/result_in_spec_1.f90 -O3 -fomit-frame-pointer -funroll-loops compilation failed to produce executable
FAIL: gfortran.dg/result_in_spec_1.f90 -O3 -fomit-frame-pointer -funroll-all-loops -finline-functions (test for excess errors)
WARNING: gfortran.dg/result_in_spec_1.f90 -O3 -fomit-frame-pointer -funroll-all-loops -finline-functions compilation failed to produce executable
FAIL: gfortran.dg/result_in_spec_1.f90 -O3 -g (test for excess errors)
WARNING: gfortran.dg/result_in_spec_1.f90 -O3 -g compilation failed to produce executable
FAIL: gfortran.dg/result_in_spec_1.f90 -Os (test for excess errors)
WARNING: gfortran.dg/result_in_spec_1.f90 -Os compilation failed to produce executable
FAIL: gfortran.dg/ret_array_1.f90 -O0 (test for excess errors)
WARNING: gfortran.dg/ret_array_1.f90 -O0 compilation failed to produce executable
FAIL: gfortran.dg/save_2.f90 -O0 (test for excess errors)
WARNING: gfortran.dg/save_2.f90 -O0 compilation failed to produce executable
FAIL: gfortran.dg/save_2.f90 -O1 (test for excess errors)
WARNING: gfortran.dg/save_2.f90 -O1 compilation failed to produce executable
FAIL: gfortran.dg/save_2.f90 -O2 (test for excess errors)
WARNING: gfortran.dg/save_2.f90 -O2 compilation failed to produce executable
FAIL: gfortran.dg/save_2.f90 -O3 -fomit-frame-pointer (test for excess errors)
WARNING: gfortran.dg/save_2.f90 -O3 -fomit-frame-pointer compilation failed to produce executable
FAIL: gfortran.dg/save_2.f90 -O3 -fomit-frame-pointer -funroll-loops (test for excess errors)
WARNING: gfortran.dg/save_2.f90 -O3 -fomit-frame-pointer -funroll-loops compilation failed to produce executable
FAIL: gfortran.dg/save_2.f90 -O3 -fomit-frame-pointer -funroll-all-loops -finline-functions (test for excess errors)
WARNING: gfortran.dg/save_2.f90 -O3 -fomit-frame-pointer -funroll-all-loops -finline-functions compilation failed to produce executable
FAIL: gfortran.dg/save_2.f90 -O3 -g (test for excess errors)
WARNING: gfortran.dg/save_2.f90 -O3 -g compilation failed to produce executable
FAIL: gfortran.dg/save_2.f90 -Os (test for excess errors)
WARNING: gfortran.dg/save_2.f90 -Os compilation failed to produce executable
FAIL: gfortran.dg/selected_char_kind_1.f90 -O0 (test for excess errors)
WARNING: gfortran.dg/selected_char_kind_1.f90 -O0 compilation failed to produce executable
FAIL: gfortran.dg/selected_char_kind_1.f90 -O1 (test for excess errors)
WARNING: gfortran.dg/selected_char_kind_1.f90 -O1 compilation failed to produce executable
FAIL: gfortran.dg/selected_char_kind_1.f90 -O2 (test for excess errors)
WARNING: gfortran.dg/selected_char_kind_1.f90 -O2 compilation failed to produce executable
FAIL: gfortran.dg/selected_char_kind_1.f90 -O3 -fomit-frame-pointer (test for excess errors)
WARNING: gfortran.dg/selected_char_kind_1.f90 -O3 -fomit-frame-pointer compilation failed to produce executable
FAIL: gfortran.dg/selected_char_kind_1.f90 -O3 -fomit-frame-pointer -funroll-loops (test for excess errors)
WARNING: gfortran.dg/selected_char_kind_1.f90 -O3 -fomit-frame-pointer -funroll-loops compilation failed to produce executable
FAIL: gfortran.dg/selected_char_kind_1.f90 -O3 -fomit-frame-pointer -funroll-all-loops -finline-functions (test for excess errors)
WARNING: gfortran.dg/selected_char_kind_1.f90 -O3 -fomit-frame-pointer -funroll-all-loops -finline-functions compilation failed to produce executable
FAIL: gfortran.dg/selected_char_kind_1.f90 -O3 -g (test for excess errors)
WARNING: gfortran.dg/selected_char_kind_1.f90 -O3 -g compilation failed to produce executable
FAIL: gfortran.dg/selected_char_kind_1.f90 -Os (test for excess errors)
WARNING: gfortran.dg/selected_char_kind_1.f90 -Os compilation failed to produce executable
FAIL: gfortran.dg/string_null_compare_1.f -O0 (test for excess errors)
WARNING: gfortran.dg/string_null_compare_1.f -O0 compilation failed to produce executable
FAIL: gfortran.dg/string_null_compare_1.f -O1 (test for excess errors)
WARNING: gfortran.dg/string_null_compare_1.f -O1 compilation failed to produce executable
FAIL: gfortran.dg/string_null_compare_1.f -O2 (test for excess errors)
WARNING: gfortran.dg/string_null_compare_1.f -O2 compilation failed to produce executable
FAIL: gfortran.dg/string_null_compare_1.f -O3 -fomit-frame-pointer (test for excess errors)
WARNING: gfortran.dg/string_null_compare_1.f -O3 -fomit-frame-pointer compilation failed to produce executable
FAIL: gfortran.dg/string_null_compare_1.f -O3 -fomit-frame-pointer -funroll-loops (test for excess errors)
WARNING: gfortran.dg/string_null_compare_1.f -O3 -fomit-frame-pointer -funroll-loops compilation failed to produce executable
FAIL: gfortran.dg/string_null_compare_1.f -O3 -fomit-frame-pointer -funroll-all-loops -finline-functions (test for excess errors)
WARNING: gfortran.dg/string_null_compare_1.f -O3 -fomit-frame-pointer -funroll-all-loops -finline-functions compilation failed to produce executable
FAIL: gfortran.dg/string_null_compare_1.f -O3 -g (test for excess errors)
WARNING: gfortran.dg/string_null_compare_1.f -O3 -g compilation failed to produce executable
FAIL: gfortran.dg/string_null_compare_1.f -Os (test for excess errors)
WARNING: gfortran.dg/string_null_compare_1.f -Os compilation failed to produce executable
FAIL: gfortran.dg/use_allocated_1.f90 -O0 (test for excess errors)
WARNING: gfortran.dg/use_allocated_1.f90 -O0 compilation failed to produce executable
FAIL: gfortran.dg/use_allocated_1.f90 -O1 (test for excess errors)
WARNING: gfortran.dg/use_allocated_1.f90 -O1 compilation failed to produce executable
FAIL: gfortran.dg/use_allocated_1.f90 -O2 (test for excess errors)
WARNING: gfortran.dg/use_allocated_1.f90 -O2 compilation failed to produce executable
FAIL: gfortran.dg/use_allocated_1.f90 -O3 -fomit-frame-pointer (test for excess errors)
WARNING: gfortran.dg/use_allocated_1.f90 -O3 -fomit-frame-pointer compilation failed to produce executable
FAIL: gfortran.dg/use_allocated_1.f90 -O3 -fomit-frame-pointer -funroll-loops (test for excess errors)
WARNING: gfortran.dg/use_allocated_1.f90 -O3 -fomit-frame-pointer -funroll-loops compilation failed to produce executable
FAIL: gfortran.dg/use_allocated_1.f90 -O3 -fomit-frame-pointer -funroll-all-loops -finline-functions (test for excess errors)
WARNING: gfortran.dg/use_allocated_1.f90 -O3 -fomit-frame-pointer -funroll-all-loops -finline-functions compilation failed to produce executable
FAIL: gfortran.dg/use_allocated_1.f90 -O3 -g (test for excess errors)
WARNING: gfortran.dg/use_allocated_1.f90 -O3 -g compilation failed to produce executable
FAIL: gfortran.dg/use_allocated_1.f90 -Os (test for excess errors)
WARNING: gfortran.dg/use_allocated_1.f90 -Os compilation failed to produce executable
FAIL: gfortran.dg/used_interface_ref.f90 -O0 (test for excess errors)
WARNING: gfortran.dg/used_interface_ref.f90 -O0 compilation failed to produce executable
FAIL: gfortran.dg/used_interface_ref.f90 -O1 (test for excess errors)
WARNING: gfortran.dg/used_interface_ref.f90 -O1 compilation failed to produce executable
FAIL: gfortran.dg/used_interface_ref.f90 -O2 (test for excess errors)
WARNING: gfortran.dg/used_interface_ref.f90 -O2 compilation failed to produce executable
FAIL: gfortran.dg/used_interface_ref.f90 -O3 -fomit-frame-pointer (test for excess errors)
WARNING: gfortran.dg/used_interface_ref.f90 -O3 -fomit-frame-pointer compilation failed to produce executable
FAIL: gfortran.dg/used_interface_ref.f90 -O3 -fomit-frame-pointer -funroll-loops (test for excess errors)
WARNING: gfortran.dg/used_interface_ref.f90 -O3 -fomit-frame-pointer -funroll-loops compilation failed to produce executable
FAIL: gfortran.dg/used_interface_ref.f90 -O3 -fomit-frame-pointer -funroll-all-loops -finline-functions (test for excess errors)
WARNING: gfortran.dg/used_interface_ref.f90 -O3 -fomit-frame-pointer -funroll-all-loops -finline-functions compilation failed to produce executable
FAIL: gfortran.dg/used_interface_ref.f90 -O3 -g (test for excess errors)
WARNING: gfortran.dg/used_interface_ref.f90 -O3 -g compilation failed to produce executable
FAIL: gfortran.dg/used_interface_ref.f90 -Os (test for excess errors)
WARNING: gfortran.dg/used_interface_ref.f90 -Os compilation failed to produce executable
FAIL: gfortran.dg/value_test.f90 -O0 (test for excess errors)
WARNING: gfortran.dg/value_test.f90 -O0 compilation failed to produce executable
FAIL: gfortran.dg/value_test.f90 -O1 (test for excess errors)
WARNING: gfortran.dg/value_test.f90 -O1 compilation failed to produce executable
FAIL: gfortran.dg/value_test.f90 -O2 (test for excess errors)
WARNING: gfortran.dg/value_test.f90 -O2 compilation failed to produce executable
FAIL: gfortran.dg/value_test.f90 -O3 -fomit-frame-pointer (test for excess errors)
WARNING: gfortran.dg/value_test.f90 -O3 -fomit-frame-pointer compilation failed to produce executable
FAIL: gfortran.dg/value_test.f90 -O3 -fomit-frame-pointer -funroll-loops (test for excess errors)
WARNING: gfortran.dg/value_test.f90 -O3 -fomit-frame-pointer -funroll-loops compilation failed to produce executable
FAIL: gfortran.dg/value_test.f90 -O3 -fomit-frame-pointer -funroll-all-loops -finline-functions (test for excess errors)
WARNING: gfortran.dg/value_test.f90 -O3 -fomit-frame-pointer -funroll-all-loops -finline-functions compilation failed to produce executable
FAIL: gfortran.dg/value_test.f90 -O3 -g (test for excess errors)
WARNING: gfortran.dg/value_test.f90 -O3 -g compilation failed to produce executable
FAIL: gfortran.dg/value_test.f90 -Os (test for excess errors)
WARNING: gfortran.dg/value_test.f90 -Os compilation failed to produce executable
FAIL: gfortran.dg/value_tests_f03.f90 -O0 (test for excess errors)
WARNING: gfortran.dg/value_tests_f03.f90 -O0 compilation failed to produce executable
FAIL: gfortran.dg/value_tests_f03.f90 -O1 (test for excess errors)
WARNING: gfortran.dg/value_tests_f03.f90 -O1 compilation failed to produce executable
FAIL: gfortran.dg/value_tests_f03.f90 -O2 (test for excess errors)
WARNING: gfortran.dg/value_tests_f03.f90 -O2 compilation failed to produce executable
FAIL: gfortran.dg/value_tests_f03.f90 -O3 -fomit-frame-pointer (test for excess errors)
WARNING: gfortran.dg/value_tests_f03.f90 -O3 -fomit-frame-pointer compilation failed to produce executable
FAIL: gfortran.dg/value_tests_f03.f90 -O3 -fomit-frame-pointer -funroll-loops (test for excess errors)
WARNING: gfortran.dg/value_tests_f03.f90 -O3 -fomit-frame-pointer -funroll-loops compilation failed to produce executable
FAIL: gfortran.dg/value_tests_f03.f90 -O3 -fomit-frame-pointer -funroll-all-loops -finline-functions (test for excess errors)
WARNING: gfortran.dg/value_tests_f03.f90 -O3 -fomit-frame-pointer -funroll-all-loops -finline-functions compilation failed to produce executable
FAIL: gfortran.dg/value_tests_f03.f90 -O3 -g (test for excess errors)
WARNING: gfortran.dg/value_tests_f03.f90 -O3 -g compilation failed to produce executable
FAIL: gfortran.dg/value_tests_f03.f90 -Os (test for excess errors)
WARNING: gfortran.dg/value_tests_f03.f90 -Os compilation failed to produce executable
FAIL: gfortran.dg/vector_subscript_4.f90 -O scan-tree-dump-times original "A.3\\[3\\]" 1
FAIL: gfortran.dg/where_2.f90 -O0 (test for excess errors)
WARNING: gfortran.dg/where_2.f90 -O0 compilation failed to produce executable
FAIL: gfortran.dg/where_2.f90 -O1 (test for excess errors)
WARNING: gfortran.dg/where_2.f90 -O1 compilation failed to produce executable
FAIL: gfortran.dg/where_2.f90 -O2 (test for excess errors)
WARNING: gfortran.dg/where_2.f90 -O2 compilation failed to produce executable
FAIL: gfortran.dg/where_2.f90 -O3 -fomit-frame-pointer (test for excess errors)
WARNING: gfortran.dg/where_2.f90 -O3 -fomit-frame-pointer compilation failed to produce executable
FAIL: gfortran.dg/where_2.f90 -O3 -fomit-frame-pointer -funroll-loops (test for excess errors)
WARNING: gfortran.dg/where_2.f90 -O3 -fomit-frame-pointer -funroll-loops compilation failed to produce executable
FAIL: gfortran.dg/where_2.f90 -O3 -fomit-frame-pointer -funroll-all-loops -finline-functions (test for excess errors)
WARNING: gfortran.dg/where_2.f90 -O3 -fomit-frame-pointer -funroll-all-loops -finline-functions compilation failed to produce executable
FAIL: gfortran.dg/where_2.f90 -O3 -g (test for excess errors)
WARNING: gfortran.dg/where_2.f90 -O3 -g compilation failed to produce executable
FAIL: gfortran.dg/where_2.f90 -Os (test for excess errors)
WARNING: gfortran.dg/where_2.f90 -Os compilation failed to produce executable
FAIL: gfortran.dg/zero_sized_4.f90 -O0 (test for excess errors)
WARNING: gfortran.dg/zero_sized_4.f90 -O0 compilation failed to produce executable
FAIL: gfortran.dg/zero_sized_4.f90 -O1 (test for excess errors)
WARNING: gfortran.dg/zero_sized_4.f90 -O1 compilation failed to produce executable
FAIL: gfortran.dg/zero_sized_4.f90 -O2 (test for excess errors)
WARNING: gfortran.dg/zero_sized_4.f90 -O2 compilation failed to produce executable
FAIL: gfortran.dg/zero_sized_4.f90 -O3 -fomit-frame-pointer (test for excess errors)
WARNING: gfortran.dg/zero_sized_4.f90 -O3 -fomit-frame-pointer compilation failed to produce executable
FAIL: gfortran.dg/zero_sized_4.f90 -O3 -fomit-frame-pointer -funroll-loops (test for excess errors)
WARNING: gfortran.dg/zero_sized_4.f90 -O3 -fomit-frame-pointer -funroll-loops compilation failed to produce executable
FAIL: gfortran.dg/zero_sized_4.f90 -O3 -fomit-frame-pointer -funroll-all-loops -finline-functions (test for excess errors)
WARNING: gfortran.dg/zero_sized_4.f90 -O3 -fomit-frame-pointer -funroll-all-loops -finline-functions compilation failed to produce executable
FAIL: gfortran.dg/zero_sized_4.f90 -O3 -g (test for excess errors)
WARNING: gfortran.dg/zero_sized_4.f90 -O3 -g compilation failed to produce executable
FAIL: gfortran.dg/zero_sized_4.f90 -Os (test for excess errors)
WARNING: gfortran.dg/zero_sized_4.f90 -Os compilation failed to produce executable
FAIL: gfortran.dg/g77/19990419-1.f -O0 (test for excess errors)
WARNING: gfortran.dg/g77/19990419-1.f -O0 compilation failed to produce executable
FAIL: gfortran.dg/g77/19990419-1.f -O1 (test for excess errors)
WARNING: gfortran.dg/g77/19990419-1.f -O1 compilation failed to produce executable
FAIL: gfortran.dg/g77/19990419-1.f -O2 (test for excess errors)
WARNING: gfortran.dg/g77/19990419-1.f -O2 compilation failed to produce executable
FAIL: gfortran.dg/g77/19990419-1.f -O3 -fomit-frame-pointer (test for excess errors)
WARNING: gfortran.dg/g77/19990419-1.f -O3 -fomit-frame-pointer compilation failed to produce executable
FAIL: gfortran.dg/g77/19990419-1.f -O3 -fomit-frame-pointer -funroll-loops (test for excess errors)
WARNING: gfortran.dg/g77/19990419-1.f -O3 -fomit-frame-pointer -funroll-loops compilation failed to produce executable
FAIL: gfortran.dg/g77/19990419-1.f -O3 -fomit-frame-pointer -funroll-all-loops -finline-functions (test for excess errors)
WARNING: gfortran.dg/g77/19990419-1.f -O3 -fomit-frame-pointer -funroll-all-loops -finline-functions compilation failed to produce executable
FAIL: gfortran.dg/g77/19990419-1.f -O3 -g (test for excess errors)
WARNING: gfortran.dg/g77/19990419-1.f -O3 -g compilation failed to produce executable
FAIL: gfortran.dg/g77/19990419-1.f -Os (test for excess errors)
WARNING: gfortran.dg/g77/19990419-1.f -Os compilation failed to produce executable
FAIL: gfortran.dg/g77/20000503-1.f -O0 (test for excess errors)
WARNING: gfortran.dg/g77/20000503-1.f -O0 compilation failed to produce executable
FAIL: gfortran.dg/g77/20000503-1.f -O1 (test for excess errors)
WARNING: gfortran.dg/g77/20000503-1.f -O1 compilation failed to produce executable
FAIL: gfortran.dg/g77/20000503-1.f -O2 (test for excess errors)
WARNING: gfortran.dg/g77/20000503-1.f -O2 compilation failed to produce executable
FAIL: gfortran.dg/g77/20000503-1.f -O3 -fomit-frame-pointer (test for excess errors)
WARNING: gfortran.dg/g77/20000503-1.f -O3 -fomit-frame-pointer compilation failed to produce executable
FAIL: gfortran.dg/g77/20000503-1.f -O3 -fomit-frame-pointer -funroll-loops (test for excess errors)
WARNING: gfortran.dg/g77/20000503-1.f -O3 -fomit-frame-pointer -funroll-loops compilation failed to produce executable
FAIL: gfortran.dg/g77/20000503-1.f -O3 -fomit-frame-pointer -funroll-all-loops -finline-functions (test for excess errors)
WARNING: gfortran.dg/g77/20000503-1.f -O3 -fomit-frame-pointer -funroll-all-loops -finline-functions compilation failed to produce executable
FAIL: gfortran.dg/g77/20000503-1.f -O3 -g (test for excess errors)
WARNING: gfortran.dg/g77/20000503-1.f -O3 -g compilation failed to produce executable
FAIL: gfortran.dg/g77/20000503-1.f -Os (test for excess errors)
WARNING: gfortran.dg/g77/20000503-1.f -Os compilation failed to produce executable
FAIL: gfortran.dg/g77/20010116.f -O0 (test for excess errors)
WARNING: gfortran.dg/g77/20010116.f -O0 compilation failed to produce executable
FAIL: gfortran.dg/g77/20010116.f -O1 (test for excess errors)
WARNING: gfortran.dg/g77/20010116.f -O1 compilation failed to produce executable
FAIL: gfortran.dg/g77/20010116.f -O2 (test for excess errors)
WARNING: gfortran.dg/g77/20010116.f -O2 compilation failed to produce executable
FAIL: gfortran.dg/g77/20010116.f -O3 -fomit-frame-pointer (test for excess errors)
WARNING: gfortran.dg/g77/20010116.f -O3 -fomit-frame-pointer compilation failed to produce executable
FAIL: gfortran.dg/g77/20010116.f -O3 -fomit-frame-pointer -funroll-loops (test for excess errors)
WARNING: gfortran.dg/g77/20010116.f -O3 -fomit-frame-pointer -funroll-loops compilation failed to produce executable
FAIL: gfortran.dg/g77/20010116.f -O3 -fomit-frame-pointer -funroll-all-loops -finline-functions (test for excess errors)
WARNING: gfortran.dg/g77/20010116.f -O3 -fomit-frame-pointer -funroll-all-loops -finline-functions compilation failed to produce executable
FAIL: gfortran.dg/g77/20010116.f -O3 -g (test for excess errors)
WARNING: gfortran.dg/g77/20010116.f -O3 -g compilation failed to produce executable
FAIL: gfortran.dg/g77/20010116.f -Os (test for excess errors)
WARNING: gfortran.dg/g77/20010116.f -Os compilation failed to produce executable
FAIL: gfortran.dg/g77/980628-0.f -O0 (test for excess errors)
WARNING: gfortran.dg/g77/980628-0.f -O0 compilation failed to produce executable
FAIL: gfortran.dg/g77/980628-0.f -O1 (test for excess errors)
WARNING: gfortran.dg/g77/980628-0.f -O1 compilation failed to produce executable
FAIL: gfortran.dg/g77/980628-0.f -O2 (test for excess errors)
WARNING: gfortran.dg/g77/980628-0.f -O2 compilation failed to produce executable
FAIL: gfortran.dg/g77/980628-0.f -O3 -fomit-frame-pointer (test for excess errors)
WARNING: gfortran.dg/g77/980628-0.f -O3 -fomit-frame-pointer compilation failed to produce executable
FAIL: gfortran.dg/g77/980628-0.f -O3 -fomit-frame-pointer -funroll-loops (test for excess errors)
WARNING: gfortran.dg/g77/980628-0.f -O3 -fomit-frame-pointer -funroll-loops compilation failed to produce executable
FAIL: gfortran.dg/g77/980628-0.f -O3 -fomit-frame-pointer -funroll-all-loops -finline-functions (test for excess errors)
WARNING: gfortran.dg/g77/980628-0.f -O3 -fomit-frame-pointer -funroll-all-loops -finline-functions compilation failed to produce executable
FAIL: gfortran.dg/g77/980628-0.f -O3 -g (test for excess errors)
WARNING: gfortran.dg/g77/980628-0.f -O3 -g compilation failed to produce executable
FAIL: gfortran.dg/g77/980628-0.f -Os (test for excess errors)
WARNING: gfortran.dg/g77/980628-0.f -Os compilation failed to produce executable
FAIL: gfortran.dg/g77/980628-1.f -O0 (test for excess errors)
WARNING: gfortran.dg/g77/980628-1.f -O0 compilation failed to produce executable
FAIL: gfortran.dg/g77/980628-1.f -O1 (test for excess errors)
WARNING: gfortran.dg/g77/980628-1.f -O1 compilation failed to produce executable
FAIL: gfortran.dg/g77/980628-1.f -O2 (test for excess errors)
WARNING: gfortran.dg/g77/980628-1.f -O2 compilation failed to produce executable
FAIL: gfortran.dg/g77/980628-1.f -O3 -fomit-frame-pointer (test for excess errors)
WARNING: gfortran.dg/g77/980628-1.f -O3 -fomit-frame-pointer compilation failed to produce executable
FAIL: gfortran.dg/g77/980628-1.f -O3 -fomit-frame-pointer -funroll-loops (test for excess errors)
WARNING: gfortran.dg/g77/980628-1.f -O3 -fomit-frame-pointer -funroll-loops compilation failed to produce executable
FAIL: gfortran.dg/g77/980628-1.f -O3 -fomit-frame-pointer -funroll-all-loops -finline-functions (test for excess errors)
WARNING: gfortran.dg/g77/980628-1.f -O3 -fomit-frame-pointer -funroll-all-loops -finline-functions compilation failed to produce executable
FAIL: gfortran.dg/g77/980628-1.f -O3 -g (test for excess errors)
WARNING: gfortran.dg/g77/980628-1.f -O3 -g compilation failed to produce executable
FAIL: gfortran.dg/g77/980628-1.f -Os (test for excess errors)
WARNING: gfortran.dg/g77/980628-1.f -Os compilation failed to produce executable
FAIL: gfortran.dg/g77/980628-10.f -O0 (test for excess errors)
WARNING: gfortran.dg/g77/980628-10.f -O0 compilation failed to produce executable
FAIL: gfortran.dg/g77/980628-10.f -O1 (test for excess errors)
WARNING: gfortran.dg/g77/980628-10.f -O1 compilation failed to produce executable
FAIL: gfortran.dg/g77/980628-10.f -O2 (test for excess errors)
WARNING: gfortran.dg/g77/980628-10.f -O2 compilation failed to produce executable
FAIL: gfortran.dg/g77/980628-10.f -O3 -fomit-frame-pointer (test for excess errors)
WARNING: gfortran.dg/g77/980628-10.f -O3 -fomit-frame-pointer compilation failed to produce executable
FAIL: gfortran.dg/g77/980628-10.f -O3 -fomit-frame-pointer -funroll-loops (test for excess errors)
WARNING: gfortran.dg/g77/980628-10.f -O3 -fomit-frame-pointer -funroll-loops compilation failed to produce executable
FAIL: gfortran.dg/g77/980628-10.f -O3 -fomit-frame-pointer -funroll-all-loops -finline-functions (test for excess errors)
WARNING: gfortran.dg/g77/980628-10.f -O3 -fomit-frame-pointer -funroll-all-loops -finline-functions compilation failed to produce executable
FAIL: gfortran.dg/g77/980628-10.f -O3 -g (test for excess errors)
WARNING: gfortran.dg/g77/980628-10.f -O3 -g compilation failed to produce executable
FAIL: gfortran.dg/g77/980628-10.f -Os (test for excess errors)
WARNING: gfortran.dg/g77/980628-10.f -Os compilation failed to produce executable
FAIL: gfortran.dg/g77/980628-2.f -O0 (test for excess errors)
WARNING: gfortran.dg/g77/980628-2.f -O0 compilation failed to produce executable
FAIL: gfortran.dg/g77/980628-2.f -O1 (test for excess errors)
WARNING: gfortran.dg/g77/980628-2.f -O1 compilation failed to produce executable
FAIL: gfortran.dg/g77/980628-2.f -O2 (test for excess errors)
WARNING: gfortran.dg/g77/980628-2.f -O2 compilation failed to produce executable
FAIL: gfortran.dg/g77/980628-2.f -O3 -fomit-frame-pointer (test for excess errors)
WARNING: gfortran.dg/g77/980628-2.f -O3 -fomit-frame-pointer compilation failed to produce executable
FAIL: gfortran.dg/g77/980628-2.f -O3 -fomit-frame-pointer -funroll-loops (test for excess errors)
WARNING: gfortran.dg/g77/980628-2.f -O3 -fomit-frame-pointer -funroll-loops compilation failed to produce executable
FAIL: gfortran.dg/g77/980628-2.f -O3 -fomit-frame-pointer -funroll-all-loops -finline-functions (test for excess errors)
WARNING: gfortran.dg/g77/980628-2.f -O3 -fomit-frame-pointer -funroll-all-loops -finline-functions compilation failed to produce executable
FAIL: gfortran.dg/g77/980628-2.f -O3 -g (test for excess errors)
WARNING: gfortran.dg/g77/980628-2.f -O3 -g compilation failed to produce executable
FAIL: gfortran.dg/g77/980628-2.f -Os (test for excess errors)
WARNING: gfortran.dg/g77/980628-2.f -Os compilation failed to produce executable
FAIL: gfortran.dg/g77/980628-3.f -O0 (test for excess errors)
WARNING: gfortran.dg/g77/980628-3.f -O0 compilation failed to produce executable
FAIL: gfortran.dg/g77/980628-3.f -O1 (test for excess errors)
WARNING: gfortran.dg/g77/980628-3.f -O1 compilation failed to produce executable
FAIL: gfortran.dg/g77/980628-3.f -O2 (test for excess errors)
WARNING: gfortran.dg/g77/980628-3.f -O2 compilation failed to produce executable
FAIL: gfortran.dg/g77/980628-3.f -O3 -fomit-frame-pointer (test for excess errors)
WARNING: gfortran.dg/g77/980628-3.f -O3 -fomit-frame-pointer compilation failed to produce executable
FAIL: gfortran.dg/g77/980628-3.f -O3 -fomit-frame-pointer -funroll-loops (test for excess errors)
WARNING: gfortran.dg/g77/980628-3.f -O3 -fomit-frame-pointer -funroll-loops compilation failed to produce executable
FAIL: gfortran.dg/g77/980628-3.f -O3 -fomit-frame-pointer -funroll-all-loops -finline-functions (test for excess errors)
WARNING: gfortran.dg/g77/980628-3.f -O3 -fomit-frame-pointer -funroll-all-loops -finline-functions compilation failed to produce executable
FAIL: gfortran.dg/g77/980628-3.f -O3 -g (test for excess errors)
WARNING: gfortran.dg/g77/980628-3.f -O3 -g compilation failed to produce executable
FAIL: gfortran.dg/g77/980628-3.f -Os (test for excess errors)
WARNING: gfortran.dg/g77/980628-3.f -Os compilation failed to produce executable
FAIL: gfortran.dg/g77/980628-7.f -O0 (test for excess errors)
WARNING: gfortran.dg/g77/980628-7.f -O0 compilation failed to produce executable
FAIL: gfortran.dg/g77/980628-7.f -O1 (test for excess errors)
WARNING: gfortran.dg/g77/980628-7.f -O1 compilation failed to produce executable
FAIL: gfortran.dg/g77/980628-7.f -O2 (test for excess errors)
WARNING: gfortran.dg/g77/980628-7.f -O2 compilation failed to produce executable
FAIL: gfortran.dg/g77/980628-7.f -O3 -fomit-frame-pointer (test for excess errors)
WARNING: gfortran.dg/g77/980628-7.f -O3 -fomit-frame-pointer compilation failed to produce executable
FAIL: gfortran.dg/g77/980628-7.f -O3 -fomit-frame-pointer -funroll-loops (test for excess errors)
WARNING: gfortran.dg/g77/980628-7.f -O3 -fomit-frame-pointer -funroll-loops compilation failed to produce executable
FAIL: gfortran.dg/g77/980628-7.f -O3 -fomit-frame-pointer -funroll-all-loops -finline-functions (test for excess errors)
WARNING: gfortran.dg/g77/980628-7.f -O3 -fomit-frame-pointer -funroll-all-loops -finline-functions compilation failed to produce executable
FAIL: gfortran.dg/g77/980628-7.f -O3 -g (test for excess errors)
WARNING: gfortran.dg/g77/980628-7.f -O3 -g compilation failed to produce executable
FAIL: gfortran.dg/g77/980628-7.f -Os (test for excess errors)
WARNING: gfortran.dg/g77/980628-7.f -Os compilation failed to produce executable
FAIL: gfortran.dg/g77/980628-8.f -O0 (test for excess errors)
WARNING: gfortran.dg/g77/980628-8.f -O0 compilation failed to produce executable
FAIL: gfortran.dg/g77/980628-8.f -O1 (test for excess errors)
WARNING: gfortran.dg/g77/980628-8.f -O1 compilation failed to produce executable
FAIL: gfortran.dg/g77/980628-8.f -O2 (test for excess errors)
WARNING: gfortran.dg/g77/980628-8.f -O2 compilation failed to produce executable
FAIL: gfortran.dg/g77/980628-8.f -O3 -fomit-frame-pointer (test for excess errors)
WARNING: gfortran.dg/g77/980628-8.f -O3 -fomit-frame-pointer compilation failed to produce executable
FAIL: gfortran.dg/g77/980628-8.f -O3 -fomit-frame-pointer -funroll-loops (test for excess errors)
WARNING: gfortran.dg/g77/980628-8.f -O3 -fomit-frame-pointer -funroll-loops compilation failed to produce executable
FAIL: gfortran.dg/g77/980628-8.f -O3 -fomit-frame-pointer -funroll-all-loops -finline-functions (test for excess errors)
WARNING: gfortran.dg/g77/980628-8.f -O3 -fomit-frame-pointer -funroll-all-loops -finline-functions compilation failed to produce executable
FAIL: gfortran.dg/g77/980628-8.f -O3 -g (test for excess errors)
WARNING: gfortran.dg/g77/980628-8.f -O3 -g compilation failed to produce executable
FAIL: gfortran.dg/g77/980628-8.f -Os (test for excess errors)
WARNING: gfortran.dg/g77/980628-8.f -Os compilation failed to produce executable
FAIL: gfortran.dg/g77/980628-9.f -O0 (test for excess errors)
WARNING: gfortran.dg/g77/980628-9.f -O0 compilation failed to produce executable
FAIL: gfortran.dg/g77/980628-9.f -O1 (test for excess errors)
WARNING: gfortran.dg/g77/980628-9.f -O1 compilation failed to produce executable
FAIL: gfortran.dg/g77/980628-9.f -O2 (test for excess errors)
WARNING: gfortran.dg/g77/980628-9.f -O2 compilation failed to produce executable
FAIL: gfortran.dg/g77/980628-9.f -O3 -fomit-frame-pointer (test for excess errors)
WARNING: gfortran.dg/g77/980628-9.f -O3 -fomit-frame-pointer compilation failed to produce executable
FAIL: gfortran.dg/g77/980628-9.f -O3 -fomit-frame-pointer -funroll-loops (test for excess errors)
WARNING: gfortran.dg/g77/980628-9.f -O3 -fomit-frame-pointer -funroll-loops compilation failed to produce executable
FAIL: gfortran.dg/g77/980628-9.f -O3 -fomit-frame-pointer -funroll-all-loops -finline-functions (test for excess errors)
WARNING: gfortran.dg/g77/980628-9.f -O3 -fomit-frame-pointer -funroll-all-loops -finline-functions compilation failed to produce executable
FAIL: gfortran.dg/g77/980628-9.f -O3 -g (test for excess errors)
WARNING: gfortran.dg/g77/980628-9.f -O3 -g compilation failed to produce executable
FAIL: gfortran.dg/g77/980628-9.f -Os (test for excess errors)
WARNING: gfortran.dg/g77/980628-9.f -Os compilation failed to produce executable
FAIL: gfortran.dg/g77/980701-0.f -O0 (test for excess errors)
WARNING: gfortran.dg/g77/980701-0.f -O0 compilation failed to produce executable
FAIL: gfortran.dg/g77/980701-0.f -O1 (test for excess errors)
WARNING: gfortran.dg/g77/980701-0.f -O1 compilation failed to produce executable
FAIL: gfortran.dg/g77/980701-0.f -O2 (test for excess errors)
WARNING: gfortran.dg/g77/980701-0.f -O2 compilation failed to produce executable
FAIL: gfortran.dg/g77/980701-0.f -O3 -fomit-frame-pointer (test for excess errors)
WARNING: gfortran.dg/g77/980701-0.f -O3 -fomit-frame-pointer compilation failed to produce executable
FAIL: gfortran.dg/g77/980701-0.f -O3 -fomit-frame-pointer -funroll-loops (test for excess errors)
WARNING: gfortran.dg/g77/980701-0.f -O3 -fomit-frame-pointer -funroll-loops compilation failed to produce executable
FAIL: gfortran.dg/g77/980701-0.f -O3 -fomit-frame-pointer -funroll-all-loops -finline-functions (test for excess errors)
WARNING: gfortran.dg/g77/980701-0.f -O3 -fomit-frame-pointer -funroll-all-loops -finline-functions compilation failed to produce executable
FAIL: gfortran.dg/g77/980701-0.f -O3 -g (test for excess errors)
WARNING: gfortran.dg/g77/980701-0.f -O3 -g compilation failed to produce executable
FAIL: gfortran.dg/g77/980701-0.f -Os (test for excess errors)
WARNING: gfortran.dg/g77/980701-0.f -Os compilation failed to produce executable
FAIL: gfortran.dg/g77/980701-1.f -O0 (test for excess errors)
WARNING: gfortran.dg/g77/980701-1.f -O0 compilation failed to produce executable
FAIL: gfortran.dg/g77/980701-1.f -O1 (test for excess errors)
WARNING: gfortran.dg/g77/980701-1.f -O1 compilation failed to produce executable
FAIL: gfortran.dg/g77/980701-1.f -O2 (test for excess errors)
WARNING: gfortran.dg/g77/980701-1.f -O2 compilation failed to produce executable
FAIL: gfortran.dg/g77/980701-1.f -O3 -fomit-frame-pointer (test for excess errors)
WARNING: gfortran.dg/g77/980701-1.f -O3 -fomit-frame-pointer compilation failed to produce executable
FAIL: gfortran.dg/g77/980701-1.f -O3 -fomit-frame-pointer -funroll-loops (test for excess errors)
WARNING: gfortran.dg/g77/980701-1.f -O3 -fomit-frame-pointer -funroll-loops compilation failed to produce executable
FAIL: gfortran.dg/g77/980701-1.f -O3 -fomit-frame-pointer -funroll-all-loops -finline-functions (test for excess errors)
WARNING: gfortran.dg/g77/980701-1.f -O3 -fomit-frame-pointer -funroll-all-loops -finline-functions compilation failed to produce executable
FAIL: gfortran.dg/g77/980701-1.f -O3 -g (test for excess errors)
WARNING: gfortran.dg/g77/980701-1.f -O3 -g compilation failed to produce executable
FAIL: gfortran.dg/g77/980701-1.f -Os (test for excess errors)
WARNING: gfortran.dg/g77/980701-1.f -Os compilation failed to produce executable
FAIL: gfortran.dg/g77/dnrm2.f -O0 (test for excess errors)
WARNING: gfortran.dg/g77/dnrm2.f -O0 compilation failed to produce executable
FAIL: gfortran.dg/g77/dnrm2.f -O1 (test for excess errors)
WARNING: gfortran.dg/g77/dnrm2.f -O1 compilation failed to produce executable
FAIL: gfortran.dg/g77/dnrm2.f -O2 (test for excess errors)
WARNING: gfortran.dg/g77/dnrm2.f -O2 compilation failed to produce executable
FAIL: gfortran.dg/g77/dnrm2.f -O3 -fomit-frame-pointer (test for excess errors)
WARNING: gfortran.dg/g77/dnrm2.f -O3 -fomit-frame-pointer compilation failed to produce executable
FAIL: gfortran.dg/g77/dnrm2.f -O3 -fomit-frame-pointer -funroll-loops (test for excess errors)
WARNING: gfortran.dg/g77/dnrm2.f -O3 -fomit-frame-pointer -funroll-loops compilation failed to produce executable
FAIL: gfortran.dg/g77/dnrm2.f -O3 -fomit-frame-pointer -funroll-all-loops -finline-functions (test for excess errors)
WARNING: gfortran.dg/g77/dnrm2.f -O3 -fomit-frame-pointer -funroll-all-loops -finline-functions compilation failed to produce executable
FAIL: gfortran.dg/g77/dnrm2.f -O3 -g (test for excess errors)
WARNING: gfortran.dg/g77/dnrm2.f -O3 -g compilation failed to produce executable
FAIL: gfortran.dg/g77/dnrm2.f -Os (test for excess errors)
WARNING: gfortran.dg/g77/dnrm2.f -Os compilation failed to produce executable
FAIL: gfortran.dg/g77/f90-intrinsic-bit.f -O0 (test for excess errors)
WARNING: gfortran.dg/g77/f90-intrinsic-bit.f -O0 compilation failed to produce executable
FAIL: gfortran.dg/g77/f90-intrinsic-bit.f -O1 (test for excess errors)
WARNING: gfortran.dg/g77/f90-intrinsic-bit.f -O1 compilation failed to produce executable
FAIL: gfortran.dg/g77/f90-intrinsic-bit.f -O2 (test for excess errors)
WARNING: gfortran.dg/g77/f90-intrinsic-bit.f -O2 compilation failed to produce executable
FAIL: gfortran.dg/g77/f90-intrinsic-bit.f -O3 -fomit-frame-pointer (test for excess errors)
WARNING: gfortran.dg/g77/f90-intrinsic-bit.f -O3 -fomit-frame-pointer compilation failed to produce executable
FAIL: gfortran.dg/g77/f90-intrinsic-bit.f -O3 -fomit-frame-pointer -funroll-loops (test for excess errors)
WARNING: gfortran.dg/g77/f90-intrinsic-bit.f -O3 -fomit-frame-pointer -funroll-loops compilation failed to produce executable
FAIL: gfortran.dg/g77/f90-intrinsic-bit.f -O3 -fomit-frame-pointer -funroll-all-loops -finline-functions (test for excess errors)
WARNING: gfortran.dg/g77/f90-intrinsic-bit.f -O3 -fomit-frame-pointer -funroll-all-loops -finline-functions compilation failed to produce executable
FAIL: gfortran.dg/g77/f90-intrinsic-bit.f -O3 -g (test for excess errors)
WARNING: gfortran.dg/g77/f90-intrinsic-bit.f -O3 -g compilation failed to produce executable
FAIL: gfortran.dg/g77/f90-intrinsic-bit.f -Os (test for excess errors)
WARNING: gfortran.dg/g77/f90-intrinsic-bit.f -Os compilation failed to produce executable
FAIL: gfortran.dg/g77/f90-intrinsic-mathematical.f -O0 (test for excess errors)
WARNING: gfortran.dg/g77/f90-intrinsic-mathematical.f -O0 compilation failed to produce executable
FAIL: gfortran.dg/g77/f90-intrinsic-mathematical.f -O1 (test for excess errors)
WARNING: gfortran.dg/g77/f90-intrinsic-mathematical.f -O1 compilation failed to produce executable
FAIL: gfortran.dg/g77/f90-intrinsic-mathematical.f -O2 (test for excess errors)
WARNING: gfortran.dg/g77/f90-intrinsic-mathematical.f -O2 compilation failed to produce executable
FAIL: gfortran.dg/g77/f90-intrinsic-mathematical.f -O3 -fomit-frame-pointer (test for excess errors)
WARNING: gfortran.dg/g77/f90-intrinsic-mathematical.f -O3 -fomit-frame-pointer compilation failed to produce executable
FAIL: gfortran.dg/g77/f90-intrinsic-mathematical.f -O3 -fomit-frame-pointer -funroll-loops (test for excess errors)
WARNING: gfortran.dg/g77/f90-intrinsic-mathematical.f -O3 -fomit-frame-pointer -funroll-loops compilation failed to produce executable
FAIL: gfortran.dg/g77/f90-intrinsic-mathematical.f -O3 -fomit-frame-pointer -funroll-all-loops -finline-functions (test for excess errors)
WARNING: gfortran.dg/g77/f90-intrinsic-mathematical.f -O3 -fomit-frame-pointer -funroll-all-loops -finline-functions compilation failed to produce executable
FAIL: gfortran.dg/g77/f90-intrinsic-mathematical.f -O3 -g (test for excess errors)
WARNING: gfortran.dg/g77/f90-intrinsic-mathematical.f -O3 -g compilation failed to produce executable
FAIL: gfortran.dg/g77/f90-intrinsic-mathematical.f -Os (test for excess errors)
WARNING: gfortran.dg/g77/f90-intrinsic-mathematical.f -Os compilation failed to produce executable
FAIL: gfortran.dg/g77/f90-intrinsic-numeric.f -O0 (test for excess errors)
WARNING: gfortran.dg/g77/f90-intrinsic-numeric.f -O0 compilation failed to produce executable
FAIL: gfortran.dg/g77/f90-intrinsic-numeric.f -O1 (test for excess errors)
WARNING: gfortran.dg/g77/f90-intrinsic-numeric.f -O1 compilation failed to produce executable
FAIL: gfortran.dg/g77/f90-intrinsic-numeric.f -O2 (test for excess errors)
WARNING: gfortran.dg/g77/f90-intrinsic-numeric.f -O2 compilation failed to produce executable
FAIL: gfortran.dg/g77/f90-intrinsic-numeric.f -O3 -fomit-frame-pointer (test for excess errors)
WARNING: gfortran.dg/g77/f90-intrinsic-numeric.f -O3 -fomit-frame-pointer compilation failed to produce executable
FAIL: gfortran.dg/g77/f90-intrinsic-numeric.f -O3 -fomit-frame-pointer -funroll-loops (test for excess errors)
WARNING: gfortran.dg/g77/f90-intrinsic-numeric.f -O3 -fomit-frame-pointer -funroll-loops compilation failed to produce executable
FAIL: gfortran.dg/g77/f90-intrinsic-numeric.f -O3 -fomit-frame-pointer -funroll-all-loops -finline-functions (test for excess errors)
WARNING: gfortran.dg/g77/f90-intrinsic-numeric.f -O3 -fomit-frame-pointer -funroll-all-loops -finline-functions compilation failed to produce executable
FAIL: gfortran.dg/g77/f90-intrinsic-numeric.f -O3 -g (test for excess errors)
WARNING: gfortran.dg/g77/f90-intrinsic-numeric.f -O3 -g compilation failed to produce executable
FAIL: gfortran.dg/g77/f90-intrinsic-numeric.f -Os (test for excess errors)
WARNING: gfortran.dg/g77/f90-intrinsic-numeric.f -Os compilation failed to produce executable
FAIL: gfortran.dg/g77/intrinsic-unix-bessel.f -O0 (test for excess errors)
WARNING: gfortran.dg/g77/intrinsic-unix-bessel.f -O0 compilation failed to produce executable
FAIL: gfortran.dg/g77/intrinsic-unix-bessel.f -O1 (test for excess errors)
WARNING: gfortran.dg/g77/intrinsic-unix-bessel.f -O1 compilation failed to produce executable
FAIL: gfortran.dg/g77/intrinsic-unix-bessel.f -O2 (test for excess errors)
WARNING: gfortran.dg/g77/intrinsic-unix-bessel.f -O2 compilation failed to produce executable
FAIL: gfortran.dg/g77/intrinsic-unix-bessel.f -O3 -fomit-frame-pointer (test for excess errors)
WARNING: gfortran.dg/g77/intrinsic-unix-bessel.f -O3 -fomit-frame-pointer compilation failed to produce executable
FAIL: gfortran.dg/g77/intrinsic-unix-bessel.f -O3 -fomit-frame-pointer -funroll-loops (test for excess errors)
WARNING: gfortran.dg/g77/intrinsic-unix-bessel.f -O3 -fomit-frame-pointer -funroll-loops compilation failed to produce executable
FAIL: gfortran.dg/g77/intrinsic-unix-bessel.f -O3 -fomit-frame-pointer -funroll-all-loops -finline-functions (test for excess errors)
WARNING: gfortran.dg/g77/intrinsic-unix-bessel.f -O3 -fomit-frame-pointer -funroll-all-loops -finline-functions compilation failed to produce executable
FAIL: gfortran.dg/g77/intrinsic-unix-bessel.f -O3 -g (test for excess errors)
WARNING: gfortran.dg/g77/intrinsic-unix-bessel.f -O3 -g compilation failed to produce executable
FAIL: gfortran.dg/g77/intrinsic-unix-bessel.f -Os (test for excess errors)
WARNING: gfortran.dg/g77/intrinsic-unix-bessel.f -Os compilation failed to produce executable
FAIL: gfortran.dg/g77/intrinsic-unix-erf.f -O0 (test for excess errors)
WARNING: gfortran.dg/g77/intrinsic-unix-erf.f -O0 compilation failed to produce executable
FAIL: gfortran.dg/g77/intrinsic-unix-erf.f -O1 (test for excess errors)
WARNING: gfortran.dg/g77/intrinsic-unix-erf.f -O1 compilation failed to produce executable
FAIL: gfortran.dg/g77/intrinsic-unix-erf.f -O2 (test for excess errors)
WARNING: gfortran.dg/g77/intrinsic-unix-erf.f -O2 compilation failed to produce executable
FAIL: gfortran.dg/g77/intrinsic-unix-erf.f -O3 -fomit-frame-pointer (test for excess errors)
WARNING: gfortran.dg/g77/intrinsic-unix-erf.f -O3 -fomit-frame-pointer compilation failed to produce executable
FAIL: gfortran.dg/g77/intrinsic-unix-erf.f -O3 -fomit-frame-pointer -funroll-loops (test for excess errors)
WARNING: gfortran.dg/g77/intrinsic-unix-erf.f -O3 -fomit-frame-pointer -funroll-loops compilation failed to produce executable
FAIL: gfortran.dg/g77/intrinsic-unix-erf.f -O3 -fomit-frame-pointer -funroll-all-loops -finline-functions (test for excess errors)
WARNING: gfortran.dg/g77/intrinsic-unix-erf.f -O3 -fomit-frame-pointer -funroll-all-loops -finline-functions compilation failed to produce executable
FAIL: gfortran.dg/g77/intrinsic-unix-erf.f -O3 -g (test for excess errors)
WARNING: gfortran.dg/g77/intrinsic-unix-erf.f -O3 -g compilation failed to produce executable
FAIL: gfortran.dg/g77/intrinsic-unix-erf.f -Os (test for excess errors)
WARNING: gfortran.dg/g77/intrinsic-unix-erf.f -Os compilation failed to produce executable
FAIL: gfortran.dg/g77/labug1.f -O0 (test for excess errors)
WARNING: gfortran.dg/g77/labug1.f -O0 compilation failed to produce executable
FAIL: gfortran.dg/g77/labug1.f -O1 (test for excess errors)
WARNING: gfortran.dg/g77/labug1.f -O1 compilation failed to produce executable
FAIL: gfortran.dg/g77/labug1.f -O2 (test for excess errors)
WARNING: gfortran.dg/g77/labug1.f -O2 compilation failed to produce executable
FAIL: gfortran.dg/g77/labug1.f -O3 -fomit-frame-pointer (test for excess errors)
WARNING: gfortran.dg/g77/labug1.f -O3 -fomit-frame-pointer compilation failed to produce executable
FAIL: gfortran.dg/g77/labug1.f -O3 -fomit-frame-pointer -funroll-loops (test for excess errors)
WARNING: gfortran.dg/g77/labug1.f -O3 -fomit-frame-pointer -funroll-loops compilation failed to produce executable
FAIL: gfortran.dg/g77/labug1.f -O3 -fomit-frame-pointer -funroll-all-loops -finline-functions (test for excess errors)
WARNING: gfortran.dg/g77/labug1.f -O3 -fomit-frame-pointer -funroll-all-loops -finline-functions compilation failed to produce executable
FAIL: gfortran.dg/g77/labug1.f -O3 -g (test for excess errors)
WARNING: gfortran.dg/g77/labug1.f -O3 -g compilation failed to produce executable
FAIL: gfortran.dg/g77/labug1.f -Os (test for excess errors)
WARNING: gfortran.dg/g77/labug1.f -Os compilation failed to produce executable
FAIL: gfortran.dg/g77/short.f -O0 (test for excess errors)
WARNING: gfortran.dg/g77/short.f -O0 compilation failed to produce executable
FAIL: gfortran.dg/g77/short.f -O1 (test for excess errors)
WARNING: gfortran.dg/g77/short.f -O1 compilation failed to produce executable
FAIL: gfortran.dg/g77/short.f -O2 (test for excess errors)
WARNING: gfortran.dg/g77/short.f -O2 compilation failed to produce executable
FAIL: gfortran.dg/g77/short.f -O3 -fomit-frame-pointer (test for excess errors)
WARNING: gfortran.dg/g77/short.f -O3 -fomit-frame-pointer compilation failed to produce executable
FAIL: gfortran.dg/g77/short.f -O3 -fomit-frame-pointer -funroll-loops (test for excess errors)
WARNING: gfortran.dg/g77/short.f -O3 -fomit-frame-pointer -funroll-loops compilation failed to produce executable
FAIL: gfortran.dg/g77/short.f -O3 -fomit-frame-pointer -funroll-all-loops -finline-functions (test for excess errors)
WARNING: gfortran.dg/g77/short.f -O3 -fomit-frame-pointer -funroll-all-loops -finline-functions compilation failed to produce executable
FAIL: gfortran.dg/g77/short.f -O3 -g (test for excess errors)
WARNING: gfortran.dg/g77/short.f -O3 -g compilation failed to produce executable
FAIL: gfortran.dg/g77/short.f -Os (test for excess errors)
WARNING: gfortran.dg/g77/short.f -Os compilation failed to produce executable
FAIL: gfortran.dg/g77/strlen0.f -O0 (test for excess errors)
WARNING: gfortran.dg/g77/strlen0.f -O0 compilation failed to produce executable
FAIL: gfortran.dg/g77/strlen0.f -O1 (test for excess errors)
WARNING: gfortran.dg/g77/strlen0.f -O1 compilation failed to produce executable
FAIL: gfortran.dg/g77/strlen0.f -O2 (test for excess errors)
WARNING: gfortran.dg/g77/strlen0.f -O2 compilation failed to produce executable
FAIL: gfortran.dg/g77/strlen0.f -O3 -fomit-frame-pointer (test for excess errors)
WARNING: gfortran.dg/g77/strlen0.f -O3 -fomit-frame-pointer compilation failed to produce executable
FAIL: gfortran.dg/g77/strlen0.f -O3 -fomit-frame-pointer -funroll-loops (test for excess errors)
WARNING: gfortran.dg/g77/strlen0.f -O3 -fomit-frame-pointer -funroll-loops compilation failed to produce executable
FAIL: gfortran.dg/g77/strlen0.f -O3 -fomit-frame-pointer -funroll-all-loops -finline-functions (test for excess errors)
WARNING: gfortran.dg/g77/strlen0.f -O3 -fomit-frame-pointer -funroll-all-loops -finline-functions compilation failed to produce executable
FAIL: gfortran.dg/g77/strlen0.f -O3 -g (test for excess errors)
WARNING: gfortran.dg/g77/strlen0.f -O3 -g compilation failed to produce executable
FAIL: gfortran.dg/g77/strlen0.f -Os (test for excess errors)
WARNING: gfortran.dg/g77/strlen0.f -Os compilation failed to produce executable
FAIL: gfortran.fortran-torture/execute/pr40021.f compilation, -O0
FAIL: gfortran.fortran-torture/execute/pr40021.f compilation, -O1
FAIL: gfortran.fortran-torture/execute/pr40021.f compilation, -O2
FAIL: gfortran.fortran-torture/execute/pr40021.f compilation, -O2 -fomit-frame-pointer -finline-functions
FAIL: gfortran.fortran-torture/execute/pr40021.f compilation, -O2 -fomit-frame-pointer -finline-functions -funroll-loops
FAIL: gfortran.fortran-torture/execute/pr40021.f compilation, -O2 -fbounds-check
FAIL: gfortran.fortran-torture/execute/pr40021.f compilation, -O3 -g
FAIL: gfortran.fortran-torture/execute/pr40021.f compilation, -Os
FAIL: gfortran.fortran-torture/execute/character_passing.f90 compilation, -O0
FAIL: gfortran.fortran-torture/execute/character_passing.f90 compilation, -O1
FAIL: gfortran.fortran-torture/execute/character_passing.f90 compilation, -O2
FAIL: gfortran.fortran-torture/execute/character_passing.f90 compilation, -O2 -fomit-frame-pointer -finline-functions
FAIL: gfortran.fortran-torture/execute/character_passing.f90 compilation, -O2 -fomit-frame-pointer -finline-functions -funroll-loops
FAIL: gfortran.fortran-torture/execute/character_passing.f90 compilation, -O2 -fbounds-check
FAIL: gfortran.fortran-torture/execute/character_passing.f90 compilation, -O3 -g
FAIL: gfortran.fortran-torture/execute/character_passing.f90 compilation, -Os
FAIL: gfortran.fortran-torture/execute/common.f90 compilation, -O0
FAIL: gfortran.fortran-torture/execute/common.f90 compilation, -O1
FAIL: gfortran.fortran-torture/execute/common.f90 compilation, -O2
FAIL: gfortran.fortran-torture/execute/common.f90 compilation, -O2 -fomit-frame-pointer -finline-functions
FAIL: gfortran.fortran-torture/execute/common.f90 compilation, -O2 -fomit-frame-pointer -finline-functions -funroll-loops
FAIL: gfortran.fortran-torture/execute/common.f90 compilation, -O2 -fbounds-check
FAIL: gfortran.fortran-torture/execute/common.f90 compilation, -O3 -g
FAIL: gfortran.fortran-torture/execute/common.f90 compilation, -Os
FAIL: gfortran.fortran-torture/execute/csqrt_1.f90 compilation, -O0
FAIL: gfortran.fortran-torture/execute/csqrt_1.f90 compilation, -O1
FAIL: gfortran.fortran-torture/execute/csqrt_1.f90 compilation, -O2
FAIL: gfortran.fortran-torture/execute/csqrt_1.f90 compilation, -O2 -fomit-frame-pointer -finline-functions
FAIL: gfortran.fortran-torture/execute/csqrt_1.f90 compilation, -O2 -fomit-frame-pointer -finline-functions -funroll-loops
FAIL: gfortran.fortran-torture/execute/csqrt_1.f90 compilation, -O2 -fbounds-check
FAIL: gfortran.fortran-torture/execute/csqrt_1.f90 compilation, -O3 -g
FAIL: gfortran.fortran-torture/execute/csqrt_1.f90 compilation, -Os
FAIL: gfortran.fortran-torture/execute/data.f90 compilation, -O0
FAIL: gfortran.fortran-torture/execute/data.f90 compilation, -O1
FAIL: gfortran.fortran-torture/execute/data.f90 compilation, -O2
FAIL: gfortran.fortran-torture/execute/data.f90 compilation, -O2 -fomit-frame-pointer -finline-functions
FAIL: gfortran.fortran-torture/execute/data.f90 compilation, -O2 -fomit-frame-pointer -finline-functions -funroll-loops
FAIL: gfortran.fortran-torture/execute/data.f90 compilation, -O2 -fbounds-check
FAIL: gfortran.fortran-torture/execute/data.f90 compilation, -O3 -g
FAIL: gfortran.fortran-torture/execute/data.f90 compilation, -Os
FAIL: gfortran.fortran-torture/execute/in-pack.f90 compilation, -O0
FAIL: gfortran.fortran-torture/execute/in-pack.f90 compilation, -O1
FAIL: gfortran.fortran-torture/execute/in-pack.f90 compilation, -O2
FAIL: gfortran.fortran-torture/execute/in-pack.f90 compilation, -O2 -fomit-frame-pointer -finline-functions
FAIL: gfortran.fortran-torture/execute/in-pack.f90 compilation, -O2 -fomit-frame-pointer -finline-functions -funroll-loops
FAIL: gfortran.fortran-torture/execute/in-pack.f90 compilation, -O2 -fbounds-check
FAIL: gfortran.fortran-torture/execute/in-pack.f90 compilation, -O3 -g
FAIL: gfortran.fortran-torture/execute/in-pack.f90 compilation, -Os
FAIL: gfortran.fortran-torture/execute/intrinsic_associated.f90 compilation, -O0
FAIL: gfortran.fortran-torture/execute/intrinsic_associated.f90 compilation, -O1
FAIL: gfortran.fortran-torture/execute/intrinsic_associated.f90 compilation, -O2
FAIL: gfortran.fortran-torture/execute/intrinsic_associated.f90 compilation, -O2 -fomit-frame-pointer -finline-functions
FAIL: gfortran.fortran-torture/execute/intrinsic_associated.f90 compilation, -O2 -fomit-frame-pointer -finline-functions -funroll-loops
FAIL: gfortran.fortran-torture/execute/intrinsic_associated.f90 compilation, -O2 -fbounds-check
FAIL: gfortran.fortran-torture/execute/intrinsic_associated.f90 compilation, -O3 -g
FAIL: gfortran.fortran-torture/execute/intrinsic_associated.f90 compilation, -Os
FAIL: gfortran.fortran-torture/execute/intrinsic_fraction_exponent.f90 compilation, -O0
FAIL: gfortran.fortran-torture/execute/intrinsic_fraction_exponent.f90 compilation, -O1
FAIL: gfortran.fortran-torture/execute/intrinsic_fraction_exponent.f90 compilation, -O2
FAIL: gfortran.fortran-torture/execute/intrinsic_fraction_exponent.f90 compilation, -O2 -fomit-frame-pointer -finline-functions
FAIL: gfortran.fortran-torture/execute/intrinsic_fraction_exponent.f90 compilation, -O2 -fomit-frame-pointer -finline-functions -funroll-loops
FAIL: gfortran.fortran-torture/execute/intrinsic_fraction_exponent.f90 compilation, -O2 -fbounds-check
FAIL: gfortran.fortran-torture/execute/intrinsic_fraction_exponent.f90 compilation, -O3 -g
FAIL: gfortran.fortran-torture/execute/intrinsic_fraction_exponent.f90 compilation, -Os
FAIL: gfortran.fortran-torture/execute/intrinsic_index.f90 compilation, -O0
FAIL: gfortran.fortran-torture/execute/intrinsic_index.f90 compilation, -O1
FAIL: gfortran.fortran-torture/execute/intrinsic_index.f90 compilation, -O2
FAIL: gfortran.fortran-torture/execute/intrinsic_index.f90 compilation, -O2 -fomit-frame-pointer -finline-functions
FAIL: gfortran.fortran-torture/execute/intrinsic_index.f90 compilation, -O2 -fomit-frame-pointer -finline-functions -funroll-loops
FAIL: gfortran.fortran-torture/execute/intrinsic_index.f90 compilation, -O2 -fbounds-check
FAIL: gfortran.fortran-torture/execute/intrinsic_index.f90 compilation, -O3 -g
FAIL: gfortran.fortran-torture/execute/intrinsic_index.f90 compilation, -Os
FAIL: gfortran.fortran-torture/execute/intrinsic_len.f90 compilation, -O0
FAIL: gfortran.fortran-torture/execute/intrinsic_len.f90 compilation, -O1
FAIL: gfortran.fortran-torture/execute/intrinsic_len.f90 compilation, -O2
FAIL: gfortran.fortran-torture/execute/intrinsic_len.f90 compilation, -O2 -fomit-frame-pointer -finline-functions
FAIL: gfortran.fortran-torture/execute/intrinsic_len.f90 compilation, -O2 -fomit-frame-pointer -finline-functions -funroll-loops
FAIL: gfortran.fortran-torture/execute/intrinsic_len.f90 compilation, -O2 -fbounds-check
FAIL: gfortran.fortran-torture/execute/intrinsic_len.f90 compilation, -O3 -g
FAIL: gfortran.fortran-torture/execute/intrinsic_len.f90 compilation, -Os
FAIL: gfortran.fortran-torture/execute/intrinsic_nearest.f90 compilation, -O0
FAIL: gfortran.fortran-torture/execute/intrinsic_nearest.f90 compilation, -O1
FAIL: gfortran.fortran-torture/execute/intrinsic_nearest.f90 compilation, -O2
FAIL: gfortran.fortran-torture/execute/intrinsic_nearest.f90 compilation, -O2 -fomit-frame-pointer -finline-functions
FAIL: gfortran.fortran-torture/execute/intrinsic_nearest.f90 compilation, -O2 -fomit-frame-pointer -finline-functions -funroll-loops
FAIL: gfortran.fortran-torture/execute/intrinsic_nearest.f90 compilation, -O2 -fbounds-check
FAIL: gfortran.fortran-torture/execute/intrinsic_nearest.f90 compilation, -O3 -g
FAIL: gfortran.fortran-torture/execute/intrinsic_nearest.f90 compilation, -Os
FAIL: gfortran.fortran-torture/execute/intrinsic_rrspacing.f90 compilation, -O0
FAIL: gfortran.fortran-torture/execute/intrinsic_rrspacing.f90 compilation, -O1
FAIL: gfortran.fortran-torture/execute/intrinsic_rrspacing.f90 compilation, -O2
FAIL: gfortran.fortran-torture/execute/intrinsic_rrspacing.f90 compilation, -O2 -fomit-frame-pointer -finline-functions
FAIL: gfortran.fortran-torture/execute/intrinsic_rrspacing.f90 compilation, -O2 -fomit-frame-pointer -finline-functions -funroll-loops
FAIL: gfortran.fortran-torture/execute/intrinsic_rrspacing.f90 compilation, -O2 -fbounds-check
FAIL: gfortran.fortran-torture/execute/intrinsic_rrspacing.f90 compilation, -O3 -g
FAIL: gfortran.fortran-torture/execute/intrinsic_rrspacing.f90 compilation, -Os
FAIL: gfortran.fortran-torture/execute/intrinsic_scale.f90 compilation, -O0
FAIL: gfortran.fortran-torture/execute/intrinsic_scale.f90 compilation, -O1
FAIL: gfortran.fortran-torture/execute/intrinsic_scale.f90 compilation, -O2
FAIL: gfortran.fortran-torture/execute/intrinsic_scale.f90 compilation, -O2 -fomit-frame-pointer -finline-functions
FAIL: gfortran.fortran-torture/execute/intrinsic_scale.f90 compilation, -O2 -fomit-frame-pointer -finline-functions -funroll-loops
FAIL: gfortran.fortran-torture/execute/intrinsic_scale.f90 compilation, -O2 -fbounds-check
FAIL: gfortran.fortran-torture/execute/intrinsic_scale.f90 compilation, -O3 -g
FAIL: gfortran.fortran-torture/execute/intrinsic_scale.f90 compilation, -Os
FAIL: gfortran.fortran-torture/execute/intrinsic_set_exponent.f90 compilation, -O0
FAIL: gfortran.fortran-torture/execute/intrinsic_set_exponent.f90 compilation, -O1
FAIL: gfortran.fortran-torture/execute/intrinsic_set_exponent.f90 compilation, -O2
FAIL: gfortran.fortran-torture/execute/intrinsic_set_exponent.f90 compilation, -O2 -fomit-frame-pointer -finline-functions
FAIL: gfortran.fortran-torture/execute/intrinsic_set_exponent.f90 compilation, -O2 -fomit-frame-pointer -finline-functions -funroll-loops
FAIL: gfortran.fortran-torture/execute/intrinsic_set_exponent.f90 compilation, -O2 -fbounds-check
FAIL: gfortran.fortran-torture/execute/intrinsic_set_exponent.f90 compilation, -O3 -g
FAIL: gfortran.fortran-torture/execute/intrinsic_set_exponent.f90 compilation, -Os
FAIL: gfortran.fortran-torture/execute/intrinsic_spacing.f90 compilation, -O0
FAIL: gfortran.fortran-torture/execute/intrinsic_spacing.f90 compilation, -O1
FAIL: gfortran.fortran-torture/execute/intrinsic_spacing.f90 compilation, -O2
FAIL: gfortran.fortran-torture/execute/intrinsic_spacing.f90 compilation, -O2 -fomit-frame-pointer -finline-functions
FAIL: gfortran.fortran-torture/execute/intrinsic_spacing.f90 compilation, -O2 -fomit-frame-pointer -finline-functions -funroll-loops
FAIL: gfortran.fortran-torture/execute/intrinsic_spacing.f90 compilation, -O2 -fbounds-check
FAIL: gfortran.fortran-torture/execute/intrinsic_spacing.f90 compilation, -O3 -g
FAIL: gfortran.fortran-torture/execute/intrinsic_spacing.f90 compilation, -Os
FAIL: gfortran.fortran-torture/execute/intrinsic_trim.f90 compilation, -O0
FAIL: gfortran.fortran-torture/execute/intrinsic_trim.f90 compilation, -O1
FAIL: gfortran.fortran-torture/execute/intrinsic_trim.f90 compilation, -O2
FAIL: gfortran.fortran-torture/execute/intrinsic_trim.f90 compilation, -O2 -fomit-frame-pointer -finline-functions
FAIL: gfortran.fortran-torture/execute/intrinsic_trim.f90 compilation, -O2 -fomit-frame-pointer -finline-functions -funroll-loops
FAIL: gfortran.fortran-torture/execute/intrinsic_trim.f90 compilation, -O2 -fbounds-check
FAIL: gfortran.fortran-torture/execute/intrinsic_trim.f90 compilation, -O3 -g
FAIL: gfortran.fortran-torture/execute/intrinsic_trim.f90 compilation, -Os
FAIL: gfortran.fortran-torture/execute/mainsub.f90 compilation, -O0
FAIL: gfortran.fortran-torture/execute/mainsub.f90 compilation, -O1
FAIL: gfortran.fortran-torture/execute/mainsub.f90 compilation, -O2
FAIL: gfortran.fortran-torture/execute/mainsub.f90 compilation, -O2 -fomit-frame-pointer -finline-functions
FAIL: gfortran.fortran-torture/execute/mainsub.f90 compilation, -O2 -fomit-frame-pointer -finline-functions -funroll-loops
FAIL: gfortran.fortran-torture/execute/mainsub.f90 compilation, -O2 -fbounds-check
FAIL: gfortran.fortran-torture/execute/mainsub.f90 compilation, -O3 -g
FAIL: gfortran.fortran-torture/execute/mainsub.f90 compilation, -Os
FAIL: gfortran.fortran-torture/execute/save_2.f90 compilation, -O0
FAIL: gfortran.fortran-torture/execute/save_2.f90 compilation, -O1
FAIL: gfortran.fortran-torture/execute/save_2.f90 compilation, -O2
FAIL: gfortran.fortran-torture/execute/save_2.f90 compilation, -O2 -fomit-frame-pointer -finline-functions
FAIL: gfortran.fortran-torture/execute/save_2.f90 compilation, -O2 -fomit-frame-pointer -finline-functions -funroll-loops
FAIL: gfortran.fortran-torture/execute/save_2.f90 compilation, -O2 -fbounds-check
FAIL: gfortran.fortran-torture/execute/save_2.f90 compilation, -O3 -g
FAIL: gfortran.fortran-torture/execute/save_2.f90 compilation, -Os
FAIL: gfortran.fortran-torture/execute/spec_abs.f90 compilation, -O0
FAIL: gfortran.fortran-torture/execute/spec_abs.f90 compilation, -O1
FAIL: gfortran.fortran-torture/execute/spec_abs.f90 compilation, -O2
FAIL: gfortran.fortran-torture/execute/spec_abs.f90 compilation, -O2 -fomit-frame-pointer -finline-functions
FAIL: gfortran.fortran-torture/execute/spec_abs.f90 compilation, -O2 -fomit-frame-pointer -finline-functions -funroll-loops
FAIL: gfortran.fortran-torture/execute/spec_abs.f90 compilation, -O2 -fbounds-check
FAIL: gfortran.fortran-torture/execute/spec_abs.f90 compilation, -O3 -g
FAIL: gfortran.fortran-torture/execute/spec_abs.f90 compilation, -Os
FAIL: gfortran.fortran-torture/execute/st_function.f90 compilation, -O0
FAIL: gfortran.fortran-torture/execute/st_function.f90 compilation, -O1
FAIL: gfortran.fortran-torture/execute/st_function.f90 compilation, -O2
FAIL: gfortran.fortran-torture/execute/st_function.f90 compilation, -O2 -fomit-frame-pointer -finline-functions
FAIL: gfortran.fortran-torture/execute/st_function.f90 compilation, -O2 -fomit-frame-pointer -finline-functions -funroll-loops
FAIL: gfortran.fortran-torture/execute/st_function.f90 compilation, -O2 -fbounds-check
FAIL: gfortran.fortran-torture/execute/st_function.f90 compilation, -O3 -g
FAIL: gfortran.fortran-torture/execute/st_function.f90 compilation, -Os
=== gfortran Summary ===
# of expected passes 27823
# of unexpected failures 988
# of expected failures 15
# of untested testcases 160
# of unsupported tests 272
/tmp/20090526/gcc/testsuite/gfortran/../../gfortran version 4.5.0 20090527 (experimental) [trunk revision 147887] (GCC)
=== objc tests ===
Running target unix
=== objc Summary ===
# of expected passes 1819
# of expected failures 25
# of unsupported tests 28
/tmp/20090526/gcc/xgcc version 4.5.0 20090527 (experimental) [trunk revision 147887] (GCC)
=== libgomp tests ===
Running target unix
FAIL: libgomp.c/sort-1.c execution test
FAIL: libgomp.c++/task-4.C -O (internal compiler error)
FAIL: libgomp.c++/task-4.C -O (test for excess errors)
WARNING: libgomp.c++/task-4.C -O compilation failed to produce executable
FAIL: libgomp.fortran/jacobi.f -O0 (test for excess errors)
WARNING: libgomp.fortran/jacobi.f -O0 compilation failed to produce executable
FAIL: libgomp.fortran/jacobi.f -O1 (test for excess errors)
WARNING: libgomp.fortran/jacobi.f -O1 compilation failed to produce executable
FAIL: libgomp.fortran/jacobi.f -O2 (test for excess errors)
WARNING: libgomp.fortran/jacobi.f -O2 compilation failed to produce executable
FAIL: libgomp.fortran/jacobi.f -O3 -fomit-frame-pointer (test for excess errors)
WARNING: libgomp.fortran/jacobi.f -O3 -fomit-frame-pointer compilation failed to produce executable
FAIL: libgomp.fortran/jacobi.f -O3 -fomit-frame-pointer -funroll-loops (test for excess errors)
WARNING: libgomp.fortran/jacobi.f -O3 -fomit-frame-pointer -funroll-loops compilation failed to produce executable
FAIL: libgomp.fortran/jacobi.f -O3 -fomit-frame-pointer -funroll-all-loops -finline-functions (test for excess errors)
WARNING: libgomp.fortran/jacobi.f -O3 -fomit-frame-pointer -funroll-all-loops -finline-functions compilation failed to produce executable
FAIL: libgomp.fortran/jacobi.f -O3 -g (test for excess errors)
WARNING: libgomp.fortran/jacobi.f -O3 -g compilation failed to produce executable
FAIL: libgomp.fortran/jacobi.f -Os (test for excess errors)
WARNING: libgomp.fortran/jacobi.f -Os compilation failed to produce executable
FAIL: libgomp.fortran/nestedfn2.f90 -O0 (internal compiler error)
FAIL: libgomp.fortran/nestedfn2.f90 -O0 (test for excess errors)
WARNING: libgomp.fortran/nestedfn2.f90 -O0 compilation failed to produce executable
FAIL: libgomp.fortran/nestedfn2.f90 -O1 (internal compiler error)
FAIL: libgomp.fortran/nestedfn2.f90 -O1 (test for excess errors)
WARNING: libgomp.fortran/nestedfn2.f90 -O1 compilation failed to produce executable
FAIL: libgomp.fortran/nestedfn2.f90 -O2 (internal compiler error)
FAIL: libgomp.fortran/nestedfn2.f90 -O2 (test for excess errors)
WARNING: libgomp.fortran/nestedfn2.f90 -O2 compilation failed to produce executable
FAIL: libgomp.fortran/nestedfn2.f90 -O3 -fomit-frame-pointer (internal compiler error)
FAIL: libgomp.fortran/nestedfn2.f90 -O3 -fomit-frame-pointer (test for excess errors)
WARNING: libgomp.fortran/nestedfn2.f90 -O3 -fomit-frame-pointer compilation failed to produce executable
FAIL: libgomp.fortran/nestedfn2.f90 -O3 -fomit-frame-pointer -funroll-loops (internal compiler error)
FAIL: libgomp.fortran/nestedfn2.f90 -O3 -fomit-frame-pointer -funroll-loops (test for excess errors)
WARNING: libgomp.fortran/nestedfn2.f90 -O3 -fomit-frame-pointer -funroll-loops compilation failed to produce executable
FAIL: libgomp.fortran/nestedfn2.f90 -O3 -fomit-frame-pointer -funroll-all-loops -finline-functions (internal compiler error)
FAIL: libgomp.fortran/nestedfn2.f90 -O3 -fomit-frame-pointer -funroll-all-loops -finline-functions (test for excess errors)
WARNING: libgomp.fortran/nestedfn2.f90 -O3 -fomit-frame-pointer -funroll-all-loops -finline-functions compilation failed to produce executable
FAIL: libgomp.fortran/nestedfn2.f90 -O3 -g (internal compiler error)
FAIL: libgomp.fortran/nestedfn2.f90 -O3 -g (test for excess errors)
WARNING: libgomp.fortran/nestedfn2.f90 -O3 -g compilation failed to produce executable
FAIL: libgomp.fortran/nestedfn2.f90 -Os (internal compiler error)
FAIL: libgomp.fortran/nestedfn2.f90 -Os (test for excess errors)
WARNING: libgomp.fortran/nestedfn2.f90 -Os compilation failed to produce executable
FAIL: libgomp.fortran/omp_orphan.f -O (test for excess errors)
WARNING: libgomp.fortran/omp_orphan.f -O compilation failed to produce executable
FAIL: libgomp.fortran/omp_workshare1.f -O execution test
FAIL: libgomp.fortran/omp_workshare2.f -O execution test
FAIL: libgomp.fortran/pr25162.f -O0 (test for excess errors)
WARNING: libgomp.fortran/pr25162.f -O0 compilation failed to produce executable
FAIL: libgomp.fortran/pr25162.f -O1 (test for excess errors)
WARNING: libgomp.fortran/pr25162.f -O1 compilation failed to produce executable
FAIL: libgomp.fortran/pr25162.f -O2 (test for excess errors)
WARNING: libgomp.fortran/pr25162.f -O2 compilation failed to produce executable
FAIL: libgomp.fortran/pr25162.f -O3 -fomit-frame-pointer (test for excess errors)
WARNING: libgomp.fortran/pr25162.f -O3 -fomit-frame-pointer compilation failed to produce executable
FAIL: libgomp.fortran/pr25162.f -O3 -fomit-frame-pointer -funroll-loops (test for excess errors)
WARNING: libgomp.fortran/pr25162.f -O3 -fomit-frame-pointer -funroll-loops compilation failed to produce executable
FAIL: libgomp.fortran/pr25162.f -O3 -fomit-frame-pointer -funroll-all-loops -finline-functions (test for excess errors)
WARNING: libgomp.fortran/pr25162.f -O3 -fomit-frame-pointer -funroll-all-loops -finline-functions compilation failed to produce executable
FAIL: libgomp.fortran/pr25162.f -O3 -g (test for excess errors)
WARNING: libgomp.fortran/pr25162.f -O3 -g compilation failed to produce executable
FAIL: libgomp.fortran/pr25162.f -Os (test for excess errors)
WARNING: libgomp.fortran/pr25162.f -Os compilation failed to produce executable
FAIL: libgomp.fortran/pr27395-1.f90 -O0 (test for excess errors)
WARNING: libgomp.fortran/pr27395-1.f90 -O0 compilation failed to produce executable
FAIL: libgomp.fortran/pr27395-1.f90 -O1 (test for excess errors)
WARNING: libgomp.fortran/pr27395-1.f90 -O1 compilation failed to produce executable
FAIL: libgomp.fortran/pr27395-1.f90 -O2 (test for excess errors)
WARNING: libgomp.fortran/pr27395-1.f90 -O2 compilation failed to produce executable
FAIL: libgomp.fortran/pr27395-1.f90 -O3 -fomit-frame-pointer (test for excess errors)
WARNING: libgomp.fortran/pr27395-1.f90 -O3 -fomit-frame-pointer compilation failed to produce executable
FAIL: libgomp.fortran/pr27395-1.f90 -O3 -fomit-frame-pointer -funroll-loops (test for excess errors)
WARNING: libgomp.fortran/pr27395-1.f90 -O3 -fomit-frame-pointer -funroll-loops compilation failed to produce executable
FAIL: libgomp.fortran/pr27395-1.f90 -O3 -fomit-frame-pointer -funroll-all-loops -finline-functions (test for excess errors)
WARNING: libgomp.fortran/pr27395-1.f90 -O3 -fomit-frame-pointer -funroll-all-loops -finline-functions compilation failed to produce executable
FAIL: libgomp.fortran/pr27395-1.f90 -O3 -g (test for excess errors)
WARNING: libgomp.fortran/pr27395-1.f90 -O3 -g compilation failed to produce executable
FAIL: libgomp.fortran/pr27395-1.f90 -Os (test for excess errors)
WARNING: libgomp.fortran/pr27395-1.f90 -Os compilation failed to produce executable
FAIL: libgomp.fortran/pr27395-2.f90 -O0 (test for excess errors)
WARNING: libgomp.fortran/pr27395-2.f90 -O0 compilation failed to produce executable
FAIL: libgomp.fortran/pr27395-2.f90 -O1 (test for excess errors)
WARNING: libgomp.fortran/pr27395-2.f90 -O1 compilation failed to produce executable
FAIL: libgomp.fortran/pr27395-2.f90 -O2 (test for excess errors)
WARNING: libgomp.fortran/pr27395-2.f90 -O2 compilation failed to produce executable
FAIL: libgomp.fortran/pr27395-2.f90 -O3 -fomit-frame-pointer (test for excess errors)
WARNING: libgomp.fortran/pr27395-2.f90 -O3 -fomit-frame-pointer compilation failed to produce executable
FAIL: libgomp.fortran/pr27395-2.f90 -O3 -fomit-frame-pointer -funroll-loops (test for excess errors)
WARNING: libgomp.fortran/pr27395-2.f90 -O3 -fomit-frame-pointer -funroll-loops compilation failed to produce executable
FAIL: libgomp.fortran/pr27395-2.f90 -O3 -fomit-frame-pointer -funroll-all-loops -finline-functions (test for excess errors)
WARNING: libgomp.fortran/pr27395-2.f90 -O3 -fomit-frame-pointer -funroll-all-loops -finline-functions compilation failed to produce executable
FAIL: libgomp.fortran/pr27395-2.f90 -O3 -g (test for excess errors)
WARNING: libgomp.fortran/pr27395-2.f90 -O3 -g compilation failed to produce executable
FAIL: libgomp.fortran/pr27395-2.f90 -Os (test for excess errors)
WARNING: libgomp.fortran/pr27395-2.f90 -Os compilation failed to produce executable
FAIL: libgomp.fortran/pr27416-1.f90 -O0 (test for excess errors)
WARNING: libgomp.fortran/pr27416-1.f90 -O0 compilation failed to produce executable
FAIL: libgomp.fortran/pr27416-1.f90 -O1 (test for excess errors)
WARNING: libgomp.fortran/pr27416-1.f90 -O1 compilation failed to produce executable
FAIL: libgomp.fortran/pr27416-1.f90 -O2 (test for excess errors)
WARNING: libgomp.fortran/pr27416-1.f90 -O2 compilation failed to produce executable
FAIL: libgomp.fortran/pr27416-1.f90 -O3 -fomit-frame-pointer (test for excess errors)
WARNING: libgomp.fortran/pr27416-1.f90 -O3 -fomit-frame-pointer compilation failed to produce executable
FAIL: libgomp.fortran/pr27416-1.f90 -O3 -fomit-frame-pointer -funroll-loops (test for excess errors)
WARNING: libgomp.fortran/pr27416-1.f90 -O3 -fomit-frame-pointer -funroll-loops compilation failed to produce executable
FAIL: libgomp.fortran/pr27416-1.f90 -O3 -fomit-frame-pointer -funroll-all-loops -finline-functions (test for excess errors)
WARNING: libgomp.fortran/pr27416-1.f90 -O3 -fomit-frame-pointer -funroll-all-loops -finline-functions compilation failed to produce executable
FAIL: libgomp.fortran/pr27416-1.f90 -O3 -g (test for excess errors)
WARNING: libgomp.fortran/pr27416-1.f90 -O3 -g compilation failed to produce executable
FAIL: libgomp.fortran/pr27416-1.f90 -Os (test for excess errors)
WARNING: libgomp.fortran/pr27416-1.f90 -Os compilation failed to produce executable
FAIL: libgomp.fortran/stack.f90 -O0 (test for excess errors)
WARNING: libgomp.fortran/stack.f90 -O0 compilation failed to produce executable
FAIL: libgomp.fortran/stack.f90 -O1 (test for excess errors)
WARNING: libgomp.fortran/stack.f90 -O1 compilation failed to produce executable
FAIL: libgomp.fortran/stack.f90 -O2 (test for excess errors)
WARNING: libgomp.fortran/stack.f90 -O2 compilation failed to produce executable
FAIL: libgomp.fortran/stack.f90 -O3 -fomit-frame-pointer (test for excess errors)
WARNING: libgomp.fortran/stack.f90 -O3 -fomit-frame-pointer compilation failed to produce executable
FAIL: libgomp.fortran/stack.f90 -O3 -fomit-frame-pointer -funroll-loops (test for excess errors)
WARNING: libgomp.fortran/stack.f90 -O3 -fomit-frame-pointer -funroll-loops compilation failed to produce executable
FAIL: libgomp.fortran/stack.f90 -O3 -fomit-frame-pointer -funroll-all-loops -finline-functions (test for excess errors)
WARNING: libgomp.fortran/stack.f90 -O3 -fomit-frame-pointer -funroll-all-loops -finline-functions compilation failed to produce executable
FAIL: libgomp.fortran/stack.f90 -O3 -g (test for excess errors)
WARNING: libgomp.fortran/stack.f90 -O3 -g compilation failed to produce executable
FAIL: libgomp.fortran/stack.f90 -Os (test for excess errors)
WARNING: libgomp.fortran/stack.f90 -Os compilation failed to produce executable
FAIL: libgomp.fortran/vla7.f90 -O0 (test for excess errors)
WARNING: libgomp.fortran/vla7.f90 -O0 compilation failed to produce executable
FAIL: libgomp.fortran/vla7.f90 -O1 (test for excess errors)
WARNING: libgomp.fortran/vla7.f90 -O1 compilation failed to produce executable
FAIL: libgomp.fortran/vla7.f90 -O2 (test for excess errors)
WARNING: libgomp.fortran/vla7.f90 -O2 compilation failed to produce executable
FAIL: libgomp.fortran/vla7.f90 -O3 -fomit-frame-pointer (test for excess errors)
WARNING: libgomp.fortran/vla7.f90 -O3 -fomit-frame-pointer compilation failed to produce executable
FAIL: libgomp.fortran/vla7.f90 -O3 -fomit-frame-pointer -funroll-loops (test for excess errors)
WARNING: libgomp.fortran/vla7.f90 -O3 -fomit-frame-pointer -funroll-loops compilation failed to produce executable
FAIL: libgomp.fortran/vla7.f90 -O3 -fomit-frame-pointer -funroll-all-loops -finline-functions (test for excess errors)
WARNING: libgomp.fortran/vla7.f90 -O3 -fomit-frame-pointer -funroll-all-loops -finline-functions compilation failed to produce executable
FAIL: libgomp.fortran/vla7.f90 -O3 -g (test for excess errors)
WARNING: libgomp.fortran/vla7.f90 -O3 -g compilation failed to produce executable
FAIL: libgomp.fortran/vla7.f90 -Os (test for excess errors)
WARNING: libgomp.fortran/vla7.f90 -Os compilation failed to produce executable
=== libgomp Summary ===
# of expected passes 2269
# of unexpected failures 78
# of unsupported tests 2
=== libstdc++ tests ===
Running target unix
FAIL: 21_strings/basic_string/inserters_extractors/wchar_t/28277.cc execution test
FAIL: 22_locale/ctype/is/char/3.cc execution test
FAIL: 27_io/basic_ostream/inserters_character/wchar_t/28277-3.cc execution test
FAIL: 27_io/basic_ostream/inserters_character/wchar_t/28277-4.cc execution test
FAIL: 27_io/ios_base/storage/11584.cc execution test
FAIL: 27_io/objects/char/6.cc execution test
FAIL: 27_io/objects/wchar_t/6.cc execution test
FAIL: ext/mt_allocator/check_new.cc execution test
FAIL: ext/pool_allocator/check_new.cc execution test
FAIL: ext/vstring/inserters_extractors/wchar_t/28277.cc execution test
=== libstdc++ Summary ===
# of expected passes 5805
# of unexpected failures 10
# of expected failures 76
# of unsupported tests 337
=== libstdc++ Summary ===
Compiler version: 4.5.0 20090527 (experimental) [trunk revision 147887] (GCC)
Platform: powerpc-ibm-aix5.3.0.0
configure flags: --prefix=/farm/dje/install/powerpc-ibm-aix5.3.0.0-20090526 --disable-werror --enable-languages=c,c++,fortran,objc --with-gmp=/usr/gnu --with-mpfr=/usr/gnu --with-ppl=/usr/gnu --with-cloog=/usr/gnu