This is the mail archive of the
gcc-testresults@gcc.gnu.org
mailing list for the GCC project.
Results for 4.5.0 20090527 (experimental) (GCC) testsuite on s390-ibm-linux-gnu
- From: Andreas Krebbel <Andreas dot Krebbel at de dot ibm dot com>
- To: gcc-testresults at gcc dot gnu dot org
- Date: Wed, 27 May 2009 07:48:58 +0200
- Subject: Results for 4.5.0 20090527 (experimental) (GCC) testsuite on s390-ibm-linux-gnu
LAST_UPDATED: Wed May 27 03:08:12 UTC 2009 (revision 147887M)
Native configuration is s390-ibm-linux-gnu
=== g++ tests ===
Running target unix
=== g++ Summary ===
# of expected passes 19410
# of expected failures 138
# of unsupported tests 158
/build-extralong/BUILD/gcc/obj-s390-redhat-linux/gcc/testsuite/g++/../../g++ version 4.5.0 20090527 (experimental) (GCC)
=== gcc tests ===
Running target unix
XPASS: gcc.dg/Warray-bounds.c (test for warnings, line 59)
XPASS: gcc.dg/Warray-bounds.c (test for warnings, line 65)
FAIL: gcc.dg/c99-stdint-1.c (test for excess errors)
FAIL: gcc.dg/falign-labels-1.c execution test
FAIL: gcc.dg/pr34989-1.c (internal compiler error)
FAIL: gcc.dg/pr34989-1.c (test for excess errors)
FAIL: gcc.dg/uninit-13.c unconditional (test for warnings, line 8)
FAIL: gcc.dg/uninit-13.c (test for excess errors)
UNRESOLVED: ggcplug.c compilation, -I. -I/build-extralong/BUILD/gcc/gcc/testsuite -I/build-extralong/BUILD/gcc/gcc/testsuite/../../gcc -I/build-extralong/BUILD/gcc/obj-s390-redhat-linux/gcc/testsuite/gcc/../../../gcc -I/build-extralong/BUILD/gcc/gcc/testsuite/../../include -I/build-extralong/BUILD/gcc/gcc/testsuite/../../libcpp/include -O -DIN_GCC -fPIC -shared
XPASS: gcc.dg/struct/wo_prof_array_through_pointer.c scan-ipa-dump ipa_struct_reorg "Number of structures to transform is 1"
FAIL: gcc.dg/struct/wo_prof_double_malloc.c (internal compiler error)
FAIL: gcc.dg/struct/wo_prof_double_malloc.c (test for excess errors)
WARNING: gcc.dg/struct/wo_prof_double_malloc.c compilation failed to produce executable
FAIL: gcc.dg/tree-prof/bb-reorg.c compilation, -fprofile-use -D_PROFILE_USE
UNRESOLVED: gcc.dg/tree-prof/bb-reorg.c execution, -fprofile-use -D_PROFILE_USE
FAIL: gcc.dg/tree-prof/pr34999.c compilation, -fprofile-use -D_PROFILE_USE
UNRESOLVED: gcc.dg/tree-prof/pr34999.c execution, -fprofile-use -D_PROFILE_USE
XPASS: gcc.dg/tree-ssa/20040204-1.c scan-tree-dump-times optimized "link_error" 0
FAIL: gcc.dg/tree-ssa/vrp47.c scan-tree-dump-times vrp1 "[xy][^ ]* !=" 0
FAIL: gcc.dg/tree-ssa/vrp47.c scan-tree-dump-times dom1 "x[^ ]* & y" 1
FAIL: gcc.dg/tree-ssa/vrp47.c scan-tree-dump-times vrp1 "x[^ ]* [|] y" 1
=== gcc Summary ===
# of expected passes 50102
# of unexpected failures 13
# of unexpected successes 4
# of expected failures 78
# of unresolved testcases 3
# of unsupported tests 512
/build-extralong/BUILD/gcc/obj-s390-redhat-linux/gcc/xgcc version 4.5.0 20090527 (experimental) (GCC)
=== gfortran tests ===
Running target unix
FAIL: gfortran.dg/Wall.f90 -O1 (test for excess errors)
FAIL: gfortran.dg/Wall.f90 -O2 (test for excess errors)
FAIL: gfortran.dg/Wall.f90 -O3 -fomit-frame-pointer (test for excess errors)
FAIL: gfortran.dg/Wall.f90 -O3 -fomit-frame-pointer -funroll-loops (test for excess errors)
FAIL: gfortran.dg/Wall.f90 -O3 -fomit-frame-pointer -funroll-all-loops -finline-functions (test for excess errors)
FAIL: gfortran.dg/Wall.f90 -O3 -g (test for excess errors)
FAIL: gfortran.dg/Wall.f90 -Os (test for excess errors)
FAIL: gfortran.dg/actual_procedure_1.f90 -O0 (test for excess errors)
WARNING: gfortran.dg/actual_procedure_1.f90 -O0 compilation failed to produce executable
FAIL: gfortran.dg/actual_procedure_1.f90 -O1 (test for excess errors)
WARNING: gfortran.dg/actual_procedure_1.f90 -O1 compilation failed to produce executable
FAIL: gfortran.dg/actual_procedure_1.f90 -O2 (test for excess errors)
WARNING: gfortran.dg/actual_procedure_1.f90 -O2 compilation failed to produce executable
FAIL: gfortran.dg/actual_procedure_1.f90 -O3 -fomit-frame-pointer (test for excess errors)
WARNING: gfortran.dg/actual_procedure_1.f90 -O3 -fomit-frame-pointer compilation failed to produce executable
FAIL: gfortran.dg/actual_procedure_1.f90 -O3 -fomit-frame-pointer -funroll-loops (test for excess errors)
WARNING: gfortran.dg/actual_procedure_1.f90 -O3 -fomit-frame-pointer -funroll-loops compilation failed to produce executable
FAIL: gfortran.dg/actual_procedure_1.f90 -O3 -fomit-frame-pointer -funroll-all-loops -finline-functions (test for excess errors)
WARNING: gfortran.dg/actual_procedure_1.f90 -O3 -fomit-frame-pointer -funroll-all-loops -finline-functions compilation failed to produce executable
FAIL: gfortran.dg/actual_procedure_1.f90 -O3 -g (test for excess errors)
WARNING: gfortran.dg/actual_procedure_1.f90 -O3 -g compilation failed to produce executable
FAIL: gfortran.dg/actual_procedure_1.f90 -Os (test for excess errors)
WARNING: gfortran.dg/actual_procedure_1.f90 -Os compilation failed to produce executable
FAIL: gfortran.dg/alloc_comp_default_init_1.f90 -O0 (test for excess errors)
WARNING: gfortran.dg/alloc_comp_default_init_1.f90 -O0 compilation failed to produce executable
FAIL: gfortran.dg/alloc_comp_default_init_1.f90 -O1 (test for excess errors)
WARNING: gfortran.dg/alloc_comp_default_init_1.f90 -O1 compilation failed to produce executable
FAIL: gfortran.dg/alloc_comp_default_init_1.f90 -O2 (test for excess errors)
WARNING: gfortran.dg/alloc_comp_default_init_1.f90 -O2 compilation failed to produce executable
FAIL: gfortran.dg/alloc_comp_default_init_1.f90 -O3 -fomit-frame-pointer (test for excess errors)
WARNING: gfortran.dg/alloc_comp_default_init_1.f90 -O3 -fomit-frame-pointer compilation failed to produce executable
FAIL: gfortran.dg/alloc_comp_default_init_1.f90 -O3 -fomit-frame-pointer -funroll-loops (test for excess errors)
WARNING: gfortran.dg/alloc_comp_default_init_1.f90 -O3 -fomit-frame-pointer -funroll-loops compilation failed to produce executable
FAIL: gfortran.dg/alloc_comp_default_init_1.f90 -O3 -fomit-frame-pointer -funroll-all-loops -finline-functions (test for excess errors)
WARNING: gfortran.dg/alloc_comp_default_init_1.f90 -O3 -fomit-frame-pointer -funroll-all-loops -finline-functions compilation failed to produce executable
FAIL: gfortran.dg/alloc_comp_default_init_1.f90 -O3 -g (test for excess errors)
WARNING: gfortran.dg/alloc_comp_default_init_1.f90 -O3 -g compilation failed to produce executable
FAIL: gfortran.dg/alloc_comp_default_init_1.f90 -Os (test for excess errors)
WARNING: gfortran.dg/alloc_comp_default_init_1.f90 -Os compilation failed to produce executable
FAIL: gfortran.dg/allocatable_dummy_3.f90 -O0 (test for excess errors)
WARNING: gfortran.dg/allocatable_dummy_3.f90 -O0 compilation failed to produce executable
FAIL: gfortran.dg/allocatable_dummy_3.f90 -O1 (test for excess errors)
WARNING: gfortran.dg/allocatable_dummy_3.f90 -O1 compilation failed to produce executable
FAIL: gfortran.dg/allocatable_dummy_3.f90 -O2 (test for excess errors)
WARNING: gfortran.dg/allocatable_dummy_3.f90 -O2 compilation failed to produce executable
FAIL: gfortran.dg/allocatable_dummy_3.f90 -O3 -fomit-frame-pointer (test for excess errors)
WARNING: gfortran.dg/allocatable_dummy_3.f90 -O3 -fomit-frame-pointer compilation failed to produce executable
FAIL: gfortran.dg/allocatable_dummy_3.f90 -O3 -fomit-frame-pointer -funroll-loops (test for excess errors)
WARNING: gfortran.dg/allocatable_dummy_3.f90 -O3 -fomit-frame-pointer -funroll-loops compilation failed to produce executable
FAIL: gfortran.dg/allocatable_dummy_3.f90 -O3 -fomit-frame-pointer -funroll-all-loops -finline-functions (test for excess errors)
WARNING: gfortran.dg/allocatable_dummy_3.f90 -O3 -fomit-frame-pointer -funroll-all-loops -finline-functions compilation failed to produce executable
FAIL: gfortran.dg/allocatable_dummy_3.f90 -O3 -g (test for excess errors)
WARNING: gfortran.dg/allocatable_dummy_3.f90 -O3 -g compilation failed to produce executable
FAIL: gfortran.dg/allocatable_dummy_3.f90 -Os (test for excess errors)
WARNING: gfortran.dg/allocatable_dummy_3.f90 -Os compilation failed to produce executable
FAIL: gfortran.dg/allocate_zerosize_3.f -O0 (test for excess errors)
WARNING: gfortran.dg/allocate_zerosize_3.f -O0 compilation failed to produce executable
FAIL: gfortran.dg/allocate_zerosize_3.f -O1 (test for excess errors)
WARNING: gfortran.dg/allocate_zerosize_3.f -O1 compilation failed to produce executable
FAIL: gfortran.dg/allocate_zerosize_3.f -O2 (test for excess errors)
WARNING: gfortran.dg/allocate_zerosize_3.f -O2 compilation failed to produce executable
FAIL: gfortran.dg/allocate_zerosize_3.f -O3 -fomit-frame-pointer (test for excess errors)
WARNING: gfortran.dg/allocate_zerosize_3.f -O3 -fomit-frame-pointer compilation failed to produce executable
FAIL: gfortran.dg/allocate_zerosize_3.f -O3 -fomit-frame-pointer -funroll-loops (test for excess errors)
WARNING: gfortran.dg/allocate_zerosize_3.f -O3 -fomit-frame-pointer -funroll-loops compilation failed to produce executable
FAIL: gfortran.dg/allocate_zerosize_3.f -O3 -fomit-frame-pointer -funroll-all-loops -finline-functions (test for excess errors)
WARNING: gfortran.dg/allocate_zerosize_3.f -O3 -fomit-frame-pointer -funroll-all-loops -finline-functions compilation failed to produce executable
FAIL: gfortran.dg/allocate_zerosize_3.f -O3 -g (test for excess errors)
WARNING: gfortran.dg/allocate_zerosize_3.f -O3 -g compilation failed to produce executable
FAIL: gfortran.dg/allocate_zerosize_3.f -Os (test for excess errors)
WARNING: gfortran.dg/allocate_zerosize_3.f -Os compilation failed to produce executable
FAIL: gfortran.dg/argument_checking_15.f90 -O (internal compiler error)
FAIL: gfortran.dg/argument_checking_15.f90 -O (test for excess errors)
FAIL: gfortran.dg/array_constructor_23.f -O0 (test for excess errors)
WARNING: gfortran.dg/array_constructor_23.f -O0 compilation failed to produce executable
FAIL: gfortran.dg/array_constructor_23.f -O1 (test for excess errors)
WARNING: gfortran.dg/array_constructor_23.f -O1 compilation failed to produce executable
FAIL: gfortran.dg/array_constructor_23.f -O2 (test for excess errors)
WARNING: gfortran.dg/array_constructor_23.f -O2 compilation failed to produce executable
FAIL: gfortran.dg/array_constructor_23.f -O3 -fomit-frame-pointer (test for excess errors)
WARNING: gfortran.dg/array_constructor_23.f -O3 -fomit-frame-pointer compilation failed to produce executable
FAIL: gfortran.dg/array_constructor_23.f -O3 -fomit-frame-pointer -funroll-loops (test for excess errors)
WARNING: gfortran.dg/array_constructor_23.f -O3 -fomit-frame-pointer -funroll-loops compilation failed to produce executable
FAIL: gfortran.dg/array_constructor_23.f -O3 -fomit-frame-pointer -funroll-all-loops -finline-functions (test for excess errors)
WARNING: gfortran.dg/array_constructor_23.f -O3 -fomit-frame-pointer -funroll-all-loops -finline-functions compilation failed to produce executable
FAIL: gfortran.dg/array_constructor_23.f -O3 -g (test for excess errors)
WARNING: gfortran.dg/array_constructor_23.f -O3 -g compilation failed to produce executable
FAIL: gfortran.dg/array_constructor_23.f -Os (test for excess errors)
WARNING: gfortran.dg/array_constructor_23.f -Os compilation failed to produce executable
FAIL: gfortran.dg/array_constructor_24.f -O0 (test for excess errors)
WARNING: gfortran.dg/array_constructor_24.f -O0 compilation failed to produce executable
FAIL: gfortran.dg/array_constructor_24.f -O1 (test for excess errors)
WARNING: gfortran.dg/array_constructor_24.f -O1 compilation failed to produce executable
FAIL: gfortran.dg/array_constructor_24.f -O2 (test for excess errors)
WARNING: gfortran.dg/array_constructor_24.f -O2 compilation failed to produce executable
FAIL: gfortran.dg/array_constructor_24.f -O3 -fomit-frame-pointer (test for excess errors)
WARNING: gfortran.dg/array_constructor_24.f -O3 -fomit-frame-pointer compilation failed to produce executable
FAIL: gfortran.dg/array_constructor_24.f -O3 -fomit-frame-pointer -funroll-loops (test for excess errors)
WARNING: gfortran.dg/array_constructor_24.f -O3 -fomit-frame-pointer -funroll-loops compilation failed to produce executable
FAIL: gfortran.dg/array_constructor_24.f -O3 -fomit-frame-pointer -funroll-all-loops -finline-functions (test for excess errors)
WARNING: gfortran.dg/array_constructor_24.f -O3 -fomit-frame-pointer -funroll-all-loops -finline-functions compilation failed to produce executable
FAIL: gfortran.dg/array_constructor_24.f -O3 -g (test for excess errors)
WARNING: gfortran.dg/array_constructor_24.f -O3 -g compilation failed to produce executable
FAIL: gfortran.dg/array_constructor_24.f -Os (test for excess errors)
WARNING: gfortran.dg/array_constructor_24.f -Os compilation failed to produce executable
FAIL: gfortran.dg/associated_5.f90 -O0 (test for excess errors)
WARNING: gfortran.dg/associated_5.f90 -O0 compilation failed to produce executable
FAIL: gfortran.dg/associated_5.f90 -O1 (test for excess errors)
WARNING: gfortran.dg/associated_5.f90 -O1 compilation failed to produce executable
FAIL: gfortran.dg/associated_5.f90 -O2 (test for excess errors)
WARNING: gfortran.dg/associated_5.f90 -O2 compilation failed to produce executable
FAIL: gfortran.dg/associated_5.f90 -O3 -fomit-frame-pointer (test for excess errors)
WARNING: gfortran.dg/associated_5.f90 -O3 -fomit-frame-pointer compilation failed to produce executable
FAIL: gfortran.dg/associated_5.f90 -O3 -fomit-frame-pointer -funroll-loops (test for excess errors)
WARNING: gfortran.dg/associated_5.f90 -O3 -fomit-frame-pointer -funroll-loops compilation failed to produce executable
FAIL: gfortran.dg/associated_5.f90 -O3 -fomit-frame-pointer -funroll-all-loops -finline-functions (test for excess errors)
WARNING: gfortran.dg/associated_5.f90 -O3 -fomit-frame-pointer -funroll-all-loops -finline-functions compilation failed to produce executable
FAIL: gfortran.dg/associated_5.f90 -O3 -g (test for excess errors)
WARNING: gfortran.dg/associated_5.f90 -O3 -g compilation failed to produce executable
FAIL: gfortran.dg/associated_5.f90 -Os (test for excess errors)
WARNING: gfortran.dg/associated_5.f90 -Os compilation failed to produce executable
FAIL: gfortran.dg/backspace_9.f -O0 (test for excess errors)
WARNING: gfortran.dg/backspace_9.f -O0 compilation failed to produce executable
FAIL: gfortran.dg/backspace_9.f -O1 (test for excess errors)
WARNING: gfortran.dg/backspace_9.f -O1 compilation failed to produce executable
FAIL: gfortran.dg/backspace_9.f -O2 (test for excess errors)
WARNING: gfortran.dg/backspace_9.f -O2 compilation failed to produce executable
FAIL: gfortran.dg/backspace_9.f -O3 -fomit-frame-pointer (test for excess errors)
WARNING: gfortran.dg/backspace_9.f -O3 -fomit-frame-pointer compilation failed to produce executable
FAIL: gfortran.dg/backspace_9.f -O3 -fomit-frame-pointer -funroll-loops (test for excess errors)
WARNING: gfortran.dg/backspace_9.f -O3 -fomit-frame-pointer -funroll-loops compilation failed to produce executable
FAIL: gfortran.dg/backspace_9.f -O3 -fomit-frame-pointer -funroll-all-loops -finline-functions (test for excess errors)
WARNING: gfortran.dg/backspace_9.f -O3 -fomit-frame-pointer -funroll-all-loops -finline-functions compilation failed to produce executable
FAIL: gfortran.dg/backspace_9.f -O3 -g (test for excess errors)
WARNING: gfortran.dg/backspace_9.f -O3 -g compilation failed to produce executable
FAIL: gfortran.dg/backspace_9.f -Os (test for excess errors)
WARNING: gfortran.dg/backspace_9.f -Os compilation failed to produce executable
FAIL: gfortran.dg/blockdata_3.f90 -O (test for excess errors)
FAIL: gfortran.dg/bound_4.f90 -O0 (test for excess errors)
WARNING: gfortran.dg/bound_4.f90 -O0 compilation failed to produce executable
FAIL: gfortran.dg/bound_4.f90 -O1 (test for excess errors)
WARNING: gfortran.dg/bound_4.f90 -O1 compilation failed to produce executable
FAIL: gfortran.dg/bound_4.f90 -O2 (test for excess errors)
WARNING: gfortran.dg/bound_4.f90 -O2 compilation failed to produce executable
FAIL: gfortran.dg/bound_4.f90 -O3 -fomit-frame-pointer (test for excess errors)
WARNING: gfortran.dg/bound_4.f90 -O3 -fomit-frame-pointer compilation failed to produce executable
FAIL: gfortran.dg/bound_4.f90 -O3 -fomit-frame-pointer -funroll-loops (test for excess errors)
WARNING: gfortran.dg/bound_4.f90 -O3 -fomit-frame-pointer -funroll-loops compilation failed to produce executable
FAIL: gfortran.dg/bound_4.f90 -O3 -fomit-frame-pointer -funroll-all-loops -finline-functions (test for excess errors)
WARNING: gfortran.dg/bound_4.f90 -O3 -fomit-frame-pointer -funroll-all-loops -finline-functions compilation failed to produce executable
FAIL: gfortran.dg/bound_4.f90 -O3 -g (test for excess errors)
WARNING: gfortran.dg/bound_4.f90 -O3 -g compilation failed to produce executable
FAIL: gfortran.dg/bound_4.f90 -Os (test for excess errors)
WARNING: gfortran.dg/bound_4.f90 -Os compilation failed to produce executable
FAIL: gfortran.dg/bound_6.f90 -O0 (internal compiler error)
FAIL: gfortran.dg/bound_6.f90 -O0 (test for excess errors)
WARNING: gfortran.dg/bound_6.f90 -O0 compilation failed to produce executable
FAIL: gfortran.dg/bound_6.f90 -O1 (internal compiler error)
FAIL: gfortran.dg/bound_6.f90 -O1 (test for excess errors)
WARNING: gfortran.dg/bound_6.f90 -O1 compilation failed to produce executable
FAIL: gfortran.dg/bound_6.f90 -O2 (internal compiler error)
FAIL: gfortran.dg/bound_6.f90 -O2 (test for excess errors)
WARNING: gfortran.dg/bound_6.f90 -O2 compilation failed to produce executable
FAIL: gfortran.dg/bound_6.f90 -O3 -fomit-frame-pointer (internal compiler error)
FAIL: gfortran.dg/bound_6.f90 -O3 -fomit-frame-pointer (test for excess errors)
WARNING: gfortran.dg/bound_6.f90 -O3 -fomit-frame-pointer compilation failed to produce executable
FAIL: gfortran.dg/bound_6.f90 -O3 -fomit-frame-pointer -funroll-loops (internal compiler error)
FAIL: gfortran.dg/bound_6.f90 -O3 -fomit-frame-pointer -funroll-loops (test for excess errors)
WARNING: gfortran.dg/bound_6.f90 -O3 -fomit-frame-pointer -funroll-loops compilation failed to produce executable
FAIL: gfortran.dg/bound_6.f90 -O3 -fomit-frame-pointer -funroll-all-loops -finline-functions (internal compiler error)
FAIL: gfortran.dg/bound_6.f90 -O3 -fomit-frame-pointer -funroll-all-loops -finline-functions (test for excess errors)
WARNING: gfortran.dg/bound_6.f90 -O3 -fomit-frame-pointer -funroll-all-loops -finline-functions compilation failed to produce executable
FAIL: gfortran.dg/bound_6.f90 -O3 -g (internal compiler error)
FAIL: gfortran.dg/bound_6.f90 -O3 -g (test for excess errors)
WARNING: gfortran.dg/bound_6.f90 -O3 -g compilation failed to produce executable
FAIL: gfortran.dg/bound_6.f90 -Os (internal compiler error)
FAIL: gfortran.dg/bound_6.f90 -Os (test for excess errors)
WARNING: gfortran.dg/bound_6.f90 -Os compilation failed to produce executable
FAIL: gfortran.dg/bounds_check_14.f90 -O0 (test for excess errors)
WARNING: gfortran.dg/bounds_check_14.f90 -O0 compilation failed to produce executable
FAIL: gfortran.dg/bounds_check_14.f90 -O1 (test for excess errors)
WARNING: gfortran.dg/bounds_check_14.f90 -O1 compilation failed to produce executable
FAIL: gfortran.dg/bounds_check_14.f90 -O2 (test for excess errors)
WARNING: gfortran.dg/bounds_check_14.f90 -O2 compilation failed to produce executable
FAIL: gfortran.dg/bounds_check_14.f90 -O3 -fomit-frame-pointer (test for excess errors)
WARNING: gfortran.dg/bounds_check_14.f90 -O3 -fomit-frame-pointer compilation failed to produce executable
FAIL: gfortran.dg/bounds_check_14.f90 -O3 -fomit-frame-pointer -funroll-loops (test for excess errors)
WARNING: gfortran.dg/bounds_check_14.f90 -O3 -fomit-frame-pointer -funroll-loops compilation failed to produce executable
FAIL: gfortran.dg/bounds_check_14.f90 -O3 -fomit-frame-pointer -funroll-all-loops -finline-functions (test for excess errors)
WARNING: gfortran.dg/bounds_check_14.f90 -O3 -fomit-frame-pointer -funroll-all-loops -finline-functions compilation failed to produce executable
FAIL: gfortran.dg/bounds_check_14.f90 -O3 -g (test for excess errors)
WARNING: gfortran.dg/bounds_check_14.f90 -O3 -g compilation failed to produce executable
FAIL: gfortran.dg/bounds_check_14.f90 -Os (test for excess errors)
WARNING: gfortran.dg/bounds_check_14.f90 -Os compilation failed to produce executable
FAIL: gfortran.dg/bounds_check_2.f -O0 (test for excess errors)
WARNING: gfortran.dg/bounds_check_2.f -O0 compilation failed to produce executable
FAIL: gfortran.dg/bounds_check_2.f -O1 (test for excess errors)
WARNING: gfortran.dg/bounds_check_2.f -O1 compilation failed to produce executable
FAIL: gfortran.dg/bounds_check_2.f -O2 (test for excess errors)
WARNING: gfortran.dg/bounds_check_2.f -O2 compilation failed to produce executable
FAIL: gfortran.dg/bounds_check_2.f -O3 -fomit-frame-pointer (test for excess errors)
WARNING: gfortran.dg/bounds_check_2.f -O3 -fomit-frame-pointer compilation failed to produce executable
FAIL: gfortran.dg/bounds_check_2.f -O3 -fomit-frame-pointer -funroll-loops (test for excess errors)
WARNING: gfortran.dg/bounds_check_2.f -O3 -fomit-frame-pointer -funroll-loops compilation failed to produce executable
FAIL: gfortran.dg/bounds_check_2.f -O3 -fomit-frame-pointer -funroll-all-loops -finline-functions (test for excess errors)
WARNING: gfortran.dg/bounds_check_2.f -O3 -fomit-frame-pointer -funroll-all-loops -finline-functions compilation failed to produce executable
FAIL: gfortran.dg/bounds_check_2.f -O3 -g (test for excess errors)
WARNING: gfortran.dg/bounds_check_2.f -O3 -g compilation failed to produce executable
FAIL: gfortran.dg/bounds_check_2.f -Os (test for excess errors)
WARNING: gfortran.dg/bounds_check_2.f -Os compilation failed to produce executable
FAIL: gfortran.dg/byte_2.f90 -O0 (test for excess errors)
WARNING: gfortran.dg/byte_2.f90 -O0 compilation failed to produce executable
FAIL: gfortran.dg/byte_2.f90 -O1 (test for excess errors)
WARNING: gfortran.dg/byte_2.f90 -O1 compilation failed to produce executable
FAIL: gfortran.dg/byte_2.f90 -O2 (test for excess errors)
WARNING: gfortran.dg/byte_2.f90 -O2 compilation failed to produce executable
FAIL: gfortran.dg/byte_2.f90 -O3 -fomit-frame-pointer (test for excess errors)
WARNING: gfortran.dg/byte_2.f90 -O3 -fomit-frame-pointer compilation failed to produce executable
FAIL: gfortran.dg/byte_2.f90 -O3 -fomit-frame-pointer -funroll-loops (test for excess errors)
WARNING: gfortran.dg/byte_2.f90 -O3 -fomit-frame-pointer -funroll-loops compilation failed to produce executable
FAIL: gfortran.dg/byte_2.f90 -O3 -fomit-frame-pointer -funroll-all-loops -finline-functions (test for excess errors)
WARNING: gfortran.dg/byte_2.f90 -O3 -fomit-frame-pointer -funroll-all-loops -finline-functions compilation failed to produce executable
FAIL: gfortran.dg/byte_2.f90 -O3 -g (test for excess errors)
WARNING: gfortran.dg/byte_2.f90 -O3 -g compilation failed to produce executable
FAIL: gfortran.dg/byte_2.f90 -Os (test for excess errors)
WARNING: gfortran.dg/byte_2.f90 -Os compilation failed to produce executable
FAIL: gfortran.dg/c_by_val_5.f90 -O1 (test for excess errors)
FAIL: gfortran.dg/c_by_val_5.f90 -O2 (test for excess errors)
FAIL: gfortran.dg/c_by_val_5.f90 -O3 -fomit-frame-pointer (test for excess errors)
FAIL: gfortran.dg/c_by_val_5.f90 -O3 -fomit-frame-pointer -funroll-loops (test for excess errors)
FAIL: gfortran.dg/c_by_val_5.f90 -O3 -fomit-frame-pointer -funroll-all-loops -finline-functions (test for excess errors)
FAIL: gfortran.dg/c_by_val_5.f90 -O3 -g (test for excess errors)
FAIL: gfortran.dg/c_by_val_5.f90 -Os (test for excess errors)
FAIL: gfortran.dg/c_sizeof_2.f90 -O (test for excess errors)
FAIL: gfortran.dg/common_4.f90 -O0 (test for excess errors)
WARNING: gfortran.dg/common_4.f90 -O0 compilation failed to produce executable
FAIL: gfortran.dg/common_4.f90 -O1 (test for excess errors)
WARNING: gfortran.dg/common_4.f90 -O1 compilation failed to produce executable
FAIL: gfortran.dg/common_4.f90 -O2 (test for excess errors)
WARNING: gfortran.dg/common_4.f90 -O2 compilation failed to produce executable
FAIL: gfortran.dg/common_4.f90 -O3 -fomit-frame-pointer (test for excess errors)
WARNING: gfortran.dg/common_4.f90 -O3 -fomit-frame-pointer compilation failed to produce executable
FAIL: gfortran.dg/common_4.f90 -O3 -fomit-frame-pointer -funroll-loops (test for excess errors)
WARNING: gfortran.dg/common_4.f90 -O3 -fomit-frame-pointer -funroll-loops compilation failed to produce executable
FAIL: gfortran.dg/common_4.f90 -O3 -fomit-frame-pointer -funroll-all-loops -finline-functions (test for excess errors)
WARNING: gfortran.dg/common_4.f90 -O3 -fomit-frame-pointer -funroll-all-loops -finline-functions compilation failed to produce executable
FAIL: gfortran.dg/common_4.f90 -O3 -g (test for excess errors)
WARNING: gfortran.dg/common_4.f90 -O3 -g compilation failed to produce executable
FAIL: gfortran.dg/common_4.f90 -Os (test for excess errors)
WARNING: gfortran.dg/common_4.f90 -Os compilation failed to produce executable
FAIL: gfortran.dg/common_equivalence_1.f -O0 (test for excess errors)
WARNING: gfortran.dg/common_equivalence_1.f -O0 compilation failed to produce executable
FAIL: gfortran.dg/common_equivalence_1.f -O1 (test for excess errors)
WARNING: gfortran.dg/common_equivalence_1.f -O1 compilation failed to produce executable
FAIL: gfortran.dg/common_equivalence_1.f -O2 (test for excess errors)
WARNING: gfortran.dg/common_equivalence_1.f -O2 compilation failed to produce executable
FAIL: gfortran.dg/common_equivalence_1.f -O3 -fomit-frame-pointer (test for excess errors)
WARNING: gfortran.dg/common_equivalence_1.f -O3 -fomit-frame-pointer compilation failed to produce executable
FAIL: gfortran.dg/common_equivalence_1.f -O3 -fomit-frame-pointer -funroll-loops (test for excess errors)
WARNING: gfortran.dg/common_equivalence_1.f -O3 -fomit-frame-pointer -funroll-loops compilation failed to produce executable
FAIL: gfortran.dg/common_equivalence_1.f -O3 -fomit-frame-pointer -funroll-all-loops -finline-functions (test for excess errors)
WARNING: gfortran.dg/common_equivalence_1.f -O3 -fomit-frame-pointer -funroll-all-loops -finline-functions compilation failed to produce executable
FAIL: gfortran.dg/common_equivalence_1.f -O3 -g (test for excess errors)
WARNING: gfortran.dg/common_equivalence_1.f -O3 -g compilation failed to produce executable
FAIL: gfortran.dg/common_equivalence_1.f -Os (test for excess errors)
WARNING: gfortran.dg/common_equivalence_1.f -Os compilation failed to produce executable
FAIL: gfortran.dg/contained_3.f90 -O0 (test for excess errors)
WARNING: gfortran.dg/contained_3.f90 -O0 compilation failed to produce executable
FAIL: gfortran.dg/contained_3.f90 -O1 (test for excess errors)
WARNING: gfortran.dg/contained_3.f90 -O1 compilation failed to produce executable
FAIL: gfortran.dg/contained_3.f90 -O2 (test for excess errors)
WARNING: gfortran.dg/contained_3.f90 -O2 compilation failed to produce executable
FAIL: gfortran.dg/contained_3.f90 -O3 -fomit-frame-pointer (test for excess errors)
WARNING: gfortran.dg/contained_3.f90 -O3 -fomit-frame-pointer compilation failed to produce executable
FAIL: gfortran.dg/contained_3.f90 -O3 -fomit-frame-pointer -funroll-loops (test for excess errors)
WARNING: gfortran.dg/contained_3.f90 -O3 -fomit-frame-pointer -funroll-loops compilation failed to produce executable
FAIL: gfortran.dg/contained_3.f90 -O3 -fomit-frame-pointer -funroll-all-loops -finline-functions (test for excess errors)
WARNING: gfortran.dg/contained_3.f90 -O3 -fomit-frame-pointer -funroll-all-loops -finline-functions compilation failed to produce executable
FAIL: gfortran.dg/contained_3.f90 -O3 -g (test for excess errors)
WARNING: gfortran.dg/contained_3.f90 -O3 -g compilation failed to produce executable
FAIL: gfortran.dg/contained_3.f90 -Os (test for excess errors)
WARNING: gfortran.dg/contained_3.f90 -Os compilation failed to produce executable
FAIL: gfortran.dg/cray_pointers_2.f90 -O0 (test for excess errors)
WARNING: gfortran.dg/cray_pointers_2.f90 -O0 compilation failed to produce executable
FAIL: gfortran.dg/cray_pointers_2.f90 -O1 (test for excess errors)
WARNING: gfortran.dg/cray_pointers_2.f90 -O1 compilation failed to produce executable
FAIL: gfortran.dg/cray_pointers_2.f90 -O2 (test for excess errors)
WARNING: gfortran.dg/cray_pointers_2.f90 -O2 compilation failed to produce executable
FAIL: gfortran.dg/cray_pointers_2.f90 -O3 -fomit-frame-pointer (test for excess errors)
WARNING: gfortran.dg/cray_pointers_2.f90 -O3 -fomit-frame-pointer compilation failed to produce executable
FAIL: gfortran.dg/cray_pointers_2.f90 -O3 -fomit-frame-pointer -funroll-loops (test for excess errors)
WARNING: gfortran.dg/cray_pointers_2.f90 -O3 -fomit-frame-pointer -funroll-loops compilation failed to produce executable
FAIL: gfortran.dg/cray_pointers_2.f90 -O3 -fomit-frame-pointer -funroll-all-loops -finline-functions (test for excess errors)
WARNING: gfortran.dg/cray_pointers_2.f90 -O3 -fomit-frame-pointer -funroll-all-loops -finline-functions compilation failed to produce executable
FAIL: gfortran.dg/cray_pointers_2.f90 -O3 -g (test for excess errors)
WARNING: gfortran.dg/cray_pointers_2.f90 -O3 -g compilation failed to produce executable
FAIL: gfortran.dg/cray_pointers_2.f90 -Os (test for excess errors)
WARNING: gfortran.dg/cray_pointers_2.f90 -Os compilation failed to produce executable
FAIL: gfortran.dg/cray_pointers_7.f90 -O0 (test for excess errors)
WARNING: gfortran.dg/cray_pointers_7.f90 -O0 compilation failed to produce executable
FAIL: gfortran.dg/cray_pointers_7.f90 -O1 (test for excess errors)
WARNING: gfortran.dg/cray_pointers_7.f90 -O1 compilation failed to produce executable
FAIL: gfortran.dg/cray_pointers_7.f90 -O2 (test for excess errors)
WARNING: gfortran.dg/cray_pointers_7.f90 -O2 compilation failed to produce executable
FAIL: gfortran.dg/cray_pointers_7.f90 -O3 -fomit-frame-pointer (test for excess errors)
WARNING: gfortran.dg/cray_pointers_7.f90 -O3 -fomit-frame-pointer compilation failed to produce executable
FAIL: gfortran.dg/cray_pointers_7.f90 -O3 -fomit-frame-pointer -funroll-loops (test for excess errors)
WARNING: gfortran.dg/cray_pointers_7.f90 -O3 -fomit-frame-pointer -funroll-loops compilation failed to produce executable
FAIL: gfortran.dg/cray_pointers_7.f90 -O3 -fomit-frame-pointer -funroll-all-loops -finline-functions (test for excess errors)
WARNING: gfortran.dg/cray_pointers_7.f90 -O3 -fomit-frame-pointer -funroll-all-loops -finline-functions compilation failed to produce executable
FAIL: gfortran.dg/cray_pointers_7.f90 -O3 -g (test for excess errors)
WARNING: gfortran.dg/cray_pointers_7.f90 -O3 -g compilation failed to produce executable
FAIL: gfortran.dg/cray_pointers_7.f90 -Os (test for excess errors)
WARNING: gfortran.dg/cray_pointers_7.f90 -Os compilation failed to produce executable
FAIL: gfortran.dg/direct_io_10.f -O0 (test for excess errors)
WARNING: gfortran.dg/direct_io_10.f -O0 compilation failed to produce executable
FAIL: gfortran.dg/direct_io_10.f -O1 (test for excess errors)
WARNING: gfortran.dg/direct_io_10.f -O1 compilation failed to produce executable
FAIL: gfortran.dg/direct_io_10.f -O2 (test for excess errors)
WARNING: gfortran.dg/direct_io_10.f -O2 compilation failed to produce executable
FAIL: gfortran.dg/direct_io_10.f -O3 -fomit-frame-pointer (test for excess errors)
WARNING: gfortran.dg/direct_io_10.f -O3 -fomit-frame-pointer compilation failed to produce executable
FAIL: gfortran.dg/direct_io_10.f -O3 -fomit-frame-pointer -funroll-loops (test for excess errors)
WARNING: gfortran.dg/direct_io_10.f -O3 -fomit-frame-pointer -funroll-loops compilation failed to produce executable
FAIL: gfortran.dg/direct_io_10.f -O3 -fomit-frame-pointer -funroll-all-loops -finline-functions (test for excess errors)
WARNING: gfortran.dg/direct_io_10.f -O3 -fomit-frame-pointer -funroll-all-loops -finline-functions compilation failed to produce executable
FAIL: gfortran.dg/direct_io_10.f -O3 -g (test for excess errors)
WARNING: gfortran.dg/direct_io_10.f -O3 -g compilation failed to produce executable
FAIL: gfortran.dg/direct_io_10.f -Os (test for excess errors)
WARNING: gfortran.dg/direct_io_10.f -Os compilation failed to produce executable
FAIL: gfortran.dg/do_iterator_2.f90 -O0 (internal compiler error)
FAIL: gfortran.dg/do_iterator_2.f90 -O0 (test for excess errors)
WARNING: gfortran.dg/do_iterator_2.f90 -O0 compilation failed to produce executable
FAIL: gfortran.dg/do_iterator_2.f90 -O1 (internal compiler error)
FAIL: gfortran.dg/do_iterator_2.f90 -O1 (test for excess errors)
WARNING: gfortran.dg/do_iterator_2.f90 -O1 compilation failed to produce executable
FAIL: gfortran.dg/do_iterator_2.f90 -O2 (internal compiler error)
FAIL: gfortran.dg/do_iterator_2.f90 -O2 (test for excess errors)
WARNING: gfortran.dg/do_iterator_2.f90 -O2 compilation failed to produce executable
FAIL: gfortran.dg/do_iterator_2.f90 -O3 -fomit-frame-pointer (internal compiler error)
FAIL: gfortran.dg/do_iterator_2.f90 -O3 -fomit-frame-pointer (test for excess errors)
WARNING: gfortran.dg/do_iterator_2.f90 -O3 -fomit-frame-pointer compilation failed to produce executable
FAIL: gfortran.dg/do_iterator_2.f90 -O3 -fomit-frame-pointer -funroll-loops (internal compiler error)
FAIL: gfortran.dg/do_iterator_2.f90 -O3 -fomit-frame-pointer -funroll-loops (test for excess errors)
WARNING: gfortran.dg/do_iterator_2.f90 -O3 -fomit-frame-pointer -funroll-loops compilation failed to produce executable
FAIL: gfortran.dg/do_iterator_2.f90 -O3 -fomit-frame-pointer -funroll-all-loops -finline-functions (internal compiler error)
FAIL: gfortran.dg/do_iterator_2.f90 -O3 -fomit-frame-pointer -funroll-all-loops -finline-functions (test for excess errors)
WARNING: gfortran.dg/do_iterator_2.f90 -O3 -fomit-frame-pointer -funroll-all-loops -finline-functions compilation failed to produce executable
FAIL: gfortran.dg/do_iterator_2.f90 -O3 -g (internal compiler error)
FAIL: gfortran.dg/do_iterator_2.f90 -O3 -g (test for excess errors)
WARNING: gfortran.dg/do_iterator_2.f90 -O3 -g compilation failed to produce executable
FAIL: gfortran.dg/do_iterator_2.f90 -Os (internal compiler error)
FAIL: gfortran.dg/do_iterator_2.f90 -Os (test for excess errors)
WARNING: gfortran.dg/do_iterator_2.f90 -Os compilation failed to produce executable
FAIL: gfortran.dg/dup_save_1.f90 -O0 (test for excess errors)
WARNING: gfortran.dg/dup_save_1.f90 -O0 compilation failed to produce executable
FAIL: gfortran.dg/dup_save_1.f90 -O1 (test for excess errors)
WARNING: gfortran.dg/dup_save_1.f90 -O1 compilation failed to produce executable
FAIL: gfortran.dg/dup_save_1.f90 -O2 (test for excess errors)
WARNING: gfortran.dg/dup_save_1.f90 -O2 compilation failed to produce executable
FAIL: gfortran.dg/dup_save_1.f90 -O3 -fomit-frame-pointer (test for excess errors)
WARNING: gfortran.dg/dup_save_1.f90 -O3 -fomit-frame-pointer compilation failed to produce executable
FAIL: gfortran.dg/dup_save_1.f90 -O3 -fomit-frame-pointer -funroll-loops (test for excess errors)
WARNING: gfortran.dg/dup_save_1.f90 -O3 -fomit-frame-pointer -funroll-loops compilation failed to produce executable
FAIL: gfortran.dg/dup_save_1.f90 -O3 -fomit-frame-pointer -funroll-all-loops -finline-functions (test for excess errors)
WARNING: gfortran.dg/dup_save_1.f90 -O3 -fomit-frame-pointer -funroll-all-loops -finline-functions compilation failed to produce executable
FAIL: gfortran.dg/dup_save_1.f90 -O3 -g (test for excess errors)
WARNING: gfortran.dg/dup_save_1.f90 -O3 -g compilation failed to produce executable
FAIL: gfortran.dg/dup_save_1.f90 -Os (test for excess errors)
WARNING: gfortran.dg/dup_save_1.f90 -Os compilation failed to produce executable
FAIL: gfortran.dg/elemental_dependency_1.f90 -O0 scan-tree-dump-times original "A.17\\[4\\]" 1
FAIL: gfortran.dg/elemental_dependency_1.f90 -O0 scan-tree-dump-times original "A.26\\[4\\]" 1
FAIL: gfortran.dg/elemental_dependency_1.f90 -O0 scan-tree-dump-times original "A.38\\[4\\]" 1
FAIL: gfortran.dg/elemental_dependency_1.f90 -O1 scan-tree-dump-times original "A.17\\[4\\]" 1
FAIL: gfortran.dg/elemental_dependency_1.f90 -O1 scan-tree-dump-times original "A.26\\[4\\]" 1
FAIL: gfortran.dg/elemental_dependency_1.f90 -O1 scan-tree-dump-times original "A.38\\[4\\]" 1
FAIL: gfortran.dg/elemental_dependency_1.f90 -O2 scan-tree-dump-times original "A.17\\[4\\]" 1
FAIL: gfortran.dg/elemental_dependency_1.f90 -O2 scan-tree-dump-times original "A.26\\[4\\]" 1
FAIL: gfortran.dg/elemental_dependency_1.f90 -O2 scan-tree-dump-times original "A.38\\[4\\]" 1
FAIL: gfortran.dg/elemental_dependency_1.f90 -O3 -fomit-frame-pointer scan-tree-dump-times original "A.17\\[4\\]" 1
FAIL: gfortran.dg/elemental_dependency_1.f90 -O3 -fomit-frame-pointer scan-tree-dump-times original "A.26\\[4\\]" 1
FAIL: gfortran.dg/elemental_dependency_1.f90 -O3 -fomit-frame-pointer scan-tree-dump-times original "A.38\\[4\\]" 1
FAIL: gfortran.dg/elemental_dependency_1.f90 -O3 -fomit-frame-pointer -funroll-loops scan-tree-dump-times original "A.17\\[4\\]" 1
FAIL: gfortran.dg/elemental_dependency_1.f90 -O3 -fomit-frame-pointer -funroll-loops scan-tree-dump-times original "A.26\\[4\\]" 1
FAIL: gfortran.dg/elemental_dependency_1.f90 -O3 -fomit-frame-pointer -funroll-loops scan-tree-dump-times original "A.38\\[4\\]" 1
FAIL: gfortran.dg/elemental_dependency_1.f90 -O3 -fomit-frame-pointer -funroll-all-loops -finline-functions scan-tree-dump-times original "A.17\\[4\\]" 1
FAIL: gfortran.dg/elemental_dependency_1.f90 -O3 -fomit-frame-pointer -funroll-all-loops -finline-functions scan-tree-dump-times original "A.26\\[4\\]" 1
FAIL: gfortran.dg/elemental_dependency_1.f90 -O3 -fomit-frame-pointer -funroll-all-loops -finline-functions scan-tree-dump-times original "A.38\\[4\\]" 1
FAIL: gfortran.dg/elemental_dependency_1.f90 -O3 -g scan-tree-dump-times original "A.17\\[4\\]" 1
FAIL: gfortran.dg/elemental_dependency_1.f90 -O3 -g scan-tree-dump-times original "A.26\\[4\\]" 1
FAIL: gfortran.dg/elemental_dependency_1.f90 -O3 -g scan-tree-dump-times original "A.38\\[4\\]" 1
FAIL: gfortran.dg/elemental_dependency_1.f90 -Os scan-tree-dump-times original "A.17\\[4\\]" 1
FAIL: gfortran.dg/elemental_dependency_1.f90 -Os scan-tree-dump-times original "A.26\\[4\\]" 1
FAIL: gfortran.dg/elemental_dependency_1.f90 -Os scan-tree-dump-times original "A.38\\[4\\]" 1
FAIL: gfortran.dg/entry_array_specs_2.f -O0 (internal compiler error)
FAIL: gfortran.dg/entry_array_specs_2.f -O0 (test for excess errors)
WARNING: gfortran.dg/entry_array_specs_2.f -O0 compilation failed to produce executable
FAIL: gfortran.dg/entry_array_specs_2.f -O1 (internal compiler error)
FAIL: gfortran.dg/entry_array_specs_2.f -O1 (test for excess errors)
WARNING: gfortran.dg/entry_array_specs_2.f -O1 compilation failed to produce executable
FAIL: gfortran.dg/entry_array_specs_2.f -O2 (internal compiler error)
FAIL: gfortran.dg/entry_array_specs_2.f -O2 (test for excess errors)
WARNING: gfortran.dg/entry_array_specs_2.f -O2 compilation failed to produce executable
FAIL: gfortran.dg/entry_array_specs_2.f -O3 -fomit-frame-pointer (internal compiler error)
FAIL: gfortran.dg/entry_array_specs_2.f -O3 -fomit-frame-pointer (test for excess errors)
WARNING: gfortran.dg/entry_array_specs_2.f -O3 -fomit-frame-pointer compilation failed to produce executable
FAIL: gfortran.dg/entry_array_specs_2.f -O3 -fomit-frame-pointer -funroll-loops (internal compiler error)
FAIL: gfortran.dg/entry_array_specs_2.f -O3 -fomit-frame-pointer -funroll-loops (test for excess errors)
WARNING: gfortran.dg/entry_array_specs_2.f -O3 -fomit-frame-pointer -funroll-loops compilation failed to produce executable
FAIL: gfortran.dg/entry_array_specs_2.f -O3 -fomit-frame-pointer -funroll-all-loops -finline-functions (internal compiler error)
FAIL: gfortran.dg/entry_array_specs_2.f -O3 -fomit-frame-pointer -funroll-all-loops -finline-functions (test for excess errors)
WARNING: gfortran.dg/entry_array_specs_2.f -O3 -fomit-frame-pointer -funroll-all-loops -finline-functions compilation failed to produce executable
FAIL: gfortran.dg/entry_array_specs_2.f -O3 -g (internal compiler error)
FAIL: gfortran.dg/entry_array_specs_2.f -O3 -g (test for excess errors)
WARNING: gfortran.dg/entry_array_specs_2.f -O3 -g compilation failed to produce executable
FAIL: gfortran.dg/entry_array_specs_2.f -Os (internal compiler error)
FAIL: gfortran.dg/entry_array_specs_2.f -Os (test for excess errors)
WARNING: gfortran.dg/entry_array_specs_2.f -Os compilation failed to produce executable
FAIL: gfortran.dg/equiv_6.f90 -O0 (test for excess errors)
WARNING: gfortran.dg/equiv_6.f90 -O0 compilation failed to produce executable
FAIL: gfortran.dg/equiv_6.f90 -O1 (test for excess errors)
WARNING: gfortran.dg/equiv_6.f90 -O1 compilation failed to produce executable
FAIL: gfortran.dg/equiv_6.f90 -O2 (test for excess errors)
WARNING: gfortran.dg/equiv_6.f90 -O2 compilation failed to produce executable
FAIL: gfortran.dg/equiv_6.f90 -O3 -fomit-frame-pointer (test for excess errors)
WARNING: gfortran.dg/equiv_6.f90 -O3 -fomit-frame-pointer compilation failed to produce executable
FAIL: gfortran.dg/equiv_6.f90 -O3 -fomit-frame-pointer -funroll-loops (test for excess errors)
WARNING: gfortran.dg/equiv_6.f90 -O3 -fomit-frame-pointer -funroll-loops compilation failed to produce executable
FAIL: gfortran.dg/equiv_6.f90 -O3 -fomit-frame-pointer -funroll-all-loops -finline-functions (test for excess errors)
WARNING: gfortran.dg/equiv_6.f90 -O3 -fomit-frame-pointer -funroll-all-loops -finline-functions compilation failed to produce executable
FAIL: gfortran.dg/equiv_6.f90 -O3 -g (test for excess errors)
WARNING: gfortran.dg/equiv_6.f90 -O3 -g compilation failed to produce executable
FAIL: gfortran.dg/equiv_6.f90 -Os (test for excess errors)
WARNING: gfortran.dg/equiv_6.f90 -Os compilation failed to produce executable
FAIL: gfortran.dg/extended_char_comparison_1.f -O0 (test for excess errors)
WARNING: gfortran.dg/extended_char_comparison_1.f -O0 compilation failed to produce executable
FAIL: gfortran.dg/extended_char_comparison_1.f -O1 (test for excess errors)
WARNING: gfortran.dg/extended_char_comparison_1.f -O1 compilation failed to produce executable
FAIL: gfortran.dg/extended_char_comparison_1.f -O2 (test for excess errors)
WARNING: gfortran.dg/extended_char_comparison_1.f -O2 compilation failed to produce executable
FAIL: gfortran.dg/extended_char_comparison_1.f -O3 -fomit-frame-pointer (test for excess errors)
WARNING: gfortran.dg/extended_char_comparison_1.f -O3 -fomit-frame-pointer compilation failed to produce executable
FAIL: gfortran.dg/extended_char_comparison_1.f -O3 -fomit-frame-pointer -funroll-loops (test for excess errors)
WARNING: gfortran.dg/extended_char_comparison_1.f -O3 -fomit-frame-pointer -funroll-loops compilation failed to produce executable
FAIL: gfortran.dg/extended_char_comparison_1.f -O3 -fomit-frame-pointer -funroll-all-loops -finline-functions (test for excess errors)
WARNING: gfortran.dg/extended_char_comparison_1.f -O3 -fomit-frame-pointer -funroll-all-loops -finline-functions compilation failed to produce executable
FAIL: gfortran.dg/extended_char_comparison_1.f -O3 -g (test for excess errors)
WARNING: gfortran.dg/extended_char_comparison_1.f -O3 -g compilation failed to produce executable
FAIL: gfortran.dg/extended_char_comparison_1.f -Os (test for excess errors)
WARNING: gfortran.dg/extended_char_comparison_1.f -Os compilation failed to produce executable
FAIL: gfortran.dg/f2c_4.f90 -O0 (test for excess errors)
WARNING: gfortran.dg/f2c_4.f90 -O0 compilation failed to produce executable
FAIL: gfortran.dg/f2c_4.f90 -O1 (test for excess errors)
WARNING: gfortran.dg/f2c_4.f90 -O1 compilation failed to produce executable
FAIL: gfortran.dg/f2c_4.f90 -O2 (test for excess errors)
WARNING: gfortran.dg/f2c_4.f90 -O2 compilation failed to produce executable
FAIL: gfortran.dg/f2c_4.f90 -O3 -fomit-frame-pointer (test for excess errors)
WARNING: gfortran.dg/f2c_4.f90 -O3 -fomit-frame-pointer compilation failed to produce executable
FAIL: gfortran.dg/f2c_4.f90 -O3 -fomit-frame-pointer -funroll-loops (test for excess errors)
WARNING: gfortran.dg/f2c_4.f90 -O3 -fomit-frame-pointer -funroll-loops compilation failed to produce executable
FAIL: gfortran.dg/f2c_4.f90 -O3 -fomit-frame-pointer -funroll-all-loops -finline-functions (test for excess errors)
WARNING: gfortran.dg/f2c_4.f90 -O3 -fomit-frame-pointer -funroll-all-loops -finline-functions compilation failed to produce executable
FAIL: gfortran.dg/f2c_4.f90 -O3 -g (test for excess errors)
WARNING: gfortran.dg/f2c_4.f90 -O3 -g compilation failed to produce executable
FAIL: gfortran.dg/f2c_4.f90 -Os (test for excess errors)
WARNING: gfortran.dg/f2c_4.f90 -Os compilation failed to produce executable
FAIL: gfortran.dg/f2c_5.f90 -O0 (test for excess errors)
WARNING: gfortran.dg/f2c_5.f90 -O0 compilation failed to produce executable
FAIL: gfortran.dg/f2c_5.f90 -O1 (test for excess errors)
WARNING: gfortran.dg/f2c_5.f90 -O1 compilation failed to produce executable
FAIL: gfortran.dg/f2c_5.f90 -O2 (test for excess errors)
WARNING: gfortran.dg/f2c_5.f90 -O2 compilation failed to produce executable
FAIL: gfortran.dg/f2c_5.f90 -O3 -fomit-frame-pointer (test for excess errors)
WARNING: gfortran.dg/f2c_5.f90 -O3 -fomit-frame-pointer compilation failed to produce executable
FAIL: gfortran.dg/f2c_5.f90 -O3 -fomit-frame-pointer -funroll-loops (test for excess errors)
WARNING: gfortran.dg/f2c_5.f90 -O3 -fomit-frame-pointer -funroll-loops compilation failed to produce executable
FAIL: gfortran.dg/f2c_5.f90 -O3 -fomit-frame-pointer -funroll-all-loops -finline-functions (test for excess errors)
WARNING: gfortran.dg/f2c_5.f90 -O3 -fomit-frame-pointer -funroll-all-loops -finline-functions compilation failed to produce executable
FAIL: gfortran.dg/f2c_5.f90 -O3 -g (test for excess errors)
WARNING: gfortran.dg/f2c_5.f90 -O3 -g compilation failed to produce executable
FAIL: gfortran.dg/f2c_5.f90 -Os (test for excess errors)
WARNING: gfortran.dg/f2c_5.f90 -Os compilation failed to produce executable
FAIL: gfortran.dg/hollerith.f90 -O0 (test for excess errors)
WARNING: gfortran.dg/hollerith.f90 -O0 compilation failed to produce executable
FAIL: gfortran.dg/hollerith.f90 -O1 (test for excess errors)
WARNING: gfortran.dg/hollerith.f90 -O1 compilation failed to produce executable
FAIL: gfortran.dg/hollerith.f90 -O2 (test for excess errors)
WARNING: gfortran.dg/hollerith.f90 -O2 compilation failed to produce executable
FAIL: gfortran.dg/hollerith.f90 -O3 -fomit-frame-pointer (test for excess errors)
WARNING: gfortran.dg/hollerith.f90 -O3 -fomit-frame-pointer compilation failed to produce executable
FAIL: gfortran.dg/hollerith.f90 -O3 -fomit-frame-pointer -funroll-loops (test for excess errors)
WARNING: gfortran.dg/hollerith.f90 -O3 -fomit-frame-pointer -funroll-loops compilation failed to produce executable
FAIL: gfortran.dg/hollerith.f90 -O3 -fomit-frame-pointer -funroll-all-loops -finline-functions (test for excess errors)
WARNING: gfortran.dg/hollerith.f90 -O3 -fomit-frame-pointer -funroll-all-loops -finline-functions compilation failed to produce executable
FAIL: gfortran.dg/hollerith.f90 -O3 -g (test for excess errors)
WARNING: gfortran.dg/hollerith.f90 -O3 -g compilation failed to produce executable
FAIL: gfortran.dg/hollerith.f90 -Os (test for excess errors)
WARNING: gfortran.dg/hollerith.f90 -Os compilation failed to produce executable
FAIL: gfortran.dg/in_pack_rank7.f90 -O0 (test for excess errors)
WARNING: gfortran.dg/in_pack_rank7.f90 -O0 compilation failed to produce executable
FAIL: gfortran.dg/in_pack_rank7.f90 -O1 (test for excess errors)
WARNING: gfortran.dg/in_pack_rank7.f90 -O1 compilation failed to produce executable
FAIL: gfortran.dg/in_pack_rank7.f90 -O2 (test for excess errors)
WARNING: gfortran.dg/in_pack_rank7.f90 -O2 compilation failed to produce executable
FAIL: gfortran.dg/in_pack_rank7.f90 -O3 -fomit-frame-pointer (test for excess errors)
WARNING: gfortran.dg/in_pack_rank7.f90 -O3 -fomit-frame-pointer compilation failed to produce executable
FAIL: gfortran.dg/in_pack_rank7.f90 -O3 -fomit-frame-pointer -funroll-loops (test for excess errors)
WARNING: gfortran.dg/in_pack_rank7.f90 -O3 -fomit-frame-pointer -funroll-loops compilation failed to produce executable
FAIL: gfortran.dg/in_pack_rank7.f90 -O3 -fomit-frame-pointer -funroll-all-loops -finline-functions (test for excess errors)
WARNING: gfortran.dg/in_pack_rank7.f90 -O3 -fomit-frame-pointer -funroll-all-loops -finline-functions compilation failed to produce executable
FAIL: gfortran.dg/in_pack_rank7.f90 -O3 -g (test for excess errors)
WARNING: gfortran.dg/in_pack_rank7.f90 -O3 -g compilation failed to produce executable
FAIL: gfortran.dg/in_pack_rank7.f90 -Os (test for excess errors)
WARNING: gfortran.dg/in_pack_rank7.f90 -Os compilation failed to produce executable
FAIL: gfortran.dg/init_flag_1.f90 -O0 (test for excess errors)
WARNING: gfortran.dg/init_flag_1.f90 -O0 compilation failed to produce executable
FAIL: gfortran.dg/init_flag_1.f90 -O1 (test for excess errors)
WARNING: gfortran.dg/init_flag_1.f90 -O1 compilation failed to produce executable
FAIL: gfortran.dg/init_flag_1.f90 -O2 (test for excess errors)
WARNING: gfortran.dg/init_flag_1.f90 -O2 compilation failed to produce executable
FAIL: gfortran.dg/init_flag_1.f90 -O3 -fomit-frame-pointer (test for excess errors)
WARNING: gfortran.dg/init_flag_1.f90 -O3 -fomit-frame-pointer compilation failed to produce executable
FAIL: gfortran.dg/init_flag_1.f90 -O3 -fomit-frame-pointer -funroll-loops (test for excess errors)
WARNING: gfortran.dg/init_flag_1.f90 -O3 -fomit-frame-pointer -funroll-loops compilation failed to produce executable
FAIL: gfortran.dg/init_flag_1.f90 -O3 -fomit-frame-pointer -funroll-all-loops -finline-functions (test for excess errors)
WARNING: gfortran.dg/init_flag_1.f90 -O3 -fomit-frame-pointer -funroll-all-loops -finline-functions compilation failed to produce executable
FAIL: gfortran.dg/init_flag_1.f90 -O3 -g (test for excess errors)
WARNING: gfortran.dg/init_flag_1.f90 -O3 -g compilation failed to produce executable
FAIL: gfortran.dg/init_flag_1.f90 -Os (test for excess errors)
WARNING: gfortran.dg/init_flag_1.f90 -Os compilation failed to produce executable
FAIL: gfortran.dg/init_flag_2.f90 -O0 (test for excess errors)
WARNING: gfortran.dg/init_flag_2.f90 -O0 compilation failed to produce executable
FAIL: gfortran.dg/init_flag_2.f90 -O1 (test for excess errors)
WARNING: gfortran.dg/init_flag_2.f90 -O1 compilation failed to produce executable
FAIL: gfortran.dg/init_flag_2.f90 -O2 (test for excess errors)
WARNING: gfortran.dg/init_flag_2.f90 -O2 compilation failed to produce executable
FAIL: gfortran.dg/init_flag_2.f90 -O3 -fomit-frame-pointer (test for excess errors)
WARNING: gfortran.dg/init_flag_2.f90 -O3 -fomit-frame-pointer compilation failed to produce executable
FAIL: gfortran.dg/init_flag_2.f90 -O3 -fomit-frame-pointer -funroll-loops (test for excess errors)
WARNING: gfortran.dg/init_flag_2.f90 -O3 -fomit-frame-pointer -funroll-loops compilation failed to produce executable
FAIL: gfortran.dg/init_flag_2.f90 -O3 -fomit-frame-pointer -funroll-all-loops -finline-functions (test for excess errors)
WARNING: gfortran.dg/init_flag_2.f90 -O3 -fomit-frame-pointer -funroll-all-loops -finline-functions compilation failed to produce executable
FAIL: gfortran.dg/init_flag_2.f90 -O3 -g (test for excess errors)
WARNING: gfortran.dg/init_flag_2.f90 -O3 -g compilation failed to produce executable
FAIL: gfortran.dg/init_flag_2.f90 -Os (test for excess errors)
WARNING: gfortran.dg/init_flag_2.f90 -Os compilation failed to produce executable
FAIL: gfortran.dg/init_flag_3.f90 -O0 (test for excess errors)
WARNING: gfortran.dg/init_flag_3.f90 -O0 compilation failed to produce executable
FAIL: gfortran.dg/init_flag_3.f90 -O1 (test for excess errors)
WARNING: gfortran.dg/init_flag_3.f90 -O1 compilation failed to produce executable
FAIL: gfortran.dg/init_flag_3.f90 -O2 (test for excess errors)
WARNING: gfortran.dg/init_flag_3.f90 -O2 compilation failed to produce executable
FAIL: gfortran.dg/init_flag_3.f90 -O3 -fomit-frame-pointer (test for excess errors)
WARNING: gfortran.dg/init_flag_3.f90 -O3 -fomit-frame-pointer compilation failed to produce executable
FAIL: gfortran.dg/init_flag_3.f90 -O3 -fomit-frame-pointer -funroll-loops (test for excess errors)
WARNING: gfortran.dg/init_flag_3.f90 -O3 -fomit-frame-pointer -funroll-loops compilation failed to produce executable
FAIL: gfortran.dg/init_flag_3.f90 -O3 -fomit-frame-pointer -funroll-all-loops -finline-functions (test for excess errors)
WARNING: gfortran.dg/init_flag_3.f90 -O3 -fomit-frame-pointer -funroll-all-loops -finline-functions compilation failed to produce executable
FAIL: gfortran.dg/init_flag_3.f90 -O3 -g (test for excess errors)
WARNING: gfortran.dg/init_flag_3.f90 -O3 -g compilation failed to produce executable
FAIL: gfortran.dg/init_flag_3.f90 -Os (test for excess errors)
WARNING: gfortran.dg/init_flag_3.f90 -Os compilation failed to produce executable
FAIL: gfortran.dg/init_flag_4.f90 -O0 (test for excess errors)
WARNING: gfortran.dg/init_flag_4.f90 -O0 compilation failed to produce executable
FAIL: gfortran.dg/init_flag_4.f90 -O1 (test for excess errors)
WARNING: gfortran.dg/init_flag_4.f90 -O1 compilation failed to produce executable
FAIL: gfortran.dg/init_flag_4.f90 -O2 (test for excess errors)
WARNING: gfortran.dg/init_flag_4.f90 -O2 compilation failed to produce executable
FAIL: gfortran.dg/init_flag_4.f90 -O3 -fomit-frame-pointer (test for excess errors)
WARNING: gfortran.dg/init_flag_4.f90 -O3 -fomit-frame-pointer compilation failed to produce executable
FAIL: gfortran.dg/init_flag_4.f90 -O3 -fomit-frame-pointer -funroll-loops (test for excess errors)
WARNING: gfortran.dg/init_flag_4.f90 -O3 -fomit-frame-pointer -funroll-loops compilation failed to produce executable
FAIL: gfortran.dg/init_flag_4.f90 -O3 -fomit-frame-pointer -funroll-all-loops -finline-functions (test for excess errors)
WARNING: gfortran.dg/init_flag_4.f90 -O3 -fomit-frame-pointer -funroll-all-loops -finline-functions compilation failed to produce executable
FAIL: gfortran.dg/init_flag_4.f90 -O3 -g (test for excess errors)
WARNING: gfortran.dg/init_flag_4.f90 -O3 -g compilation failed to produce executable
FAIL: gfortran.dg/init_flag_4.f90 -Os (test for excess errors)
WARNING: gfortran.dg/init_flag_4.f90 -Os compilation failed to produce executable
FAIL: gfortran.dg/init_flag_5.f90 -O0 (test for excess errors)
WARNING: gfortran.dg/init_flag_5.f90 -O0 compilation failed to produce executable
FAIL: gfortran.dg/init_flag_5.f90 -O1 (test for excess errors)
WARNING: gfortran.dg/init_flag_5.f90 -O1 compilation failed to produce executable
FAIL: gfortran.dg/init_flag_5.f90 -O2 (test for excess errors)
WARNING: gfortran.dg/init_flag_5.f90 -O2 compilation failed to produce executable
FAIL: gfortran.dg/init_flag_5.f90 -O3 -fomit-frame-pointer (test for excess errors)
WARNING: gfortran.dg/init_flag_5.f90 -O3 -fomit-frame-pointer compilation failed to produce executable
FAIL: gfortran.dg/init_flag_5.f90 -O3 -fomit-frame-pointer -funroll-loops (test for excess errors)
WARNING: gfortran.dg/init_flag_5.f90 -O3 -fomit-frame-pointer -funroll-loops compilation failed to produce executable
FAIL: gfortran.dg/init_flag_5.f90 -O3 -fomit-frame-pointer -funroll-all-loops -finline-functions (test for excess errors)
WARNING: gfortran.dg/init_flag_5.f90 -O3 -fomit-frame-pointer -funroll-all-loops -finline-functions compilation failed to produce executable
FAIL: gfortran.dg/init_flag_5.f90 -O3 -g (test for excess errors)
WARNING: gfortran.dg/init_flag_5.f90 -O3 -g compilation failed to produce executable
FAIL: gfortran.dg/init_flag_5.f90 -Os (test for excess errors)
WARNING: gfortran.dg/init_flag_5.f90 -Os compilation failed to produce executable
FAIL: gfortran.dg/init_flag_6.f90 -O0 (test for excess errors)
WARNING: gfortran.dg/init_flag_6.f90 -O0 compilation failed to produce executable
FAIL: gfortran.dg/init_flag_6.f90 -O1 (test for excess errors)
WARNING: gfortran.dg/init_flag_6.f90 -O1 compilation failed to produce executable
FAIL: gfortran.dg/init_flag_6.f90 -O2 (test for excess errors)
WARNING: gfortran.dg/init_flag_6.f90 -O2 compilation failed to produce executable
FAIL: gfortran.dg/init_flag_6.f90 -O3 -fomit-frame-pointer (test for excess errors)
WARNING: gfortran.dg/init_flag_6.f90 -O3 -fomit-frame-pointer compilation failed to produce executable
FAIL: gfortran.dg/init_flag_6.f90 -O3 -fomit-frame-pointer -funroll-loops (test for excess errors)
WARNING: gfortran.dg/init_flag_6.f90 -O3 -fomit-frame-pointer -funroll-loops compilation failed to produce executable
FAIL: gfortran.dg/init_flag_6.f90 -O3 -fomit-frame-pointer -funroll-all-loops -finline-functions (test for excess errors)
WARNING: gfortran.dg/init_flag_6.f90 -O3 -fomit-frame-pointer -funroll-all-loops -finline-functions compilation failed to produce executable
FAIL: gfortran.dg/init_flag_6.f90 -O3 -g (test for excess errors)
WARNING: gfortran.dg/init_flag_6.f90 -O3 -g compilation failed to produce executable
FAIL: gfortran.dg/init_flag_6.f90 -Os (test for excess errors)
WARNING: gfortran.dg/init_flag_6.f90 -Os compilation failed to produce executable
FAIL: gfortran.dg/init_flag_7.f90 -O0 (test for excess errors)
WARNING: gfortran.dg/init_flag_7.f90 -O0 compilation failed to produce executable
FAIL: gfortran.dg/init_flag_7.f90 -O1 (test for excess errors)
WARNING: gfortran.dg/init_flag_7.f90 -O1 compilation failed to produce executable
FAIL: gfortran.dg/init_flag_7.f90 -O2 (test for excess errors)
WARNING: gfortran.dg/init_flag_7.f90 -O2 compilation failed to produce executable
FAIL: gfortran.dg/init_flag_7.f90 -O3 -fomit-frame-pointer (test for excess errors)
WARNING: gfortran.dg/init_flag_7.f90 -O3 -fomit-frame-pointer compilation failed to produce executable
FAIL: gfortran.dg/init_flag_7.f90 -O3 -fomit-frame-pointer -funroll-loops (test for excess errors)
WARNING: gfortran.dg/init_flag_7.f90 -O3 -fomit-frame-pointer -funroll-loops compilation failed to produce executable
FAIL: gfortran.dg/init_flag_7.f90 -O3 -fomit-frame-pointer -funroll-all-loops -finline-functions (test for excess errors)
WARNING: gfortran.dg/init_flag_7.f90 -O3 -fomit-frame-pointer -funroll-all-loops -finline-functions compilation failed to produce executable
FAIL: gfortran.dg/init_flag_7.f90 -O3 -g (test for excess errors)
WARNING: gfortran.dg/init_flag_7.f90 -O3 -g compilation failed to produce executable
FAIL: gfortran.dg/init_flag_7.f90 -Os (test for excess errors)
WARNING: gfortran.dg/init_flag_7.f90 -Os compilation failed to produce executable
FAIL: gfortran.dg/initialization_18.f90 -O (test for excess errors)
FAIL: gfortran.dg/integer_exponentiation_2.f90 -O0 (internal compiler error)
FAIL: gfortran.dg/integer_exponentiation_2.f90 -O0 (test for excess errors)
WARNING: gfortran.dg/integer_exponentiation_2.f90 -O0 compilation failed to produce executable
FAIL: gfortran.dg/integer_exponentiation_2.f90 -O1 (internal compiler error)
FAIL: gfortran.dg/integer_exponentiation_2.f90 -O1 (test for excess errors)
WARNING: gfortran.dg/integer_exponentiation_2.f90 -O1 compilation failed to produce executable
FAIL: gfortran.dg/integer_exponentiation_2.f90 -O2 (internal compiler error)
FAIL: gfortran.dg/integer_exponentiation_2.f90 -O2 (test for excess errors)
WARNING: gfortran.dg/integer_exponentiation_2.f90 -O2 compilation failed to produce executable
FAIL: gfortran.dg/integer_exponentiation_2.f90 -O3 -fomit-frame-pointer (internal compiler error)
FAIL: gfortran.dg/integer_exponentiation_2.f90 -O3 -fomit-frame-pointer (test for excess errors)
WARNING: gfortran.dg/integer_exponentiation_2.f90 -O3 -fomit-frame-pointer compilation failed to produce executable
FAIL: gfortran.dg/integer_exponentiation_2.f90 -O3 -fomit-frame-pointer -funroll-loops (internal compiler error)
FAIL: gfortran.dg/integer_exponentiation_2.f90 -O3 -fomit-frame-pointer -funroll-loops (test for excess errors)
WARNING: gfortran.dg/integer_exponentiation_2.f90 -O3 -fomit-frame-pointer -funroll-loops compilation failed to produce executable
FAIL: gfortran.dg/integer_exponentiation_2.f90 -O3 -fomit-frame-pointer -funroll-all-loops -finline-functions (internal compiler error)
FAIL: gfortran.dg/integer_exponentiation_2.f90 -O3 -fomit-frame-pointer -funroll-all-loops -finline-functions (test for excess errors)
WARNING: gfortran.dg/integer_exponentiation_2.f90 -O3 -fomit-frame-pointer -funroll-all-loops -finline-functions compilation failed to produce executable
FAIL: gfortran.dg/integer_exponentiation_2.f90 -O3 -g (internal compiler error)
FAIL: gfortran.dg/integer_exponentiation_2.f90 -O3 -g (test for excess errors)
WARNING: gfortran.dg/integer_exponentiation_2.f90 -O3 -g compilation failed to produce executable
FAIL: gfortran.dg/integer_exponentiation_2.f90 -Os (internal compiler error)
FAIL: gfortran.dg/integer_exponentiation_2.f90 -Os (test for excess errors)
WARNING: gfortran.dg/integer_exponentiation_2.f90 -Os compilation failed to produce executable
FAIL: gfortran.dg/interface_12.f90 -O0 (test for excess errors)
WARNING: gfortran.dg/interface_12.f90 -O0 compilation failed to produce executable
FAIL: gfortran.dg/interface_12.f90 -O1 (test for excess errors)
WARNING: gfortran.dg/interface_12.f90 -O1 compilation failed to produce executable
FAIL: gfortran.dg/interface_12.f90 -O2 (test for excess errors)
WARNING: gfortran.dg/interface_12.f90 -O2 compilation failed to produce executable
FAIL: gfortran.dg/interface_12.f90 -O3 -fomit-frame-pointer (test for excess errors)
WARNING: gfortran.dg/interface_12.f90 -O3 -fomit-frame-pointer compilation failed to produce executable
FAIL: gfortran.dg/interface_12.f90 -O3 -fomit-frame-pointer -funroll-loops (test for excess errors)
WARNING: gfortran.dg/interface_12.f90 -O3 -fomit-frame-pointer -funroll-loops compilation failed to produce executable
FAIL: gfortran.dg/interface_12.f90 -O3 -fomit-frame-pointer -funroll-all-loops -finline-functions (test for excess errors)
WARNING: gfortran.dg/interface_12.f90 -O3 -fomit-frame-pointer -funroll-all-loops -finline-functions compilation failed to produce executable
FAIL: gfortran.dg/interface_12.f90 -O3 -g (test for excess errors)
WARNING: gfortran.dg/interface_12.f90 -O3 -g compilation failed to produce executable
FAIL: gfortran.dg/interface_12.f90 -Os (test for excess errors)
WARNING: gfortran.dg/interface_12.f90 -Os compilation failed to produce executable
FAIL: gfortran.dg/internal_pack_1.f90 -O0 (test for excess errors)
WARNING: gfortran.dg/internal_pack_1.f90 -O0 compilation failed to produce executable
FAIL: gfortran.dg/internal_pack_1.f90 -O1 (test for excess errors)
WARNING: gfortran.dg/internal_pack_1.f90 -O1 compilation failed to produce executable
FAIL: gfortran.dg/internal_pack_1.f90 -O2 (test for excess errors)
WARNING: gfortran.dg/internal_pack_1.f90 -O2 compilation failed to produce executable
FAIL: gfortran.dg/internal_pack_1.f90 -O3 -fomit-frame-pointer (test for excess errors)
WARNING: gfortran.dg/internal_pack_1.f90 -O3 -fomit-frame-pointer compilation failed to produce executable
FAIL: gfortran.dg/internal_pack_1.f90 -O3 -fomit-frame-pointer -funroll-loops (test for excess errors)
WARNING: gfortran.dg/internal_pack_1.f90 -O3 -fomit-frame-pointer -funroll-loops compilation failed to produce executable
FAIL: gfortran.dg/internal_pack_1.f90 -O3 -fomit-frame-pointer -funroll-all-loops -finline-functions (test for excess errors)
WARNING: gfortran.dg/internal_pack_1.f90 -O3 -fomit-frame-pointer -funroll-all-loops -finline-functions compilation failed to produce executable
FAIL: gfortran.dg/internal_pack_1.f90 -O3 -g (test for excess errors)
WARNING: gfortran.dg/internal_pack_1.f90 -O3 -g compilation failed to produce executable
FAIL: gfortran.dg/internal_pack_1.f90 -Os (test for excess errors)
WARNING: gfortran.dg/internal_pack_1.f90 -Os compilation failed to produce executable
FAIL: gfortran.dg/internal_pack_2.f90 -O0 (test for excess errors)
WARNING: gfortran.dg/internal_pack_2.f90 -O0 compilation failed to produce executable
FAIL: gfortran.dg/internal_pack_2.f90 -O1 (test for excess errors)
WARNING: gfortran.dg/internal_pack_2.f90 -O1 compilation failed to produce executable
FAIL: gfortran.dg/internal_pack_2.f90 -O2 (test for excess errors)
WARNING: gfortran.dg/internal_pack_2.f90 -O2 compilation failed to produce executable
FAIL: gfortran.dg/internal_pack_2.f90 -O3 -fomit-frame-pointer (test for excess errors)
WARNING: gfortran.dg/internal_pack_2.f90 -O3 -fomit-frame-pointer compilation failed to produce executable
FAIL: gfortran.dg/internal_pack_2.f90 -O3 -fomit-frame-pointer -funroll-loops (test for excess errors)
WARNING: gfortran.dg/internal_pack_2.f90 -O3 -fomit-frame-pointer -funroll-loops compilation failed to produce executable
FAIL: gfortran.dg/internal_pack_2.f90 -O3 -fomit-frame-pointer -funroll-all-loops -finline-functions (test for excess errors)
WARNING: gfortran.dg/internal_pack_2.f90 -O3 -fomit-frame-pointer -funroll-all-loops -finline-functions compilation failed to produce executable
FAIL: gfortran.dg/internal_pack_2.f90 -O3 -g (test for excess errors)
WARNING: gfortran.dg/internal_pack_2.f90 -O3 -g compilation failed to produce executable
FAIL: gfortran.dg/internal_pack_2.f90 -Os (test for excess errors)
WARNING: gfortran.dg/internal_pack_2.f90 -Os compilation failed to produce executable
FAIL: gfortran.dg/intrinsic_ifunction_1.f90 -O0 (test for excess errors)
WARNING: gfortran.dg/intrinsic_ifunction_1.f90 -O0 compilation failed to produce executable
FAIL: gfortran.dg/intrinsic_ifunction_1.f90 -O1 (test for excess errors)
WARNING: gfortran.dg/intrinsic_ifunction_1.f90 -O1 compilation failed to produce executable
FAIL: gfortran.dg/intrinsic_ifunction_1.f90 -O2 (test for excess errors)
WARNING: gfortran.dg/intrinsic_ifunction_1.f90 -O2 compilation failed to produce executable
FAIL: gfortran.dg/intrinsic_ifunction_1.f90 -O3 -fomit-frame-pointer (test for excess errors)
WARNING: gfortran.dg/intrinsic_ifunction_1.f90 -O3 -fomit-frame-pointer compilation failed to produce executable
FAIL: gfortran.dg/intrinsic_ifunction_1.f90 -O3 -fomit-frame-pointer -funroll-loops (test for excess errors)
WARNING: gfortran.dg/intrinsic_ifunction_1.f90 -O3 -fomit-frame-pointer -funroll-loops compilation failed to produce executable
FAIL: gfortran.dg/intrinsic_ifunction_1.f90 -O3 -fomit-frame-pointer -funroll-all-loops -finline-functions (test for excess errors)
WARNING: gfortran.dg/intrinsic_ifunction_1.f90 -O3 -fomit-frame-pointer -funroll-all-loops -finline-functions compilation failed to produce executable
FAIL: gfortran.dg/intrinsic_ifunction_1.f90 -O3 -g (test for excess errors)
WARNING: gfortran.dg/intrinsic_ifunction_1.f90 -O3 -g compilation failed to produce executable
FAIL: gfortran.dg/intrinsic_ifunction_1.f90 -Os (test for excess errors)
WARNING: gfortran.dg/intrinsic_ifunction_1.f90 -Os compilation failed to produce executable
FAIL: gfortran.dg/intrinsic_pack_4.f90 -O0 (test for excess errors)
WARNING: gfortran.dg/intrinsic_pack_4.f90 -O0 compilation failed to produce executable
FAIL: gfortran.dg/intrinsic_pack_4.f90 -O1 (test for excess errors)
WARNING: gfortran.dg/intrinsic_pack_4.f90 -O1 compilation failed to produce executable
FAIL: gfortran.dg/intrinsic_pack_4.f90 -O2 (test for excess errors)
WARNING: gfortran.dg/intrinsic_pack_4.f90 -O2 compilation failed to produce executable
FAIL: gfortran.dg/intrinsic_pack_4.f90 -O3 -fomit-frame-pointer (test for excess errors)
WARNING: gfortran.dg/intrinsic_pack_4.f90 -O3 -fomit-frame-pointer compilation failed to produce executable
FAIL: gfortran.dg/intrinsic_pack_4.f90 -O3 -fomit-frame-pointer -funroll-loops (test for excess errors)
WARNING: gfortran.dg/intrinsic_pack_4.f90 -O3 -fomit-frame-pointer -funroll-loops compilation failed to produce executable
FAIL: gfortran.dg/intrinsic_pack_4.f90 -O3 -fomit-frame-pointer -funroll-all-loops -finline-functions (test for excess errors)
WARNING: gfortran.dg/intrinsic_pack_4.f90 -O3 -fomit-frame-pointer -funroll-all-loops -finline-functions compilation failed to produce executable
FAIL: gfortran.dg/intrinsic_pack_4.f90 -O3 -g (test for excess errors)
WARNING: gfortran.dg/intrinsic_pack_4.f90 -O3 -g compilation failed to produce executable
FAIL: gfortran.dg/intrinsic_pack_4.f90 -Os (test for excess errors)
WARNING: gfortran.dg/intrinsic_pack_4.f90 -Os compilation failed to produce executable
FAIL: gfortran.dg/intrinsic_product_1.f90 -O0 (test for excess errors)
WARNING: gfortran.dg/intrinsic_product_1.f90 -O0 compilation failed to produce executable
FAIL: gfortran.dg/intrinsic_product_1.f90 -O1 (test for excess errors)
WARNING: gfortran.dg/intrinsic_product_1.f90 -O1 compilation failed to produce executable
FAIL: gfortran.dg/intrinsic_product_1.f90 -O2 (test for excess errors)
WARNING: gfortran.dg/intrinsic_product_1.f90 -O2 compilation failed to produce executable
FAIL: gfortran.dg/intrinsic_product_1.f90 -O3 -fomit-frame-pointer (test for excess errors)
WARNING: gfortran.dg/intrinsic_product_1.f90 -O3 -fomit-frame-pointer compilation failed to produce executable
FAIL: gfortran.dg/intrinsic_product_1.f90 -O3 -fomit-frame-pointer -funroll-loops (test for excess errors)
WARNING: gfortran.dg/intrinsic_product_1.f90 -O3 -fomit-frame-pointer -funroll-loops compilation failed to produce executable
FAIL: gfortran.dg/intrinsic_product_1.f90 -O3 -fomit-frame-pointer -funroll-all-loops -finline-functions (test for excess errors)
WARNING: gfortran.dg/intrinsic_product_1.f90 -O3 -fomit-frame-pointer -funroll-all-loops -finline-functions compilation failed to produce executable
FAIL: gfortran.dg/intrinsic_product_1.f90 -O3 -g (test for excess errors)
WARNING: gfortran.dg/intrinsic_product_1.f90 -O3 -g compilation failed to produce executable
FAIL: gfortran.dg/intrinsic_product_1.f90 -Os (test for excess errors)
WARNING: gfortran.dg/intrinsic_product_1.f90 -Os compilation failed to produce executable
FAIL: gfortran.dg/list_read_3.f90 -O0 (test for excess errors)
WARNING: gfortran.dg/list_read_3.f90 -O0 compilation failed to produce executable
FAIL: gfortran.dg/list_read_3.f90 -O1 (test for excess errors)
WARNING: gfortran.dg/list_read_3.f90 -O1 compilation failed to produce executable
FAIL: gfortran.dg/list_read_3.f90 -O2 (test for excess errors)
WARNING: gfortran.dg/list_read_3.f90 -O2 compilation failed to produce executable
FAIL: gfortran.dg/list_read_3.f90 -O3 -fomit-frame-pointer (test for excess errors)
WARNING: gfortran.dg/list_read_3.f90 -O3 -fomit-frame-pointer compilation failed to produce executable
FAIL: gfortran.dg/list_read_3.f90 -O3 -fomit-frame-pointer -funroll-loops (test for excess errors)
WARNING: gfortran.dg/list_read_3.f90 -O3 -fomit-frame-pointer -funroll-loops compilation failed to produce executable
FAIL: gfortran.dg/list_read_3.f90 -O3 -fomit-frame-pointer -funroll-all-loops -finline-functions (test for excess errors)
WARNING: gfortran.dg/list_read_3.f90 -O3 -fomit-frame-pointer -funroll-all-loops -finline-functions compilation failed to produce executable
FAIL: gfortran.dg/list_read_3.f90 -O3 -g (test for excess errors)
WARNING: gfortran.dg/list_read_3.f90 -O3 -g compilation failed to produce executable
FAIL: gfortran.dg/list_read_3.f90 -Os (test for excess errors)
WARNING: gfortran.dg/list_read_3.f90 -Os compilation failed to produce executable
FAIL: gfortran.dg/loc_1.f90 -O0 (test for excess errors)
WARNING: gfortran.dg/loc_1.f90 -O0 compilation failed to produce executable
FAIL: gfortran.dg/loc_1.f90 -O1 (test for excess errors)
WARNING: gfortran.dg/loc_1.f90 -O1 compilation failed to produce executable
FAIL: gfortran.dg/loc_1.f90 -O2 (test for excess errors)
WARNING: gfortran.dg/loc_1.f90 -O2 compilation failed to produce executable
FAIL: gfortran.dg/loc_1.f90 -O3 -fomit-frame-pointer (test for excess errors)
WARNING: gfortran.dg/loc_1.f90 -O3 -fomit-frame-pointer compilation failed to produce executable
FAIL: gfortran.dg/loc_1.f90 -O3 -fomit-frame-pointer -funroll-loops (test for excess errors)
WARNING: gfortran.dg/loc_1.f90 -O3 -fomit-frame-pointer -funroll-loops compilation failed to produce executable
FAIL: gfortran.dg/loc_1.f90 -O3 -fomit-frame-pointer -funroll-all-loops -finline-functions (test for excess errors)
WARNING: gfortran.dg/loc_1.f90 -O3 -fomit-frame-pointer -funroll-all-loops -finline-functions compilation failed to produce executable
FAIL: gfortran.dg/loc_1.f90 -O3 -g (test for excess errors)
WARNING: gfortran.dg/loc_1.f90 -O3 -g compilation failed to produce executable
FAIL: gfortran.dg/loc_1.f90 -Os (test for excess errors)
WARNING: gfortran.dg/loc_1.f90 -Os compilation failed to produce executable
FAIL: gfortran.dg/loc_2.f90 -O0 (test for excess errors)
WARNING: gfortran.dg/loc_2.f90 -O0 compilation failed to produce executable
FAIL: gfortran.dg/loc_2.f90 -O1 (test for excess errors)
WARNING: gfortran.dg/loc_2.f90 -O1 compilation failed to produce executable
FAIL: gfortran.dg/loc_2.f90 -O2 (test for excess errors)
WARNING: gfortran.dg/loc_2.f90 -O2 compilation failed to produce executable
FAIL: gfortran.dg/loc_2.f90 -O3 -fomit-frame-pointer (test for excess errors)
WARNING: gfortran.dg/loc_2.f90 -O3 -fomit-frame-pointer compilation failed to produce executable
FAIL: gfortran.dg/loc_2.f90 -O3 -fomit-frame-pointer -funroll-loops (test for excess errors)
WARNING: gfortran.dg/loc_2.f90 -O3 -fomit-frame-pointer -funroll-loops compilation failed to produce executable
FAIL: gfortran.dg/loc_2.f90 -O3 -fomit-frame-pointer -funroll-all-loops -finline-functions (test for excess errors)
WARNING: gfortran.dg/loc_2.f90 -O3 -fomit-frame-pointer -funroll-all-loops -finline-functions compilation failed to produce executable
FAIL: gfortran.dg/loc_2.f90 -O3 -g (test for excess errors)
WARNING: gfortran.dg/loc_2.f90 -O3 -g compilation failed to produce executable
FAIL: gfortran.dg/loc_2.f90 -Os (test for excess errors)
WARNING: gfortran.dg/loc_2.f90 -Os compilation failed to produce executable
FAIL: gfortran.dg/matmul_7.f90 -O0 (test for excess errors)
WARNING: gfortran.dg/matmul_7.f90 -O0 compilation failed to produce executable
FAIL: gfortran.dg/matmul_7.f90 -O1 (test for excess errors)
WARNING: gfortran.dg/matmul_7.f90 -O1 compilation failed to produce executable
FAIL: gfortran.dg/matmul_7.f90 -O2 (test for excess errors)
WARNING: gfortran.dg/matmul_7.f90 -O2 compilation failed to produce executable
FAIL: gfortran.dg/matmul_7.f90 -O3 -fomit-frame-pointer (test for excess errors)
WARNING: gfortran.dg/matmul_7.f90 -O3 -fomit-frame-pointer compilation failed to produce executable
FAIL: gfortran.dg/matmul_7.f90 -O3 -fomit-frame-pointer -funroll-loops (test for excess errors)
WARNING: gfortran.dg/matmul_7.f90 -O3 -fomit-frame-pointer -funroll-loops compilation failed to produce executable
FAIL: gfortran.dg/matmul_7.f90 -O3 -fomit-frame-pointer -funroll-all-loops -finline-functions (test for excess errors)
WARNING: gfortran.dg/matmul_7.f90 -O3 -fomit-frame-pointer -funroll-all-loops -finline-functions compilation failed to produce executable
FAIL: gfortran.dg/matmul_7.f90 -O3 -g (test for excess errors)
WARNING: gfortran.dg/matmul_7.f90 -O3 -g compilation failed to produce executable
FAIL: gfortran.dg/matmul_7.f90 -Os (test for excess errors)
WARNING: gfortran.dg/matmul_7.f90 -Os compilation failed to produce executable
FAIL: gfortran.dg/mvbits_5.f90 -O0 (test for excess errors)
WARNING: gfortran.dg/mvbits_5.f90 -O0 compilation failed to produce executable
FAIL: gfortran.dg/mvbits_5.f90 -O1 (test for excess errors)
WARNING: gfortran.dg/mvbits_5.f90 -O1 compilation failed to produce executable
FAIL: gfortran.dg/mvbits_5.f90 -O2 (test for excess errors)
WARNING: gfortran.dg/mvbits_5.f90 -O2 compilation failed to produce executable
FAIL: gfortran.dg/mvbits_5.f90 -O3 -fomit-frame-pointer (test for excess errors)
WARNING: gfortran.dg/mvbits_5.f90 -O3 -fomit-frame-pointer compilation failed to produce executable
FAIL: gfortran.dg/mvbits_5.f90 -O3 -fomit-frame-pointer -funroll-loops (test for excess errors)
WARNING: gfortran.dg/mvbits_5.f90 -O3 -fomit-frame-pointer -funroll-loops compilation failed to produce executable
FAIL: gfortran.dg/mvbits_5.f90 -O3 -fomit-frame-pointer -funroll-all-loops -finline-functions (test for excess errors)
WARNING: gfortran.dg/mvbits_5.f90 -O3 -fomit-frame-pointer -funroll-all-loops -finline-functions compilation failed to produce executable
FAIL: gfortran.dg/mvbits_5.f90 -O3 -g (test for excess errors)
WARNING: gfortran.dg/mvbits_5.f90 -O3 -g compilation failed to produce executable
FAIL: gfortran.dg/mvbits_5.f90 -Os (test for excess errors)
WARNING: gfortran.dg/mvbits_5.f90 -Os compilation failed to produce executable
FAIL: gfortran.dg/negative_automatic_size.f90 -O0 (test for excess errors)
WARNING: gfortran.dg/negative_automatic_size.f90 -O0 compilation failed to produce executable
FAIL: gfortran.dg/negative_automatic_size.f90 -O1 (test for excess errors)
WARNING: gfortran.dg/negative_automatic_size.f90 -O1 compilation failed to produce executable
FAIL: gfortran.dg/negative_automatic_size.f90 -O2 (test for excess errors)
WARNING: gfortran.dg/negative_automatic_size.f90 -O2 compilation failed to produce executable
FAIL: gfortran.dg/negative_automatic_size.f90 -O3 -fomit-frame-pointer (test for excess errors)
WARNING: gfortran.dg/negative_automatic_size.f90 -O3 -fomit-frame-pointer compilation failed to produce executable
FAIL: gfortran.dg/negative_automatic_size.f90 -O3 -fomit-frame-pointer -funroll-loops (test for excess errors)
WARNING: gfortran.dg/negative_automatic_size.f90 -O3 -fomit-frame-pointer -funroll-loops compilation failed to produce executable
FAIL: gfortran.dg/negative_automatic_size.f90 -O3 -fomit-frame-pointer -funroll-all-loops -finline-functions (test for excess errors)
WARNING: gfortran.dg/negative_automatic_size.f90 -O3 -fomit-frame-pointer -funroll-all-loops -finline-functions compilation failed to produce executable
FAIL: gfortran.dg/negative_automatic_size.f90 -O3 -g (test for excess errors)
WARNING: gfortran.dg/negative_automatic_size.f90 -O3 -g compilation failed to produce executable
FAIL: gfortran.dg/negative_automatic_size.f90 -Os (test for excess errors)
WARNING: gfortran.dg/negative_automatic_size.f90 -Os compilation failed to produce executable
FAIL: gfortran.dg/nested_array_constructor_3.f90 -O0 (test for excess errors)
WARNING: gfortran.dg/nested_array_constructor_3.f90 -O0 compilation failed to produce executable
FAIL: gfortran.dg/nested_array_constructor_3.f90 -O1 (test for excess errors)
WARNING: gfortran.dg/nested_array_constructor_3.f90 -O1 compilation failed to produce executable
FAIL: gfortran.dg/nested_array_constructor_3.f90 -O2 (test for excess errors)
WARNING: gfortran.dg/nested_array_constructor_3.f90 -O2 compilation failed to produce executable
FAIL: gfortran.dg/nested_array_constructor_3.f90 -O3 -fomit-frame-pointer (test for excess errors)
WARNING: gfortran.dg/nested_array_constructor_3.f90 -O3 -fomit-frame-pointer compilation failed to produce executable
FAIL: gfortran.dg/nested_array_constructor_3.f90 -O3 -fomit-frame-pointer -funroll-loops (test for excess errors)
WARNING: gfortran.dg/nested_array_constructor_3.f90 -O3 -fomit-frame-pointer -funroll-loops compilation failed to produce executable
FAIL: gfortran.dg/nested_array_constructor_3.f90 -O3 -fomit-frame-pointer -funroll-all-loops -finline-functions (test for excess errors)
WARNING: gfortran.dg/nested_array_constructor_3.f90 -O3 -fomit-frame-pointer -funroll-all-loops -finline-functions compilation failed to produce executable
FAIL: gfortran.dg/nested_array_constructor_3.f90 -O3 -g (test for excess errors)
WARNING: gfortran.dg/nested_array_constructor_3.f90 -O3 -g compilation failed to produce executable
FAIL: gfortran.dg/nested_array_constructor_3.f90 -Os (test for excess errors)
WARNING: gfortran.dg/nested_array_constructor_3.f90 -Os compilation failed to produce executable
FAIL: gfortran.dg/parameter_unused.f90 -O (test for excess errors)
FAIL: gfortran.dg/parens_3.f90 -O0 (test for excess errors)
WARNING: gfortran.dg/parens_3.f90 -O0 compilation failed to produce executable
FAIL: gfortran.dg/parens_3.f90 -O1 (test for excess errors)
WARNING: gfortran.dg/parens_3.f90 -O1 compilation failed to produce executable
FAIL: gfortran.dg/parens_3.f90 -O2 (test for excess errors)
WARNING: gfortran.dg/parens_3.f90 -O2 compilation failed to produce executable
FAIL: gfortran.dg/parens_3.f90 -O3 -fomit-frame-pointer (test for excess errors)
WARNING: gfortran.dg/parens_3.f90 -O3 -fomit-frame-pointer compilation failed to produce executable
FAIL: gfortran.dg/parens_3.f90 -O3 -fomit-frame-pointer -funroll-loops (test for excess errors)
WARNING: gfortran.dg/parens_3.f90 -O3 -fomit-frame-pointer -funroll-loops compilation failed to produce executable
FAIL: gfortran.dg/parens_3.f90 -O3 -fomit-frame-pointer -funroll-all-loops -finline-functions (test for excess errors)
WARNING: gfortran.dg/parens_3.f90 -O3 -fomit-frame-pointer -funroll-all-loops -finline-functions compilation failed to produce executable
FAIL: gfortran.dg/parens_3.f90 -O3 -g (test for excess errors)
WARNING: gfortran.dg/parens_3.f90 -O3 -g compilation failed to produce executable
FAIL: gfortran.dg/parens_3.f90 -Os (test for excess errors)
WARNING: gfortran.dg/parens_3.f90 -Os compilation failed to produce executable
FAIL: gfortran.dg/pr15324.f90 -O0 (test for excess errors)
WARNING: gfortran.dg/pr15324.f90 -O0 compilation failed to produce executable
FAIL: gfortran.dg/pr15324.f90 -O1 (test for excess errors)
WARNING: gfortran.dg/pr15324.f90 -O1 compilation failed to produce executable
FAIL: gfortran.dg/pr15324.f90 -O2 (test for excess errors)
WARNING: gfortran.dg/pr15324.f90 -O2 compilation failed to produce executable
FAIL: gfortran.dg/pr15324.f90 -O3 -fomit-frame-pointer (test for excess errors)
WARNING: gfortran.dg/pr15324.f90 -O3 -fomit-frame-pointer compilation failed to produce executable
FAIL: gfortran.dg/pr15324.f90 -O3 -fomit-frame-pointer -funroll-loops (test for excess errors)
WARNING: gfortran.dg/pr15324.f90 -O3 -fomit-frame-pointer -funroll-loops compilation failed to produce executable
FAIL: gfortran.dg/pr15324.f90 -O3 -fomit-frame-pointer -funroll-all-loops -finline-functions (test for excess errors)
WARNING: gfortran.dg/pr15324.f90 -O3 -fomit-frame-pointer -funroll-all-loops -finline-functions compilation failed to produce executable
FAIL: gfortran.dg/pr15324.f90 -O3 -g (test for excess errors)
WARNING: gfortran.dg/pr15324.f90 -O3 -g compilation failed to produce executable
FAIL: gfortran.dg/pr15324.f90 -Os (test for excess errors)
WARNING: gfortran.dg/pr15324.f90 -Os compilation failed to produce executable
FAIL: gfortran.dg/pr19926.f90 -O0 (test for excess errors)
WARNING: gfortran.dg/pr19926.f90 -O0 compilation failed to produce executable
FAIL: gfortran.dg/pr19926.f90 -O1 (test for excess errors)
WARNING: gfortran.dg/pr19926.f90 -O1 compilation failed to produce executable
FAIL: gfortran.dg/pr19926.f90 -O2 (test for excess errors)
WARNING: gfortran.dg/pr19926.f90 -O2 compilation failed to produce executable
FAIL: gfortran.dg/pr19926.f90 -O3 -fomit-frame-pointer (test for excess errors)
WARNING: gfortran.dg/pr19926.f90 -O3 -fomit-frame-pointer compilation failed to produce executable
FAIL: gfortran.dg/pr19926.f90 -O3 -fomit-frame-pointer -funroll-loops (test for excess errors)
WARNING: gfortran.dg/pr19926.f90 -O3 -fomit-frame-pointer -funroll-loops compilation failed to produce executable
FAIL: gfortran.dg/pr19926.f90 -O3 -fomit-frame-pointer -funroll-all-loops -finline-functions (test for excess errors)
WARNING: gfortran.dg/pr19926.f90 -O3 -fomit-frame-pointer -funroll-all-loops -finline-functions compilation failed to produce executable
FAIL: gfortran.dg/pr19926.f90 -O3 -g (test for excess errors)
WARNING: gfortran.dg/pr19926.f90 -O3 -g compilation failed to produce executable
FAIL: gfortran.dg/pr19926.f90 -Os (test for excess errors)
WARNING: gfortran.dg/pr19926.f90 -Os compilation failed to produce executable
FAIL: gfortran.dg/pr25603.f -O0 (test for excess errors)
WARNING: gfortran.dg/pr25603.f -O0 compilation failed to produce executable
FAIL: gfortran.dg/pr25603.f -O1 (test for excess errors)
WARNING: gfortran.dg/pr25603.f -O1 compilation failed to produce executable
FAIL: gfortran.dg/pr25603.f -O2 (test for excess errors)
WARNING: gfortran.dg/pr25603.f -O2 compilation failed to produce executable
FAIL: gfortran.dg/pr25603.f -O3 -fomit-frame-pointer (test for excess errors)
WARNING: gfortran.dg/pr25603.f -O3 -fomit-frame-pointer compilation failed to produce executable
FAIL: gfortran.dg/pr25603.f -O3 -fomit-frame-pointer -funroll-loops (test for excess errors)
WARNING: gfortran.dg/pr25603.f -O3 -fomit-frame-pointer -funroll-loops compilation failed to produce executable
FAIL: gfortran.dg/pr25603.f -O3 -fomit-frame-pointer -funroll-all-loops -finline-functions (test for excess errors)
WARNING: gfortran.dg/pr25603.f -O3 -fomit-frame-pointer -funroll-all-loops -finline-functions compilation failed to produce executable
FAIL: gfortran.dg/pr25603.f -O3 -g (test for excess errors)
WARNING: gfortran.dg/pr25603.f -O3 -g compilation failed to produce executable
FAIL: gfortran.dg/pr25603.f -Os (test for excess errors)
WARNING: gfortran.dg/pr25603.f -Os compilation failed to produce executable
FAIL: gfortran.dg/pr37243.f -O0 (test for excess errors)
WARNING: gfortran.dg/pr37243.f -O0 compilation failed to produce executable
FAIL: gfortran.dg/pr37243.f -O1 (test for excess errors)
WARNING: gfortran.dg/pr37243.f -O1 compilation failed to produce executable
FAIL: gfortran.dg/pr37243.f -O2 (test for excess errors)
WARNING: gfortran.dg/pr37243.f -O2 compilation failed to produce executable
FAIL: gfortran.dg/pr37243.f -O3 -fomit-frame-pointer (test for excess errors)
WARNING: gfortran.dg/pr37243.f -O3 -fomit-frame-pointer compilation failed to produce executable
FAIL: gfortran.dg/pr37243.f -O3 -fomit-frame-pointer -funroll-loops (test for excess errors)
WARNING: gfortran.dg/pr37243.f -O3 -fomit-frame-pointer -funroll-loops compilation failed to produce executable
FAIL: gfortran.dg/pr37243.f -O3 -fomit-frame-pointer -funroll-all-loops -finline-functions (test for excess errors)
WARNING: gfortran.dg/pr37243.f -O3 -fomit-frame-pointer -funroll-all-loops -finline-functions compilation failed to produce executable
FAIL: gfortran.dg/pr37243.f -O3 -g (test for excess errors)
WARNING: gfortran.dg/pr37243.f -O3 -g compilation failed to produce executable
FAIL: gfortran.dg/pr37243.f -Os (test for excess errors)
WARNING: gfortran.dg/pr37243.f -Os compilation failed to produce executable
FAIL: gfortran.dg/proc_decl_18.f90 -O0 (test for excess errors)
WARNING: gfortran.dg/proc_decl_18.f90 -O0 compilation failed to produce executable
FAIL: gfortran.dg/proc_decl_18.f90 -O1 (test for excess errors)
WARNING: gfortran.dg/proc_decl_18.f90 -O1 compilation failed to produce executable
FAIL: gfortran.dg/proc_decl_18.f90 -O2 (test for excess errors)
WARNING: gfortran.dg/proc_decl_18.f90 -O2 compilation failed to produce executable
FAIL: gfortran.dg/proc_decl_18.f90 -O3 -fomit-frame-pointer (test for excess errors)
WARNING: gfortran.dg/proc_decl_18.f90 -O3 -fomit-frame-pointer compilation failed to produce executable
FAIL: gfortran.dg/proc_decl_18.f90 -O3 -fomit-frame-pointer -funroll-loops (test for excess errors)
WARNING: gfortran.dg/proc_decl_18.f90 -O3 -fomit-frame-pointer -funroll-loops compilation failed to produce executable
FAIL: gfortran.dg/proc_decl_18.f90 -O3 -fomit-frame-pointer -funroll-all-loops -finline-functions (test for excess errors)
WARNING: gfortran.dg/proc_decl_18.f90 -O3 -fomit-frame-pointer -funroll-all-loops -finline-functions compilation failed to produce executable
FAIL: gfortran.dg/proc_decl_18.f90 -O3 -g (test for excess errors)
WARNING: gfortran.dg/proc_decl_18.f90 -O3 -g compilation failed to produce executable
FAIL: gfortran.dg/proc_decl_18.f90 -Os (test for excess errors)
WARNING: gfortran.dg/proc_decl_18.f90 -Os compilation failed to produce executable
FAIL: gfortran.dg/proc_decl_2.f90 -O0 (test for excess errors)
WARNING: gfortran.dg/proc_decl_2.f90 -O0 compilation failed to produce executable
FAIL: gfortran.dg/proc_decl_2.f90 -O1 (test for excess errors)
WARNING: gfortran.dg/proc_decl_2.f90 -O1 compilation failed to produce executable
FAIL: gfortran.dg/proc_decl_2.f90 -O2 (test for excess errors)
WARNING: gfortran.dg/proc_decl_2.f90 -O2 compilation failed to produce executable
FAIL: gfortran.dg/proc_decl_2.f90 -O3 -fomit-frame-pointer (test for excess errors)
WARNING: gfortran.dg/proc_decl_2.f90 -O3 -fomit-frame-pointer compilation failed to produce executable
FAIL: gfortran.dg/proc_decl_2.f90 -O3 -fomit-frame-pointer -funroll-loops (test for excess errors)
WARNING: gfortran.dg/proc_decl_2.f90 -O3 -fomit-frame-pointer -funroll-loops compilation failed to produce executable
FAIL: gfortran.dg/proc_decl_2.f90 -O3 -fomit-frame-pointer -funroll-all-loops -finline-functions (test for excess errors)
WARNING: gfortran.dg/proc_decl_2.f90 -O3 -fomit-frame-pointer -funroll-all-loops -finline-functions compilation failed to produce executable
FAIL: gfortran.dg/proc_decl_2.f90 -O3 -g (test for excess errors)
WARNING: gfortran.dg/proc_decl_2.f90 -O3 -g compilation failed to produce executable
FAIL: gfortran.dg/proc_decl_2.f90 -Os (test for excess errors)
WARNING: gfortran.dg/proc_decl_2.f90 -Os compilation failed to produce executable
FAIL: gfortran.dg/proc_ptr_result_3.f90 -O0 (test for excess errors)
WARNING: gfortran.dg/proc_ptr_result_3.f90 -O0 compilation failed to produce executable
FAIL: gfortran.dg/proc_ptr_result_3.f90 -O1 (test for excess errors)
WARNING: gfortran.dg/proc_ptr_result_3.f90 -O1 compilation failed to produce executable
FAIL: gfortran.dg/proc_ptr_result_3.f90 -O2 (test for excess errors)
WARNING: gfortran.dg/proc_ptr_result_3.f90 -O2 compilation failed to produce executable
FAIL: gfortran.dg/proc_ptr_result_3.f90 -O3 -fomit-frame-pointer (test for excess errors)
WARNING: gfortran.dg/proc_ptr_result_3.f90 -O3 -fomit-frame-pointer compilation failed to produce executable
FAIL: gfortran.dg/proc_ptr_result_3.f90 -O3 -fomit-frame-pointer -funroll-loops (test for excess errors)
WARNING: gfortran.dg/proc_ptr_result_3.f90 -O3 -fomit-frame-pointer -funroll-loops compilation failed to produce executable
FAIL: gfortran.dg/proc_ptr_result_3.f90 -O3 -fomit-frame-pointer -funroll-all-loops -finline-functions (test for excess errors)
WARNING: gfortran.dg/proc_ptr_result_3.f90 -O3 -fomit-frame-pointer -funroll-all-loops -finline-functions compilation failed to produce executable
FAIL: gfortran.dg/proc_ptr_result_3.f90 -O3 -g (test for excess errors)
WARNING: gfortran.dg/proc_ptr_result_3.f90 -O3 -g compilation failed to produce executable
FAIL: gfortran.dg/proc_ptr_result_3.f90 -Os (test for excess errors)
WARNING: gfortran.dg/proc_ptr_result_3.f90 -Os compilation failed to produce executable
FAIL: gfortran.dg/recursive_stack.f90 -O0 (test for excess errors)
WARNING: gfortran.dg/recursive_stack.f90 -O0 compilation failed to produce executable
FAIL: gfortran.dg/recursive_stack.f90 -O1 (test for excess errors)
WARNING: gfortran.dg/recursive_stack.f90 -O1 compilation failed to produce executable
FAIL: gfortran.dg/recursive_stack.f90 -O2 (test for excess errors)
WARNING: gfortran.dg/recursive_stack.f90 -O2 compilation failed to produce executable
FAIL: gfortran.dg/recursive_stack.f90 -O3 -fomit-frame-pointer (test for excess errors)
WARNING: gfortran.dg/recursive_stack.f90 -O3 -fomit-frame-pointer compilation failed to produce executable
FAIL: gfortran.dg/recursive_stack.f90 -O3 -fomit-frame-pointer -funroll-loops (test for excess errors)
WARNING: gfortran.dg/recursive_stack.f90 -O3 -fomit-frame-pointer -funroll-loops compilation failed to produce executable
FAIL: gfortran.dg/recursive_stack.f90 -O3 -fomit-frame-pointer -funroll-all-loops -finline-functions (test for excess errors)
WARNING: gfortran.dg/recursive_stack.f90 -O3 -fomit-frame-pointer -funroll-all-loops -finline-functions compilation failed to produce executable
FAIL: gfortran.dg/recursive_stack.f90 -O3 -g (test for excess errors)
WARNING: gfortran.dg/recursive_stack.f90 -O3 -g compilation failed to produce executable
FAIL: gfortran.dg/recursive_stack.f90 -Os (test for excess errors)
WARNING: gfortran.dg/recursive_stack.f90 -Os compilation failed to produce executable
FAIL: gfortran.dg/reshape_zerosize_1.f90 -O0 (test for excess errors)
WARNING: gfortran.dg/reshape_zerosize_1.f90 -O0 compilation failed to produce executable
FAIL: gfortran.dg/reshape_zerosize_1.f90 -O1 (test for excess errors)
WARNING: gfortran.dg/reshape_zerosize_1.f90 -O1 compilation failed to produce executable
FAIL: gfortran.dg/reshape_zerosize_1.f90 -O2 (test for excess errors)
WARNING: gfortran.dg/reshape_zerosize_1.f90 -O2 compilation failed to produce executable
FAIL: gfortran.dg/reshape_zerosize_1.f90 -O3 -fomit-frame-pointer (test for excess errors)
WARNING: gfortran.dg/reshape_zerosize_1.f90 -O3 -fomit-frame-pointer compilation failed to produce executable
FAIL: gfortran.dg/reshape_zerosize_1.f90 -O3 -fomit-frame-pointer -funroll-loops (test for excess errors)
WARNING: gfortran.dg/reshape_zerosize_1.f90 -O3 -fomit-frame-pointer -funroll-loops compilation failed to produce executable
FAIL: gfortran.dg/reshape_zerosize_1.f90 -O3 -fomit-frame-pointer -funroll-all-loops -finline-functions (test for excess errors)
WARNING: gfortran.dg/reshape_zerosize_1.f90 -O3 -fomit-frame-pointer -funroll-all-loops -finline-functions compilation failed to produce executable
FAIL: gfortran.dg/reshape_zerosize_1.f90 -O3 -g (test for excess errors)
WARNING: gfortran.dg/reshape_zerosize_1.f90 -O3 -g compilation failed to produce executable
FAIL: gfortran.dg/reshape_zerosize_1.f90 -Os (test for excess errors)
WARNING: gfortran.dg/reshape_zerosize_1.f90 -Os compilation failed to produce executable
FAIL: gfortran.dg/result_in_spec_1.f90 -O0 (test for excess errors)
WARNING: gfortran.dg/result_in_spec_1.f90 -O0 compilation failed to produce executable
FAIL: gfortran.dg/result_in_spec_1.f90 -O1 (test for excess errors)
WARNING: gfortran.dg/result_in_spec_1.f90 -O1 compilation failed to produce executable
FAIL: gfortran.dg/result_in_spec_1.f90 -O2 (test for excess errors)
WARNING: gfortran.dg/result_in_spec_1.f90 -O2 compilation failed to produce executable
FAIL: gfortran.dg/result_in_spec_1.f90 -O3 -fomit-frame-pointer (test for excess errors)
WARNING: gfortran.dg/result_in_spec_1.f90 -O3 -fomit-frame-pointer compilation failed to produce executable
FAIL: gfortran.dg/result_in_spec_1.f90 -O3 -fomit-frame-pointer -funroll-loops (test for excess errors)
WARNING: gfortran.dg/result_in_spec_1.f90 -O3 -fomit-frame-pointer -funroll-loops compilation failed to produce executable
FAIL: gfortran.dg/result_in_spec_1.f90 -O3 -fomit-frame-pointer -funroll-all-loops -finline-functions (test for excess errors)
WARNING: gfortran.dg/result_in_spec_1.f90 -O3 -fomit-frame-pointer -funroll-all-loops -finline-functions compilation failed to produce executable
FAIL: gfortran.dg/result_in_spec_1.f90 -O3 -g (test for excess errors)
WARNING: gfortran.dg/result_in_spec_1.f90 -O3 -g compilation failed to produce executable
FAIL: gfortran.dg/result_in_spec_1.f90 -Os (test for excess errors)
WARNING: gfortran.dg/result_in_spec_1.f90 -Os compilation failed to produce executable
FAIL: gfortran.dg/ret_array_1.f90 -O0 (test for excess errors)
WARNING: gfortran.dg/ret_array_1.f90 -O0 compilation failed to produce executable
FAIL: gfortran.dg/save_2.f90 -O0 (test for excess errors)
WARNING: gfortran.dg/save_2.f90 -O0 compilation failed to produce executable
FAIL: gfortran.dg/save_2.f90 -O1 (test for excess errors)
WARNING: gfortran.dg/save_2.f90 -O1 compilation failed to produce executable
FAIL: gfortran.dg/save_2.f90 -O2 (test for excess errors)
WARNING: gfortran.dg/save_2.f90 -O2 compilation failed to produce executable
FAIL: gfortran.dg/save_2.f90 -O3 -fomit-frame-pointer (test for excess errors)
WARNING: gfortran.dg/save_2.f90 -O3 -fomit-frame-pointer compilation failed to produce executable
FAIL: gfortran.dg/save_2.f90 -O3 -fomit-frame-pointer -funroll-loops (test for excess errors)
WARNING: gfortran.dg/save_2.f90 -O3 -fomit-frame-pointer -funroll-loops compilation failed to produce executable
FAIL: gfortran.dg/save_2.f90 -O3 -fomit-frame-pointer -funroll-all-loops -finline-functions (test for excess errors)
WARNING: gfortran.dg/save_2.f90 -O3 -fomit-frame-pointer -funroll-all-loops -finline-functions compilation failed to produce executable
FAIL: gfortran.dg/save_2.f90 -O3 -g (test for excess errors)
WARNING: gfortran.dg/save_2.f90 -O3 -g compilation failed to produce executable
FAIL: gfortran.dg/save_2.f90 -Os (test for excess errors)
WARNING: gfortran.dg/save_2.f90 -Os compilation failed to produce executable
FAIL: gfortran.dg/selected_char_kind_1.f90 -O0 (test for excess errors)
WARNING: gfortran.dg/selected_char_kind_1.f90 -O0 compilation failed to produce executable
FAIL: gfortran.dg/selected_char_kind_1.f90 -O1 (test for excess errors)
WARNING: gfortran.dg/selected_char_kind_1.f90 -O1 compilation failed to produce executable
FAIL: gfortran.dg/selected_char_kind_1.f90 -O2 (test for excess errors)
WARNING: gfortran.dg/selected_char_kind_1.f90 -O2 compilation failed to produce executable
FAIL: gfortran.dg/selected_char_kind_1.f90 -O3 -fomit-frame-pointer (test for excess errors)
WARNING: gfortran.dg/selected_char_kind_1.f90 -O3 -fomit-frame-pointer compilation failed to produce executable
FAIL: gfortran.dg/selected_char_kind_1.f90 -O3 -fomit-frame-pointer -funroll-loops (test for excess errors)
WARNING: gfortran.dg/selected_char_kind_1.f90 -O3 -fomit-frame-pointer -funroll-loops compilation failed to produce executable
FAIL: gfortran.dg/selected_char_kind_1.f90 -O3 -fomit-frame-pointer -funroll-all-loops -finline-functions (test for excess errors)
WARNING: gfortran.dg/selected_char_kind_1.f90 -O3 -fomit-frame-pointer -funroll-all-loops -finline-functions compilation failed to produce executable
FAIL: gfortran.dg/selected_char_kind_1.f90 -O3 -g (test for excess errors)
WARNING: gfortran.dg/selected_char_kind_1.f90 -O3 -g compilation failed to produce executable
FAIL: gfortran.dg/selected_char_kind_1.f90 -Os (test for excess errors)
WARNING: gfortran.dg/selected_char_kind_1.f90 -Os compilation failed to produce executable
FAIL: gfortran.dg/string_null_compare_1.f -O0 (test for excess errors)
WARNING: gfortran.dg/string_null_compare_1.f -O0 compilation failed to produce executable
FAIL: gfortran.dg/string_null_compare_1.f -O1 (test for excess errors)
WARNING: gfortran.dg/string_null_compare_1.f -O1 compilation failed to produce executable
FAIL: gfortran.dg/string_null_compare_1.f -O2 (test for excess errors)
WARNING: gfortran.dg/string_null_compare_1.f -O2 compilation failed to produce executable
FAIL: gfortran.dg/string_null_compare_1.f -O3 -fomit-frame-pointer (test for excess errors)
WARNING: gfortran.dg/string_null_compare_1.f -O3 -fomit-frame-pointer compilation failed to produce executable
FAIL: gfortran.dg/string_null_compare_1.f -O3 -fomit-frame-pointer -funroll-loops (test for excess errors)
WARNING: gfortran.dg/string_null_compare_1.f -O3 -fomit-frame-pointer -funroll-loops compilation failed to produce executable
FAIL: gfortran.dg/string_null_compare_1.f -O3 -fomit-frame-pointer -funroll-all-loops -finline-functions (test for excess errors)
WARNING: gfortran.dg/string_null_compare_1.f -O3 -fomit-frame-pointer -funroll-all-loops -finline-functions compilation failed to produce executable
FAIL: gfortran.dg/string_null_compare_1.f -O3 -g (test for excess errors)
WARNING: gfortran.dg/string_null_compare_1.f -O3 -g compilation failed to produce executable
FAIL: gfortran.dg/string_null_compare_1.f -Os (test for excess errors)
WARNING: gfortran.dg/string_null_compare_1.f -Os compilation failed to produce executable
FAIL: gfortran.dg/use_allocated_1.f90 -O0 (test for excess errors)
WARNING: gfortran.dg/use_allocated_1.f90 -O0 compilation failed to produce executable
FAIL: gfortran.dg/use_allocated_1.f90 -O1 (test for excess errors)
WARNING: gfortran.dg/use_allocated_1.f90 -O1 compilation failed to produce executable
FAIL: gfortran.dg/use_allocated_1.f90 -O2 (test for excess errors)
WARNING: gfortran.dg/use_allocated_1.f90 -O2 compilation failed to produce executable
FAIL: gfortran.dg/use_allocated_1.f90 -O3 -fomit-frame-pointer (test for excess errors)
WARNING: gfortran.dg/use_allocated_1.f90 -O3 -fomit-frame-pointer compilation failed to produce executable
FAIL: gfortran.dg/use_allocated_1.f90 -O3 -fomit-frame-pointer -funroll-loops (test for excess errors)
WARNING: gfortran.dg/use_allocated_1.f90 -O3 -fomit-frame-pointer -funroll-loops compilation failed to produce executable
FAIL: gfortran.dg/use_allocated_1.f90 -O3 -fomit-frame-pointer -funroll-all-loops -finline-functions (test for excess errors)
WARNING: gfortran.dg/use_allocated_1.f90 -O3 -fomit-frame-pointer -funroll-all-loops -finline-functions compilation failed to produce executable
FAIL: gfortran.dg/use_allocated_1.f90 -O3 -g (test for excess errors)
WARNING: gfortran.dg/use_allocated_1.f90 -O3 -g compilation failed to produce executable
FAIL: gfortran.dg/use_allocated_1.f90 -Os (test for excess errors)
WARNING: gfortran.dg/use_allocated_1.f90 -Os compilation failed to produce executable
FAIL: gfortran.dg/used_interface_ref.f90 -O0 (test for excess errors)
WARNING: gfortran.dg/used_interface_ref.f90 -O0 compilation failed to produce executable
FAIL: gfortran.dg/used_interface_ref.f90 -O1 (test for excess errors)
WARNING: gfortran.dg/used_interface_ref.f90 -O1 compilation failed to produce executable
FAIL: gfortran.dg/used_interface_ref.f90 -O2 (test for excess errors)
WARNING: gfortran.dg/used_interface_ref.f90 -O2 compilation failed to produce executable
FAIL: gfortran.dg/used_interface_ref.f90 -O3 -fomit-frame-pointer (test for excess errors)
WARNING: gfortran.dg/used_interface_ref.f90 -O3 -fomit-frame-pointer compilation failed to produce executable
FAIL: gfortran.dg/used_interface_ref.f90 -O3 -fomit-frame-pointer -funroll-loops (test for excess errors)
WARNING: gfortran.dg/used_interface_ref.f90 -O3 -fomit-frame-pointer -funroll-loops compilation failed to produce executable
FAIL: gfortran.dg/used_interface_ref.f90 -O3 -fomit-frame-pointer -funroll-all-loops -finline-functions (test for excess errors)
WARNING: gfortran.dg/used_interface_ref.f90 -O3 -fomit-frame-pointer -funroll-all-loops -finline-functions compilation failed to produce executable
FAIL: gfortran.dg/used_interface_ref.f90 -O3 -g (test for excess errors)
WARNING: gfortran.dg/used_interface_ref.f90 -O3 -g compilation failed to produce executable
FAIL: gfortran.dg/used_interface_ref.f90 -Os (test for excess errors)
WARNING: gfortran.dg/used_interface_ref.f90 -Os compilation failed to produce executable
FAIL: gfortran.dg/value_test.f90 -O0 (test for excess errors)
WARNING: gfortran.dg/value_test.f90 -O0 compilation failed to produce executable
FAIL: gfortran.dg/value_test.f90 -O1 (test for excess errors)
WARNING: gfortran.dg/value_test.f90 -O1 compilation failed to produce executable
FAIL: gfortran.dg/value_test.f90 -O2 (test for excess errors)
WARNING: gfortran.dg/value_test.f90 -O2 compilation failed to produce executable
FAIL: gfortran.dg/value_test.f90 -O3 -fomit-frame-pointer (test for excess errors)
WARNING: gfortran.dg/value_test.f90 -O3 -fomit-frame-pointer compilation failed to produce executable
FAIL: gfortran.dg/value_test.f90 -O3 -fomit-frame-pointer -funroll-loops (test for excess errors)
WARNING: gfortran.dg/value_test.f90 -O3 -fomit-frame-pointer -funroll-loops compilation failed to produce executable
FAIL: gfortran.dg/value_test.f90 -O3 -fomit-frame-pointer -funroll-all-loops -finline-functions (test for excess errors)
WARNING: gfortran.dg/value_test.f90 -O3 -fomit-frame-pointer -funroll-all-loops -finline-functions compilation failed to produce executable
FAIL: gfortran.dg/value_test.f90 -O3 -g (test for excess errors)
WARNING: gfortran.dg/value_test.f90 -O3 -g compilation failed to produce executable
FAIL: gfortran.dg/value_test.f90 -Os (test for excess errors)
WARNING: gfortran.dg/value_test.f90 -Os compilation failed to produce executable
FAIL: gfortran.dg/value_tests_f03.f90 -O0 (test for excess errors)
WARNING: gfortran.dg/value_tests_f03.f90 -O0 compilation failed to produce executable
FAIL: gfortran.dg/value_tests_f03.f90 -O1 (test for excess errors)
WARNING: gfortran.dg/value_tests_f03.f90 -O1 compilation failed to produce executable
FAIL: gfortran.dg/value_tests_f03.f90 -O2 (test for excess errors)
WARNING: gfortran.dg/value_tests_f03.f90 -O2 compilation failed to produce executable
FAIL: gfortran.dg/value_tests_f03.f90 -O3 -fomit-frame-pointer (test for excess errors)
WARNING: gfortran.dg/value_tests_f03.f90 -O3 -fomit-frame-pointer compilation failed to produce executable
FAIL: gfortran.dg/value_tests_f03.f90 -O3 -fomit-frame-pointer -funroll-loops (test for excess errors)
WARNING: gfortran.dg/value_tests_f03.f90 -O3 -fomit-frame-pointer -funroll-loops compilation failed to produce executable
FAIL: gfortran.dg/value_tests_f03.f90 -O3 -fomit-frame-pointer -funroll-all-loops -finline-functions (test for excess errors)
WARNING: gfortran.dg/value_tests_f03.f90 -O3 -fomit-frame-pointer -funroll-all-loops -finline-functions compilation failed to produce executable
FAIL: gfortran.dg/value_tests_f03.f90 -O3 -g (test for excess errors)
WARNING: gfortran.dg/value_tests_f03.f90 -O3 -g compilation failed to produce executable
FAIL: gfortran.dg/value_tests_f03.f90 -Os (test for excess errors)
WARNING: gfortran.dg/value_tests_f03.f90 -Os compilation failed to produce executable
FAIL: gfortran.dg/vector_subscript_4.f90 -O scan-tree-dump-times original "A.3\\[3\\]" 1
FAIL: gfortran.dg/where_2.f90 -O0 (test for excess errors)
WARNING: gfortran.dg/where_2.f90 -O0 compilation failed to produce executable
FAIL: gfortran.dg/where_2.f90 -O1 (test for excess errors)
WARNING: gfortran.dg/where_2.f90 -O1 compilation failed to produce executable
FAIL: gfortran.dg/where_2.f90 -O2 (test for excess errors)
WARNING: gfortran.dg/where_2.f90 -O2 compilation failed to produce executable
FAIL: gfortran.dg/where_2.f90 -O3 -fomit-frame-pointer (test for excess errors)
WARNING: gfortran.dg/where_2.f90 -O3 -fomit-frame-pointer compilation failed to produce executable
FAIL: gfortran.dg/where_2.f90 -O3 -fomit-frame-pointer -funroll-loops (test for excess errors)
WARNING: gfortran.dg/where_2.f90 -O3 -fomit-frame-pointer -funroll-loops compilation failed to produce executable
FAIL: gfortran.dg/where_2.f90 -O3 -fomit-frame-pointer -funroll-all-loops -finline-functions (test for excess errors)
WARNING: gfortran.dg/where_2.f90 -O3 -fomit-frame-pointer -funroll-all-loops -finline-functions compilation failed to produce executable
FAIL: gfortran.dg/where_2.f90 -O3 -g (test for excess errors)
WARNING: gfortran.dg/where_2.f90 -O3 -g compilation failed to produce executable
FAIL: gfortran.dg/where_2.f90 -Os (test for excess errors)
WARNING: gfortran.dg/where_2.f90 -Os compilation failed to produce executable
FAIL: gfortran.dg/zero_sized_4.f90 -O0 (test for excess errors)
WARNING: gfortran.dg/zero_sized_4.f90 -O0 compilation failed to produce executable
FAIL: gfortran.dg/zero_sized_4.f90 -O1 (test for excess errors)
WARNING: gfortran.dg/zero_sized_4.f90 -O1 compilation failed to produce executable
FAIL: gfortran.dg/zero_sized_4.f90 -O2 (test for excess errors)
WARNING: gfortran.dg/zero_sized_4.f90 -O2 compilation failed to produce executable
FAIL: gfortran.dg/zero_sized_4.f90 -O3 -fomit-frame-pointer (test for excess errors)
WARNING: gfortran.dg/zero_sized_4.f90 -O3 -fomit-frame-pointer compilation failed to produce executable
FAIL: gfortran.dg/zero_sized_4.f90 -O3 -fomit-frame-pointer -funroll-loops (test for excess errors)
WARNING: gfortran.dg/zero_sized_4.f90 -O3 -fomit-frame-pointer -funroll-loops compilation failed to produce executable
FAIL: gfortran.dg/zero_sized_4.f90 -O3 -fomit-frame-pointer -funroll-all-loops -finline-functions (test for excess errors)
WARNING: gfortran.dg/zero_sized_4.f90 -O3 -fomit-frame-pointer -funroll-all-loops -finline-functions compilation failed to produce executable
FAIL: gfortran.dg/zero_sized_4.f90 -O3 -g (test for excess errors)
WARNING: gfortran.dg/zero_sized_4.f90 -O3 -g compilation failed to produce executable
FAIL: gfortran.dg/zero_sized_4.f90 -Os (test for excess errors)
WARNING: gfortran.dg/zero_sized_4.f90 -Os compilation failed to produce executable
FAIL: gfortran.dg/g77/19990419-1.f -O0 (test for excess errors)
WARNING: gfortran.dg/g77/19990419-1.f -O0 compilation failed to produce executable
FAIL: gfortran.dg/g77/19990419-1.f -O1 (test for excess errors)
WARNING: gfortran.dg/g77/19990419-1.f -O1 compilation failed to produce executable
FAIL: gfortran.dg/g77/19990419-1.f -O2 (test for excess errors)
WARNING: gfortran.dg/g77/19990419-1.f -O2 compilation failed to produce executable
FAIL: gfortran.dg/g77/19990419-1.f -O3 -fomit-frame-pointer (test for excess errors)
WARNING: gfortran.dg/g77/19990419-1.f -O3 -fomit-frame-pointer compilation failed to produce executable
FAIL: gfortran.dg/g77/19990419-1.f -O3 -fomit-frame-pointer -funroll-loops (test for excess errors)
WARNING: gfortran.dg/g77/19990419-1.f -O3 -fomit-frame-pointer -funroll-loops compilation failed to produce executable
FAIL: gfortran.dg/g77/19990419-1.f -O3 -fomit-frame-pointer -funroll-all-loops -finline-functions (test for excess errors)
WARNING: gfortran.dg/g77/19990419-1.f -O3 -fomit-frame-pointer -funroll-all-loops -finline-functions compilation failed to produce executable
FAIL: gfortran.dg/g77/19990419-1.f -O3 -g (test for excess errors)
WARNING: gfortran.dg/g77/19990419-1.f -O3 -g compilation failed to produce executable
FAIL: gfortran.dg/g77/19990419-1.f -Os (test for excess errors)
WARNING: gfortran.dg/g77/19990419-1.f -Os compilation failed to produce executable
FAIL: gfortran.dg/g77/20000503-1.f -O0 (test for excess errors)
WARNING: gfortran.dg/g77/20000503-1.f -O0 compilation failed to produce executable
FAIL: gfortran.dg/g77/20000503-1.f -O1 (test for excess errors)
WARNING: gfortran.dg/g77/20000503-1.f -O1 compilation failed to produce executable
FAIL: gfortran.dg/g77/20000503-1.f -O2 (test for excess errors)
WARNING: gfortran.dg/g77/20000503-1.f -O2 compilation failed to produce executable
FAIL: gfortran.dg/g77/20000503-1.f -O3 -fomit-frame-pointer (test for excess errors)
WARNING: gfortran.dg/g77/20000503-1.f -O3 -fomit-frame-pointer compilation failed to produce executable
FAIL: gfortran.dg/g77/20000503-1.f -O3 -fomit-frame-pointer -funroll-loops (test for excess errors)
WARNING: gfortran.dg/g77/20000503-1.f -O3 -fomit-frame-pointer -funroll-loops compilation failed to produce executable
FAIL: gfortran.dg/g77/20000503-1.f -O3 -fomit-frame-pointer -funroll-all-loops -finline-functions (test for excess errors)
WARNING: gfortran.dg/g77/20000503-1.f -O3 -fomit-frame-pointer -funroll-all-loops -finline-functions compilation failed to produce executable
FAIL: gfortran.dg/g77/20000503-1.f -O3 -g (test for excess errors)
WARNING: gfortran.dg/g77/20000503-1.f -O3 -g compilation failed to produce executable
FAIL: gfortran.dg/g77/20000503-1.f -Os (test for excess errors)
WARNING: gfortran.dg/g77/20000503-1.f -Os compilation failed to produce executable
FAIL: gfortran.dg/g77/20010116.f -O0 (test for excess errors)
WARNING: gfortran.dg/g77/20010116.f -O0 compilation failed to produce executable
FAIL: gfortran.dg/g77/20010116.f -O1 (test for excess errors)
WARNING: gfortran.dg/g77/20010116.f -O1 compilation failed to produce executable
FAIL: gfortran.dg/g77/20010116.f -O2 (test for excess errors)
WARNING: gfortran.dg/g77/20010116.f -O2 compilation failed to produce executable
FAIL: gfortran.dg/g77/20010116.f -O3 -fomit-frame-pointer (test for excess errors)
WARNING: gfortran.dg/g77/20010116.f -O3 -fomit-frame-pointer compilation failed to produce executable
FAIL: gfortran.dg/g77/20010116.f -O3 -fomit-frame-pointer -funroll-loops (test for excess errors)
WARNING: gfortran.dg/g77/20010116.f -O3 -fomit-frame-pointer -funroll-loops compilation failed to produce executable
FAIL: gfortran.dg/g77/20010116.f -O3 -fomit-frame-pointer -funroll-all-loops -finline-functions (test for excess errors)
WARNING: gfortran.dg/g77/20010116.f -O3 -fomit-frame-pointer -funroll-all-loops -finline-functions compilation failed to produce executable
FAIL: gfortran.dg/g77/20010116.f -O3 -g (test for excess errors)
WARNING: gfortran.dg/g77/20010116.f -O3 -g compilation failed to produce executable
FAIL: gfortran.dg/g77/20010116.f -Os (test for excess errors)
WARNING: gfortran.dg/g77/20010116.f -Os compilation failed to produce executable
FAIL: gfortran.dg/g77/980628-0.f -O0 (test for excess errors)
WARNING: gfortran.dg/g77/980628-0.f -O0 compilation failed to produce executable
FAIL: gfortran.dg/g77/980628-0.f -O1 (test for excess errors)
WARNING: gfortran.dg/g77/980628-0.f -O1 compilation failed to produce executable
FAIL: gfortran.dg/g77/980628-0.f -O2 (test for excess errors)
WARNING: gfortran.dg/g77/980628-0.f -O2 compilation failed to produce executable
FAIL: gfortran.dg/g77/980628-0.f -O3 -fomit-frame-pointer (test for excess errors)
WARNING: gfortran.dg/g77/980628-0.f -O3 -fomit-frame-pointer compilation failed to produce executable
FAIL: gfortran.dg/g77/980628-0.f -O3 -fomit-frame-pointer -funroll-loops (test for excess errors)
WARNING: gfortran.dg/g77/980628-0.f -O3 -fomit-frame-pointer -funroll-loops compilation failed to produce executable
FAIL: gfortran.dg/g77/980628-0.f -O3 -fomit-frame-pointer -funroll-all-loops -finline-functions (test for excess errors)
WARNING: gfortran.dg/g77/980628-0.f -O3 -fomit-frame-pointer -funroll-all-loops -finline-functions compilation failed to produce executable
FAIL: gfortran.dg/g77/980628-0.f -O3 -g (test for excess errors)
WARNING: gfortran.dg/g77/980628-0.f -O3 -g compilation failed to produce executable
FAIL: gfortran.dg/g77/980628-0.f -Os (test for excess errors)
WARNING: gfortran.dg/g77/980628-0.f -Os compilation failed to produce executable
FAIL: gfortran.dg/g77/980628-1.f -O0 (test for excess errors)
WARNING: gfortran.dg/g77/980628-1.f -O0 compilation failed to produce executable
FAIL: gfortran.dg/g77/980628-1.f -O1 (test for excess errors)
WARNING: gfortran.dg/g77/980628-1.f -O1 compilation failed to produce executable
FAIL: gfortran.dg/g77/980628-1.f -O2 (test for excess errors)
WARNING: gfortran.dg/g77/980628-1.f -O2 compilation failed to produce executable
FAIL: gfortran.dg/g77/980628-1.f -O3 -fomit-frame-pointer (test for excess errors)
WARNING: gfortran.dg/g77/980628-1.f -O3 -fomit-frame-pointer compilation failed to produce executable
FAIL: gfortran.dg/g77/980628-1.f -O3 -fomit-frame-pointer -funroll-loops (test for excess errors)
WARNING: gfortran.dg/g77/980628-1.f -O3 -fomit-frame-pointer -funroll-loops compilation failed to produce executable
FAIL: gfortran.dg/g77/980628-1.f -O3 -fomit-frame-pointer -funroll-all-loops -finline-functions (test for excess errors)
WARNING: gfortran.dg/g77/980628-1.f -O3 -fomit-frame-pointer -funroll-all-loops -finline-functions compilation failed to produce executable
FAIL: gfortran.dg/g77/980628-1.f -O3 -g (test for excess errors)
WARNING: gfortran.dg/g77/980628-1.f -O3 -g compilation failed to produce executable
FAIL: gfortran.dg/g77/980628-1.f -Os (test for excess errors)
WARNING: gfortran.dg/g77/980628-1.f -Os compilation failed to produce executable
FAIL: gfortran.dg/g77/980628-10.f -O0 (test for excess errors)
WARNING: gfortran.dg/g77/980628-10.f -O0 compilation failed to produce executable
FAIL: gfortran.dg/g77/980628-10.f -O1 (test for excess errors)
WARNING: gfortran.dg/g77/980628-10.f -O1 compilation failed to produce executable
FAIL: gfortran.dg/g77/980628-10.f -O2 (test for excess errors)
WARNING: gfortran.dg/g77/980628-10.f -O2 compilation failed to produce executable
FAIL: gfortran.dg/g77/980628-10.f -O3 -fomit-frame-pointer (test for excess errors)
WARNING: gfortran.dg/g77/980628-10.f -O3 -fomit-frame-pointer compilation failed to produce executable
FAIL: gfortran.dg/g77/980628-10.f -O3 -fomit-frame-pointer -funroll-loops (test for excess errors)
WARNING: gfortran.dg/g77/980628-10.f -O3 -fomit-frame-pointer -funroll-loops compilation failed to produce executable
FAIL: gfortran.dg/g77/980628-10.f -O3 -fomit-frame-pointer -funroll-all-loops -finline-functions (test for excess errors)
WARNING: gfortran.dg/g77/980628-10.f -O3 -fomit-frame-pointer -funroll-all-loops -finline-functions compilation failed to produce executable
FAIL: gfortran.dg/g77/980628-10.f -O3 -g (test for excess errors)
WARNING: gfortran.dg/g77/980628-10.f -O3 -g compilation failed to produce executable
FAIL: gfortran.dg/g77/980628-10.f -Os (test for excess errors)
WARNING: gfortran.dg/g77/980628-10.f -Os compilation failed to produce executable
FAIL: gfortran.dg/g77/980628-2.f -O0 (test for excess errors)
WARNING: gfortran.dg/g77/980628-2.f -O0 compilation failed to produce executable
FAIL: gfortran.dg/g77/980628-2.f -O1 (test for excess errors)
WARNING: gfortran.dg/g77/980628-2.f -O1 compilation failed to produce executable
FAIL: gfortran.dg/g77/980628-2.f -O2 (test for excess errors)
WARNING: gfortran.dg/g77/980628-2.f -O2 compilation failed to produce executable
FAIL: gfortran.dg/g77/980628-2.f -O3 -fomit-frame-pointer (test for excess errors)
WARNING: gfortran.dg/g77/980628-2.f -O3 -fomit-frame-pointer compilation failed to produce executable
FAIL: gfortran.dg/g77/980628-2.f -O3 -fomit-frame-pointer -funroll-loops (test for excess errors)
WARNING: gfortran.dg/g77/980628-2.f -O3 -fomit-frame-pointer -funroll-loops compilation failed to produce executable
FAIL: gfortran.dg/g77/980628-2.f -O3 -fomit-frame-pointer -funroll-all-loops -finline-functions (test for excess errors)
WARNING: gfortran.dg/g77/980628-2.f -O3 -fomit-frame-pointer -funroll-all-loops -finline-functions compilation failed to produce executable
FAIL: gfortran.dg/g77/980628-2.f -O3 -g (test for excess errors)
WARNING: gfortran.dg/g77/980628-2.f -O3 -g compilation failed to produce executable
FAIL: gfortran.dg/g77/980628-2.f -Os (test for excess errors)
WARNING: gfortran.dg/g77/980628-2.f -Os compilation failed to produce executable
FAIL: gfortran.dg/g77/980628-3.f -O0 (test for excess errors)
WARNING: gfortran.dg/g77/980628-3.f -O0 compilation failed to produce executable
FAIL: gfortran.dg/g77/980628-3.f -O1 (test for excess errors)
WARNING: gfortran.dg/g77/980628-3.f -O1 compilation failed to produce executable
FAIL: gfortran.dg/g77/980628-3.f -O2 (test for excess errors)
WARNING: gfortran.dg/g77/980628-3.f -O2 compilation failed to produce executable
FAIL: gfortran.dg/g77/980628-3.f -O3 -fomit-frame-pointer (test for excess errors)
WARNING: gfortran.dg/g77/980628-3.f -O3 -fomit-frame-pointer compilation failed to produce executable
FAIL: gfortran.dg/g77/980628-3.f -O3 -fomit-frame-pointer -funroll-loops (test for excess errors)
WARNING: gfortran.dg/g77/980628-3.f -O3 -fomit-frame-pointer -funroll-loops compilation failed to produce executable
FAIL: gfortran.dg/g77/980628-3.f -O3 -fomit-frame-pointer -funroll-all-loops -finline-functions (test for excess errors)
WARNING: gfortran.dg/g77/980628-3.f -O3 -fomit-frame-pointer -funroll-all-loops -finline-functions compilation failed to produce executable
FAIL: gfortran.dg/g77/980628-3.f -O3 -g (test for excess errors)
WARNING: gfortran.dg/g77/980628-3.f -O3 -g compilation failed to produce executable
FAIL: gfortran.dg/g77/980628-3.f -Os (test for excess errors)
WARNING: gfortran.dg/g77/980628-3.f -Os compilation failed to produce executable
FAIL: gfortran.dg/g77/980628-7.f -O0 (test for excess errors)
WARNING: gfortran.dg/g77/980628-7.f -O0 compilation failed to produce executable
FAIL: gfortran.dg/g77/980628-7.f -O1 (test for excess errors)
WARNING: gfortran.dg/g77/980628-7.f -O1 compilation failed to produce executable
FAIL: gfortran.dg/g77/980628-7.f -O2 (test for excess errors)
WARNING: gfortran.dg/g77/980628-7.f -O2 compilation failed to produce executable
FAIL: gfortran.dg/g77/980628-7.f -O3 -fomit-frame-pointer (test for excess errors)
WARNING: gfortran.dg/g77/980628-7.f -O3 -fomit-frame-pointer compilation failed to produce executable
FAIL: gfortran.dg/g77/980628-7.f -O3 -fomit-frame-pointer -funroll-loops (test for excess errors)
WARNING: gfortran.dg/g77/980628-7.f -O3 -fomit-frame-pointer -funroll-loops compilation failed to produce executable
FAIL: gfortran.dg/g77/980628-7.f -O3 -fomit-frame-pointer -funroll-all-loops -finline-functions (test for excess errors)
WARNING: gfortran.dg/g77/980628-7.f -O3 -fomit-frame-pointer -funroll-all-loops -finline-functions compilation failed to produce executable
FAIL: gfortran.dg/g77/980628-7.f -O3 -g (test for excess errors)
WARNING: gfortran.dg/g77/980628-7.f -O3 -g compilation failed to produce executable
FAIL: gfortran.dg/g77/980628-7.f -Os (test for excess errors)
WARNING: gfortran.dg/g77/980628-7.f -Os compilation failed to produce executable
FAIL: gfortran.dg/g77/980628-8.f -O0 (test for excess errors)
WARNING: gfortran.dg/g77/980628-8.f -O0 compilation failed to produce executable
FAIL: gfortran.dg/g77/980628-8.f -O1 (test for excess errors)
WARNING: gfortran.dg/g77/980628-8.f -O1 compilation failed to produce executable
FAIL: gfortran.dg/g77/980628-8.f -O2 (test for excess errors)
WARNING: gfortran.dg/g77/980628-8.f -O2 compilation failed to produce executable
FAIL: gfortran.dg/g77/980628-8.f -O3 -fomit-frame-pointer (test for excess errors)
WARNING: gfortran.dg/g77/980628-8.f -O3 -fomit-frame-pointer compilation failed to produce executable
FAIL: gfortran.dg/g77/980628-8.f -O3 -fomit-frame-pointer -funroll-loops (test for excess errors)
WARNING: gfortran.dg/g77/980628-8.f -O3 -fomit-frame-pointer -funroll-loops compilation failed to produce executable
FAIL: gfortran.dg/g77/980628-8.f -O3 -fomit-frame-pointer -funroll-all-loops -finline-functions (test for excess errors)
WARNING: gfortran.dg/g77/980628-8.f -O3 -fomit-frame-pointer -funroll-all-loops -finline-functions compilation failed to produce executable
FAIL: gfortran.dg/g77/980628-8.f -O3 -g (test for excess errors)
WARNING: gfortran.dg/g77/980628-8.f -O3 -g compilation failed to produce executable
FAIL: gfortran.dg/g77/980628-8.f -Os (test for excess errors)
WARNING: gfortran.dg/g77/980628-8.f -Os compilation failed to produce executable
FAIL: gfortran.dg/g77/980628-9.f -O0 (test for excess errors)
WARNING: gfortran.dg/g77/980628-9.f -O0 compilation failed to produce executable
FAIL: gfortran.dg/g77/980628-9.f -O1 (test for excess errors)
WARNING: gfortran.dg/g77/980628-9.f -O1 compilation failed to produce executable
FAIL: gfortran.dg/g77/980628-9.f -O2 (test for excess errors)
WARNING: gfortran.dg/g77/980628-9.f -O2 compilation failed to produce executable
FAIL: gfortran.dg/g77/980628-9.f -O3 -fomit-frame-pointer (test for excess errors)
WARNING: gfortran.dg/g77/980628-9.f -O3 -fomit-frame-pointer compilation failed to produce executable
FAIL: gfortran.dg/g77/980628-9.f -O3 -fomit-frame-pointer -funroll-loops (test for excess errors)
WARNING: gfortran.dg/g77/980628-9.f -O3 -fomit-frame-pointer -funroll-loops compilation failed to produce executable
FAIL: gfortran.dg/g77/980628-9.f -O3 -fomit-frame-pointer -funroll-all-loops -finline-functions (test for excess errors)
WARNING: gfortran.dg/g77/980628-9.f -O3 -fomit-frame-pointer -funroll-all-loops -finline-functions compilation failed to produce executable
FAIL: gfortran.dg/g77/980628-9.f -O3 -g (test for excess errors)
WARNING: gfortran.dg/g77/980628-9.f -O3 -g compilation failed to produce executable
FAIL: gfortran.dg/g77/980628-9.f -Os (test for excess errors)
WARNING: gfortran.dg/g77/980628-9.f -Os compilation failed to produce executable
FAIL: gfortran.dg/g77/980701-0.f -O0 (test for excess errors)
WARNING: gfortran.dg/g77/980701-0.f -O0 compilation failed to produce executable
FAIL: gfortran.dg/g77/980701-0.f -O1 (test for excess errors)
WARNING: gfortran.dg/g77/980701-0.f -O1 compilation failed to produce executable
FAIL: gfortran.dg/g77/980701-0.f -O2 (test for excess errors)
WARNING: gfortran.dg/g77/980701-0.f -O2 compilation failed to produce executable
FAIL: gfortran.dg/g77/980701-0.f -O3 -fomit-frame-pointer (test for excess errors)
WARNING: gfortran.dg/g77/980701-0.f -O3 -fomit-frame-pointer compilation failed to produce executable
FAIL: gfortran.dg/g77/980701-0.f -O3 -fomit-frame-pointer -funroll-loops (test for excess errors)
WARNING: gfortran.dg/g77/980701-0.f -O3 -fomit-frame-pointer -funroll-loops compilation failed to produce executable
FAIL: gfortran.dg/g77/980701-0.f -O3 -fomit-frame-pointer -funroll-all-loops -finline-functions (test for excess errors)
WARNING: gfortran.dg/g77/980701-0.f -O3 -fomit-frame-pointer -funroll-all-loops -finline-functions compilation failed to produce executable
FAIL: gfortran.dg/g77/980701-0.f -O3 -g (test for excess errors)
WARNING: gfortran.dg/g77/980701-0.f -O3 -g compilation failed to produce executable
FAIL: gfortran.dg/g77/980701-0.f -Os (test for excess errors)
WARNING: gfortran.dg/g77/980701-0.f -Os compilation failed to produce executable
FAIL: gfortran.dg/g77/980701-1.f -O0 (test for excess errors)
WARNING: gfortran.dg/g77/980701-1.f -O0 compilation failed to produce executable
FAIL: gfortran.dg/g77/980701-1.f -O1 (test for excess errors)
WARNING: gfortran.dg/g77/980701-1.f -O1 compilation failed to produce executable
FAIL: gfortran.dg/g77/980701-1.f -O2 (test for excess errors)
WARNING: gfortran.dg/g77/980701-1.f -O2 compilation failed to produce executable
FAIL: gfortran.dg/g77/980701-1.f -O3 -fomit-frame-pointer (test for excess errors)
WARNING: gfortran.dg/g77/980701-1.f -O3 -fomit-frame-pointer compilation failed to produce executable
FAIL: gfortran.dg/g77/980701-1.f -O3 -fomit-frame-pointer -funroll-loops (test for excess errors)
WARNING: gfortran.dg/g77/980701-1.f -O3 -fomit-frame-pointer -funroll-loops compilation failed to produce executable
FAIL: gfortran.dg/g77/980701-1.f -O3 -fomit-frame-pointer -funroll-all-loops -finline-functions (test for excess errors)
WARNING: gfortran.dg/g77/980701-1.f -O3 -fomit-frame-pointer -funroll-all-loops -finline-functions compilation failed to produce executable
FAIL: gfortran.dg/g77/980701-1.f -O3 -g (test for excess errors)
WARNING: gfortran.dg/g77/980701-1.f -O3 -g compilation failed to produce executable
FAIL: gfortran.dg/g77/980701-1.f -Os (test for excess errors)
WARNING: gfortran.dg/g77/980701-1.f -Os compilation failed to produce executable
FAIL: gfortran.dg/g77/dnrm2.f -O0 (test for excess errors)
WARNING: gfortran.dg/g77/dnrm2.f -O0 compilation failed to produce executable
FAIL: gfortran.dg/g77/dnrm2.f -O1 (test for excess errors)
WARNING: gfortran.dg/g77/dnrm2.f -O1 compilation failed to produce executable
FAIL: gfortran.dg/g77/dnrm2.f -O2 (test for excess errors)
WARNING: gfortran.dg/g77/dnrm2.f -O2 compilation failed to produce executable
FAIL: gfortran.dg/g77/dnrm2.f -O3 -fomit-frame-pointer (test for excess errors)
WARNING: gfortran.dg/g77/dnrm2.f -O3 -fomit-frame-pointer compilation failed to produce executable
FAIL: gfortran.dg/g77/dnrm2.f -O3 -fomit-frame-pointer -funroll-loops (test for excess errors)
WARNING: gfortran.dg/g77/dnrm2.f -O3 -fomit-frame-pointer -funroll-loops compilation failed to produce executable
FAIL: gfortran.dg/g77/dnrm2.f -O3 -fomit-frame-pointer -funroll-all-loops -finline-functions (test for excess errors)
WARNING: gfortran.dg/g77/dnrm2.f -O3 -fomit-frame-pointer -funroll-all-loops -finline-functions compilation failed to produce executable
FAIL: gfortran.dg/g77/dnrm2.f -O3 -g (test for excess errors)
WARNING: gfortran.dg/g77/dnrm2.f -O3 -g compilation failed to produce executable
FAIL: gfortran.dg/g77/dnrm2.f -Os (test for excess errors)
WARNING: gfortran.dg/g77/dnrm2.f -Os compilation failed to produce executable
FAIL: gfortran.dg/g77/f90-intrinsic-bit.f -O0 (test for excess errors)
WARNING: gfortran.dg/g77/f90-intrinsic-bit.f -O0 compilation failed to produce executable
FAIL: gfortran.dg/g77/f90-intrinsic-bit.f -O1 (test for excess errors)
WARNING: gfortran.dg/g77/f90-intrinsic-bit.f -O1 compilation failed to produce executable
FAIL: gfortran.dg/g77/f90-intrinsic-bit.f -O2 (test for excess errors)
WARNING: gfortran.dg/g77/f90-intrinsic-bit.f -O2 compilation failed to produce executable
FAIL: gfortran.dg/g77/f90-intrinsic-bit.f -O3 -fomit-frame-pointer (test for excess errors)
WARNING: gfortran.dg/g77/f90-intrinsic-bit.f -O3 -fomit-frame-pointer compilation failed to produce executable
FAIL: gfortran.dg/g77/f90-intrinsic-bit.f -O3 -fomit-frame-pointer -funroll-loops (test for excess errors)
WARNING: gfortran.dg/g77/f90-intrinsic-bit.f -O3 -fomit-frame-pointer -funroll-loops compilation failed to produce executable
FAIL: gfortran.dg/g77/f90-intrinsic-bit.f -O3 -fomit-frame-pointer -funroll-all-loops -finline-functions (test for excess errors)
WARNING: gfortran.dg/g77/f90-intrinsic-bit.f -O3 -fomit-frame-pointer -funroll-all-loops -finline-functions compilation failed to produce executable
FAIL: gfortran.dg/g77/f90-intrinsic-bit.f -O3 -g (test for excess errors)
WARNING: gfortran.dg/g77/f90-intrinsic-bit.f -O3 -g compilation failed to produce executable
FAIL: gfortran.dg/g77/f90-intrinsic-bit.f -Os (test for excess errors)
WARNING: gfortran.dg/g77/f90-intrinsic-bit.f -Os compilation failed to produce executable
FAIL: gfortran.dg/g77/f90-intrinsic-mathematical.f -O0 (test for excess errors)
WARNING: gfortran.dg/g77/f90-intrinsic-mathematical.f -O0 compilation failed to produce executable
FAIL: gfortran.dg/g77/f90-intrinsic-mathematical.f -O1 (test for excess errors)
WARNING: gfortran.dg/g77/f90-intrinsic-mathematical.f -O1 compilation failed to produce executable
FAIL: gfortran.dg/g77/f90-intrinsic-mathematical.f -O2 (test for excess errors)
WARNING: gfortran.dg/g77/f90-intrinsic-mathematical.f -O2 compilation failed to produce executable
FAIL: gfortran.dg/g77/f90-intrinsic-mathematical.f -O3 -fomit-frame-pointer (test for excess errors)
WARNING: gfortran.dg/g77/f90-intrinsic-mathematical.f -O3 -fomit-frame-pointer compilation failed to produce executable
FAIL: gfortran.dg/g77/f90-intrinsic-mathematical.f -O3 -fomit-frame-pointer -funroll-loops (test for excess errors)
WARNING: gfortran.dg/g77/f90-intrinsic-mathematical.f -O3 -fomit-frame-pointer -funroll-loops compilation failed to produce executable
FAIL: gfortran.dg/g77/f90-intrinsic-mathematical.f -O3 -fomit-frame-pointer -funroll-all-loops -finline-functions (test for excess errors)
WARNING: gfortran.dg/g77/f90-intrinsic-mathematical.f -O3 -fomit-frame-pointer -funroll-all-loops -finline-functions compilation failed to produce executable
FAIL: gfortran.dg/g77/f90-intrinsic-mathematical.f -O3 -g (test for excess errors)
WARNING: gfortran.dg/g77/f90-intrinsic-mathematical.f -O3 -g compilation failed to produce executable
FAIL: gfortran.dg/g77/f90-intrinsic-mathematical.f -Os (test for excess errors)
WARNING: gfortran.dg/g77/f90-intrinsic-mathematical.f -Os compilation failed to produce executable
FAIL: gfortran.dg/g77/f90-intrinsic-numeric.f -O0 (test for excess errors)
WARNING: gfortran.dg/g77/f90-intrinsic-numeric.f -O0 compilation failed to produce executable
FAIL: gfortran.dg/g77/f90-intrinsic-numeric.f -O1 (test for excess errors)
WARNING: gfortran.dg/g77/f90-intrinsic-numeric.f -O1 compilation failed to produce executable
FAIL: gfortran.dg/g77/f90-intrinsic-numeric.f -O2 (test for excess errors)
WARNING: gfortran.dg/g77/f90-intrinsic-numeric.f -O2 compilation failed to produce executable
FAIL: gfortran.dg/g77/f90-intrinsic-numeric.f -O3 -fomit-frame-pointer (test for excess errors)
WARNING: gfortran.dg/g77/f90-intrinsic-numeric.f -O3 -fomit-frame-pointer compilation failed to produce executable
FAIL: gfortran.dg/g77/f90-intrinsic-numeric.f -O3 -fomit-frame-pointer -funroll-loops (test for excess errors)
WARNING: gfortran.dg/g77/f90-intrinsic-numeric.f -O3 -fomit-frame-pointer -funroll-loops compilation failed to produce executable
FAIL: gfortran.dg/g77/f90-intrinsic-numeric.f -O3 -fomit-frame-pointer -funroll-all-loops -finline-functions (test for excess errors)
WARNING: gfortran.dg/g77/f90-intrinsic-numeric.f -O3 -fomit-frame-pointer -funroll-all-loops -finline-functions compilation failed to produce executable
FAIL: gfortran.dg/g77/f90-intrinsic-numeric.f -O3 -g (test for excess errors)
WARNING: gfortran.dg/g77/f90-intrinsic-numeric.f -O3 -g compilation failed to produce executable
FAIL: gfortran.dg/g77/f90-intrinsic-numeric.f -Os (test for excess errors)
WARNING: gfortran.dg/g77/f90-intrinsic-numeric.f -Os compilation failed to produce executable
FAIL: gfortran.dg/g77/intrinsic-unix-bessel.f -O0 (test for excess errors)
WARNING: gfortran.dg/g77/intrinsic-unix-bessel.f -O0 compilation failed to produce executable
FAIL: gfortran.dg/g77/intrinsic-unix-bessel.f -O1 (test for excess errors)
WARNING: gfortran.dg/g77/intrinsic-unix-bessel.f -O1 compilation failed to produce executable
FAIL: gfortran.dg/g77/intrinsic-unix-bessel.f -O2 (test for excess errors)
WARNING: gfortran.dg/g77/intrinsic-unix-bessel.f -O2 compilation failed to produce executable
FAIL: gfortran.dg/g77/intrinsic-unix-bessel.f -O3 -fomit-frame-pointer (test for excess errors)
WARNING: gfortran.dg/g77/intrinsic-unix-bessel.f -O3 -fomit-frame-pointer compilation failed to produce executable
FAIL: gfortran.dg/g77/intrinsic-unix-bessel.f -O3 -fomit-frame-pointer -funroll-loops (test for excess errors)
WARNING: gfortran.dg/g77/intrinsic-unix-bessel.f -O3 -fomit-frame-pointer -funroll-loops compilation failed to produce executable
FAIL: gfortran.dg/g77/intrinsic-unix-bessel.f -O3 -fomit-frame-pointer -funroll-all-loops -finline-functions (test for excess errors)
WARNING: gfortran.dg/g77/intrinsic-unix-bessel.f -O3 -fomit-frame-pointer -funroll-all-loops -finline-functions compilation failed to produce executable
FAIL: gfortran.dg/g77/intrinsic-unix-bessel.f -O3 -g (test for excess errors)
WARNING: gfortran.dg/g77/intrinsic-unix-bessel.f -O3 -g compilation failed to produce executable
FAIL: gfortran.dg/g77/intrinsic-unix-bessel.f -Os (test for excess errors)
WARNING: gfortran.dg/g77/intrinsic-unix-bessel.f -Os compilation failed to produce executable
FAIL: gfortran.dg/g77/intrinsic-unix-erf.f -O0 (test for excess errors)
WARNING: gfortran.dg/g77/intrinsic-unix-erf.f -O0 compilation failed to produce executable
FAIL: gfortran.dg/g77/intrinsic-unix-erf.f -O1 (test for excess errors)
WARNING: gfortran.dg/g77/intrinsic-unix-erf.f -O1 compilation failed to produce executable
FAIL: gfortran.dg/g77/intrinsic-unix-erf.f -O2 (test for excess errors)
WARNING: gfortran.dg/g77/intrinsic-unix-erf.f -O2 compilation failed to produce executable
FAIL: gfortran.dg/g77/intrinsic-unix-erf.f -O3 -fomit-frame-pointer (test for excess errors)
WARNING: gfortran.dg/g77/intrinsic-unix-erf.f -O3 -fomit-frame-pointer compilation failed to produce executable
FAIL: gfortran.dg/g77/intrinsic-unix-erf.f -O3 -fomit-frame-pointer -funroll-loops (test for excess errors)
WARNING: gfortran.dg/g77/intrinsic-unix-erf.f -O3 -fomit-frame-pointer -funroll-loops compilation failed to produce executable
FAIL: gfortran.dg/g77/intrinsic-unix-erf.f -O3 -fomit-frame-pointer -funroll-all-loops -finline-functions (test for excess errors)
WARNING: gfortran.dg/g77/intrinsic-unix-erf.f -O3 -fomit-frame-pointer -funroll-all-loops -finline-functions compilation failed to produce executable
FAIL: gfortran.dg/g77/intrinsic-unix-erf.f -O3 -g (test for excess errors)
WARNING: gfortran.dg/g77/intrinsic-unix-erf.f -O3 -g compilation failed to produce executable
FAIL: gfortran.dg/g77/intrinsic-unix-erf.f -Os (test for excess errors)
WARNING: gfortran.dg/g77/intrinsic-unix-erf.f -Os compilation failed to produce executable
FAIL: gfortran.dg/g77/labug1.f -O0 (test for excess errors)
WARNING: gfortran.dg/g77/labug1.f -O0 compilation failed to produce executable
FAIL: gfortran.dg/g77/labug1.f -O1 (test for excess errors)
WARNING: gfortran.dg/g77/labug1.f -O1 compilation failed to produce executable
FAIL: gfortran.dg/g77/labug1.f -O2 (test for excess errors)
WARNING: gfortran.dg/g77/labug1.f -O2 compilation failed to produce executable
FAIL: gfortran.dg/g77/labug1.f -O3 -fomit-frame-pointer (test for excess errors)
WARNING: gfortran.dg/g77/labug1.f -O3 -fomit-frame-pointer compilation failed to produce executable
FAIL: gfortran.dg/g77/labug1.f -O3 -fomit-frame-pointer -funroll-loops (test for excess errors)
WARNING: gfortran.dg/g77/labug1.f -O3 -fomit-frame-pointer -funroll-loops compilation failed to produce executable
FAIL: gfortran.dg/g77/labug1.f -O3 -fomit-frame-pointer -funroll-all-loops -finline-functions (test for excess errors)
WARNING: gfortran.dg/g77/labug1.f -O3 -fomit-frame-pointer -funroll-all-loops -finline-functions compilation failed to produce executable
FAIL: gfortran.dg/g77/labug1.f -O3 -g (test for excess errors)
WARNING: gfortran.dg/g77/labug1.f -O3 -g compilation failed to produce executable
FAIL: gfortran.dg/g77/labug1.f -Os (test for excess errors)
WARNING: gfortran.dg/g77/labug1.f -Os compilation failed to produce executable
FAIL: gfortran.dg/g77/short.f -O0 (test for excess errors)
WARNING: gfortran.dg/g77/short.f -O0 compilation failed to produce executable
FAIL: gfortran.dg/g77/short.f -O1 (test for excess errors)
WARNING: gfortran.dg/g77/short.f -O1 compilation failed to produce executable
FAIL: gfortran.dg/g77/short.f -O2 (test for excess errors)
WARNING: gfortran.dg/g77/short.f -O2 compilation failed to produce executable
FAIL: gfortran.dg/g77/short.f -O3 -fomit-frame-pointer (test for excess errors)
WARNING: gfortran.dg/g77/short.f -O3 -fomit-frame-pointer compilation failed to produce executable
FAIL: gfortran.dg/g77/short.f -O3 -fomit-frame-pointer -funroll-loops (test for excess errors)
WARNING: gfortran.dg/g77/short.f -O3 -fomit-frame-pointer -funroll-loops compilation failed to produce executable
FAIL: gfortran.dg/g77/short.f -O3 -fomit-frame-pointer -funroll-all-loops -finline-functions (test for excess errors)
WARNING: gfortran.dg/g77/short.f -O3 -fomit-frame-pointer -funroll-all-loops -finline-functions compilation failed to produce executable
FAIL: gfortran.dg/g77/short.f -O3 -g (test for excess errors)
WARNING: gfortran.dg/g77/short.f -O3 -g compilation failed to produce executable
FAIL: gfortran.dg/g77/short.f -Os (test for excess errors)
WARNING: gfortran.dg/g77/short.f -Os compilation failed to produce executable
FAIL: gfortran.dg/g77/strlen0.f -O0 (test for excess errors)
WARNING: gfortran.dg/g77/strlen0.f -O0 compilation failed to produce executable
FAIL: gfortran.dg/g77/strlen0.f -O1 (test for excess errors)
WARNING: gfortran.dg/g77/strlen0.f -O1 compilation failed to produce executable
FAIL: gfortran.dg/g77/strlen0.f -O2 (test for excess errors)
WARNING: gfortran.dg/g77/strlen0.f -O2 compilation failed to produce executable
FAIL: gfortran.dg/g77/strlen0.f -O3 -fomit-frame-pointer (test for excess errors)
WARNING: gfortran.dg/g77/strlen0.f -O3 -fomit-frame-pointer compilation failed to produce executable
FAIL: gfortran.dg/g77/strlen0.f -O3 -fomit-frame-pointer -funroll-loops (test for excess errors)
WARNING: gfortran.dg/g77/strlen0.f -O3 -fomit-frame-pointer -funroll-loops compilation failed to produce executable
FAIL: gfortran.dg/g77/strlen0.f -O3 -fomit-frame-pointer -funroll-all-loops -finline-functions (test for excess errors)
WARNING: gfortran.dg/g77/strlen0.f -O3 -fomit-frame-pointer -funroll-all-loops -finline-functions compilation failed to produce executable
FAIL: gfortran.dg/g77/strlen0.f -O3 -g (test for excess errors)
WARNING: gfortran.dg/g77/strlen0.f -O3 -g compilation failed to produce executable
FAIL: gfortran.dg/g77/strlen0.f -Os (test for excess errors)
WARNING: gfortran.dg/g77/strlen0.f -Os compilation failed to produce executable
FAIL: gfortran.fortran-torture/execute/pr40021.f compilation, -O0
FAIL: gfortran.fortran-torture/execute/pr40021.f compilation, -O1
FAIL: gfortran.fortran-torture/execute/pr40021.f compilation, -O2
FAIL: gfortran.fortran-torture/execute/pr40021.f compilation, -O2 -fomit-frame-pointer -finline-functions
FAIL: gfortran.fortran-torture/execute/pr40021.f compilation, -O2 -fomit-frame-pointer -finline-functions -funroll-loops
FAIL: gfortran.fortran-torture/execute/pr40021.f compilation, -O2 -fbounds-check
FAIL: gfortran.fortran-torture/execute/pr40021.f compilation, -O3 -g
FAIL: gfortran.fortran-torture/execute/pr40021.f compilation, -Os
FAIL: gfortran.fortran-torture/execute/character_passing.f90 compilation, -O0
FAIL: gfortran.fortran-torture/execute/character_passing.f90 compilation, -O1
FAIL: gfortran.fortran-torture/execute/character_passing.f90 compilation, -O2
FAIL: gfortran.fortran-torture/execute/character_passing.f90 compilation, -O2 -fomit-frame-pointer -finline-functions
FAIL: gfortran.fortran-torture/execute/character_passing.f90 compilation, -O2 -fomit-frame-pointer -finline-functions -funroll-loops
FAIL: gfortran.fortran-torture/execute/character_passing.f90 compilation, -O2 -fbounds-check
FAIL: gfortran.fortran-torture/execute/character_passing.f90 compilation, -O3 -g
FAIL: gfortran.fortran-torture/execute/character_passing.f90 compilation, -Os
FAIL: gfortran.fortran-torture/execute/common.f90 compilation, -O0
FAIL: gfortran.fortran-torture/execute/common.f90 compilation, -O1
FAIL: gfortran.fortran-torture/execute/common.f90 compilation, -O2
FAIL: gfortran.fortran-torture/execute/common.f90 compilation, -O2 -fomit-frame-pointer -finline-functions
FAIL: gfortran.fortran-torture/execute/common.f90 compilation, -O2 -fomit-frame-pointer -finline-functions -funroll-loops
FAIL: gfortran.fortran-torture/execute/common.f90 compilation, -O2 -fbounds-check
FAIL: gfortran.fortran-torture/execute/common.f90 compilation, -O3 -g
FAIL: gfortran.fortran-torture/execute/common.f90 compilation, -Os
FAIL: gfortran.fortran-torture/execute/csqrt_1.f90 compilation, -O0
FAIL: gfortran.fortran-torture/execute/csqrt_1.f90 compilation, -O1
FAIL: gfortran.fortran-torture/execute/csqrt_1.f90 compilation, -O2
FAIL: gfortran.fortran-torture/execute/csqrt_1.f90 compilation, -O2 -fomit-frame-pointer -finline-functions
FAIL: gfortran.fortran-torture/execute/csqrt_1.f90 compilation, -O2 -fomit-frame-pointer -finline-functions -funroll-loops
FAIL: gfortran.fortran-torture/execute/csqrt_1.f90 compilation, -O2 -fbounds-check
FAIL: gfortran.fortran-torture/execute/csqrt_1.f90 compilation, -O3 -g
FAIL: gfortran.fortran-torture/execute/csqrt_1.f90 compilation, -Os
FAIL: gfortran.fortran-torture/execute/data.f90 compilation, -O0
FAIL: gfortran.fortran-torture/execute/data.f90 compilation, -O1
FAIL: gfortran.fortran-torture/execute/data.f90 compilation, -O2
FAIL: gfortran.fortran-torture/execute/data.f90 compilation, -O2 -fomit-frame-pointer -finline-functions
FAIL: gfortran.fortran-torture/execute/data.f90 compilation, -O2 -fomit-frame-pointer -finline-functions -funroll-loops
FAIL: gfortran.fortran-torture/execute/data.f90 compilation, -O2 -fbounds-check
FAIL: gfortran.fortran-torture/execute/data.f90 compilation, -O3 -g
FAIL: gfortran.fortran-torture/execute/data.f90 compilation, -Os
FAIL: gfortran.fortran-torture/execute/in-pack.f90 compilation, -O0
FAIL: gfortran.fortran-torture/execute/in-pack.f90 compilation, -O1
FAIL: gfortran.fortran-torture/execute/in-pack.f90 compilation, -O2
FAIL: gfortran.fortran-torture/execute/in-pack.f90 compilation, -O2 -fomit-frame-pointer -finline-functions
FAIL: gfortran.fortran-torture/execute/in-pack.f90 compilation, -O2 -fomit-frame-pointer -finline-functions -funroll-loops
FAIL: gfortran.fortran-torture/execute/in-pack.f90 compilation, -O2 -fbounds-check
FAIL: gfortran.fortran-torture/execute/in-pack.f90 compilation, -O3 -g
FAIL: gfortran.fortran-torture/execute/in-pack.f90 compilation, -Os
FAIL: gfortran.fortran-torture/execute/intrinsic_associated.f90 compilation, -O0
FAIL: gfortran.fortran-torture/execute/intrinsic_associated.f90 compilation, -O1
FAIL: gfortran.fortran-torture/execute/intrinsic_associated.f90 compilation, -O2
FAIL: gfortran.fortran-torture/execute/intrinsic_associated.f90 compilation, -O2 -fomit-frame-pointer -finline-functions
FAIL: gfortran.fortran-torture/execute/intrinsic_associated.f90 compilation, -O2 -fomit-frame-pointer -finline-functions -funroll-loops
FAIL: gfortran.fortran-torture/execute/intrinsic_associated.f90 compilation, -O2 -fbounds-check
FAIL: gfortran.fortran-torture/execute/intrinsic_associated.f90 compilation, -O3 -g
FAIL: gfortran.fortran-torture/execute/intrinsic_associated.f90 compilation, -Os
FAIL: gfortran.fortran-torture/execute/intrinsic_fraction_exponent.f90 compilation, -O0
FAIL: gfortran.fortran-torture/execute/intrinsic_fraction_exponent.f90 compilation, -O1
FAIL: gfortran.fortran-torture/execute/intrinsic_fraction_exponent.f90 compilation, -O2
FAIL: gfortran.fortran-torture/execute/intrinsic_fraction_exponent.f90 compilation, -O2 -fomit-frame-pointer -finline-functions
FAIL: gfortran.fortran-torture/execute/intrinsic_fraction_exponent.f90 compilation, -O2 -fomit-frame-pointer -finline-functions -funroll-loops
FAIL: gfortran.fortran-torture/execute/intrinsic_fraction_exponent.f90 compilation, -O2 -fbounds-check
FAIL: gfortran.fortran-torture/execute/intrinsic_fraction_exponent.f90 compilation, -O3 -g
FAIL: gfortran.fortran-torture/execute/intrinsic_fraction_exponent.f90 compilation, -Os
FAIL: gfortran.fortran-torture/execute/intrinsic_index.f90 compilation, -O0
FAIL: gfortran.fortran-torture/execute/intrinsic_index.f90 compilation, -O1
FAIL: gfortran.fortran-torture/execute/intrinsic_index.f90 compilation, -O2
FAIL: gfortran.fortran-torture/execute/intrinsic_index.f90 compilation, -O2 -fomit-frame-pointer -finline-functions
FAIL: gfortran.fortran-torture/execute/intrinsic_index.f90 compilation, -O2 -fomit-frame-pointer -finline-functions -funroll-loops
FAIL: gfortran.fortran-torture/execute/intrinsic_index.f90 compilation, -O2 -fbounds-check
FAIL: gfortran.fortran-torture/execute/intrinsic_index.f90 compilation, -O3 -g
FAIL: gfortran.fortran-torture/execute/intrinsic_index.f90 compilation, -Os
FAIL: gfortran.fortran-torture/execute/intrinsic_len.f90 compilation, -O0
FAIL: gfortran.fortran-torture/execute/intrinsic_len.f90 compilation, -O1
FAIL: gfortran.fortran-torture/execute/intrinsic_len.f90 compilation, -O2
FAIL: gfortran.fortran-torture/execute/intrinsic_len.f90 compilation, -O2 -fomit-frame-pointer -finline-functions
FAIL: gfortran.fortran-torture/execute/intrinsic_len.f90 compilation, -O2 -fomit-frame-pointer -finline-functions -funroll-loops
FAIL: gfortran.fortran-torture/execute/intrinsic_len.f90 compilation, -O2 -fbounds-check
FAIL: gfortran.fortran-torture/execute/intrinsic_len.f90 compilation, -O3 -g
FAIL: gfortran.fortran-torture/execute/intrinsic_len.f90 compilation, -Os
FAIL: gfortran.fortran-torture/execute/intrinsic_nearest.f90 compilation, -O0
FAIL: gfortran.fortran-torture/execute/intrinsic_nearest.f90 compilation, -O1
FAIL: gfortran.fortran-torture/execute/intrinsic_nearest.f90 compilation, -O2
FAIL: gfortran.fortran-torture/execute/intrinsic_nearest.f90 compilation, -O2 -fomit-frame-pointer -finline-functions
FAIL: gfortran.fortran-torture/execute/intrinsic_nearest.f90 compilation, -O2 -fomit-frame-pointer -finline-functions -funroll-loops
FAIL: gfortran.fortran-torture/execute/intrinsic_nearest.f90 compilation, -O2 -fbounds-check
FAIL: gfortran.fortran-torture/execute/intrinsic_nearest.f90 compilation, -O3 -g
FAIL: gfortran.fortran-torture/execute/intrinsic_nearest.f90 compilation, -Os
FAIL: gfortran.fortran-torture/execute/intrinsic_rrspacing.f90 compilation, -O0
FAIL: gfortran.fortran-torture/execute/intrinsic_rrspacing.f90 compilation, -O1
FAIL: gfortran.fortran-torture/execute/intrinsic_rrspacing.f90 compilation, -O2
FAIL: gfortran.fortran-torture/execute/intrinsic_rrspacing.f90 compilation, -O2 -fomit-frame-pointer -finline-functions
FAIL: gfortran.fortran-torture/execute/intrinsic_rrspacing.f90 compilation, -O2 -fomit-frame-pointer -finline-functions -funroll-loops
FAIL: gfortran.fortran-torture/execute/intrinsic_rrspacing.f90 compilation, -O2 -fbounds-check
FAIL: gfortran.fortran-torture/execute/intrinsic_rrspacing.f90 compilation, -O3 -g
FAIL: gfortran.fortran-torture/execute/intrinsic_rrspacing.f90 compilation, -Os
FAIL: gfortran.fortran-torture/execute/intrinsic_scale.f90 compilation, -O0
FAIL: gfortran.fortran-torture/execute/intrinsic_scale.f90 compilation, -O1
FAIL: gfortran.fortran-torture/execute/intrinsic_scale.f90 compilation, -O2
FAIL: gfortran.fortran-torture/execute/intrinsic_scale.f90 compilation, -O2 -fomit-frame-pointer -finline-functions
FAIL: gfortran.fortran-torture/execute/intrinsic_scale.f90 compilation, -O2 -fomit-frame-pointer -finline-functions -funroll-loops
FAIL: gfortran.fortran-torture/execute/intrinsic_scale.f90 compilation, -O2 -fbounds-check
FAIL: gfortran.fortran-torture/execute/intrinsic_scale.f90 compilation, -O3 -g
FAIL: gfortran.fortran-torture/execute/intrinsic_scale.f90 compilation, -Os
FAIL: gfortran.fortran-torture/execute/intrinsic_set_exponent.f90 compilation, -O0
FAIL: gfortran.fortran-torture/execute/intrinsic_set_exponent.f90 compilation, -O1
FAIL: gfortran.fortran-torture/execute/intrinsic_set_exponent.f90 compilation, -O2
FAIL: gfortran.fortran-torture/execute/intrinsic_set_exponent.f90 compilation, -O2 -fomit-frame-pointer -finline-functions
FAIL: gfortran.fortran-torture/execute/intrinsic_set_exponent.f90 compilation, -O2 -fomit-frame-pointer -finline-functions -funroll-loops
FAIL: gfortran.fortran-torture/execute/intrinsic_set_exponent.f90 compilation, -O2 -fbounds-check
FAIL: gfortran.fortran-torture/execute/intrinsic_set_exponent.f90 compilation, -O3 -g
FAIL: gfortran.fortran-torture/execute/intrinsic_set_exponent.f90 compilation, -Os
FAIL: gfortran.fortran-torture/execute/intrinsic_spacing.f90 compilation, -O0
FAIL: gfortran.fortran-torture/execute/intrinsic_spacing.f90 compilation, -O1
FAIL: gfortran.fortran-torture/execute/intrinsic_spacing.f90 compilation, -O2
FAIL: gfortran.fortran-torture/execute/intrinsic_spacing.f90 compilation, -O2 -fomit-frame-pointer -finline-functions
FAIL: gfortran.fortran-torture/execute/intrinsic_spacing.f90 compilation, -O2 -fomit-frame-pointer -finline-functions -funroll-loops
FAIL: gfortran.fortran-torture/execute/intrinsic_spacing.f90 compilation, -O2 -fbounds-check
FAIL: gfortran.fortran-torture/execute/intrinsic_spacing.f90 compilation, -O3 -g
FAIL: gfortran.fortran-torture/execute/intrinsic_spacing.f90 compilation, -Os
FAIL: gfortran.fortran-torture/execute/intrinsic_trim.f90 compilation, -O0
FAIL: gfortran.fortran-torture/execute/intrinsic_trim.f90 compilation, -O1
FAIL: gfortran.fortran-torture/execute/intrinsic_trim.f90 compilation, -O2
FAIL: gfortran.fortran-torture/execute/intrinsic_trim.f90 compilation, -O2 -fomit-frame-pointer -finline-functions
FAIL: gfortran.fortran-torture/execute/intrinsic_trim.f90 compilation, -O2 -fomit-frame-pointer -finline-functions -funroll-loops
FAIL: gfortran.fortran-torture/execute/intrinsic_trim.f90 compilation, -O2 -fbounds-check
FAIL: gfortran.fortran-torture/execute/intrinsic_trim.f90 compilation, -O3 -g
FAIL: gfortran.fortran-torture/execute/intrinsic_trim.f90 compilation, -Os
FAIL: gfortran.fortran-torture/execute/mainsub.f90 compilation, -O0
FAIL: gfortran.fortran-torture/execute/mainsub.f90 compilation, -O1
FAIL: gfortran.fortran-torture/execute/mainsub.f90 compilation, -O2
FAIL: gfortran.fortran-torture/execute/mainsub.f90 compilation, -O2 -fomit-frame-pointer -finline-functions
FAIL: gfortran.fortran-torture/execute/mainsub.f90 compilation, -O2 -fomit-frame-pointer -finline-functions -funroll-loops
FAIL: gfortran.fortran-torture/execute/mainsub.f90 compilation, -O2 -fbounds-check
FAIL: gfortran.fortran-torture/execute/mainsub.f90 compilation, -O3 -g
FAIL: gfortran.fortran-torture/execute/mainsub.f90 compilation, -Os
FAIL: gfortran.fortran-torture/execute/save_2.f90 compilation, -O0
FAIL: gfortran.fortran-torture/execute/save_2.f90 compilation, -O1
FAIL: gfortran.fortran-torture/execute/save_2.f90 compilation, -O2
FAIL: gfortran.fortran-torture/execute/save_2.f90 compilation, -O2 -fomit-frame-pointer -finline-functions
FAIL: gfortran.fortran-torture/execute/save_2.f90 compilation, -O2 -fomit-frame-pointer -finline-functions -funroll-loops
FAIL: gfortran.fortran-torture/execute/save_2.f90 compilation, -O2 -fbounds-check
FAIL: gfortran.fortran-torture/execute/save_2.f90 compilation, -O3 -g
FAIL: gfortran.fortran-torture/execute/save_2.f90 compilation, -Os
FAIL: gfortran.fortran-torture/execute/spec_abs.f90 compilation, -O0
FAIL: gfortran.fortran-torture/execute/spec_abs.f90 compilation, -O1
FAIL: gfortran.fortran-torture/execute/spec_abs.f90 compilation, -O2
FAIL: gfortran.fortran-torture/execute/spec_abs.f90 compilation, -O2 -fomit-frame-pointer -finline-functions
FAIL: gfortran.fortran-torture/execute/spec_abs.f90 compilation, -O2 -fomit-frame-pointer -finline-functions -funroll-loops
FAIL: gfortran.fortran-torture/execute/spec_abs.f90 compilation, -O2 -fbounds-check
FAIL: gfortran.fortran-torture/execute/spec_abs.f90 compilation, -O3 -g
FAIL: gfortran.fortran-torture/execute/spec_abs.f90 compilation, -Os
FAIL: gfortran.fortran-torture/execute/st_function.f90 compilation, -O0
FAIL: gfortran.fortran-torture/execute/st_function.f90 compilation, -O1
FAIL: gfortran.fortran-torture/execute/st_function.f90 compilation, -O2
FAIL: gfortran.fortran-torture/execute/st_function.f90 compilation, -O2 -fomit-frame-pointer -finline-functions
FAIL: gfortran.fortran-torture/execute/st_function.f90 compilation, -O2 -fomit-frame-pointer -finline-functions -funroll-loops
FAIL: gfortran.fortran-torture/execute/st_function.f90 compilation, -O2 -fbounds-check
FAIL: gfortran.fortran-torture/execute/st_function.f90 compilation, -O3 -g
FAIL: gfortran.fortran-torture/execute/st_function.f90 compilation, -Os
=== gfortran Summary ===
# of expected passes 28169
# of unexpected failures 966
# of expected failures 11
# of untested testcases 160
# of unsupported tests 118
/build-extralong/BUILD/gcc/obj-s390-redhat-linux/gcc/testsuite/gfortran/../../gfortran version 4.5.0 20090527 (experimental) (GCC)
=== obj-c++ tests ===
Running target unix
WARNING: obj-c++.dg/lookup-2.mm compilation failed to produce executable
WARNING: obj-c++.dg/try-catch-2.mm compilation failed to produce executable
WARNING: obj-c++.dg/try-catch-9.mm compilation failed to produce executable
=== obj-c++ Summary ===
# of expected passes 438
# of expected failures 10
# of unsupported tests 13
/build-extralong/BUILD/gcc/obj-s390-redhat-linux/gcc/testsuite/obj-c++/../../g++ version 4.5.0 20090527 (experimental) (GCC)
=== objc tests ===
Running target unix
FAIL: objc/execute/forward-1.m execution, -O0 -fgnu-runtime
FAIL: objc/execute/forward-1.m execution, -O1 -fgnu-runtime
FAIL: objc/execute/forward-1.m execution, -O2 -fgnu-runtime
FAIL: objc/execute/forward-1.m execution, -O3 -fomit-frame-pointer -fgnu-runtime
FAIL: objc/execute/forward-1.m execution, -O3 -fomit-frame-pointer -funroll-loops -fgnu-runtime
FAIL: objc/execute/forward-1.m execution, -O3 -fomit-frame-pointer -funroll-all-loops -finline-functions -fgnu-runtime
FAIL: objc/execute/forward-1.m execution, -O3 -g -fgnu-runtime
FAIL: objc/execute/forward-1.m execution, -Os -fgnu-runtime
=== objc Summary ===
# of expected passes 1865
# of unexpected failures 8
# of expected failures 7
# of unsupported tests 24
/build-extralong/BUILD/gcc/obj-s390-redhat-linux/gcc/xgcc version 4.5.0 20090527 (experimental) (GCC)
=== libffi tests ===
Running target unix
=== libffi Summary ===
# of expected passes 1389
# of unsupported tests 10
=== libgomp tests ===
Running target unix
FAIL: libgomp.c++/task-4.C -O (internal compiler error)
FAIL: libgomp.c++/task-4.C -O (test for excess errors)
WARNING: libgomp.c++/task-4.C -O compilation failed to produce executable
FAIL: libgomp.fortran/jacobi.f -O0 (test for excess errors)
WARNING: libgomp.fortran/jacobi.f -O0 compilation failed to produce executable
FAIL: libgomp.fortran/jacobi.f -O1 (test for excess errors)
WARNING: libgomp.fortran/jacobi.f -O1 compilation failed to produce executable
FAIL: libgomp.fortran/jacobi.f -O2 (test for excess errors)
WARNING: libgomp.fortran/jacobi.f -O2 compilation failed to produce executable
FAIL: libgomp.fortran/jacobi.f -O3 -fomit-frame-pointer (test for excess errors)
WARNING: libgomp.fortran/jacobi.f -O3 -fomit-frame-pointer compilation failed to produce executable
FAIL: libgomp.fortran/jacobi.f -O3 -fomit-frame-pointer -funroll-loops (test for excess errors)
WARNING: libgomp.fortran/jacobi.f -O3 -fomit-frame-pointer -funroll-loops compilation failed to produce executable
FAIL: libgomp.fortran/jacobi.f -O3 -fomit-frame-pointer -funroll-all-loops -finline-functions (test for excess errors)
WARNING: libgomp.fortran/jacobi.f -O3 -fomit-frame-pointer -funroll-all-loops -finline-functions compilation failed to produce executable
FAIL: libgomp.fortran/jacobi.f -O3 -g (test for excess errors)
WARNING: libgomp.fortran/jacobi.f -O3 -g compilation failed to produce executable
FAIL: libgomp.fortran/jacobi.f -Os (test for excess errors)
WARNING: libgomp.fortran/jacobi.f -Os compilation failed to produce executable
FAIL: libgomp.fortran/nestedfn2.f90 -O0 (internal compiler error)
FAIL: libgomp.fortran/nestedfn2.f90 -O0 (test for excess errors)
WARNING: libgomp.fortran/nestedfn2.f90 -O0 compilation failed to produce executable
FAIL: libgomp.fortran/nestedfn2.f90 -O1 (internal compiler error)
FAIL: libgomp.fortran/nestedfn2.f90 -O1 (test for excess errors)
WARNING: libgomp.fortran/nestedfn2.f90 -O1 compilation failed to produce executable
FAIL: libgomp.fortran/nestedfn2.f90 -O2 (internal compiler error)
FAIL: libgomp.fortran/nestedfn2.f90 -O2 (test for excess errors)
WARNING: libgomp.fortran/nestedfn2.f90 -O2 compilation failed to produce executable
FAIL: libgomp.fortran/nestedfn2.f90 -O3 -fomit-frame-pointer (internal compiler error)
FAIL: libgomp.fortran/nestedfn2.f90 -O3 -fomit-frame-pointer (test for excess errors)
WARNING: libgomp.fortran/nestedfn2.f90 -O3 -fomit-frame-pointer compilation failed to produce executable
FAIL: libgomp.fortran/nestedfn2.f90 -O3 -fomit-frame-pointer -funroll-loops (internal compiler error)
FAIL: libgomp.fortran/nestedfn2.f90 -O3 -fomit-frame-pointer -funroll-loops (test for excess errors)
WARNING: libgomp.fortran/nestedfn2.f90 -O3 -fomit-frame-pointer -funroll-loops compilation failed to produce executable
FAIL: libgomp.fortran/nestedfn2.f90 -O3 -fomit-frame-pointer -funroll-all-loops -finline-functions (internal compiler error)
FAIL: libgomp.fortran/nestedfn2.f90 -O3 -fomit-frame-pointer -funroll-all-loops -finline-functions (test for excess errors)
WARNING: libgomp.fortran/nestedfn2.f90 -O3 -fomit-frame-pointer -funroll-all-loops -finline-functions compilation failed to produce executable
FAIL: libgomp.fortran/nestedfn2.f90 -O3 -g (internal compiler error)
FAIL: libgomp.fortran/nestedfn2.f90 -O3 -g (test for excess errors)
WARNING: libgomp.fortran/nestedfn2.f90 -O3 -g compilation failed to produce executable
FAIL: libgomp.fortran/nestedfn2.f90 -Os (internal compiler error)
FAIL: libgomp.fortran/nestedfn2.f90 -Os (test for excess errors)
WARNING: libgomp.fortran/nestedfn2.f90 -Os compilation failed to produce executable
FAIL: libgomp.fortran/omp_orphan.f -O (test for excess errors)
WARNING: libgomp.fortran/omp_orphan.f -O compilation failed to produce executable
FAIL: libgomp.fortran/pr25162.f -O0 (test for excess errors)
WARNING: libgomp.fortran/pr25162.f -O0 compilation failed to produce executable
FAIL: libgomp.fortran/pr25162.f -O1 (test for excess errors)
WARNING: libgomp.fortran/pr25162.f -O1 compilation failed to produce executable
FAIL: libgomp.fortran/pr25162.f -O2 (test for excess errors)
WARNING: libgomp.fortran/pr25162.f -O2 compilation failed to produce executable
FAIL: libgomp.fortran/pr25162.f -O3 -fomit-frame-pointer (test for excess errors)
WARNING: libgomp.fortran/pr25162.f -O3 -fomit-frame-pointer compilation failed to produce executable
FAIL: libgomp.fortran/pr25162.f -O3 -fomit-frame-pointer -funroll-loops (test for excess errors)
WARNING: libgomp.fortran/pr25162.f -O3 -fomit-frame-pointer -funroll-loops compilation failed to produce executable
FAIL: libgomp.fortran/pr25162.f -O3 -fomit-frame-pointer -funroll-all-loops -finline-functions (test for excess errors)
WARNING: libgomp.fortran/pr25162.f -O3 -fomit-frame-pointer -funroll-all-loops -finline-functions compilation failed to produce executable
FAIL: libgomp.fortran/pr25162.f -O3 -g (test for excess errors)
WARNING: libgomp.fortran/pr25162.f -O3 -g compilation failed to produce executable
FAIL: libgomp.fortran/pr25162.f -Os (test for excess errors)
WARNING: libgomp.fortran/pr25162.f -Os compilation failed to produce executable
FAIL: libgomp.fortran/pr27395-1.f90 -O0 (test for excess errors)
WARNING: libgomp.fortran/pr27395-1.f90 -O0 compilation failed to produce executable
FAIL: libgomp.fortran/pr27395-1.f90 -O1 (test for excess errors)
WARNING: libgomp.fortran/pr27395-1.f90 -O1 compilation failed to produce executable
FAIL: libgomp.fortran/pr27395-1.f90 -O2 (test for excess errors)
WARNING: libgomp.fortran/pr27395-1.f90 -O2 compilation failed to produce executable
FAIL: libgomp.fortran/pr27395-1.f90 -O3 -fomit-frame-pointer (test for excess errors)
WARNING: libgomp.fortran/pr27395-1.f90 -O3 -fomit-frame-pointer compilation failed to produce executable
FAIL: libgomp.fortran/pr27395-1.f90 -O3 -fomit-frame-pointer -funroll-loops (test for excess errors)
WARNING: libgomp.fortran/pr27395-1.f90 -O3 -fomit-frame-pointer -funroll-loops compilation failed to produce executable
FAIL: libgomp.fortran/pr27395-1.f90 -O3 -fomit-frame-pointer -funroll-all-loops -finline-functions (test for excess errors)
WARNING: libgomp.fortran/pr27395-1.f90 -O3 -fomit-frame-pointer -funroll-all-loops -finline-functions compilation failed to produce executable
FAIL: libgomp.fortran/pr27395-1.f90 -O3 -g (test for excess errors)
WARNING: libgomp.fortran/pr27395-1.f90 -O3 -g compilation failed to produce executable
FAIL: libgomp.fortran/pr27395-1.f90 -Os (test for excess errors)
WARNING: libgomp.fortran/pr27395-1.f90 -Os compilation failed to produce executable
FAIL: libgomp.fortran/pr27395-2.f90 -O0 (test for excess errors)
WARNING: libgomp.fortran/pr27395-2.f90 -O0 compilation failed to produce executable
FAIL: libgomp.fortran/pr27395-2.f90 -O1 (test for excess errors)
WARNING: libgomp.fortran/pr27395-2.f90 -O1 compilation failed to produce executable
FAIL: libgomp.fortran/pr27395-2.f90 -O2 (test for excess errors)
WARNING: libgomp.fortran/pr27395-2.f90 -O2 compilation failed to produce executable
FAIL: libgomp.fortran/pr27395-2.f90 -O3 -fomit-frame-pointer (test for excess errors)
WARNING: libgomp.fortran/pr27395-2.f90 -O3 -fomit-frame-pointer compilation failed to produce executable
FAIL: libgomp.fortran/pr27395-2.f90 -O3 -fomit-frame-pointer -funroll-loops (test for excess errors)
WARNING: libgomp.fortran/pr27395-2.f90 -O3 -fomit-frame-pointer -funroll-loops compilation failed to produce executable
FAIL: libgomp.fortran/pr27395-2.f90 -O3 -fomit-frame-pointer -funroll-all-loops -finline-functions (test for excess errors)
WARNING: libgomp.fortran/pr27395-2.f90 -O3 -fomit-frame-pointer -funroll-all-loops -finline-functions compilation failed to produce executable
FAIL: libgomp.fortran/pr27395-2.f90 -O3 -g (test for excess errors)
WARNING: libgomp.fortran/pr27395-2.f90 -O3 -g compilation failed to produce executable
FAIL: libgomp.fortran/pr27395-2.f90 -Os (test for excess errors)
WARNING: libgomp.fortran/pr27395-2.f90 -Os compilation failed to produce executable
FAIL: libgomp.fortran/pr27416-1.f90 -O0 (test for excess errors)
WARNING: libgomp.fortran/pr27416-1.f90 -O0 compilation failed to produce executable
FAIL: libgomp.fortran/pr27416-1.f90 -O1 (test for excess errors)
WARNING: libgomp.fortran/pr27416-1.f90 -O1 compilation failed to produce executable
FAIL: libgomp.fortran/pr27416-1.f90 -O2 (test for excess errors)
WARNING: libgomp.fortran/pr27416-1.f90 -O2 compilation failed to produce executable
FAIL: libgomp.fortran/pr27416-1.f90 -O3 -fomit-frame-pointer (test for excess errors)
WARNING: libgomp.fortran/pr27416-1.f90 -O3 -fomit-frame-pointer compilation failed to produce executable
FAIL: libgomp.fortran/pr27416-1.f90 -O3 -fomit-frame-pointer -funroll-loops (test for excess errors)
WARNING: libgomp.fortran/pr27416-1.f90 -O3 -fomit-frame-pointer -funroll-loops compilation failed to produce executable
FAIL: libgomp.fortran/pr27416-1.f90 -O3 -fomit-frame-pointer -funroll-all-loops -finline-functions (test for excess errors)
WARNING: libgomp.fortran/pr27416-1.f90 -O3 -fomit-frame-pointer -funroll-all-loops -finline-functions compilation failed to produce executable
FAIL: libgomp.fortran/pr27416-1.f90 -O3 -g (test for excess errors)
WARNING: libgomp.fortran/pr27416-1.f90 -O3 -g compilation failed to produce executable
FAIL: libgomp.fortran/pr27416-1.f90 -Os (test for excess errors)
WARNING: libgomp.fortran/pr27416-1.f90 -Os compilation failed to produce executable
FAIL: libgomp.fortran/stack.f90 -O0 (test for excess errors)
WARNING: libgomp.fortran/stack.f90 -O0 compilation failed to produce executable
FAIL: libgomp.fortran/stack.f90 -O1 (test for excess errors)
WARNING: libgomp.fortran/stack.f90 -O1 compilation failed to produce executable
FAIL: libgomp.fortran/stack.f90 -O2 (test for excess errors)
WARNING: libgomp.fortran/stack.f90 -O2 compilation failed to produce executable
FAIL: libgomp.fortran/stack.f90 -O3 -fomit-frame-pointer (test for excess errors)
WARNING: libgomp.fortran/stack.f90 -O3 -fomit-frame-pointer compilation failed to produce executable
FAIL: libgomp.fortran/stack.f90 -O3 -fomit-frame-pointer -funroll-loops (test for excess errors)
WARNING: libgomp.fortran/stack.f90 -O3 -fomit-frame-pointer -funroll-loops compilation failed to produce executable
FAIL: libgomp.fortran/stack.f90 -O3 -fomit-frame-pointer -funroll-all-loops -finline-functions (test for excess errors)
WARNING: libgomp.fortran/stack.f90 -O3 -fomit-frame-pointer -funroll-all-loops -finline-functions compilation failed to produce executable
FAIL: libgomp.fortran/stack.f90 -O3 -g (test for excess errors)
WARNING: libgomp.fortran/stack.f90 -O3 -g compilation failed to produce executable
FAIL: libgomp.fortran/stack.f90 -Os (test for excess errors)
WARNING: libgomp.fortran/stack.f90 -Os compilation failed to produce executable
FAIL: libgomp.fortran/vla7.f90 -O0 (test for excess errors)
WARNING: libgomp.fortran/vla7.f90 -O0 compilation failed to produce executable
FAIL: libgomp.fortran/vla7.f90 -O1 (test for excess errors)
WARNING: libgomp.fortran/vla7.f90 -O1 compilation failed to produce executable
FAIL: libgomp.fortran/vla7.f90 -O2 (test for excess errors)
WARNING: libgomp.fortran/vla7.f90 -O2 compilation failed to produce executable
FAIL: libgomp.fortran/vla7.f90 -O3 -fomit-frame-pointer (test for excess errors)
WARNING: libgomp.fortran/vla7.f90 -O3 -fomit-frame-pointer compilation failed to produce executable
FAIL: libgomp.fortran/vla7.f90 -O3 -fomit-frame-pointer -funroll-loops (test for excess errors)
WARNING: libgomp.fortran/vla7.f90 -O3 -fomit-frame-pointer -funroll-loops compilation failed to produce executable
FAIL: libgomp.fortran/vla7.f90 -O3 -fomit-frame-pointer -funroll-all-loops -finline-functions (test for excess errors)
WARNING: libgomp.fortran/vla7.f90 -O3 -fomit-frame-pointer -funroll-all-loops -finline-functions compilation failed to produce executable
FAIL: libgomp.fortran/vla7.f90 -O3 -g (test for excess errors)
WARNING: libgomp.fortran/vla7.f90 -O3 -g compilation failed to produce executable
FAIL: libgomp.fortran/vla7.f90 -Os (test for excess errors)
WARNING: libgomp.fortran/vla7.f90 -Os compilation failed to produce executable
=== libgomp Summary ===
# of expected passes 2276
# of unexpected failures 75
=== libjava tests ===
Running target unix
=== libjava Summary ===
# of expected passes 2574
=== libmudflap tests ===
Running target unix
FAIL: libmudflap.c/pass54-frag.c execution test
FAIL: libmudflap.c/pass54-frag.c execution test
FAIL: libmudflap.c/pass54-frag.c (-static) execution test
FAIL: libmudflap.c/pass54-frag.c (-static) execution test
FAIL: libmudflap.c++/pass41-frag.cxx execution test
FAIL: libmudflap.c++/pass57-frag.cxx (test for excess errors)
FAIL: libmudflap.c++/pass41-frag.cxx (-static) execution test
FAIL: libmudflap.c++/pass57-frag.cxx (-static) (test for excess errors)
FAIL: libmudflap.c++/pass41-frag.cxx ( -O) execution test
FAIL: libmudflap.c++/pass57-frag.cxx ( -O) (test for excess errors)
FAIL: libmudflap.c++/pass41-frag.cxx (-O2) execution test
FAIL: libmudflap.c++/pass57-frag.cxx (-O2) (test for excess errors)
FAIL: libmudflap.c++/pass41-frag.cxx (-O3) execution test
FAIL: libmudflap.c++/pass57-frag.cxx (-O3) (test for excess errors)
=== libmudflap Summary ===
# of expected passes 1880
# of unexpected failures 14
=== libstdc++ tests ===
Running target unix
FAIL: 23_containers/list/invalidation/1.cc (test for excess errors)
FAIL: 23_containers/list/invalidation/2.cc (test for excess errors)
FAIL: 23_containers/list/invalidation/3.cc (test for excess errors)
FAIL: 23_containers/list/invalidation/4.cc (test for excess errors)
XPASS: 26_numerics/headers/cmath/c99_classification_macros_c.cc (test for excess errors)
FAIL: 27_io/ios_base/types/fmtflags/bitmask_operators.cc (test for excess errors)
FAIL: 27_io/ios_base/types/iostate/bitmask_operators.cc (test for excess errors)
FAIL: 27_io/ios_base/types/openmode/bitmask_operators.cc (test for excess errors)
FAIL: ext/pb_ds/example/erase_if.cc (test for excess errors)
FAIL: ext/pb_ds/regression/hash_data_map_rand.cc (test for excess errors)
FAIL: ext/pb_ds/regression/hash_no_data_map_rand.cc (test for excess errors)
FAIL: ext/pb_ds/regression/tree_data_map_rand.cc execution test
FAIL: ext/pb_ds/regression/tree_no_data_map_rand.cc execution test
=== libstdc++ Summary ===
# of expected passes 6731
# of unexpected failures 12
# of unexpected successes 1
# of expected failures 82
# of unsupported tests 15
Compiler version: 4.5.0 20090527 (experimental) (GCC)
Platform: s390-ibm-linux-gnu
configure flags: --prefix=/usr --mandir=/usr/share/man --infodir=/usr/share/info --enable-shared --enable-threads=posix --enable-checking --with-system-zlib --enable-__cxa_atexit --with-long-double-128 --host=s390-redhat-linux --build=s390-redhat-linux --target=s390-redhat-linux --enable-languages=c,c++,objc,obj-c++,java,fortran