This is the mail archive of the
gcc-testresults@gcc.gnu.org
mailing list for the GCC project.
Results for 4.5.0 20090516 (experimental) [trunk revision 147610] (Debian 20090516-1) testsuite on i486-pc-linux-gnu
- From: Matthias Klose <doko at debian dot org>
- To: gcc-testresults at gcc dot gnu dot org
- Cc: debian-gcc at lists dot debian dot org
- Date: Sun, 17 May 2009 17:54:21 +0000
- Subject: Results for 4.5.0 20090516 (experimental) [trunk revision 147610] (Debian 20090516-1) testsuite on i486-pc-linux-gnu
- Reply-to: Matthias Klose <doko at debian dot org>
LAST_UPDATED: Sat May 16 10:54:24 UTC 2009 (revision 147610)
Target: i486-linux-gnu
gcc version 4.5.0 20090516 (experimental) [trunk revision 147610] (Debian 20090516-1)
Native configuration is i486-pc-linux-gnu
=== g++ tests ===
Running target unix
=== g++ Summary for unix ===
# of expected passes 19946
# of expected failures 136
# of unsupported tests 100
Running target unix/-m64
=== g++ Summary for unix/-m64 ===
# of expected passes 19622
# of expected failures 136
# of unsupported tests 251
=== g++ Summary ===
# of expected passes 39568
# of expected failures 272
# of unsupported tests 351
/scratch/packages/gcc/snap/gcc-snapshot-20090516/build/gcc/testsuite/g++/../../g++ version 4.5.0 20090516 (experimental) [trunk revision 147610] (Debian 20090516-1)
=== gcc tests ===
Running target unix
XPASS: gcc.dg/Warray-bounds.c (test for warnings, line 59)
XPASS: gcc.dg/Warray-bounds.c (test for warnings, line 65)
FAIL: gcc.dg/pr34989-1.c (internal compiler error)
FAIL: gcc.dg/pr34989-1.c (test for excess errors)
XPASS: gcc.dg/struct/wo_prof_array_through_pointer.c scan-ipa-dump ipa_struct_reorg "Number of structures to transform is 1"
FAIL: gcc.dg/struct/wo_prof_double_malloc.c (internal compiler error)
FAIL: gcc.dg/struct/wo_prof_double_malloc.c (test for excess errors)
UNRESOLVED: gcc.dg/struct/wo_prof_double_malloc.c compilation failed to produce executable
=== gcc Summary for unix ===
# of expected passes 57490
# of unexpected successes 3
# of unexpected failures 4
# of expected failures 147
# of unresolved testcases 1
# of unsupported tests 446
Running target unix/-m64
XPASS: gcc.dg/Warray-bounds.c (test for warnings, line 59)
XPASS: gcc.dg/Warray-bounds.c (test for warnings, line 65)
FAIL: gcc.dg/pr34989-1.c (internal compiler error)
FAIL: gcc.dg/pr34989-1.c (test for excess errors)
XPASS: gcc.dg/struct/wo_prof_array_through_pointer.c scan-ipa-dump ipa_struct_reorg "Number of structures to transform is 1"
FAIL: gcc.dg/struct/wo_prof_double_malloc.c (internal compiler error)
FAIL: gcc.dg/struct/wo_prof_double_malloc.c (test for excess errors)
UNRESOLVED: gcc.dg/struct/wo_prof_double_malloc.c compilation failed to produce executable
FAIL: gcc.dg/tree-prof/bb-reorg.c compilation, -fprofile-use -D_PROFILE_USE
UNRESOLVED: gcc.dg/tree-prof/bb-reorg.c execution, -fprofile-use -D_PROFILE_USE
FAIL: gcc.dg/tree-prof/pr34999.c compilation, -fprofile-use -D_PROFILE_USE
UNRESOLVED: gcc.dg/tree-prof/pr34999.c execution, -fprofile-use -D_PROFILE_USE
FAIL: gcc.misc-tests/linkage.c link
=== gcc Summary for unix/-m64 ===
# of expected passes 57143
# of unexpected successes 3
# of unexpected failures 7
# of expected failures 146
# of unresolved testcases 3
# of unsupported tests 734
=== gcc Summary ===
# of expected passes 114633
# of unexpected failures 11
# of unexpected successes 6
# of expected failures 293
# of unresolved testcases 4
# of unsupported tests 1180
/scratch/packages/gcc/snap/gcc-snapshot-20090516/build/gcc/xgcc version 4.5.0 20090516 (experimental) [trunk revision 147610] (Debian 20090516-1)
=== gfortran tests ===
Running target unix
=== gfortran Summary for unix ===
# of expected passes 30411
# of expected failures 11
# of unsupported tests 105
Running target unix/-m64
=== gfortran Summary for unix/-m64 ===
# of expected passes 30540
# of expected failures 11
# of unsupported tests 44
=== gfortran Summary ===
# of expected passes 60951
# of expected failures 22
# of unsupported tests 149
/scratch/packages/gcc/snap/gcc-snapshot-20090516/build/gcc/testsuite/gfortran/../../gfortran version 4.5.0 20090516 (experimental) [trunk revision 147610] (Debian 20090516-1)
=== obj-c++ tests ===
Running target unix
UNRESOLVED: obj-c++.dg/lookup-2.mm compilation failed to produce executable
UNRESOLVED: obj-c++.dg/try-catch-2.mm compilation failed to produce executable
UNRESOLVED: obj-c++.dg/try-catch-9.mm compilation failed to produce executable
=== obj-c++ Summary for unix ===
# of expected passes 438
# of expected failures 10
# of unresolved testcases 3
# of unsupported tests 13
Running target unix/-m64
UNRESOLVED: obj-c++.dg/lookup-2.mm compilation failed to produce executable
UNRESOLVED: obj-c++.dg/try-catch-2.mm compilation failed to produce executable
UNRESOLVED: obj-c++.dg/try-catch-9.mm compilation failed to produce executable
=== obj-c++ Summary for unix/-m64 ===
# of expected passes 427
# of expected failures 21
# of unresolved testcases 3
# of unsupported tests 13
=== obj-c++ Summary ===
# of expected passes 865
# of expected failures 31
# of unresolved testcases 6
# of unsupported tests 26
/scratch/packages/gcc/snap/gcc-snapshot-20090516/build/gcc/testsuite/obj-c++/../../g++ version 4.5.0 20090516 (experimental) [trunk revision 147610] (Debian 20090516-1)
=== objc tests ===
Running target unix
=== objc Summary for unix ===
# of expected passes 1873
# of expected failures 7
# of unsupported tests 24
Running target unix/-m64
FAIL: objc/execute/forward-1.m execution, -O0 -fgnu-runtime
FAIL: objc/execute/forward-1.m execution, -O1 -fgnu-runtime
FAIL: objc/execute/forward-1.m execution, -O2 -fgnu-runtime
FAIL: objc/execute/forward-1.m execution, -O3 -fomit-frame-pointer -fgnu-runtime
FAIL: objc/execute/forward-1.m execution, -O3 -fomit-frame-pointer -funroll-loops -fgnu-runtime
FAIL: objc/execute/forward-1.m execution, -O3 -fomit-frame-pointer -funroll-all-loops -finline-functions -fgnu-runtime
FAIL: objc/execute/forward-1.m execution, -O3 -g -fgnu-runtime
FAIL: objc/execute/forward-1.m execution, -Os -fgnu-runtime
=== objc Summary for unix/-m64 ===
# of expected passes 1865
# of unexpected failures 8
# of expected failures 7
# of unsupported tests 24
=== objc Summary ===
# of expected passes 3738
# of unexpected failures 8
# of expected failures 14
# of unsupported tests 48
/scratch/packages/gcc/snap/gcc-snapshot-20090516/build/gcc/xgcc version 4.5.0 20090516 (experimental) [trunk revision 147610] (Debian 20090516-1)
=== libffi tests ===
Running target unix
=== libffi Summary for unix ===
# of expected passes 1389
# of unsupported tests 10
Running target unix/-m64
FAIL: libffi.call/closure_fn0.c -O0 -W -Wall (test for excess errors)
UNRESOLVED: libffi.call/closure_fn0.c -O0 -W -Wall compilation failed to produce executable
FAIL: libffi.call/closure_fn1.c -O0 -W -Wall (test for excess errors)
UNRESOLVED: libffi.call/closure_fn1.c -O0 -W -Wall compilation failed to produce executable
FAIL: libffi.call/closure_fn2.c -O0 -W -Wall (test for excess errors)
UNRESOLVED: libffi.call/closure_fn2.c -O0 -W -Wall compilation failed to produce executable
FAIL: libffi.call/closure_fn3.c -O0 -W -Wall (test for excess errors)
UNRESOLVED: libffi.call/closure_fn3.c -O0 -W -Wall compilation failed to produce executable
FAIL: libffi.call/closure_fn4.c -O0 -W -Wall (test for excess errors)
UNRESOLVED: libffi.call/closure_fn4.c -O0 -W -Wall compilation failed to produce executable
FAIL: libffi.call/closure_fn5.c -O0 -W -Wall (test for excess errors)
UNRESOLVED: libffi.call/closure_fn5.c -O0 -W -Wall compilation failed to produce executable
FAIL: libffi.call/closure_fn6.c -O0 -W -Wall (test for excess errors)
UNRESOLVED: libffi.call/closure_fn6.c -O0 -W -Wall compilation failed to produce executable
FAIL: libffi.call/cls_12byte.c -O0 -W -Wall (test for excess errors)
UNRESOLVED: libffi.call/cls_12byte.c -O0 -W -Wall compilation failed to produce executable
FAIL: libffi.call/cls_16byte.c -O0 -W -Wall (test for excess errors)
UNRESOLVED: libffi.call/cls_16byte.c -O0 -W -Wall compilation failed to produce executable
FAIL: libffi.call/cls_18byte.c -O0 -W -Wall (test for excess errors)
UNRESOLVED: libffi.call/cls_18byte.c -O0 -W -Wall compilation failed to produce executable
FAIL: libffi.call/cls_19byte.c -O0 -W -Wall (test for excess errors)
UNRESOLVED: libffi.call/cls_19byte.c -O0 -W -Wall compilation failed to produce executable
FAIL: libffi.call/cls_1_1byte.c -O0 -W -Wall (test for excess errors)
UNRESOLVED: libffi.call/cls_1_1byte.c -O0 -W -Wall compilation failed to produce executable
FAIL: libffi.call/cls_20byte.c -O0 -W -Wall (test for excess errors)
UNRESOLVED: libffi.call/cls_20byte.c -O0 -W -Wall compilation failed to produce executable
FAIL: libffi.call/cls_20byte1.c -O0 -W -Wall (test for excess errors)
UNRESOLVED: libffi.call/cls_20byte1.c -O0 -W -Wall compilation failed to produce executable
FAIL: libffi.call/cls_24byte.c -O0 -W -Wall (test for excess errors)
UNRESOLVED: libffi.call/cls_24byte.c -O0 -W -Wall compilation failed to produce executable
FAIL: libffi.call/cls_2byte.c -O0 -W -Wall (test for excess errors)
UNRESOLVED: libffi.call/cls_2byte.c -O0 -W -Wall compilation failed to produce executable
FAIL: libffi.call/cls_3_1byte.c -O0 -W -Wall (test for excess errors)
UNRESOLVED: libffi.call/cls_3_1byte.c -O0 -W -Wall compilation failed to produce executable
FAIL: libffi.call/cls_3byte1.c -O0 -W -Wall (test for excess errors)
UNRESOLVED: libffi.call/cls_3byte1.c -O0 -W -Wall compilation failed to produce executable
FAIL: libffi.call/cls_3byte2.c -O0 -W -Wall (test for excess errors)
UNRESOLVED: libffi.call/cls_3byte2.c -O0 -W -Wall compilation failed to produce executable
FAIL: libffi.call/cls_4_1byte.c -O0 -W -Wall (test for excess errors)
UNRESOLVED: libffi.call/cls_4_1byte.c -O0 -W -Wall compilation failed to produce executable
FAIL: libffi.call/cls_4byte.c -O0 -W -Wall (test for excess errors)
UNRESOLVED: libffi.call/cls_4byte.c -O0 -W -Wall compilation failed to produce executable
FAIL: libffi.call/cls_5_1_byte.c -O0 -W -Wall (test for excess errors)
UNRESOLVED: libffi.call/cls_5_1_byte.c -O0 -W -Wall compilation failed to produce executable
FAIL: libffi.call/cls_5byte.c -O0 -W -Wall (test for excess errors)
UNRESOLVED: libffi.call/cls_5byte.c -O0 -W -Wall compilation failed to produce executable
FAIL: libffi.call/cls_64byte.c -O0 -W -Wall (test for excess errors)
UNRESOLVED: libffi.call/cls_64byte.c -O0 -W -Wall compilation failed to produce executable
FAIL: libffi.call/cls_6_1_byte.c -O0 -W -Wall (test for excess errors)
UNRESOLVED: libffi.call/cls_6_1_byte.c -O0 -W -Wall compilation failed to produce executable
FAIL: libffi.call/cls_6byte.c -O0 -W -Wall (test for excess errors)
UNRESOLVED: libffi.call/cls_6byte.c -O0 -W -Wall compilation failed to produce executable
FAIL: libffi.call/cls_7_1_byte.c -O0 -W -Wall (test for excess errors)
UNRESOLVED: libffi.call/cls_7_1_byte.c -O0 -W -Wall compilation failed to produce executable
FAIL: libffi.call/cls_7byte.c -O0 -W -Wall (test for excess errors)
UNRESOLVED: libffi.call/cls_7byte.c -O0 -W -Wall compilation failed to produce executable
FAIL: libffi.call/cls_8byte.c -O0 -W -Wall (test for excess errors)
UNRESOLVED: libffi.call/cls_8byte.c -O0 -W -Wall compilation failed to produce executable
FAIL: libffi.call/cls_9byte1.c -O0 -W -Wall (test for excess errors)
UNRESOLVED: libffi.call/cls_9byte1.c -O0 -W -Wall compilation failed to produce executable
FAIL: libffi.call/cls_9byte2.c -O0 -W -Wall (test for excess errors)
UNRESOLVED: libffi.call/cls_9byte2.c -O0 -W -Wall compilation failed to produce executable
FAIL: libffi.call/cls_align_double.c -O0 -W -Wall (test for excess errors)
UNRESOLVED: libffi.call/cls_align_double.c -O0 -W -Wall compilation failed to produce executable
FAIL: libffi.call/cls_align_float.c -O0 -W -Wall (test for excess errors)
UNRESOLVED: libffi.call/cls_align_float.c -O0 -W -Wall compilation failed to produce executable
FAIL: libffi.call/cls_align_longdouble.c -O0 -W -Wall (test for excess errors)
UNRESOLVED: libffi.call/cls_align_longdouble.c -O0 -W -Wall compilation failed to produce executable
FAIL: libffi.call/cls_align_pointer.c -O0 -W -Wall (test for excess errors)
UNRESOLVED: libffi.call/cls_align_pointer.c -O0 -W -Wall compilation failed to produce executable
FAIL: libffi.call/cls_align_sint16.c -O0 -W -Wall (test for excess errors)
UNRESOLVED: libffi.call/cls_align_sint16.c -O0 -W -Wall compilation failed to produce executable
FAIL: libffi.call/cls_align_sint32.c -O0 -W -Wall (test for excess errors)
UNRESOLVED: libffi.call/cls_align_sint32.c -O0 -W -Wall compilation failed to produce executable
FAIL: libffi.call/cls_align_sint64.c -O0 -W -Wall (test for excess errors)
UNRESOLVED: libffi.call/cls_align_sint64.c -O0 -W -Wall compilation failed to produce executable
FAIL: libffi.call/cls_align_uint16.c -O0 -W -Wall (test for excess errors)
UNRESOLVED: libffi.call/cls_align_uint16.c -O0 -W -Wall compilation failed to produce executable
FAIL: libffi.call/cls_align_uint32.c -O0 -W -Wall (test for excess errors)
UNRESOLVED: libffi.call/cls_align_uint32.c -O0 -W -Wall compilation failed to produce executable
FAIL: libffi.call/cls_align_uint64.c -O0 -W -Wall (test for excess errors)
UNRESOLVED: libffi.call/cls_align_uint64.c -O0 -W -Wall compilation failed to produce executable
FAIL: libffi.call/cls_double.c -O0 -W -Wall (test for excess errors)
UNRESOLVED: libffi.call/cls_double.c -O0 -W -Wall compilation failed to produce executable
FAIL: libffi.call/cls_float.c -O0 -W -Wall (test for excess errors)
UNRESOLVED: libffi.call/cls_float.c -O0 -W -Wall compilation failed to produce executable
FAIL: libffi.call/cls_multi_schar.c -O0 -W -Wall (test for excess errors)
UNRESOLVED: libffi.call/cls_multi_schar.c -O0 -W -Wall compilation failed to produce executable
FAIL: libffi.call/cls_multi_sshort.c -O0 -W -Wall (test for excess errors)
UNRESOLVED: libffi.call/cls_multi_sshort.c -O0 -W -Wall compilation failed to produce executable
FAIL: libffi.call/cls_multi_sshortchar.c -O0 -W -Wall (test for excess errors)
UNRESOLVED: libffi.call/cls_multi_sshortchar.c -O0 -W -Wall compilation failed to produce executable
FAIL: libffi.call/cls_multi_uchar.c -O0 -W -Wall (test for excess errors)
UNRESOLVED: libffi.call/cls_multi_uchar.c -O0 -W -Wall compilation failed to produce executable
FAIL: libffi.call/cls_multi_ushort.c -O0 -W -Wall (test for excess errors)
UNRESOLVED: libffi.call/cls_multi_ushort.c -O0 -W -Wall compilation failed to produce executable
FAIL: libffi.call/cls_multi_ushortchar.c -O0 -W -Wall (test for excess errors)
UNRESOLVED: libffi.call/cls_multi_ushortchar.c -O0 -W -Wall compilation failed to produce executable
FAIL: libffi.call/cls_schar.c -O0 -W -Wall (test for excess errors)
UNRESOLVED: libffi.call/cls_schar.c -O0 -W -Wall compilation failed to produce executable
FAIL: libffi.call/cls_sint.c -O0 -W -Wall (test for excess errors)
UNRESOLVED: libffi.call/cls_sint.c -O0 -W -Wall compilation failed to produce executable
FAIL: libffi.call/cls_sshort.c -O0 -W -Wall (test for excess errors)
UNRESOLVED: libffi.call/cls_sshort.c -O0 -W -Wall compilation failed to produce executable
FAIL: libffi.call/cls_uchar.c -O0 -W -Wall (test for excess errors)
UNRESOLVED: libffi.call/cls_uchar.c -O0 -W -Wall compilation failed to produce executable
FAIL: libffi.call/cls_uint.c -O0 -W -Wall (test for excess errors)
UNRESOLVED: libffi.call/cls_uint.c -O0 -W -Wall compilation failed to produce executable
FAIL: libffi.call/cls_ulonglong.c -O0 -W -Wall (test for excess errors)
UNRESOLVED: libffi.call/cls_ulonglong.c -O0 -W -Wall compilation failed to produce executable
FAIL: libffi.call/cls_ushort.c -O0 -W -Wall (test for excess errors)
UNRESOLVED: libffi.call/cls_ushort.c -O0 -W -Wall compilation failed to produce executable
FAIL: libffi.call/float.c -O0 -W -Wall (test for excess errors)
UNRESOLVED: libffi.call/float.c -O0 -W -Wall compilation failed to produce executable
FAIL: libffi.call/float1.c -O0 -W -Wall (test for excess errors)
UNRESOLVED: libffi.call/float1.c -O0 -W -Wall compilation failed to produce executable
FAIL: libffi.call/float2.c -O0 -W -Wall (test for excess errors)
UNRESOLVED: libffi.call/float2.c -O0 -W -Wall compilation failed to produce executable
FAIL: libffi.call/float3.c -O0 -W -Wall (test for excess errors)
UNRESOLVED: libffi.call/float3.c -O0 -W -Wall compilation failed to produce executable
FAIL: libffi.call/float4.c -O0 -W -Wall (test for excess errors)
UNRESOLVED: libffi.call/float4.c -O0 -W -Wall compilation failed to produce executable
FAIL: libffi.call/many.c -O0 -W -Wall (test for excess errors)
UNRESOLVED: libffi.call/many.c -O0 -W -Wall compilation failed to produce executable
FAIL: libffi.call/negint.c -O0 -W -Wall (test for excess errors)
UNRESOLVED: libffi.call/negint.c -O0 -W -Wall compilation failed to produce executable
FAIL: libffi.call/nested_struct.c -O0 -W -Wall (test for excess errors)
UNRESOLVED: libffi.call/nested_struct.c -O0 -W -Wall compilation failed to produce executable
FAIL: libffi.call/nested_struct1.c -O0 -W -Wall (test for excess errors)
UNRESOLVED: libffi.call/nested_struct1.c -O0 -W -Wall compilation failed to produce executable
FAIL: libffi.call/nested_struct10.c -O0 -W -Wall (test for excess errors)
UNRESOLVED: libffi.call/nested_struct10.c -O0 -W -Wall compilation failed to produce executable
FAIL: libffi.call/nested_struct2.c -O0 -W -Wall (test for excess errors)
UNRESOLVED: libffi.call/nested_struct2.c -O0 -W -Wall compilation failed to produce executable
FAIL: libffi.call/nested_struct3.c -O0 -W -Wall (test for excess errors)
UNRESOLVED: libffi.call/nested_struct3.c -O0 -W -Wall compilation failed to produce executable
FAIL: libffi.call/nested_struct4.c -O0 -W -Wall (test for excess errors)
UNRESOLVED: libffi.call/nested_struct4.c -O0 -W -Wall compilation failed to produce executable
FAIL: libffi.call/nested_struct5.c -O0 -W -Wall (test for excess errors)
UNRESOLVED: libffi.call/nested_struct5.c -O0 -W -Wall compilation failed to produce executable
FAIL: libffi.call/nested_struct6.c -O0 -W -Wall (test for excess errors)
UNRESOLVED: libffi.call/nested_struct6.c -O0 -W -Wall compilation failed to produce executable
FAIL: libffi.call/nested_struct7.c -O0 -W -Wall (test for excess errors)
UNRESOLVED: libffi.call/nested_struct7.c -O0 -W -Wall compilation failed to produce executable
FAIL: libffi.call/nested_struct8.c -O0 -W -Wall (test for excess errors)
UNRESOLVED: libffi.call/nested_struct8.c -O0 -W -Wall compilation failed to produce executable
FAIL: libffi.call/nested_struct9.c -O0 -W -Wall (test for excess errors)
UNRESOLVED: libffi.call/nested_struct9.c -O0 -W -Wall compilation failed to produce executable
FAIL: libffi.call/problem1.c -O0 -W -Wall (test for excess errors)
UNRESOLVED: libffi.call/problem1.c -O0 -W -Wall compilation failed to produce executable
FAIL: libffi.call/promotion.c -O0 -W -Wall (test for excess errors)
UNRESOLVED: libffi.call/promotion.c -O0 -W -Wall compilation failed to produce executable
FAIL: libffi.call/pyobjc-tc.c -O0 -W -Wall (test for excess errors)
UNRESOLVED: libffi.call/pyobjc-tc.c -O0 -W -Wall compilation failed to produce executable
FAIL: libffi.call/return_dbl.c -O0 -W -Wall (test for excess errors)
UNRESOLVED: libffi.call/return_dbl.c -O0 -W -Wall compilation failed to produce executable
FAIL: libffi.call/return_dbl1.c -O0 -W -Wall (test for excess errors)
UNRESOLVED: libffi.call/return_dbl1.c -O0 -W -Wall compilation failed to produce executable
FAIL: libffi.call/return_dbl2.c -O0 -W -Wall (test for excess errors)
UNRESOLVED: libffi.call/return_dbl2.c -O0 -W -Wall compilation failed to produce executable
FAIL: libffi.call/return_fl.c -O0 -W -Wall (test for excess errors)
UNRESOLVED: libffi.call/return_fl.c -O0 -W -Wall compilation failed to produce executable
FAIL: libffi.call/return_fl1.c -O0 -W -Wall (test for excess errors)
UNRESOLVED: libffi.call/return_fl1.c -O0 -W -Wall compilation failed to produce executable
FAIL: libffi.call/return_fl2.c -O0 -W -Wall (test for excess errors)
UNRESOLVED: libffi.call/return_fl2.c -O0 -W -Wall compilation failed to produce executable
FAIL: libffi.call/return_fl3.c -O0 -W -Wall (test for excess errors)
UNRESOLVED: libffi.call/return_fl3.c -O0 -W -Wall compilation failed to produce executable
FAIL: libffi.call/return_ldl.c -O0 -W -Wall (test for excess errors)
UNRESOLVED: libffi.call/return_ldl.c -O0 -W -Wall compilation failed to produce executable
FAIL: libffi.call/return_ll.c -O0 -W -Wall (test for excess errors)
UNRESOLVED: libffi.call/return_ll.c -O0 -W -Wall compilation failed to produce executable
FAIL: libffi.call/return_ll1.c -O0 -W -Wall (test for excess errors)
UNRESOLVED: libffi.call/return_ll1.c -O0 -W -Wall compilation failed to produce executable
FAIL: libffi.call/return_sc.c -O0 -W -Wall (test for excess errors)
UNRESOLVED: libffi.call/return_sc.c -O0 -W -Wall compilation failed to produce executable
FAIL: libffi.call/return_sl.c -O0 -W -Wall (test for excess errors)
UNRESOLVED: libffi.call/return_sl.c -O0 -W -Wall compilation failed to produce executable
FAIL: libffi.call/return_uc.c -O0 -W -Wall (test for excess errors)
UNRESOLVED: libffi.call/return_uc.c -O0 -W -Wall compilation failed to produce executable
FAIL: libffi.call/return_ul.c -O0 -W -Wall (test for excess errors)
UNRESOLVED: libffi.call/return_ul.c -O0 -W -Wall compilation failed to produce executable
FAIL: libffi.call/strlen.c -O0 -W -Wall (test for excess errors)
UNRESOLVED: libffi.call/strlen.c -O0 -W -Wall compilation failed to produce executable
FAIL: libffi.call/struct1.c -O0 -W -Wall (test for excess errors)
UNRESOLVED: libffi.call/struct1.c -O0 -W -Wall compilation failed to produce executable
FAIL: libffi.call/struct2.c -O0 -W -Wall (test for excess errors)
UNRESOLVED: libffi.call/struct2.c -O0 -W -Wall compilation failed to produce executable
FAIL: libffi.call/struct3.c -O0 -W -Wall (test for excess errors)
UNRESOLVED: libffi.call/struct3.c -O0 -W -Wall compilation failed to produce executable
FAIL: libffi.call/struct4.c -O0 -W -Wall (test for excess errors)
UNRESOLVED: libffi.call/struct4.c -O0 -W -Wall compilation failed to produce executable
FAIL: libffi.call/struct5.c -O0 -W -Wall (test for excess errors)
UNRESOLVED: libffi.call/struct5.c -O0 -W -Wall compilation failed to produce executable
FAIL: libffi.call/struct6.c -O0 -W -Wall (test for excess errors)
UNRESOLVED: libffi.call/struct6.c -O0 -W -Wall compilation failed to produce executable
FAIL: libffi.call/struct7.c -O0 -W -Wall (test for excess errors)
UNRESOLVED: libffi.call/struct7.c -O0 -W -Wall compilation failed to produce executable
FAIL: libffi.call/struct8.c -O0 -W -Wall (test for excess errors)
UNRESOLVED: libffi.call/struct8.c -O0 -W -Wall compilation failed to produce executable
FAIL: libffi.call/struct9.c -O0 -W -Wall (test for excess errors)
UNRESOLVED: libffi.call/struct9.c -O0 -W -Wall compilation failed to produce executable
FAIL: libffi.call/closure_fn0.c -O2 (test for excess errors)
UNRESOLVED: libffi.call/closure_fn0.c -O2 compilation failed to produce executable
FAIL: libffi.call/closure_fn1.c -O2 (test for excess errors)
UNRESOLVED: libffi.call/closure_fn1.c -O2 compilation failed to produce executable
FAIL: libffi.call/closure_fn2.c -O2 (test for excess errors)
UNRESOLVED: libffi.call/closure_fn2.c -O2 compilation failed to produce executable
FAIL: libffi.call/closure_fn3.c -O2 (test for excess errors)
UNRESOLVED: libffi.call/closure_fn3.c -O2 compilation failed to produce executable
FAIL: libffi.call/closure_fn4.c -O2 (test for excess errors)
UNRESOLVED: libffi.call/closure_fn4.c -O2 compilation failed to produce executable
FAIL: libffi.call/closure_fn5.c -O2 (test for excess errors)
UNRESOLVED: libffi.call/closure_fn5.c -O2 compilation failed to produce executable
FAIL: libffi.call/closure_fn6.c -O2 (test for excess errors)
UNRESOLVED: libffi.call/closure_fn6.c -O2 compilation failed to produce executable
FAIL: libffi.call/cls_12byte.c -O2 (test for excess errors)
UNRESOLVED: libffi.call/cls_12byte.c -O2 compilation failed to produce executable
FAIL: libffi.call/cls_16byte.c -O2 (test for excess errors)
UNRESOLVED: libffi.call/cls_16byte.c -O2 compilation failed to produce executable
FAIL: libffi.call/cls_18byte.c -O2 (test for excess errors)
UNRESOLVED: libffi.call/cls_18byte.c -O2 compilation failed to produce executable
FAIL: libffi.call/cls_19byte.c -O2 (test for excess errors)
UNRESOLVED: libffi.call/cls_19byte.c -O2 compilation failed to produce executable
FAIL: libffi.call/cls_1_1byte.c -O2 (test for excess errors)
UNRESOLVED: libffi.call/cls_1_1byte.c -O2 compilation failed to produce executable
FAIL: libffi.call/cls_20byte.c -O2 (test for excess errors)
UNRESOLVED: libffi.call/cls_20byte.c -O2 compilation failed to produce executable
FAIL: libffi.call/cls_20byte1.c -O2 (test for excess errors)
UNRESOLVED: libffi.call/cls_20byte1.c -O2 compilation failed to produce executable
FAIL: libffi.call/cls_24byte.c -O2 (test for excess errors)
UNRESOLVED: libffi.call/cls_24byte.c -O2 compilation failed to produce executable
FAIL: libffi.call/cls_2byte.c -O2 (test for excess errors)
UNRESOLVED: libffi.call/cls_2byte.c -O2 compilation failed to produce executable
FAIL: libffi.call/cls_3_1byte.c -O2 (test for excess errors)
UNRESOLVED: libffi.call/cls_3_1byte.c -O2 compilation failed to produce executable
FAIL: libffi.call/cls_3byte1.c -O2 (test for excess errors)
UNRESOLVED: libffi.call/cls_3byte1.c -O2 compilation failed to produce executable
FAIL: libffi.call/cls_3byte2.c -O2 (test for excess errors)
UNRESOLVED: libffi.call/cls_3byte2.c -O2 compilation failed to produce executable
FAIL: libffi.call/cls_4_1byte.c -O2 (test for excess errors)
UNRESOLVED: libffi.call/cls_4_1byte.c -O2 compilation failed to produce executable
FAIL: libffi.call/cls_4byte.c -O2 (test for excess errors)
UNRESOLVED: libffi.call/cls_4byte.c -O2 compilation failed to produce executable
FAIL: libffi.call/cls_5_1_byte.c -O2 (test for excess errors)
UNRESOLVED: libffi.call/cls_5_1_byte.c -O2 compilation failed to produce executable
FAIL: libffi.call/cls_5byte.c -O2 (test for excess errors)
UNRESOLVED: libffi.call/cls_5byte.c -O2 compilation failed to produce executable
FAIL: libffi.call/cls_64byte.c -O2 (test for excess errors)
UNRESOLVED: libffi.call/cls_64byte.c -O2 compilation failed to produce executable
FAIL: libffi.call/cls_6_1_byte.c -O2 (test for excess errors)
UNRESOLVED: libffi.call/cls_6_1_byte.c -O2 compilation failed to produce executable
FAIL: libffi.call/cls_6byte.c -O2 (test for excess errors)
UNRESOLVED: libffi.call/cls_6byte.c -O2 compilation failed to produce executable
FAIL: libffi.call/cls_7_1_byte.c -O2 (test for excess errors)
UNRESOLVED: libffi.call/cls_7_1_byte.c -O2 compilation failed to produce executable
FAIL: libffi.call/cls_7byte.c -O2 (test for excess errors)
UNRESOLVED: libffi.call/cls_7byte.c -O2 compilation failed to produce executable
FAIL: libffi.call/cls_8byte.c -O2 (test for excess errors)
UNRESOLVED: libffi.call/cls_8byte.c -O2 compilation failed to produce executable
FAIL: libffi.call/cls_9byte1.c -O2 (test for excess errors)
UNRESOLVED: libffi.call/cls_9byte1.c -O2 compilation failed to produce executable
FAIL: libffi.call/cls_9byte2.c -O2 (test for excess errors)
UNRESOLVED: libffi.call/cls_9byte2.c -O2 compilation failed to produce executable
FAIL: libffi.call/cls_align_double.c -O2 (test for excess errors)
UNRESOLVED: libffi.call/cls_align_double.c -O2 compilation failed to produce executable
FAIL: libffi.call/cls_align_float.c -O2 (test for excess errors)
UNRESOLVED: libffi.call/cls_align_float.c -O2 compilation failed to produce executable
FAIL: libffi.call/cls_align_longdouble.c -O2 (test for excess errors)
UNRESOLVED: libffi.call/cls_align_longdouble.c -O2 compilation failed to produce executable
FAIL: libffi.call/cls_align_pointer.c -O2 (test for excess errors)
UNRESOLVED: libffi.call/cls_align_pointer.c -O2 compilation failed to produce executable
FAIL: libffi.call/cls_align_sint16.c -O2 (test for excess errors)
UNRESOLVED: libffi.call/cls_align_sint16.c -O2 compilation failed to produce executable
FAIL: libffi.call/cls_align_sint32.c -O2 (test for excess errors)
UNRESOLVED: libffi.call/cls_align_sint32.c -O2 compilation failed to produce executable
FAIL: libffi.call/cls_align_sint64.c -O2 (test for excess errors)
UNRESOLVED: libffi.call/cls_align_sint64.c -O2 compilation failed to produce executable
FAIL: libffi.call/cls_align_uint16.c -O2 (test for excess errors)
UNRESOLVED: libffi.call/cls_align_uint16.c -O2 compilation failed to produce executable
FAIL: libffi.call/cls_align_uint32.c -O2 (test for excess errors)
UNRESOLVED: libffi.call/cls_align_uint32.c -O2 compilation failed to produce executable
FAIL: libffi.call/cls_align_uint64.c -O2 (test for excess errors)
UNRESOLVED: libffi.call/cls_align_uint64.c -O2 compilation failed to produce executable
FAIL: libffi.call/cls_double.c -O2 (test for excess errors)
UNRESOLVED: libffi.call/cls_double.c -O2 compilation failed to produce executable
FAIL: libffi.call/cls_float.c -O2 (test for excess errors)
UNRESOLVED: libffi.call/cls_float.c -O2 compilation failed to produce executable
FAIL: libffi.call/cls_multi_schar.c -O2 (test for excess errors)
UNRESOLVED: libffi.call/cls_multi_schar.c -O2 compilation failed to produce executable
FAIL: libffi.call/cls_multi_sshort.c -O2 (test for excess errors)
UNRESOLVED: libffi.call/cls_multi_sshort.c -O2 compilation failed to produce executable
FAIL: libffi.call/cls_multi_sshortchar.c -O2 (test for excess errors)
UNRESOLVED: libffi.call/cls_multi_sshortchar.c -O2 compilation failed to produce executable
FAIL: libffi.call/cls_multi_uchar.c -O2 (test for excess errors)
UNRESOLVED: libffi.call/cls_multi_uchar.c -O2 compilation failed to produce executable
FAIL: libffi.call/cls_multi_ushort.c -O2 (test for excess errors)
UNRESOLVED: libffi.call/cls_multi_ushort.c -O2 compilation failed to produce executable
FAIL: libffi.call/cls_multi_ushortchar.c -O2 (test for excess errors)
UNRESOLVED: libffi.call/cls_multi_ushortchar.c -O2 compilation failed to produce executable
FAIL: libffi.call/cls_schar.c -O2 (test for excess errors)
UNRESOLVED: libffi.call/cls_schar.c -O2 compilation failed to produce executable
FAIL: libffi.call/cls_sint.c -O2 (test for excess errors)
UNRESOLVED: libffi.call/cls_sint.c -O2 compilation failed to produce executable
FAIL: libffi.call/cls_sshort.c -O2 (test for excess errors)
UNRESOLVED: libffi.call/cls_sshort.c -O2 compilation failed to produce executable
FAIL: libffi.call/cls_uchar.c -O2 (test for excess errors)
UNRESOLVED: libffi.call/cls_uchar.c -O2 compilation failed to produce executable
FAIL: libffi.call/cls_uint.c -O2 (test for excess errors)
UNRESOLVED: libffi.call/cls_uint.c -O2 compilation failed to produce executable
FAIL: libffi.call/cls_ulonglong.c -O2 (test for excess errors)
UNRESOLVED: libffi.call/cls_ulonglong.c -O2 compilation failed to produce executable
FAIL: libffi.call/cls_ushort.c -O2 (test for excess errors)
UNRESOLVED: libffi.call/cls_ushort.c -O2 compilation failed to produce executable
FAIL: libffi.call/float.c -O2 (test for excess errors)
UNRESOLVED: libffi.call/float.c -O2 compilation failed to produce executable
FAIL: libffi.call/float1.c -O2 (test for excess errors)
UNRESOLVED: libffi.call/float1.c -O2 compilation failed to produce executable
FAIL: libffi.call/float2.c -O2 (test for excess errors)
UNRESOLVED: libffi.call/float2.c -O2 compilation failed to produce executable
FAIL: libffi.call/float3.c -O2 (test for excess errors)
UNRESOLVED: libffi.call/float3.c -O2 compilation failed to produce executable
FAIL: libffi.call/float4.c -O2 (test for excess errors)
UNRESOLVED: libffi.call/float4.c -O2 compilation failed to produce executable
FAIL: libffi.call/many.c -O2 (test for excess errors)
UNRESOLVED: libffi.call/many.c -O2 compilation failed to produce executable
FAIL: libffi.call/negint.c -O2 (test for excess errors)
UNRESOLVED: libffi.call/negint.c -O2 compilation failed to produce executable
FAIL: libffi.call/nested_struct.c -O2 (test for excess errors)
UNRESOLVED: libffi.call/nested_struct.c -O2 compilation failed to produce executable
FAIL: libffi.call/nested_struct1.c -O2 (test for excess errors)
UNRESOLVED: libffi.call/nested_struct1.c -O2 compilation failed to produce executable
FAIL: libffi.call/nested_struct10.c -O2 (test for excess errors)
UNRESOLVED: libffi.call/nested_struct10.c -O2 compilation failed to produce executable
FAIL: libffi.call/nested_struct2.c -O2 (test for excess errors)
UNRESOLVED: libffi.call/nested_struct2.c -O2 compilation failed to produce executable
FAIL: libffi.call/nested_struct3.c -O2 (test for excess errors)
UNRESOLVED: libffi.call/nested_struct3.c -O2 compilation failed to produce executable
FAIL: libffi.call/nested_struct4.c -O2 (test for excess errors)
UNRESOLVED: libffi.call/nested_struct4.c -O2 compilation failed to produce executable
FAIL: libffi.call/nested_struct5.c -O2 (test for excess errors)
UNRESOLVED: libffi.call/nested_struct5.c -O2 compilation failed to produce executable
FAIL: libffi.call/nested_struct6.c -O2 (test for excess errors)
UNRESOLVED: libffi.call/nested_struct6.c -O2 compilation failed to produce executable
FAIL: libffi.call/nested_struct7.c -O2 (test for excess errors)
UNRESOLVED: libffi.call/nested_struct7.c -O2 compilation failed to produce executable
FAIL: libffi.call/nested_struct8.c -O2 (test for excess errors)
UNRESOLVED: libffi.call/nested_struct8.c -O2 compilation failed to produce executable
FAIL: libffi.call/nested_struct9.c -O2 (test for excess errors)
UNRESOLVED: libffi.call/nested_struct9.c -O2 compilation failed to produce executable
FAIL: libffi.call/problem1.c -O2 (test for excess errors)
UNRESOLVED: libffi.call/problem1.c -O2 compilation failed to produce executable
FAIL: libffi.call/promotion.c -O2 (test for excess errors)
UNRESOLVED: libffi.call/promotion.c -O2 compilation failed to produce executable
FAIL: libffi.call/pyobjc-tc.c -O2 (test for excess errors)
UNRESOLVED: libffi.call/pyobjc-tc.c -O2 compilation failed to produce executable
FAIL: libffi.call/return_dbl.c -O2 (test for excess errors)
UNRESOLVED: libffi.call/return_dbl.c -O2 compilation failed to produce executable
FAIL: libffi.call/return_dbl1.c -O2 (test for excess errors)
UNRESOLVED: libffi.call/return_dbl1.c -O2 compilation failed to produce executable
FAIL: libffi.call/return_dbl2.c -O2 (test for excess errors)
UNRESOLVED: libffi.call/return_dbl2.c -O2 compilation failed to produce executable
FAIL: libffi.call/return_fl.c -O2 (test for excess errors)
UNRESOLVED: libffi.call/return_fl.c -O2 compilation failed to produce executable
FAIL: libffi.call/return_fl1.c -O2 (test for excess errors)
UNRESOLVED: libffi.call/return_fl1.c -O2 compilation failed to produce executable
FAIL: libffi.call/return_fl2.c -O2 (test for excess errors)
UNRESOLVED: libffi.call/return_fl2.c -O2 compilation failed to produce executable
FAIL: libffi.call/return_fl3.c -O2 (test for excess errors)
UNRESOLVED: libffi.call/return_fl3.c -O2 compilation failed to produce executable
FAIL: libffi.call/return_ldl.c -O2 (test for excess errors)
UNRESOLVED: libffi.call/return_ldl.c -O2 compilation failed to produce executable
FAIL: libffi.call/return_ll.c -O2 (test for excess errors)
UNRESOLVED: libffi.call/return_ll.c -O2 compilation failed to produce executable
FAIL: libffi.call/return_ll1.c -O2 (test for excess errors)
UNRESOLVED: libffi.call/return_ll1.c -O2 compilation failed to produce executable
FAIL: libffi.call/return_sc.c -O2 (test for excess errors)
UNRESOLVED: libffi.call/return_sc.c -O2 compilation failed to produce executable
FAIL: libffi.call/return_sl.c -O2 (test for excess errors)
UNRESOLVED: libffi.call/return_sl.c -O2 compilation failed to produce executable
FAIL: libffi.call/return_uc.c -O2 (test for excess errors)
UNRESOLVED: libffi.call/return_uc.c -O2 compilation failed to produce executable
FAIL: libffi.call/return_ul.c -O2 (test for excess errors)
UNRESOLVED: libffi.call/return_ul.c -O2 compilation failed to produce executable
FAIL: libffi.call/strlen.c -O2 (test for excess errors)
UNRESOLVED: libffi.call/strlen.c -O2 compilation failed to produce executable
FAIL: libffi.call/struct1.c -O2 (test for excess errors)
UNRESOLVED: libffi.call/struct1.c -O2 compilation failed to produce executable
FAIL: libffi.call/struct2.c -O2 (test for excess errors)
UNRESOLVED: libffi.call/struct2.c -O2 compilation failed to produce executable
FAIL: libffi.call/struct3.c -O2 (test for excess errors)
UNRESOLVED: libffi.call/struct3.c -O2 compilation failed to produce executable
FAIL: libffi.call/struct4.c -O2 (test for excess errors)
UNRESOLVED: libffi.call/struct4.c -O2 compilation failed to produce executable
FAIL: libffi.call/struct5.c -O2 (test for excess errors)
UNRESOLVED: libffi.call/struct5.c -O2 compilation failed to produce executable
FAIL: libffi.call/struct6.c -O2 (test for excess errors)
UNRESOLVED: libffi.call/struct6.c -O2 compilation failed to produce executable
FAIL: libffi.call/struct7.c -O2 (test for excess errors)
UNRESOLVED: libffi.call/struct7.c -O2 compilation failed to produce executable
FAIL: libffi.call/struct8.c -O2 (test for excess errors)
UNRESOLVED: libffi.call/struct8.c -O2 compilation failed to produce executable
FAIL: libffi.call/struct9.c -O2 (test for excess errors)
UNRESOLVED: libffi.call/struct9.c -O2 compilation failed to produce executable
FAIL: libffi.call/closure_fn0.c -O3 (test for excess errors)
UNRESOLVED: libffi.call/closure_fn0.c -O3 compilation failed to produce executable
FAIL: libffi.call/closure_fn1.c -O3 (test for excess errors)
UNRESOLVED: libffi.call/closure_fn1.c -O3 compilation failed to produce executable
FAIL: libffi.call/closure_fn2.c -O3 (test for excess errors)
UNRESOLVED: libffi.call/closure_fn2.c -O3 compilation failed to produce executable
FAIL: libffi.call/closure_fn3.c -O3 (test for excess errors)
UNRESOLVED: libffi.call/closure_fn3.c -O3 compilation failed to produce executable
FAIL: libffi.call/closure_fn4.c -O3 (test for excess errors)
UNRESOLVED: libffi.call/closure_fn4.c -O3 compilation failed to produce executable
FAIL: libffi.call/closure_fn5.c -O3 (test for excess errors)
UNRESOLVED: libffi.call/closure_fn5.c -O3 compilation failed to produce executable
FAIL: libffi.call/closure_fn6.c -O3 (test for excess errors)
UNRESOLVED: libffi.call/closure_fn6.c -O3 compilation failed to produce executable
FAIL: libffi.call/cls_12byte.c -O3 (test for excess errors)
UNRESOLVED: libffi.call/cls_12byte.c -O3 compilation failed to produce executable
FAIL: libffi.call/cls_16byte.c -O3 (test for excess errors)
UNRESOLVED: libffi.call/cls_16byte.c -O3 compilation failed to produce executable
FAIL: libffi.call/cls_18byte.c -O3 (test for excess errors)
UNRESOLVED: libffi.call/cls_18byte.c -O3 compilation failed to produce executable
FAIL: libffi.call/cls_19byte.c -O3 (test for excess errors)
UNRESOLVED: libffi.call/cls_19byte.c -O3 compilation failed to produce executable
FAIL: libffi.call/cls_1_1byte.c -O3 (test for excess errors)
UNRESOLVED: libffi.call/cls_1_1byte.c -O3 compilation failed to produce executable
FAIL: libffi.call/cls_20byte.c -O3 (test for excess errors)
UNRESOLVED: libffi.call/cls_20byte.c -O3 compilation failed to produce executable
FAIL: libffi.call/cls_20byte1.c -O3 (test for excess errors)
UNRESOLVED: libffi.call/cls_20byte1.c -O3 compilation failed to produce executable
FAIL: libffi.call/cls_24byte.c -O3 (test for excess errors)
UNRESOLVED: libffi.call/cls_24byte.c -O3 compilation failed to produce executable
FAIL: libffi.call/cls_2byte.c -O3 (test for excess errors)
UNRESOLVED: libffi.call/cls_2byte.c -O3 compilation failed to produce executable
FAIL: libffi.call/cls_3_1byte.c -O3 (test for excess errors)
UNRESOLVED: libffi.call/cls_3_1byte.c -O3 compilation failed to produce executable
FAIL: libffi.call/cls_3byte1.c -O3 (test for excess errors)
UNRESOLVED: libffi.call/cls_3byte1.c -O3 compilation failed to produce executable
FAIL: libffi.call/cls_3byte2.c -O3 (test for excess errors)
UNRESOLVED: libffi.call/cls_3byte2.c -O3 compilation failed to produce executable
FAIL: libffi.call/cls_4_1byte.c -O3 (test for excess errors)
UNRESOLVED: libffi.call/cls_4_1byte.c -O3 compilation failed to produce executable
FAIL: libffi.call/cls_4byte.c -O3 (test for excess errors)
UNRESOLVED: libffi.call/cls_4byte.c -O3 compilation failed to produce executable
FAIL: libffi.call/cls_5_1_byte.c -O3 (test for excess errors)
UNRESOLVED: libffi.call/cls_5_1_byte.c -O3 compilation failed to produce executable
FAIL: libffi.call/cls_5byte.c -O3 (test for excess errors)
UNRESOLVED: libffi.call/cls_5byte.c -O3 compilation failed to produce executable
FAIL: libffi.call/cls_64byte.c -O3 (test for excess errors)
UNRESOLVED: libffi.call/cls_64byte.c -O3 compilation failed to produce executable
FAIL: libffi.call/cls_6_1_byte.c -O3 (test for excess errors)
UNRESOLVED: libffi.call/cls_6_1_byte.c -O3 compilation failed to produce executable
FAIL: libffi.call/cls_6byte.c -O3 (test for excess errors)
UNRESOLVED: libffi.call/cls_6byte.c -O3 compilation failed to produce executable
FAIL: libffi.call/cls_7_1_byte.c -O3 (test for excess errors)
UNRESOLVED: libffi.call/cls_7_1_byte.c -O3 compilation failed to produce executable
FAIL: libffi.call/cls_7byte.c -O3 (test for excess errors)
UNRESOLVED: libffi.call/cls_7byte.c -O3 compilation failed to produce executable
FAIL: libffi.call/cls_8byte.c -O3 (test for excess errors)
UNRESOLVED: libffi.call/cls_8byte.c -O3 compilation failed to produce executable
FAIL: libffi.call/cls_9byte1.c -O3 (test for excess errors)
UNRESOLVED: libffi.call/cls_9byte1.c -O3 compilation failed to produce executable
FAIL: libffi.call/cls_9byte2.c -O3 (test for excess errors)
UNRESOLVED: libffi.call/cls_9byte2.c -O3 compilation failed to produce executable
FAIL: libffi.call/cls_align_double.c -O3 (test for excess errors)
UNRESOLVED: libffi.call/cls_align_double.c -O3 compilation failed to produce executable
FAIL: libffi.call/cls_align_float.c -O3 (test for excess errors)
UNRESOLVED: libffi.call/cls_align_float.c -O3 compilation failed to produce executable
FAIL: libffi.call/cls_align_longdouble.c -O3 (test for excess errors)
UNRESOLVED: libffi.call/cls_align_longdouble.c -O3 compilation failed to produce executable
FAIL: libffi.call/cls_align_pointer.c -O3 (test for excess errors)
UNRESOLVED: libffi.call/cls_align_pointer.c -O3 compilation failed to produce executable
FAIL: libffi.call/cls_align_sint16.c -O3 (test for excess errors)
UNRESOLVED: libffi.call/cls_align_sint16.c -O3 compilation failed to produce executable
FAIL: libffi.call/cls_align_sint32.c -O3 (test for excess errors)
UNRESOLVED: libffi.call/cls_align_sint32.c -O3 compilation failed to produce executable
FAIL: libffi.call/cls_align_sint64.c -O3 (test for excess errors)
UNRESOLVED: libffi.call/cls_align_sint64.c -O3 compilation failed to produce executable
FAIL: libffi.call/cls_align_uint16.c -O3 (test for excess errors)
UNRESOLVED: libffi.call/cls_align_uint16.c -O3 compilation failed to produce executable
FAIL: libffi.call/cls_align_uint32.c -O3 (test for excess errors)
UNRESOLVED: libffi.call/cls_align_uint32.c -O3 compilation failed to produce executable
FAIL: libffi.call/cls_align_uint64.c -O3 (test for excess errors)
UNRESOLVED: libffi.call/cls_align_uint64.c -O3 compilation failed to produce executable
FAIL: libffi.call/cls_double.c -O3 (test for excess errors)
UNRESOLVED: libffi.call/cls_double.c -O3 compilation failed to produce executable
FAIL: libffi.call/cls_float.c -O3 (test for excess errors)
UNRESOLVED: libffi.call/cls_float.c -O3 compilation failed to produce executable
FAIL: libffi.call/cls_multi_schar.c -O3 (test for excess errors)
UNRESOLVED: libffi.call/cls_multi_schar.c -O3 compilation failed to produce executable
FAIL: libffi.call/cls_multi_sshort.c -O3 (test for excess errors)
UNRESOLVED: libffi.call/cls_multi_sshort.c -O3 compilation failed to produce executable
FAIL: libffi.call/cls_multi_sshortchar.c -O3 (test for excess errors)
UNRESOLVED: libffi.call/cls_multi_sshortchar.c -O3 compilation failed to produce executable
FAIL: libffi.call/cls_multi_uchar.c -O3 (test for excess errors)
UNRESOLVED: libffi.call/cls_multi_uchar.c -O3 compilation failed to produce executable
FAIL: libffi.call/cls_multi_ushort.c -O3 (test for excess errors)
UNRESOLVED: libffi.call/cls_multi_ushort.c -O3 compilation failed to produce executable
FAIL: libffi.call/cls_multi_ushortchar.c -O3 (test for excess errors)
UNRESOLVED: libffi.call/cls_multi_ushortchar.c -O3 compilation failed to produce executable
FAIL: libffi.call/cls_schar.c -O3 (test for excess errors)
UNRESOLVED: libffi.call/cls_schar.c -O3 compilation failed to produce executable
FAIL: libffi.call/cls_sint.c -O3 (test for excess errors)
UNRESOLVED: libffi.call/cls_sint.c -O3 compilation failed to produce executable
FAIL: libffi.call/cls_sshort.c -O3 (test for excess errors)
UNRESOLVED: libffi.call/cls_sshort.c -O3 compilation failed to produce executable
FAIL: libffi.call/cls_uchar.c -O3 (test for excess errors)
UNRESOLVED: libffi.call/cls_uchar.c -O3 compilation failed to produce executable
FAIL: libffi.call/cls_uint.c -O3 (test for excess errors)
UNRESOLVED: libffi.call/cls_uint.c -O3 compilation failed to produce executable
FAIL: libffi.call/cls_ulonglong.c -O3 (test for excess errors)
UNRESOLVED: libffi.call/cls_ulonglong.c -O3 compilation failed to produce executable
FAIL: libffi.call/cls_ushort.c -O3 (test for excess errors)
UNRESOLVED: libffi.call/cls_ushort.c -O3 compilation failed to produce executable
FAIL: libffi.call/float.c -O3 (test for excess errors)
UNRESOLVED: libffi.call/float.c -O3 compilation failed to produce executable
FAIL: libffi.call/float1.c -O3 (test for excess errors)
UNRESOLVED: libffi.call/float1.c -O3 compilation failed to produce executable
FAIL: libffi.call/float2.c -O3 (test for excess errors)
UNRESOLVED: libffi.call/float2.c -O3 compilation failed to produce executable
FAIL: libffi.call/float3.c -O3 (test for excess errors)
UNRESOLVED: libffi.call/float3.c -O3 compilation failed to produce executable
FAIL: libffi.call/float4.c -O3 (test for excess errors)
UNRESOLVED: libffi.call/float4.c -O3 compilation failed to produce executable
FAIL: libffi.call/many.c -O3 (test for excess errors)
UNRESOLVED: libffi.call/many.c -O3 compilation failed to produce executable
FAIL: libffi.call/negint.c -O3 (test for excess errors)
UNRESOLVED: libffi.call/negint.c -O3 compilation failed to produce executable
FAIL: libffi.call/nested_struct.c -O3 (test for excess errors)
UNRESOLVED: libffi.call/nested_struct.c -O3 compilation failed to produce executable
FAIL: libffi.call/nested_struct1.c -O3 (test for excess errors)
UNRESOLVED: libffi.call/nested_struct1.c -O3 compilation failed to produce executable
FAIL: libffi.call/nested_struct10.c -O3 (test for excess errors)
UNRESOLVED: libffi.call/nested_struct10.c -O3 compilation failed to produce executable
FAIL: libffi.call/nested_struct2.c -O3 (test for excess errors)
UNRESOLVED: libffi.call/nested_struct2.c -O3 compilation failed to produce executable
FAIL: libffi.call/nested_struct3.c -O3 (test for excess errors)
UNRESOLVED: libffi.call/nested_struct3.c -O3 compilation failed to produce executable
FAIL: libffi.call/nested_struct4.c -O3 (test for excess errors)
UNRESOLVED: libffi.call/nested_struct4.c -O3 compilation failed to produce executable
FAIL: libffi.call/nested_struct5.c -O3 (test for excess errors)
UNRESOLVED: libffi.call/nested_struct5.c -O3 compilation failed to produce executable
FAIL: libffi.call/nested_struct6.c -O3 (test for excess errors)
UNRESOLVED: libffi.call/nested_struct6.c -O3 compilation failed to produce executable
FAIL: libffi.call/nested_struct7.c -O3 (test for excess errors)
UNRESOLVED: libffi.call/nested_struct7.c -O3 compilation failed to produce executable
FAIL: libffi.call/nested_struct8.c -O3 (test for excess errors)
UNRESOLVED: libffi.call/nested_struct8.c -O3 compilation failed to produce executable
FAIL: libffi.call/nested_struct9.c -O3 (test for excess errors)
UNRESOLVED: libffi.call/nested_struct9.c -O3 compilation failed to produce executable
FAIL: libffi.call/problem1.c -O3 (test for excess errors)
UNRESOLVED: libffi.call/problem1.c -O3 compilation failed to produce executable
FAIL: libffi.call/promotion.c -O3 (test for excess errors)
UNRESOLVED: libffi.call/promotion.c -O3 compilation failed to produce executable
FAIL: libffi.call/pyobjc-tc.c -O3 (test for excess errors)
UNRESOLVED: libffi.call/pyobjc-tc.c -O3 compilation failed to produce executable
FAIL: libffi.call/return_dbl.c -O3 (test for excess errors)
UNRESOLVED: libffi.call/return_dbl.c -O3 compilation failed to produce executable
FAIL: libffi.call/return_dbl1.c -O3 (test for excess errors)
UNRESOLVED: libffi.call/return_dbl1.c -O3 compilation failed to produce executable
FAIL: libffi.call/return_dbl2.c -O3 (test for excess errors)
UNRESOLVED: libffi.call/return_dbl2.c -O3 compilation failed to produce executable
FAIL: libffi.call/return_fl.c -O3 (test for excess errors)
UNRESOLVED: libffi.call/return_fl.c -O3 compilation failed to produce executable
FAIL: libffi.call/return_fl1.c -O3 (test for excess errors)
UNRESOLVED: libffi.call/return_fl1.c -O3 compilation failed to produce executable
FAIL: libffi.call/return_fl2.c -O3 (test for excess errors)
UNRESOLVED: libffi.call/return_fl2.c -O3 compilation failed to produce executable
FAIL: libffi.call/return_fl3.c -O3 (test for excess errors)
UNRESOLVED: libffi.call/return_fl3.c -O3 compilation failed to produce executable
FAIL: libffi.call/return_ldl.c -O3 (test for excess errors)
UNRESOLVED: libffi.call/return_ldl.c -O3 compilation failed to produce executable
FAIL: libffi.call/return_ll.c -O3 (test for excess errors)
UNRESOLVED: libffi.call/return_ll.c -O3 compilation failed to produce executable
FAIL: libffi.call/return_ll1.c -O3 (test for excess errors)
UNRESOLVED: libffi.call/return_ll1.c -O3 compilation failed to produce executable
FAIL: libffi.call/return_sc.c -O3 (test for excess errors)
UNRESOLVED: libffi.call/return_sc.c -O3 compilation failed to produce executable
FAIL: libffi.call/return_sl.c -O3 (test for excess errors)
UNRESOLVED: libffi.call/return_sl.c -O3 compilation failed to produce executable
FAIL: libffi.call/return_uc.c -O3 (test for excess errors)
UNRESOLVED: libffi.call/return_uc.c -O3 compilation failed to produce executable
FAIL: libffi.call/return_ul.c -O3 (test for excess errors)
UNRESOLVED: libffi.call/return_ul.c -O3 compilation failed to produce executable
FAIL: libffi.call/strlen.c -O3 (test for excess errors)
UNRESOLVED: libffi.call/strlen.c -O3 compilation failed to produce executable
FAIL: libffi.call/struct1.c -O3 (test for excess errors)
UNRESOLVED: libffi.call/struct1.c -O3 compilation failed to produce executable
FAIL: libffi.call/struct2.c -O3 (test for excess errors)
UNRESOLVED: libffi.call/struct2.c -O3 compilation failed to produce executable
FAIL: libffi.call/struct3.c -O3 (test for excess errors)
UNRESOLVED: libffi.call/struct3.c -O3 compilation failed to produce executable
FAIL: libffi.call/struct4.c -O3 (test for excess errors)
UNRESOLVED: libffi.call/struct4.c -O3 compilation failed to produce executable
FAIL: libffi.call/struct5.c -O3 (test for excess errors)
UNRESOLVED: libffi.call/struct5.c -O3 compilation failed to produce executable
FAIL: libffi.call/struct6.c -O3 (test for excess errors)
UNRESOLVED: libffi.call/struct6.c -O3 compilation failed to produce executable
FAIL: libffi.call/struct7.c -O3 (test for excess errors)
UNRESOLVED: libffi.call/struct7.c -O3 compilation failed to produce executable
FAIL: libffi.call/struct8.c -O3 (test for excess errors)
UNRESOLVED: libffi.call/struct8.c -O3 compilation failed to produce executable
FAIL: libffi.call/struct9.c -O3 (test for excess errors)
UNRESOLVED: libffi.call/struct9.c -O3 compilation failed to produce executable
FAIL: libffi.call/closure_fn0.c -Os (test for excess errors)
UNRESOLVED: libffi.call/closure_fn0.c -Os compilation failed to produce executable
FAIL: libffi.call/closure_fn1.c -Os (test for excess errors)
UNRESOLVED: libffi.call/closure_fn1.c -Os compilation failed to produce executable
FAIL: libffi.call/closure_fn2.c -Os (test for excess errors)
UNRESOLVED: libffi.call/closure_fn2.c -Os compilation failed to produce executable
FAIL: libffi.call/closure_fn3.c -Os (test for excess errors)
UNRESOLVED: libffi.call/closure_fn3.c -Os compilation failed to produce executable
FAIL: libffi.call/closure_fn4.c -Os (test for excess errors)
UNRESOLVED: libffi.call/closure_fn4.c -Os compilation failed to produce executable
FAIL: libffi.call/closure_fn5.c -Os (test for excess errors)
UNRESOLVED: libffi.call/closure_fn5.c -Os compilation failed to produce executable
FAIL: libffi.call/closure_fn6.c -Os (test for excess errors)
UNRESOLVED: libffi.call/closure_fn6.c -Os compilation failed to produce executable
FAIL: libffi.call/cls_12byte.c -Os (test for excess errors)
UNRESOLVED: libffi.call/cls_12byte.c -Os compilation failed to produce executable
FAIL: libffi.call/cls_16byte.c -Os (test for excess errors)
UNRESOLVED: libffi.call/cls_16byte.c -Os compilation failed to produce executable
FAIL: libffi.call/cls_18byte.c -Os (test for excess errors)
UNRESOLVED: libffi.call/cls_18byte.c -Os compilation failed to produce executable
FAIL: libffi.call/cls_19byte.c -Os (test for excess errors)
UNRESOLVED: libffi.call/cls_19byte.c -Os compilation failed to produce executable
FAIL: libffi.call/cls_1_1byte.c -Os (test for excess errors)
UNRESOLVED: libffi.call/cls_1_1byte.c -Os compilation failed to produce executable
FAIL: libffi.call/cls_20byte.c -Os (test for excess errors)
UNRESOLVED: libffi.call/cls_20byte.c -Os compilation failed to produce executable
FAIL: libffi.call/cls_20byte1.c -Os (test for excess errors)
UNRESOLVED: libffi.call/cls_20byte1.c -Os compilation failed to produce executable
FAIL: libffi.call/cls_24byte.c -Os (test for excess errors)
UNRESOLVED: libffi.call/cls_24byte.c -Os compilation failed to produce executable
FAIL: libffi.call/cls_2byte.c -Os (test for excess errors)
UNRESOLVED: libffi.call/cls_2byte.c -Os compilation failed to produce executable
FAIL: libffi.call/cls_3_1byte.c -Os (test for excess errors)
UNRESOLVED: libffi.call/cls_3_1byte.c -Os compilation failed to produce executable
FAIL: libffi.call/cls_3byte1.c -Os (test for excess errors)
UNRESOLVED: libffi.call/cls_3byte1.c -Os compilation failed to produce executable
FAIL: libffi.call/cls_3byte2.c -Os (test for excess errors)
UNRESOLVED: libffi.call/cls_3byte2.c -Os compilation failed to produce executable
FAIL: libffi.call/cls_4_1byte.c -Os (test for excess errors)
UNRESOLVED: libffi.call/cls_4_1byte.c -Os compilation failed to produce executable
FAIL: libffi.call/cls_4byte.c -Os (test for excess errors)
UNRESOLVED: libffi.call/cls_4byte.c -Os compilation failed to produce executable
FAIL: libffi.call/cls_5_1_byte.c -Os (test for excess errors)
UNRESOLVED: libffi.call/cls_5_1_byte.c -Os compilation failed to produce executable
FAIL: libffi.call/cls_5byte.c -Os (test for excess errors)
UNRESOLVED: libffi.call/cls_5byte.c -Os compilation failed to produce executable
FAIL: libffi.call/cls_64byte.c -Os (test for excess errors)
UNRESOLVED: libffi.call/cls_64byte.c -Os compilation failed to produce executable
FAIL: libffi.call/cls_6_1_byte.c -Os (test for excess errors)
UNRESOLVED: libffi.call/cls_6_1_byte.c -Os compilation failed to produce executable
FAIL: libffi.call/cls_6byte.c -Os (test for excess errors)
UNRESOLVED: libffi.call/cls_6byte.c -Os compilation failed to produce executable
FAIL: libffi.call/cls_7_1_byte.c -Os (test for excess errors)
UNRESOLVED: libffi.call/cls_7_1_byte.c -Os compilation failed to produce executable
FAIL: libffi.call/cls_7byte.c -Os (test for excess errors)
UNRESOLVED: libffi.call/cls_7byte.c -Os compilation failed to produce executable
FAIL: libffi.call/cls_8byte.c -Os (test for excess errors)
UNRESOLVED: libffi.call/cls_8byte.c -Os compilation failed to produce executable
FAIL: libffi.call/cls_9byte1.c -Os (test for excess errors)
UNRESOLVED: libffi.call/cls_9byte1.c -Os compilation failed to produce executable
FAIL: libffi.call/cls_9byte2.c -Os (test for excess errors)
UNRESOLVED: libffi.call/cls_9byte2.c -Os compilation failed to produce executable
FAIL: libffi.call/cls_align_double.c -Os (test for excess errors)
UNRESOLVED: libffi.call/cls_align_double.c -Os compilation failed to produce executable
FAIL: libffi.call/cls_align_float.c -Os (test for excess errors)
UNRESOLVED: libffi.call/cls_align_float.c -Os compilation failed to produce executable
FAIL: libffi.call/cls_align_longdouble.c -Os (test for excess errors)
UNRESOLVED: libffi.call/cls_align_longdouble.c -Os compilation failed to produce executable
FAIL: libffi.call/cls_align_pointer.c -Os (test for excess errors)
UNRESOLVED: libffi.call/cls_align_pointer.c -Os compilation failed to produce executable
FAIL: libffi.call/cls_align_sint16.c -Os (test for excess errors)
UNRESOLVED: libffi.call/cls_align_sint16.c -Os compilation failed to produce executable
FAIL: libffi.call/cls_align_sint32.c -Os (test for excess errors)
UNRESOLVED: libffi.call/cls_align_sint32.c -Os compilation failed to produce executable
FAIL: libffi.call/cls_align_sint64.c -Os (test for excess errors)
UNRESOLVED: libffi.call/cls_align_sint64.c -Os compilation failed to produce executable
FAIL: libffi.call/cls_align_uint16.c -Os (test for excess errors)
UNRESOLVED: libffi.call/cls_align_uint16.c -Os compilation failed to produce executable
FAIL: libffi.call/cls_align_uint32.c -Os (test for excess errors)
UNRESOLVED: libffi.call/cls_align_uint32.c -Os compilation failed to produce executable
FAIL: libffi.call/cls_align_uint64.c -Os (test for excess errors)
UNRESOLVED: libffi.call/cls_align_uint64.c -Os compilation failed to produce executable
FAIL: libffi.call/cls_double.c -Os (test for excess errors)
UNRESOLVED: libffi.call/cls_double.c -Os compilation failed to produce executable
FAIL: libffi.call/cls_float.c -Os (test for excess errors)
UNRESOLVED: libffi.call/cls_float.c -Os compilation failed to produce executable
FAIL: libffi.call/cls_multi_schar.c -Os (test for excess errors)
UNRESOLVED: libffi.call/cls_multi_schar.c -Os compilation failed to produce executable
FAIL: libffi.call/cls_multi_sshort.c -Os (test for excess errors)
UNRESOLVED: libffi.call/cls_multi_sshort.c -Os compilation failed to produce executable
FAIL: libffi.call/cls_multi_sshortchar.c -Os (test for excess errors)
UNRESOLVED: libffi.call/cls_multi_sshortchar.c -Os compilation failed to produce executable
FAIL: libffi.call/cls_multi_uchar.c -Os (test for excess errors)
UNRESOLVED: libffi.call/cls_multi_uchar.c -Os compilation failed to produce executable
FAIL: libffi.call/cls_multi_ushort.c -Os (test for excess errors)
UNRESOLVED: libffi.call/cls_multi_ushort.c -Os compilation failed to produce executable
FAIL: libffi.call/cls_multi_ushortchar.c -Os (test for excess errors)
UNRESOLVED: libffi.call/cls_multi_ushortchar.c -Os compilation failed to produce executable
FAIL: libffi.call/cls_schar.c -Os (test for excess errors)
UNRESOLVED: libffi.call/cls_schar.c -Os compilation failed to produce executable
FAIL: libffi.call/cls_sint.c -Os (test for excess errors)
UNRESOLVED: libffi.call/cls_sint.c -Os compilation failed to produce executable
FAIL: libffi.call/cls_sshort.c -Os (test for excess errors)
UNRESOLVED: libffi.call/cls_sshort.c -Os compilation failed to produce executable
FAIL: libffi.call/cls_uchar.c -Os (test for excess errors)
UNRESOLVED: libffi.call/cls_uchar.c -Os compilation failed to produce executable
FAIL: libffi.call/cls_uint.c -Os (test for excess errors)
UNRESOLVED: libffi.call/cls_uint.c -Os compilation failed to produce executable
FAIL: libffi.call/cls_ulonglong.c -Os (test for excess errors)
UNRESOLVED: libffi.call/cls_ulonglong.c -Os compilation failed to produce executable
FAIL: libffi.call/cls_ushort.c -Os (test for excess errors)
UNRESOLVED: libffi.call/cls_ushort.c -Os compilation failed to produce executable
FAIL: libffi.call/float.c -Os (test for excess errors)
UNRESOLVED: libffi.call/float.c -Os compilation failed to produce executable
FAIL: libffi.call/float1.c -Os (test for excess errors)
UNRESOLVED: libffi.call/float1.c -Os compilation failed to produce executable
FAIL: libffi.call/float2.c -Os (test for excess errors)
UNRESOLVED: libffi.call/float2.c -Os compilation failed to produce executable
FAIL: libffi.call/float3.c -Os (test for excess errors)
UNRESOLVED: libffi.call/float3.c -Os compilation failed to produce executable
FAIL: libffi.call/float4.c -Os (test for excess errors)
UNRESOLVED: libffi.call/float4.c -Os compilation failed to produce executable
FAIL: libffi.call/many.c -Os (test for excess errors)
UNRESOLVED: libffi.call/many.c -Os compilation failed to produce executable
FAIL: libffi.call/negint.c -Os (test for excess errors)
UNRESOLVED: libffi.call/negint.c -Os compilation failed to produce executable
FAIL: libffi.call/nested_struct.c -Os (test for excess errors)
UNRESOLVED: libffi.call/nested_struct.c -Os compilation failed to produce executable
FAIL: libffi.call/nested_struct1.c -Os (test for excess errors)
UNRESOLVED: libffi.call/nested_struct1.c -Os compilation failed to produce executable
FAIL: libffi.call/nested_struct10.c -Os (test for excess errors)
UNRESOLVED: libffi.call/nested_struct10.c -Os compilation failed to produce executable
FAIL: libffi.call/nested_struct2.c -Os (test for excess errors)
UNRESOLVED: libffi.call/nested_struct2.c -Os compilation failed to produce executable
FAIL: libffi.call/nested_struct3.c -Os (test for excess errors)
UNRESOLVED: libffi.call/nested_struct3.c -Os compilation failed to produce executable
FAIL: libffi.call/nested_struct4.c -Os (test for excess errors)
UNRESOLVED: libffi.call/nested_struct4.c -Os compilation failed to produce executable
FAIL: libffi.call/nested_struct5.c -Os (test for excess errors)
UNRESOLVED: libffi.call/nested_struct5.c -Os compilation failed to produce executable
FAIL: libffi.call/nested_struct6.c -Os (test for excess errors)
UNRESOLVED: libffi.call/nested_struct6.c -Os compilation failed to produce executable
FAIL: libffi.call/nested_struct7.c -Os (test for excess errors)
UNRESOLVED: libffi.call/nested_struct7.c -Os compilation failed to produce executable
FAIL: libffi.call/nested_struct8.c -Os (test for excess errors)
UNRESOLVED: libffi.call/nested_struct8.c -Os compilation failed to produce executable
FAIL: libffi.call/nested_struct9.c -Os (test for excess errors)
UNRESOLVED: libffi.call/nested_struct9.c -Os compilation failed to produce executable
FAIL: libffi.call/problem1.c -Os (test for excess errors)
UNRESOLVED: libffi.call/problem1.c -Os compilation failed to produce executable
FAIL: libffi.call/promotion.c -Os (test for excess errors)
UNRESOLVED: libffi.call/promotion.c -Os compilation failed to produce executable
FAIL: libffi.call/pyobjc-tc.c -Os (test for excess errors)
UNRESOLVED: libffi.call/pyobjc-tc.c -Os compilation failed to produce executable
FAIL: libffi.call/return_dbl.c -Os (test for excess errors)
UNRESOLVED: libffi.call/return_dbl.c -Os compilation failed to produce executable
FAIL: libffi.call/return_dbl1.c -Os (test for excess errors)
UNRESOLVED: libffi.call/return_dbl1.c -Os compilation failed to produce executable
FAIL: libffi.call/return_dbl2.c -Os (test for excess errors)
UNRESOLVED: libffi.call/return_dbl2.c -Os compilation failed to produce executable
FAIL: libffi.call/return_fl.c -Os (test for excess errors)
UNRESOLVED: libffi.call/return_fl.c -Os compilation failed to produce executable
FAIL: libffi.call/return_fl1.c -Os (test for excess errors)
UNRESOLVED: libffi.call/return_fl1.c -Os compilation failed to produce executable
FAIL: libffi.call/return_fl2.c -Os (test for excess errors)
UNRESOLVED: libffi.call/return_fl2.c -Os compilation failed to produce executable
FAIL: libffi.call/return_fl3.c -Os (test for excess errors)
UNRESOLVED: libffi.call/return_fl3.c -Os compilation failed to produce executable
FAIL: libffi.call/return_ldl.c -Os (test for excess errors)
UNRESOLVED: libffi.call/return_ldl.c -Os compilation failed to produce executable
FAIL: libffi.call/return_ll.c -Os (test for excess errors)
UNRESOLVED: libffi.call/return_ll.c -Os compilation failed to produce executable
FAIL: libffi.call/return_ll1.c -Os (test for excess errors)
UNRESOLVED: libffi.call/return_ll1.c -Os compilation failed to produce executable
FAIL: libffi.call/return_sc.c -Os (test for excess errors)
UNRESOLVED: libffi.call/return_sc.c -Os compilation failed to produce executable
FAIL: libffi.call/return_sl.c -Os (test for excess errors)
UNRESOLVED: libffi.call/return_sl.c -Os compilation failed to produce executable
FAIL: libffi.call/return_uc.c -Os (test for excess errors)
UNRESOLVED: libffi.call/return_uc.c -Os compilation failed to produce executable
FAIL: libffi.call/return_ul.c -Os (test for excess errors)
UNRESOLVED: libffi.call/return_ul.c -Os compilation failed to produce executable
FAIL: libffi.call/strlen.c -Os (test for excess errors)
UNRESOLVED: libffi.call/strlen.c -Os compilation failed to produce executable
FAIL: libffi.call/struct1.c -Os (test for excess errors)
UNRESOLVED: libffi.call/struct1.c -Os compilation failed to produce executable
FAIL: libffi.call/struct2.c -Os (test for excess errors)
UNRESOLVED: libffi.call/struct2.c -Os compilation failed to produce executable
FAIL: libffi.call/struct3.c -Os (test for excess errors)
UNRESOLVED: libffi.call/struct3.c -Os compilation failed to produce executable
FAIL: libffi.call/struct4.c -Os (test for excess errors)
UNRESOLVED: libffi.call/struct4.c -Os compilation failed to produce executable
FAIL: libffi.call/struct5.c -Os (test for excess errors)
UNRESOLVED: libffi.call/struct5.c -Os compilation failed to produce executable
FAIL: libffi.call/struct6.c -Os (test for excess errors)
UNRESOLVED: libffi.call/struct6.c -Os compilation failed to produce executable
FAIL: libffi.call/struct7.c -Os (test for excess errors)
UNRESOLVED: libffi.call/struct7.c -Os compilation failed to produce executable
FAIL: libffi.call/struct8.c -Os (test for excess errors)
UNRESOLVED: libffi.call/struct8.c -Os compilation failed to produce executable
FAIL: libffi.call/struct9.c -Os (test for excess errors)
UNRESOLVED: libffi.call/struct9.c -Os compilation failed to produce executable
FAIL: libffi.call/closure_fn0.c -O2 -fomit-frame-pointer (test for excess errors)
UNRESOLVED: libffi.call/closure_fn0.c -O2 -fomit-frame-pointer compilation failed to produce executable
FAIL: libffi.call/closure_fn1.c -O2 -fomit-frame-pointer (test for excess errors)
UNRESOLVED: libffi.call/closure_fn1.c -O2 -fomit-frame-pointer compilation failed to produce executable
FAIL: libffi.call/closure_fn2.c -O2 -fomit-frame-pointer (test for excess errors)
UNRESOLVED: libffi.call/closure_fn2.c -O2 -fomit-frame-pointer compilation failed to produce executable
FAIL: libffi.call/closure_fn3.c -O2 -fomit-frame-pointer (test for excess errors)
UNRESOLVED: libffi.call/closure_fn3.c -O2 -fomit-frame-pointer compilation failed to produce executable
FAIL: libffi.call/closure_fn4.c -O2 -fomit-frame-pointer (test for excess errors)
UNRESOLVED: libffi.call/closure_fn4.c -O2 -fomit-frame-pointer compilation failed to produce executable
FAIL: libffi.call/closure_fn5.c -O2 -fomit-frame-pointer (test for excess errors)
UNRESOLVED: libffi.call/closure_fn5.c -O2 -fomit-frame-pointer compilation failed to produce executable
FAIL: libffi.call/closure_fn6.c -O2 -fomit-frame-pointer (test for excess errors)
UNRESOLVED: libffi.call/closure_fn6.c -O2 -fomit-frame-pointer compilation failed to produce executable
FAIL: libffi.call/cls_12byte.c -O2 -fomit-frame-pointer (test for excess errors)
UNRESOLVED: libffi.call/cls_12byte.c -O2 -fomit-frame-pointer compilation failed to produce executable
FAIL: libffi.call/cls_16byte.c -O2 -fomit-frame-pointer (test for excess errors)
UNRESOLVED: libffi.call/cls_16byte.c -O2 -fomit-frame-pointer compilation failed to produce executable
FAIL: libffi.call/cls_18byte.c -O2 -fomit-frame-pointer (test for excess errors)
UNRESOLVED: libffi.call/cls_18byte.c -O2 -fomit-frame-pointer compilation failed to produce executable
FAIL: libffi.call/cls_19byte.c -O2 -fomit-frame-pointer (test for excess errors)
UNRESOLVED: libffi.call/cls_19byte.c -O2 -fomit-frame-pointer compilation failed to produce executable
FAIL: libffi.call/cls_1_1byte.c -O2 -fomit-frame-pointer (test for excess errors)
UNRESOLVED: libffi.call/cls_1_1byte.c -O2 -fomit-frame-pointer compilation failed to produce executable
FAIL: libffi.call/cls_20byte.c -O2 -fomit-frame-pointer (test for excess errors)
UNRESOLVED: libffi.call/cls_20byte.c -O2 -fomit-frame-pointer compilation failed to produce executable
FAIL: libffi.call/cls_20byte1.c -O2 -fomit-frame-pointer (test for excess errors)
UNRESOLVED: libffi.call/cls_20byte1.c -O2 -fomit-frame-pointer compilation failed to produce executable
FAIL: libffi.call/cls_24byte.c -O2 -fomit-frame-pointer (test for excess errors)
UNRESOLVED: libffi.call/cls_24byte.c -O2 -fomit-frame-pointer compilation failed to produce executable
FAIL: libffi.call/cls_2byte.c -O2 -fomit-frame-pointer (test for excess errors)
UNRESOLVED: libffi.call/cls_2byte.c -O2 -fomit-frame-pointer compilation failed to produce executable
FAIL: libffi.call/cls_3_1byte.c -O2 -fomit-frame-pointer (test for excess errors)
UNRESOLVED: libffi.call/cls_3_1byte.c -O2 -fomit-frame-pointer compilation failed to produce executable
FAIL: libffi.call/cls_3byte1.c -O2 -fomit-frame-pointer (test for excess errors)
UNRESOLVED: libffi.call/cls_3byte1.c -O2 -fomit-frame-pointer compilation failed to produce executable
FAIL: libffi.call/cls_3byte2.c -O2 -fomit-frame-pointer (test for excess errors)
UNRESOLVED: libffi.call/cls_3byte2.c -O2 -fomit-frame-pointer compilation failed to produce executable
FAIL: libffi.call/cls_4_1byte.c -O2 -fomit-frame-pointer (test for excess errors)
UNRESOLVED: libffi.call/cls_4_1byte.c -O2 -fomit-frame-pointer compilation failed to produce executable
FAIL: libffi.call/cls_4byte.c -O2 -fomit-frame-pointer (test for excess errors)
UNRESOLVED: libffi.call/cls_4byte.c -O2 -fomit-frame-pointer compilation failed to produce executable
FAIL: libffi.call/cls_5_1_byte.c -O2 -fomit-frame-pointer (test for excess errors)
UNRESOLVED: libffi.call/cls_5_1_byte.c -O2 -fomit-frame-pointer compilation failed to produce executable
FAIL: libffi.call/cls_5byte.c -O2 -fomit-frame-pointer (test for excess errors)
UNRESOLVED: libffi.call/cls_5byte.c -O2 -fomit-frame-pointer compilation failed to produce executable
FAIL: libffi.call/cls_64byte.c -O2 -fomit-frame-pointer (test for excess errors)
UNRESOLVED: libffi.call/cls_64byte.c -O2 -fomit-frame-pointer compilation failed to produce executable
FAIL: libffi.call/cls_6_1_byte.c -O2 -fomit-frame-pointer (test for excess errors)
UNRESOLVED: libffi.call/cls_6_1_byte.c -O2 -fomit-frame-pointer compilation failed to produce executable
FAIL: libffi.call/cls_6byte.c -O2 -fomit-frame-pointer (test for excess errors)
UNRESOLVED: libffi.call/cls_6byte.c -O2 -fomit-frame-pointer compilation failed to produce executable
FAIL: libffi.call/cls_7_1_byte.c -O2 -fomit-frame-pointer (test for excess errors)
UNRESOLVED: libffi.call/cls_7_1_byte.c -O2 -fomit-frame-pointer compilation failed to produce executable
FAIL: libffi.call/cls_7byte.c -O2 -fomit-frame-pointer (test for excess errors)
UNRESOLVED: libffi.call/cls_7byte.c -O2 -fomit-frame-pointer compilation failed to produce executable
FAIL: libffi.call/cls_8byte.c -O2 -fomit-frame-pointer (test for excess errors)
UNRESOLVED: libffi.call/cls_8byte.c -O2 -fomit-frame-pointer compilation failed to produce executable
FAIL: libffi.call/cls_9byte1.c -O2 -fomit-frame-pointer (test for excess errors)
UNRESOLVED: libffi.call/cls_9byte1.c -O2 -fomit-frame-pointer compilation failed to produce executable
FAIL: libffi.call/cls_9byte2.c -O2 -fomit-frame-pointer (test for excess errors)
UNRESOLVED: libffi.call/cls_9byte2.c -O2 -fomit-frame-pointer compilation failed to produce executable
FAIL: libffi.call/cls_align_double.c -O2 -fomit-frame-pointer (test for excess errors)
UNRESOLVED: libffi.call/cls_align_double.c -O2 -fomit-frame-pointer compilation failed to produce executable
FAIL: libffi.call/cls_align_float.c -O2 -fomit-frame-pointer (test for excess errors)
UNRESOLVED: libffi.call/cls_align_float.c -O2 -fomit-frame-pointer compilation failed to produce executable
FAIL: libffi.call/cls_align_longdouble.c -O2 -fomit-frame-pointer (test for excess errors)
UNRESOLVED: libffi.call/cls_align_longdouble.c -O2 -fomit-frame-pointer compilation failed to produce executable
FAIL: libffi.call/cls_align_pointer.c -O2 -fomit-frame-pointer (test for excess errors)
UNRESOLVED: libffi.call/cls_align_pointer.c -O2 -fomit-frame-pointer compilation failed to produce executable
FAIL: libffi.call/cls_align_sint16.c -O2 -fomit-frame-pointer (test for excess errors)
UNRESOLVED: libffi.call/cls_align_sint16.c -O2 -fomit-frame-pointer compilation failed to produce executable
FAIL: libffi.call/cls_align_sint32.c -O2 -fomit-frame-pointer (test for excess errors)
UNRESOLVED: libffi.call/cls_align_sint32.c -O2 -fomit-frame-pointer compilation failed to produce executable
FAIL: libffi.call/cls_align_sint64.c -O2 -fomit-frame-pointer (test for excess errors)
UNRESOLVED: libffi.call/cls_align_sint64.c -O2 -fomit-frame-pointer compilation failed to produce executable
FAIL: libffi.call/cls_align_uint16.c -O2 -fomit-frame-pointer (test for excess errors)
UNRESOLVED: libffi.call/cls_align_uint16.c -O2 -fomit-frame-pointer compilation failed to produce executable
FAIL: libffi.call/cls_align_uint32.c -O2 -fomit-frame-pointer (test for excess errors)
UNRESOLVED: libffi.call/cls_align_uint32.c -O2 -fomit-frame-pointer compilation failed to produce executable
FAIL: libffi.call/cls_align_uint64.c -O2 -fomit-frame-pointer (test for excess errors)
UNRESOLVED: libffi.call/cls_align_uint64.c -O2 -fomit-frame-pointer compilation failed to produce executable
FAIL: libffi.call/cls_double.c -O2 -fomit-frame-pointer (test for excess errors)
UNRESOLVED: libffi.call/cls_double.c -O2 -fomit-frame-pointer compilation failed to produce executable
FAIL: libffi.call/cls_float.c -O2 -fomit-frame-pointer (test for excess errors)
UNRESOLVED: libffi.call/cls_float.c -O2 -fomit-frame-pointer compilation failed to produce executable
FAIL: libffi.call/cls_multi_schar.c -O2 -fomit-frame-pointer (test for excess errors)
UNRESOLVED: libffi.call/cls_multi_schar.c -O2 -fomit-frame-pointer compilation failed to produce executable
FAIL: libffi.call/cls_multi_sshort.c -O2 -fomit-frame-pointer (test for excess errors)
UNRESOLVED: libffi.call/cls_multi_sshort.c -O2 -fomit-frame-pointer compilation failed to produce executable
FAIL: libffi.call/cls_multi_sshortchar.c -O2 -fomit-frame-pointer (test for excess errors)
UNRESOLVED: libffi.call/cls_multi_sshortchar.c -O2 -fomit-frame-pointer compilation failed to produce executable
FAIL: libffi.call/cls_multi_uchar.c -O2 -fomit-frame-pointer (test for excess errors)
UNRESOLVED: libffi.call/cls_multi_uchar.c -O2 -fomit-frame-pointer compilation failed to produce executable
FAIL: libffi.call/cls_multi_ushort.c -O2 -fomit-frame-pointer (test for excess errors)
UNRESOLVED: libffi.call/cls_multi_ushort.c -O2 -fomit-frame-pointer compilation failed to produce executable
FAIL: libffi.call/cls_multi_ushortchar.c -O2 -fomit-frame-pointer (test for excess errors)
UNRESOLVED: libffi.call/cls_multi_ushortchar.c -O2 -fomit-frame-pointer compilation failed to produce executable
FAIL: libffi.call/cls_schar.c -O2 -fomit-frame-pointer (test for excess errors)
UNRESOLVED: libffi.call/cls_schar.c -O2 -fomit-frame-pointer compilation failed to produce executable
FAIL: libffi.call/cls_sint.c -O2 -fomit-frame-pointer (test for excess errors)
UNRESOLVED: libffi.call/cls_sint.c -O2 -fomit-frame-pointer compilation failed to produce executable
FAIL: libffi.call/cls_sshort.c -O2 -fomit-frame-pointer (test for excess errors)
UNRESOLVED: libffi.call/cls_sshort.c -O2 -fomit-frame-pointer compilation failed to produce executable
FAIL: libffi.call/cls_uchar.c -O2 -fomit-frame-pointer (test for excess errors)
UNRESOLVED: libffi.call/cls_uchar.c -O2 -fomit-frame-pointer compilation failed to produce executable
FAIL: libffi.call/cls_uint.c -O2 -fomit-frame-pointer (test for excess errors)
UNRESOLVED: libffi.call/cls_uint.c -O2 -fomit-frame-pointer compilation failed to produce executable
FAIL: libffi.call/cls_ulonglong.c -O2 -fomit-frame-pointer (test for excess errors)
UNRESOLVED: libffi.call/cls_ulonglong.c -O2 -fomit-frame-pointer compilation failed to produce executable
FAIL: libffi.call/cls_ushort.c -O2 -fomit-frame-pointer (test for excess errors)
UNRESOLVED: libffi.call/cls_ushort.c -O2 -fomit-frame-pointer compilation failed to produce executable
FAIL: libffi.call/float.c -O2 -fomit-frame-pointer (test for excess errors)
UNRESOLVED: libffi.call/float.c -O2 -fomit-frame-pointer compilation failed to produce executable
FAIL: libffi.call/float1.c -O2 -fomit-frame-pointer (test for excess errors)
UNRESOLVED: libffi.call/float1.c -O2 -fomit-frame-pointer compilation failed to produce executable
FAIL: libffi.call/float2.c -O2 -fomit-frame-pointer (test for excess errors)
UNRESOLVED: libffi.call/float2.c -O2 -fomit-frame-pointer compilation failed to produce executable
FAIL: libffi.call/float3.c -O2 -fomit-frame-pointer (test for excess errors)
UNRESOLVED: libffi.call/float3.c -O2 -fomit-frame-pointer compilation failed to produce executable
FAIL: libffi.call/float4.c -O2 -fomit-frame-pointer (test for excess errors)
UNRESOLVED: libffi.call/float4.c -O2 -fomit-frame-pointer compilation failed to produce executable
FAIL: libffi.call/many.c -O2 -fomit-frame-pointer (test for excess errors)
UNRESOLVED: libffi.call/many.c -O2 -fomit-frame-pointer compilation failed to produce executable
FAIL: libffi.call/negint.c -O2 -fomit-frame-pointer (test for excess errors)
UNRESOLVED: libffi.call/negint.c -O2 -fomit-frame-pointer compilation failed to produce executable
FAIL: libffi.call/nested_struct.c -O2 -fomit-frame-pointer (test for excess errors)
UNRESOLVED: libffi.call/nested_struct.c -O2 -fomit-frame-pointer compilation failed to produce executable
FAIL: libffi.call/nested_struct1.c -O2 -fomit-frame-pointer (test for excess errors)
UNRESOLVED: libffi.call/nested_struct1.c -O2 -fomit-frame-pointer compilation failed to produce executable
FAIL: libffi.call/nested_struct10.c -O2 -fomit-frame-pointer (test for excess errors)
UNRESOLVED: libffi.call/nested_struct10.c -O2 -fomit-frame-pointer compilation failed to produce executable
FAIL: libffi.call/nested_struct2.c -O2 -fomit-frame-pointer (test for excess errors)
UNRESOLVED: libffi.call/nested_struct2.c -O2 -fomit-frame-pointer compilation failed to produce executable
FAIL: libffi.call/nested_struct3.c -O2 -fomit-frame-pointer (test for excess errors)
UNRESOLVED: libffi.call/nested_struct3.c -O2 -fomit-frame-pointer compilation failed to produce executable
FAIL: libffi.call/nested_struct4.c -O2 -fomit-frame-pointer (test for excess errors)
UNRESOLVED: libffi.call/nested_struct4.c -O2 -fomit-frame-pointer compilation failed to produce executable
FAIL: libffi.call/nested_struct5.c -O2 -fomit-frame-pointer (test for excess errors)
UNRESOLVED: libffi.call/nested_struct5.c -O2 -fomit-frame-pointer compilation failed to produce executable
FAIL: libffi.call/nested_struct6.c -O2 -fomit-frame-pointer (test for excess errors)
UNRESOLVED: libffi.call/nested_struct6.c -O2 -fomit-frame-pointer compilation failed to produce executable
FAIL: libffi.call/nested_struct7.c -O2 -fomit-frame-pointer (test for excess errors)
UNRESOLVED: libffi.call/nested_struct7.c -O2 -fomit-frame-pointer compilation failed to produce executable
FAIL: libffi.call/nested_struct8.c -O2 -fomit-frame-pointer (test for excess errors)
UNRESOLVED: libffi.call/nested_struct8.c -O2 -fomit-frame-pointer compilation failed to produce executable
FAIL: libffi.call/nested_struct9.c -O2 -fomit-frame-pointer (test for excess errors)
UNRESOLVED: libffi.call/nested_struct9.c -O2 -fomit-frame-pointer compilation failed to produce executable
FAIL: libffi.call/problem1.c -O2 -fomit-frame-pointer (test for excess errors)
UNRESOLVED: libffi.call/problem1.c -O2 -fomit-frame-pointer compilation failed to produce executable
FAIL: libffi.call/promotion.c -O2 -fomit-frame-pointer (test for excess errors)
UNRESOLVED: libffi.call/promotion.c -O2 -fomit-frame-pointer compilation failed to produce executable
FAIL: libffi.call/pyobjc-tc.c -O2 -fomit-frame-pointer (test for excess errors)
UNRESOLVED: libffi.call/pyobjc-tc.c -O2 -fomit-frame-pointer compilation failed to produce executable
FAIL: libffi.call/return_dbl.c -O2 -fomit-frame-pointer (test for excess errors)
UNRESOLVED: libffi.call/return_dbl.c -O2 -fomit-frame-pointer compilation failed to produce executable
FAIL: libffi.call/return_dbl1.c -O2 -fomit-frame-pointer (test for excess errors)
UNRESOLVED: libffi.call/return_dbl1.c -O2 -fomit-frame-pointer compilation failed to produce executable
FAIL: libffi.call/return_dbl2.c -O2 -fomit-frame-pointer (test for excess errors)
UNRESOLVED: libffi.call/return_dbl2.c -O2 -fomit-frame-pointer compilation failed to produce executable
FAIL: libffi.call/return_fl.c -O2 -fomit-frame-pointer (test for excess errors)
UNRESOLVED: libffi.call/return_fl.c -O2 -fomit-frame-pointer compilation failed to produce executable
FAIL: libffi.call/return_fl1.c -O2 -fomit-frame-pointer (test for excess errors)
UNRESOLVED: libffi.call/return_fl1.c -O2 -fomit-frame-pointer compilation failed to produce executable
FAIL: libffi.call/return_fl2.c -O2 -fomit-frame-pointer (test for excess errors)
UNRESOLVED: libffi.call/return_fl2.c -O2 -fomit-frame-pointer compilation failed to produce executable
FAIL: libffi.call/return_fl3.c -O2 -fomit-frame-pointer (test for excess errors)
UNRESOLVED: libffi.call/return_fl3.c -O2 -fomit-frame-pointer compilation failed to produce executable
FAIL: libffi.call/return_ldl.c -O2 -fomit-frame-pointer (test for excess errors)
UNRESOLVED: libffi.call/return_ldl.c -O2 -fomit-frame-pointer compilation failed to produce executable
FAIL: libffi.call/return_ll.c -O2 -fomit-frame-pointer (test for excess errors)
UNRESOLVED: libffi.call/return_ll.c -O2 -fomit-frame-pointer compilation failed to produce executable
FAIL: libffi.call/return_ll1.c -O2 -fomit-frame-pointer (test for excess errors)
UNRESOLVED: libffi.call/return_ll1.c -O2 -fomit-frame-pointer compilation failed to produce executable
FAIL: libffi.call/return_sc.c -O2 -fomit-frame-pointer (test for excess errors)
UNRESOLVED: libffi.call/return_sc.c -O2 -fomit-frame-pointer compilation failed to produce executable
FAIL: libffi.call/return_sl.c -O2 -fomit-frame-pointer (test for excess errors)
UNRESOLVED: libffi.call/return_sl.c -O2 -fomit-frame-pointer compilation failed to produce executable
FAIL: libffi.call/return_uc.c -O2 -fomit-frame-pointer (test for excess errors)
UNRESOLVED: libffi.call/return_uc.c -O2 -fomit-frame-pointer compilation failed to produce executable
FAIL: libffi.call/return_ul.c -O2 -fomit-frame-pointer (test for excess errors)
UNRESOLVED: libffi.call/return_ul.c -O2 -fomit-frame-pointer compilation failed to produce executable
FAIL: libffi.call/strlen.c -O2 -fomit-frame-pointer (test for excess errors)
UNRESOLVED: libffi.call/strlen.c -O2 -fomit-frame-pointer compilation failed to produce executable
FAIL: libffi.call/struct1.c -O2 -fomit-frame-pointer (test for excess errors)
UNRESOLVED: libffi.call/struct1.c -O2 -fomit-frame-pointer compilation failed to produce executable
FAIL: libffi.call/struct2.c -O2 -fomit-frame-pointer (test for excess errors)
UNRESOLVED: libffi.call/struct2.c -O2 -fomit-frame-pointer compilation failed to produce executable
FAIL: libffi.call/struct3.c -O2 -fomit-frame-pointer (test for excess errors)
UNRESOLVED: libffi.call/struct3.c -O2 -fomit-frame-pointer compilation failed to produce executable
FAIL: libffi.call/struct4.c -O2 -fomit-frame-pointer (test for excess errors)
UNRESOLVED: libffi.call/struct4.c -O2 -fomit-frame-pointer compilation failed to produce executable
FAIL: libffi.call/struct5.c -O2 -fomit-frame-pointer (test for excess errors)
UNRESOLVED: libffi.call/struct5.c -O2 -fomit-frame-pointer compilation failed to produce executable
FAIL: libffi.call/struct6.c -O2 -fomit-frame-pointer (test for excess errors)
UNRESOLVED: libffi.call/struct6.c -O2 -fomit-frame-pointer compilation failed to produce executable
FAIL: libffi.call/struct7.c -O2 -fomit-frame-pointer (test for excess errors)
UNRESOLVED: libffi.call/struct7.c -O2 -fomit-frame-pointer compilation failed to produce executable
FAIL: libffi.call/struct8.c -O2 -fomit-frame-pointer (test for excess errors)
UNRESOLVED: libffi.call/struct8.c -O2 -fomit-frame-pointer compilation failed to produce executable
FAIL: libffi.call/struct9.c -O2 -fomit-frame-pointer (test for excess errors)
UNRESOLVED: libffi.call/struct9.c -O2 -fomit-frame-pointer compilation failed to produce executable
FAIL: libffi.special/unwindtest.cc -shared-libgcc -lstdc++ (test for excess errors)
UNRESOLVED: libffi.special/unwindtest.cc -shared-libgcc -lstdc++ compilation failed to produce executable
FAIL: libffi.special/unwindtest_ffi_call.cc -shared-libgcc -lstdc++ (test for excess errors)
UNRESOLVED: libffi.special/unwindtest_ffi_call.cc -shared-libgcc -lstdc++ compilation failed to produce executable
FAIL: libffi.special/unwindtest.cc -shared-libgcc -lstdc++ (test for excess errors)
UNRESOLVED: libffi.special/unwindtest.cc -shared-libgcc -lstdc++ compilation failed to produce executable
FAIL: libffi.special/unwindtest_ffi_call.cc -shared-libgcc -lstdc++ (test for excess errors)
UNRESOLVED: libffi.special/unwindtest_ffi_call.cc -shared-libgcc -lstdc++ compilation failed to produce executable
FAIL: libffi.special/unwindtest.cc -shared-libgcc -lstdc++ (test for excess errors)
UNRESOLVED: libffi.special/unwindtest.cc -shared-libgcc -lstdc++ compilation failed to produce executable
FAIL: libffi.special/unwindtest_ffi_call.cc -shared-libgcc -lstdc++ (test for excess errors)
UNRESOLVED: libffi.special/unwindtest_ffi_call.cc -shared-libgcc -lstdc++ compilation failed to produce executable
FAIL: libffi.special/unwindtest.cc -shared-libgcc -lstdc++ (test for excess errors)
UNRESOLVED: libffi.special/unwindtest.cc -shared-libgcc -lstdc++ compilation failed to produce executable
FAIL: libffi.special/unwindtest_ffi_call.cc -shared-libgcc -lstdc++ (test for excess errors)
UNRESOLVED: libffi.special/unwindtest_ffi_call.cc -shared-libgcc -lstdc++ compilation failed to produce executable
=== libffi Summary for unix/-m64 ===
# of unexpected failures 513
# of unresolved testcases 513
# of unsupported tests 10
=== libffi Summary ===
# of expected passes 1389
# of unexpected failures 513
# of unresolved testcases 513
# of unsupported tests 20
=== libgomp tests ===
Running target unix
WARNING: program timed out.
FAIL: libgomp.c/nqueens-1.c execution test
WARNING: program timed out.
FAIL: libgomp.c/pr39591-1.c execution test
FAIL: libgomp.c/pr39591-2.c execution test
FAIL: libgomp.c/pr39591-3.c execution test
FAIL: libgomp.c/sort-1.c execution test
WARNING: program timed out.
FAIL: libgomp.c/task-2.c execution test
WARNING: program timed out.
FAIL: libgomp.c/task-3.c execution test
WARNING: program timed out.
FAIL: libgomp.c++/task-2.C -O0 execution test
WARNING: program timed out.
FAIL: libgomp.c++/task-2.C -O1 execution test
WARNING: program timed out.
FAIL: libgomp.c++/task-2.C -O2 execution test
WARNING: program timed out.
FAIL: libgomp.c++/task-2.C -O3 -fomit-frame-pointer execution test
WARNING: program timed out.
FAIL: libgomp.c++/task-2.C -O3 -fomit-frame-pointer -funroll-loops execution test
WARNING: program timed out.
FAIL: libgomp.c++/task-2.C -O3 -fomit-frame-pointer -funroll-all-loops -finline-functions execution test
WARNING: program timed out.
FAIL: libgomp.c++/task-2.C -O3 -g execution test
WARNING: program timed out.
FAIL: libgomp.c++/task-2.C -Os execution test
FAIL: libgomp.c++/task-3.C -O0 execution test
FAIL: libgomp.c++/task-3.C -O1 execution test
FAIL: libgomp.c++/task-3.C -O2 execution test
FAIL: libgomp.c++/task-3.C -O3 -fomit-frame-pointer execution test
FAIL: libgomp.c++/task-3.C -O3 -fomit-frame-pointer -funroll-loops execution test
FAIL: libgomp.c++/task-3.C -O3 -fomit-frame-pointer -funroll-all-loops -finline-functions execution test
FAIL: libgomp.c++/task-3.C -O3 -g execution test
FAIL: libgomp.c++/task-3.C -Os execution test
FAIL: libgomp.c++/task-4.C -O (internal compiler error)
FAIL: libgomp.c++/task-4.C -O (test for excess errors)
UNRESOLVED: libgomp.c++/task-4.C -O compilation failed to produce executable
FAIL: libgomp.c++/task-5.C -O0 execution test
FAIL: libgomp.c++/task-5.C -O1 execution test
FAIL: libgomp.c++/task-5.C -O2 execution test
FAIL: libgomp.c++/task-5.C -O3 -fomit-frame-pointer execution test
FAIL: libgomp.c++/task-5.C -O3 -fomit-frame-pointer -funroll-loops execution test
FAIL: libgomp.c++/task-5.C -O3 -fomit-frame-pointer -funroll-all-loops -finline-functions execution test
FAIL: libgomp.c++/task-5.C -O3 -g execution test
FAIL: libgomp.c++/task-5.C -Os execution test
WARNING: program timed out.
FAIL: libgomp.fortran/strassen.f90 -O execution test
=== libgomp Summary for unix ===
# of expected passes 2374
# of unexpected failures 34
# of unresolved testcases 1
Running target unix/-m64
FAIL: libgomp.c++/task-4.C -O (internal compiler error)
FAIL: libgomp.c++/task-4.C -O (test for excess errors)
UNRESOLVED: libgomp.c++/task-4.C -O compilation failed to produce executable
=== libgomp Summary for unix/-m64 ===
# of expected passes 2406
# of unexpected failures 2
# of unresolved testcases 1
=== libgomp Summary ===
# of expected passes 4780
# of unexpected failures 36
# of unresolved testcases 2
=== libjava tests ===
Running target unix
=== libjava Summary ===
# of expected passes 2574
=== libmudflap tests ===
Running target unix
FAIL: libmudflap.c++/pass41-frag.cxx execution test
FAIL: libmudflap.c++/pass41-frag.cxx (-static) execution test
FAIL: libmudflap.c++/pass41-frag.cxx ( -O) execution test
FAIL: libmudflap.c++/pass41-frag.cxx (-O2) execution test
FAIL: libmudflap.c++/pass41-frag.cxx (-O3) execution test
=== libmudflap Summary for unix ===
# of expected passes 1889
# of unexpected failures 5
Running target unix/-m64
FAIL: libmudflap.c++/pass41-frag.cxx execution test
FAIL: libmudflap.c++/pass41-frag.cxx (-static) execution test
FAIL: libmudflap.c++/pass41-frag.cxx ( -O) execution test
FAIL: libmudflap.c++/pass41-frag.cxx (-O2) execution test
FAIL: libmudflap.c++/pass41-frag.cxx (-O3) execution test
=== libmudflap Summary for unix/-m64 ===
# of expected passes 1889
# of unexpected failures 5
=== libmudflap Summary ===
# of expected passes 3778
# of unexpected failures 10
=== libstdc++ tests ===
Running target unix
XPASS: 26_numerics/headers/cmath/c99_classification_macros_c.cc (test for excess errors)
=== libstdc++ Summary for unix ===
# of expected passes 6107
# of unexpected successes 1
# of expected failures 82
# of unsupported tests 333
Running target unix/-m64
FAIL: abi_check
XPASS: 26_numerics/headers/cmath/c99_classification_macros_c.cc (test for excess errors)
=== libstdc++ Summary for unix/-m64 ===
# of expected passes 6106
# of unexpected successes 1
# of unexpected failures 1
# of expected failures 82
# of unsupported tests 333
=== libstdc++ Summary ===
# of expected passes 12213
# of unexpected failures 1
# of unexpected successes 2
# of expected failures 164
# of unsupported tests 666
Compiler version: 4.5.0 20090516 (experimental) [trunk revision 147610] (Debian 20090516-1)
Platform: i486-pc-linux-gnu
configure flags: -v --with-pkgversion='Debian 20090516-1' --with-bugurl=file:///usr/share/doc/gcc-snapshot/README.Bugs --enable-languages=c,c++,java,fortran,objc,obj-c++ --prefix=/usr/lib/gcc-snapshot --enable-shared --enable-multiarch --with-system-zlib --disable-nls --enable-clocale=gnu --enable-libstdcxx-debug --enable-mpfr --enable-java-awt=gtk --enable-gtk-cairo --disable-plugin --with-java-home=/usr/lib/gcc-snapshot/java-1.5.0-gcj-4.5/jre --enable-java-home --with-jvm-root-dir=/usr/lib/gcc-snapshot/java-1.5.0-gcj-4.5 --with-arch-directory=i386 --with-ecj-jar=/usr/share/java/eclipse-ecj.jar --enable-objc-gc --enable-targets=all --with-arch-32=i486 --with-tune=generic --disable-werror --build=i486-linux-gnu --host=i486-linux-gnu --target=i486-linux-gnu
BOOT_CFLAGS=
Build Dependencies:
Desired=Unknown/Install/Remove/Purge/Hold
| Status=Not/Inst/Cfg-files/Unpacked/Failed-cfg/Half-inst/trig-aWait/Trig-pend
|/ Err?=(none)/Hold/Reinst-required/X=both-problems (Status,Err: uppercase=bad)
||/ Name Version Description
+++-========================================================-===========================-==============================================
ii binutils 2.19.51.20090419-1 The GNU assembler, linker and binary utilities
ii libc6 2.9-12 GNU C Library: Shared libraries
gcc-ice-hack:
Retry the build on an ice, save the calling options and preprocessed
source when the ice is reproducible.
gcc-ice-apport:
Report an ICE to apport (if apport is available
and the environment variable GCC_NOAPPORT is not set)
libjava-disable-static:
Disable building the static libjava.
libjava-fixed-symlinks:
Remove unneed '..' elements from symlinks in JAVA_HOME
pr39491:
Proposed patch for PR libstdc++/39491.
arm-unbreak-eabi-armv4t:
Fix armv4t build on ARM
libjava-nobiarch-check:
For biarch builds, disable the testsuite for the non-default architecture
for runtime libraries, which are not built by default (libjava).
config-ml:
disable some biarch libraries for biarch builds
Counting all warnings,
there are 0 warnings in stage3 of this bootstrap.
Number of warnings per file:
Number of warning types: