This is the mail archive of the
gcc-testresults@gcc.gnu.org
mailing list for the GCC project.
Results for 4.5.0 20090507 (experimental) (GCC) testsuite on i686-pc-cygwin
- From: "Timothy C Prince" <tprince at myrealbox dot com>
- To: gcc-testresults at gcc dot gnu dot org
- Date: Mon, 11 May 2009 15:10:29 +0000
- Subject: Results for 4.5.0 20090507 (experimental) (GCC) testsuite on i686-pc-cygwin
- Reply-to: tprince at computer dot org
C++ linking with libiconv is broken.
LAST_UPDATED: Obtained from SVN: trunk revision 147258
Native configuration is i686-pc-cygwin
=== g++ tests ===
Running target unix
FAIL: g++.dg/abi/local1.C execution test
FAIL: g++.dg/abi/rtti3.C scan-assembler .weak[ \\t]_?_ZTSPP1A
FAIL: g++.dg/abi/thunk4.C scan-assembler .weak[ \\t]_?_ZThn._N7Derived3FooEv
WARNING: program timed out.
FAIL: g++.dg/abi/vague1.C (test for excess errors)
WARNING: program timed out.
FAIL: g++.dg/eh/weak1.C execution test
FAIL: g++.dg/ext/dllimport7.C C++ specific error (test for errors, line 24)
FAIL: g++.dg/ext/selectany1.C scan-assembler-dem
FAIL: g++.dg/init/cleanup3.C scan-assembler-not _tcf
FAIL: g++.dg/opt/vt1.C scan-assembler-not section[^\\n\\r]*_ZTV1S[^\\n\\r]*"[^w"\\n\\r]*"
FAIL: g++.dg/template/spec35.C scan-assembler .weak(_definition)?[\\t ]*_?_Z2f2IiEvT_
FAIL: g++.old-deja/g++.eh/badalloc1.C execution test
XPASS: g++.old-deja/g++.ext/attrib5.C execution test
WARNING: program timed out.
FAIL: g++.old-deja/g++.mike/eh55.C (test for excess errors)
WARNING: program timed out.
FAIL: g++.old-deja/g++.mike/eh58.C (test for excess errors)
WARNING: program timed out.
FAIL: g++.old-deja/g++.mike/net3.C (test for excess errors)
FAIL: g++.old-deja/g++.other/init5.C execution test
=== g++ Summary ===
# of expected passes 20948
# of unexpected failures 15
# of unexpected successes 1
# of expected failures 137
# of unsupported tests 230
/cygdrive/e/gnu/gcc-4.5-20090507/xp/gcc/testsuite/g++/../../g++ version 4.5.0 20090507 (experimental) (GCC)
=== gcc tests ===
Running target unix
WARNING: program timed out.
FAIL: gcc.dg/cpp/trad/include.c (test for excess errors)
FAIL: gcc.dg/cpp/trad/include.c (test for excess errors)
WARNING: program timed out.
FAIL: gcc.dg/debug/20020220-1.c (test for excess errors)
FAIL: largefile.c (test for excess errors)
FAIL: gcc.dg/pch/largefile.c -O0 -g assembly comparison
FAIL: largefile.c (test for excess errors)
FAIL: gcc.dg/pch/largefile.c -O0 assembly comparison
FAIL: largefile.c (test for excess errors)
FAIL: gcc.dg/pch/largefile.c -O1 assembly comparison
FAIL: largefile.c (test for excess errors)
FAIL: gcc.dg/pch/largefile.c -O2 assembly comparison
FAIL: largefile.c (test for excess errors)
FAIL: gcc.dg/pch/largefile.c -O3 -fomit-frame-pointer assembly comparison
FAIL: largefile.c (test for excess errors)
FAIL: gcc.dg/pch/largefile.c -O3 -g assembly comparison
FAIL: largefile.c (test for excess errors)
FAIL: gcc.dg/pch/largefile.c -Os assembly comparison
XPASS: gcc.dg/struct/wo_prof_array_through_pointer.c scan-ipa-dump ipa_struct_reorg "Number of structures to transform is 1"
FAIL: gcc.dg/struct/wo_prof_double_malloc.c (internal compiler error)
FAIL: gcc.dg/struct/wo_prof_double_malloc.c (test for excess errors)
WARNING: gcc.dg/struct/wo_prof_double_malloc.c compilation failed to produce executable
WARNING: program timed out.
FAIL: gcc.dg/torture/builtin-sin-mpfr-1.c (test for excess errors)
FAIL: gcc.dg/torture/fp-int-convert-float128-timode.c (test for excess errors)
WARNING: gcc.dg/torture/fp-int-convert-float128-timode.c compilation failed to produce executable
FAIL: gcc.dg/torture/fp-int-convert-float128-timode.c (test for excess errors)
WARNING: gcc.dg/torture/fp-int-convert-float128-timode.c compilation failed to produce executable
FAIL: gcc.dg/torture/fp-int-convert-float128-timode.c (test for excess errors)
WARNING: gcc.dg/torture/fp-int-convert-float128-timode.c compilation failed to produce executable
FAIL: gcc.dg/torture/fp-int-convert-float128-timode.c (test for excess errors)
WARNING: gcc.dg/torture/fp-int-convert-float128-timode.c compilation failed to produce executable
FAIL: gcc.dg/torture/fp-int-convert-float128-timode.c (test for excess errors)
WARNING: gcc.dg/torture/fp-int-convert-float128-timode.c compilation failed to produce executable
FAIL: gcc.dg/torture/fp-int-convert-float128-timode.c (test for excess errors)
WARNING: gcc.dg/torture/fp-int-convert-float128-timode.c compilation failed to produce executable
FAIL: gcc.dg/torture/fp-int-convert-float128.c (test for excess errors)
WARNING: gcc.dg/torture/fp-int-convert-float128.c compilation failed to produce executable
FAIL: gcc.dg/torture/fp-int-convert-float128.c (test for excess errors)
WARNING: gcc.dg/torture/fp-int-convert-float128.c compilation failed to produce executable
FAIL: gcc.dg/torture/fp-int-convert-float128.c (test for excess errors)
WARNING: gcc.dg/torture/fp-int-convert-float128.c compilation failed to produce executable
FAIL: gcc.dg/torture/fp-int-convert-float128.c (test for excess errors)
WARNING: gcc.dg/torture/fp-int-convert-float128.c compilation failed to produce executable
FAIL: gcc.dg/torture/fp-int-convert-float128.c (test for excess errors)
WARNING: gcc.dg/torture/fp-int-convert-float128.c compilation failed to produce executable
FAIL: gcc.dg/torture/fp-int-convert-float128.c (test for excess errors)
WARNING: gcc.dg/torture/fp-int-convert-float128.c compilation failed to produce executable
FAIL: gcc.dg/tree-ssa/pr27781.c scan-tree-dump optimized "func \\(\\);"
FAIL: gcc.dg/tree-ssa/pr36881.c scan-assembler-not CSWTCH
FAIL: gcc.dg/tree-ssa/pr36881.c scan-tree-dump switchconv "need runtime relocations"
WARNING: program timed out.
FAIL: gcc.dg/tree-ssa/ssa-ccp-20.c (test for excess errors)
FAIL: gcc.dg/tree-ssa/ssa-store-ccp-2.c scan-tree-dump-times optimized "conststaticvariable" 1
FAIL: gcc.dg/tree-ssa/ssa-store-ccp-4.c scan-tree-dump-times optimized "conststaticvariable" 1
FAIL: gcc.dg/vect/pr25413.c scan-tree-dump-times vect "vectorized 1 loops" 0
FAIL: gcc.dg/vect/pr25413.c scan-tree-dump-times vect "vector alignment may not be reachable" 1
FAIL: gcc.dg/vect/pr25413.c scan-tree-dump-times vect "not vectorized: unsupported unaligned store" 1
FAIL: gcc.dg/vect/vect-116.c execution test
=== gcc Summary ===
# of expected passes 20126
# of unexpected failures 42
# of unexpected successes 1
# of expected failures 107
# of unsupported tests 308
/cygdrive/e/gnu/gcc-4.5-20090507/xp/gcc/xgcc version 4.5.0 20090507 (experimental) (GCC)
=== gfortran tests ===
Running target unix
WARNING: program timed out.
FAIL: gfortran.dg/deallocate_error_1.f90 (test for excess errors)
WARNING: program timed out.
FAIL: gfortran.dg/default_format_1.f90 (test for excess errors)
FAIL: gfortran.dg/default_format_denormal_1.f90 execution test
FAIL: gfortran.dg/default_format_denormal_1.f90 execution test
FAIL: gfortran.dg/default_format_denormal_1.f90 execution test
FAIL: gfortran.dg/default_format_denormal_1.f90 execution test
FAIL: gfortran.dg/default_format_denormal_1.f90 execution test
FAIL: gfortran.dg/default_format_denormal_1.f90 execution test
FAIL: gfortran.dg/default_format_denormal_1.f90 execution test
FAIL: gfortran.dg/default_format_denormal_1.f90 execution test
WARNING: program timed out.
FAIL: gfortran.dg/derived_comp_array_ref_1.f90 (test for excess errors)
WARNING: program timed out.
FAIL: gfortran.dg/eor_handling_3.f90 (test for excess errors)
WARNING: program timed out.
FAIL: gfortran.dg/forall_4.f90 (test for excess errors)
WARNING: program timed out.
FAIL: gfortran.dg/import7.f90 (test for excess errors)
=== gfortran Summary ===
# of expected passes 9442
# of unexpected failures 14
# of expected failures 6
# of unsupported tests 152
/cygdrive/e/gnu/gcc-4.5-20090507/xp/gcc/testsuite/gfortran2/../../gfortran version 4.5.0 20090507 (experimental) (GCC)
=== objc tests ===
Running target unix
=== objc Summary ===
# of expected passes 1965
# of expected failures 7
# of unsupported tests 24
/cygdrive/e/gnu/gcc-4.5-20090507/xp/gcc/xgcc version 4.5.0 20090507 (experimental) (GCC)
=== libstdc++ tests ===
=== libstdc++ Summary ===
# of expected passes 13152
# of unexpected failures 426
# of unexpected successes 2
# of expected failures 174
# of unsupported tests 1238
=== libstdc++ Summary ===
Compiler version: 4.5.0 20090507 (experimental) (GCC)
Platform: i686-pc-cygwin
configure flags: --prefix=/usr/local/gcc45 --enable-languages='c c++ fortran objc' --enable-threads=posix --disable-sjlj-exceptions --enable-maintainer-mode --disable-shared --disable-libmudflap
Tim Prince