This is the mail archive of the gcc-testresults@gcc.gnu.org mailing list for the GCC project.


Index Nav: [Date Index] [Subject Index] [Author Index] [Thread Index]
Message Nav: [Date Prev] [Date Next] [Thread Prev] [Thread Next]
Other format: [Raw text]

Results for 4.4.0 (GCC) testsuite on hppa64-hp-hpux11.11


LAST_UPDATED: Sat Apr 25 16:24:44 UTC 2009 (revision 146774)

Native configuration is hppa64-hp-hpux11.11

		=== g++ tests ===


Running target unix

		=== g++ Summary ===

# of expected passes		18123
# of expected failures		144
# of unsupported tests		201
/mnt/gnu/gcc/objdir/gcc/testsuite/g++/../../g++  version 4.4.0 (GCC) 

		=== gcc tests ===


Running target unix
XPASS: gcc.dg/funcorder.c scan-assembler-not link_error,%r

		=== gcc Summary ===

# of expected passes		48047
# of unexpected successes	1
# of expected failures		131
# of unsupported tests		591
/mnt/gnu/gcc/objdir/gcc/xgcc  version 4.4.0 (GCC) 

		=== gfortran tests ===


Running target unix
FAIL: gfortran.dg/nint_2.f90  -O0  execution test

		=== gfortran Summary ===

# of expected passes		28314
# of unexpected failures	1
# of expected failures		10
# of unsupported tests		260
/mnt/gnu/gcc/objdir/gcc/testsuite/gfortran/../../gfortran  version 4.4.0 (GCC) 

		=== obj-c++ tests ===


Running target unix
XPASS: obj-c++.dg/comp-types-10.mm (test for excess errors)
WARNING: obj-c++.dg/lookup-2.mm compilation failed to produce executable
WARNING: obj-c++.dg/try-catch-2.mm compilation failed to produce executable
WARNING: obj-c++.dg/try-catch-9.mm compilation failed to produce executable

		=== obj-c++ Summary ===

# of expected passes		425
# of unexpected successes	1
# of expected failures		20
# of unsupported tests		13
/mnt/gnu/gcc/objdir/gcc/testsuite/obj-c++/../../g++  version 4.4.0 (GCC) 

		=== objc tests ===


Running target unix

		=== objc Summary ===

# of expected passes		1862
# of expected failures		15
# of unsupported tests		25
/mnt/gnu/gcc/objdir/gcc/xgcc  version 4.4.0 (GCC) 

		=== libgomp tests ===


Running target unix

		=== libgomp Summary ===

# of expected passes		2388
# of unsupported tests		9
		=== libstdc++ tests ===


Running target unix

		=== libstdc++ Summary ===

# of expected passes		5467
# of expected failures		72
# of unsupported tests		525

Compiler version: 4.4.0 (GCC) 
Platform: hppa64-hp-hpux11.11
configure flags: --with-gnu-as --with-as=/opt/gnu64/bin/as --with-ld=/usr/ccs/bin/ld --enable-shared --with-local-prefix=/opt/gnu64 --prefix=/opt/gnu64/gcc/gcc-4.4.0 --build=hppa64-hp-hpux11.11 --enable-threads=posix --disable-nls --with-gmp=/opt/gnu64/gcc/gcc-4.4.0 -enable-languages=c,c++,objc,obj-c++,fortran


Index Nav: [Date Index] [Subject Index] [Author Index] [Thread Index]
Message Nav: [Date Prev] [Date Next] [Thread Prev] [Thread Next]