This is the mail archive of the
gcc-testresults@gcc.gnu.org
mailing list for the GCC project.
Results for 4.4.0 (GCC) testsuite on hppa64-hp-hpux11.00
- From: John David Anglin <dave at hiauly2 dot hia dot nrc dot ca>
- To: dave at hiauly2 dot hia dot nrc dot ca, gcc-testresults at gcc dot gnu dot org
- Date: Mon, 4 May 2009 18:28:59 -0400 (EDT)
- Subject: Results for 4.4.0 (GCC) testsuite on hppa64-hp-hpux11.00
LAST_UPDATED: Mon Apr 27 01:33:45 UTC 2009 (revision 146824)
Native configuration is hppa64-hp-hpux11.00
=== g++ tests ===
Running target unix
WARNING: program timed out.
FAIL: g++.dg/eh/cleanup1.C (test for excess errors)
WARNING: program timed out.
FAIL: g++.dg/torture/pr31863.C -O2 (test for excess errors)
WARNING: program timed out.
FAIL: g++.dg/torture/pr31863.C -O3 -fomit-frame-pointer (test for excess errors)
WARNING: program timed out.
FAIL: g++.dg/torture/pr31863.C -O3 -g (test for excess errors)
WARNING: program timed out.
FAIL: g++.dg/torture/pr31863.C -Os (test for excess errors)
=== g++ Summary ===
# of expected passes 18118
# of unexpected failures 5
# of expected failures 144
# of unsupported tests 201
/home/gnu/gcc/objdir/gcc/testsuite/g++/../../g++ version 4.4.0 (GCC)
=== gcc tests ===
Running target unix
WARNING: program timed out.
FAIL: gcc.c-torture/compile/limits-fnargs.c -O2 (test for excess errors)
WARNING: program timed out.
FAIL: gcc.c-torture/compile/limits-fnargs.c -O3 -fomit-frame-pointer (test for excess errors)
WARNING: program timed out.
FAIL: gcc.c-torture/compile/limits-fnargs.c -O3 -g (test for excess errors)
WARNING: program timed out.
FAIL: gcc.c-torture/compile/limits-fnargs.c -Os (test for excess errors)
WARNING: program timed out.
FAIL: gcc.c-torture/compile/limits-fndefn.c -O1 (test for excess errors)
WARNING: program timed out.
FAIL: gcc.c-torture/compile/limits-fndefn.c -O2 (test for excess errors)
WARNING: program timed out.
FAIL: gcc.c-torture/compile/limits-fndefn.c -O3 -fomit-frame-pointer (test for excess errors)
WARNING: program timed out.
FAIL: gcc.c-torture/compile/limits-fndefn.c -O3 -g (test for excess errors)
WARNING: program timed out.
FAIL: gcc.c-torture/compile/limits-fndefn.c -Os (test for excess errors)
WARNING: program timed out.
FAIL: gcc.c-torture/compile/limits-structnest.c -O2 (test for excess errors)
WARNING: program timed out.
FAIL: gcc.c-torture/compile/limits-structnest.c -O3 -fomit-frame-pointer (test for excess errors)
WARNING: program timed out.
FAIL: gcc.c-torture/compile/limits-structnest.c -O3 -g (test for excess errors)
WARNING: program timed out.
FAIL: gcc.c-torture/compile/limits-structnest.c -Os (test for excess errors)
WARNING: program timed out.
FAIL: gcc.dg/20020425-1.c (test for excess errors)
WARNING: program timed out.
FAIL: gcc.dg/c99-intconst-1.c (test for excess errors)
XPASS: gcc.dg/funcorder.c scan-assembler-not link_error,%r
=== gcc Summary ===
# of expected passes 48033
# of unexpected failures 15
# of unexpected successes 1
# of expected failures 131
# of unsupported tests 590
/home/gnu/gcc/objdir/gcc/xgcc version 4.4.0 (GCC)
=== gfortran tests ===
Running target unix
FAIL: gfortran.dg/nint_2.f90 -O0 execution test
=== gfortran Summary ===
# of expected passes 28314
# of unexpected failures 1
# of expected failures 10
# of unsupported tests 260
/home/gnu/gcc/objdir/gcc/testsuite/gfortran/../../gfortran version 4.4.0 (GCC)
=== obj-c++ tests ===
Running target unix
XPASS: obj-c++.dg/comp-types-10.mm (test for excess errors)
WARNING: obj-c++.dg/lookup-2.mm compilation failed to produce executable
WARNING: obj-c++.dg/try-catch-2.mm compilation failed to produce executable
WARNING: obj-c++.dg/try-catch-9.mm compilation failed to produce executable
=== obj-c++ Summary ===
# of expected passes 425
# of unexpected successes 1
# of expected failures 20
# of unsupported tests 13
/home/gnu/gcc/objdir/gcc/testsuite/obj-c++/../../g++ version 4.4.0 (GCC)
=== objc tests ===
Running target unix
=== objc Summary ===
# of expected passes 1862
# of expected failures 15
# of unsupported tests 25
/home/gnu/gcc/objdir/gcc/xgcc version 4.4.0 (GCC)
=== libgomp tests ===
Running target unix
=== libgomp Summary ===
# of expected passes 2388
# of unsupported tests 9
=== libstdc++ tests ===
Running target unix
WARNING: program timed out.
FAIL: ext/pb_ds/regression/tree_data_map_rand.cc (test for excess errors)
WARNING: ext/pb_ds/regression/tree_data_map_rand.cc compilation failed to produce executable
WARNING: program timed out.
FAIL: ext/pb_ds/regression/tree_no_data_map_rand.cc (test for excess errors)
WARNING: ext/pb_ds/regression/tree_no_data_map_rand.cc compilation failed to produce executable
=== libstdc++ Summary ===
# of expected passes 4546
# of unexpected failures 2
# of expected failures 70
# of unsupported tests 389
Compiler version: 4.4.0 (GCC)
Platform: hppa64-hp-hpux11.00
configure flags: --with-gnu-as --with-as=/opt/gnu64/bin/as --with-ld=/usr/ccs/bin/ld --enable-shared --with-local-prefix=/opt/gnu64 --prefix=/opt/gnu64/gcc/gcc-4.4.0 --build=hppa64-hp-hpux11.00 --disable-nls --with-gmp=/opt/gnu64/gcc/gcc-4.4.0 --enable-checking=release --enable-languages=c,c++,fortran,objc,obj-c++