This is the mail archive of the gcc-testresults@gcc.gnu.org mailing list for the GCC project.


Index Nav: [Date Index] [Subject Index] [Author Index] [Thread Index]
Message Nav: [Date Prev] [Date Next] [Thread Prev] [Thread Next]
Other format: [Raw text]

Results for 4.5.0 20090502 (experimental) [trunk revision 147053] (GCC) testsuite on powerpc-unknown-linux-gnu


LAST_UPDATED: Sat May  2 08:37:40 UTC 2009 (revision 147053)

		=== acats tests ===
FAIL:	c37213d
FAIL:	c37213h
FAIL:	c37213k
FAIL:	c37215h

		=== acats Summary ===
# of expected passes		2311
# of unexpected failures	4
Native configuration is powerpc-unknown-linux-gnu

		=== gcc tests ===


Running target unix
XPASS: gcc.dg/Warray-bounds.c  (test for warnings, line 59)
XPASS: gcc.dg/Warray-bounds.c  (test for warnings, line 65)
FAIL: gcc.dg/and-1.c scan-assembler-not nand
FAIL: gcc.dg/pr34989-1.c (internal compiler error)
FAIL: gcc.dg/pr34989-1.c (test for excess errors)
FAIL: gcc.dg/sms-5.c scan-rtl-dump-times sms "SMS succeeded" 1
FAIL: gcc.dg/sms-8.c scan-rtl-dump-times sms "SMS succeeded" 1
XPASS: gcc.dg/struct/wo_prof_array_through_pointer.c scan-ipa-dump ipa_struct_reorg "Number of structures to transform is 1"
FAIL: gcc.dg/struct/wo_prof_double_malloc.c (internal compiler error)
FAIL: gcc.dg/struct/wo_prof_double_malloc.c (test for excess errors)
UNRESOLVED: gcc.dg/struct/wo_prof_double_malloc.c compilation failed to produce executable
FAIL: gcc.dg/tree-ssa/vrp47.c scan-tree-dump-times vrp1 "[xy][^ ]* !=" 0
FAIL: gcc.dg/tree-ssa/vrp47.c scan-tree-dump-times dom1 "x[^ ]* & y" 1
FAIL: gcc.dg/vect/pr35821-altivec.c scan-tree-dump-times vect "vectorized 1 loops" 1
FAIL: gcc.dg/vect/vect-reduc-dot-u8b.c (internal compiler error)
FAIL: gcc.dg/vect/vect-reduc-dot-u8b.c (test for excess errors)
UNRESOLVED: gcc.dg/vect/vect-reduc-dot-u8b.c compilation failed to produce executable
FAIL: gcc.dg/vect/slp-perm-1.c (internal compiler error)
FAIL: gcc.dg/vect/slp-perm-1.c (test for excess errors)
UNRESOLVED: gcc.dg/vect/slp-perm-1.c compilation failed to produce executable
FAIL: gcc.dg/vect/slp-perm-2.c (internal compiler error)
FAIL: gcc.dg/vect/slp-perm-2.c (test for excess errors)
UNRESOLVED: gcc.dg/vect/slp-perm-2.c compilation failed to produce executable
FAIL: gcc.dg/vect/slp-perm-3.c (internal compiler error)
FAIL: gcc.dg/vect/slp-perm-3.c (test for excess errors)
UNRESOLVED: gcc.dg/vect/slp-perm-3.c compilation failed to produce executable
FAIL: gcc.dg/vect/slp-perm-8.c (internal compiler error)
FAIL: gcc.dg/vect/slp-perm-8.c (test for excess errors)
UNRESOLVED: gcc.dg/vect/slp-perm-8.c compilation failed to produce executable
FAIL: gcc.dg/vect/slp-perm-8.c scan-tree-dump-times vect "vectorized 1 loops" 2
FAIL: gcc.dg/vect/no-scevccp-outer-13.c (internal compiler error)
FAIL: gcc.dg/vect/no-scevccp-outer-13.c (test for excess errors)
UNRESOLVED: gcc.dg/vect/no-scevccp-outer-13.c compilation failed to produce executable
FAIL: gcc.dg/vect/no-scevccp-outer-7.c (internal compiler error)
FAIL: gcc.dg/vect/no-scevccp-outer-7.c (test for excess errors)
UNRESOLVED: gcc.dg/vect/no-scevccp-outer-7.c compilation failed to produce executable
FAIL: gcc.target/powerpc/20050603-3.c scan-assembler-not inm
FAIL: gcc.target/powerpc/405-dlmzb-strlen-1.c scan-assembler dlmzb\\\\. 
FAIL: gcc.target/powerpc/440-dlmzb-strlen-1.c scan-assembler dlmzb\\\\. 
FAIL: gcc.target/powerpc/ppc64-double-1.c scan-assembler-not stfd

		=== gcc Summary ===

# of expected passes		54647
# of unexpected failures	29
# of unexpected successes	3
# of expected failures		142
# of unresolved testcases	8
# of unsupported tests		556
/home/guerby/build/gcc/xgcc  version 4.5.0 20090502 (experimental) [trunk revision 147053] (GCC) 

		=== gnat tests ===


Running target unix

		=== gnat Summary ===

# of expected passes		634
# of expected failures		6
		=== libgomp tests ===


Running target unix

		=== libgomp Summary ===

# of expected passes		260
		=== libmudflap tests ===


Running target unix
FAIL: libmudflap.c/pass54-frag.c execution test
FAIL: libmudflap.c/pass54-frag.c execution test
FAIL: libmudflap.c/pass54-frag.c (-static) execution test
FAIL: libmudflap.c/pass54-frag.c (-static) execution test

		=== libmudflap Summary ===

# of expected passes		1736
# of unexpected failures	4
# of unsupported tests		2

Compiler version: 4.5.0 20090502 (experimental) [trunk revision 147053] (GCC) 
Platform: powerpc-unknown-linux-gnu
configure flags: --prefix=/n/53/guerby/install-trunk --enable-languages=c,ada --enable-__cxa_atexit --disable-nls --enable-threads=posix --with-mpfr=/opt/cfarm/mpfr-2.3.2 --enable-stage1-checking=release


Index Nav: [Date Index] [Subject Index] [Author Index] [Thread Index]
Message Nav: [Date Prev] [Date Next] [Thread Prev] [Thread Next]