This is the mail archive of the gcc-testresults@gcc.gnu.org mailing list for the GCC project.


Index Nav: [Date Index] [Subject Index] [Author Index] [Thread Index]
Message Nav: [Date Prev] [Date Next] [Thread Prev] [Thread Next]
Other format: [Raw text]

Results for 4.5.0 20090502 (experimental) (GCC) testsuite on x86_64-unknown-linux-gnu


Native configuration is x86_64-unknown-linux-gnu

		=== g++ tests ===


Running target unix

		=== g++ Summary ===

# of expected passes		19516
# of expected failures		140
# of unsupported tests		252
/usr/local/google/dnovillo/perf/sbox/gcc/local.x86_64/bld/gcc/testsuite/g++/../../g++  version 4.5.0 20090502 (experimental) (GCC) 

		=== gcc tests ===


Running target unix
XPASS: gcc.dg/Warray-bounds.c  (test for warnings, line 59)
XPASS: gcc.dg/Warray-bounds.c  (test for warnings, line 65)
FAIL: gcc.dg/pr34989-1.c (internal compiler error)
FAIL: gcc.dg/pr34989-1.c (test for excess errors)
XPASS: gcc.dg/struct/wo_prof_array_through_pointer.c scan-ipa-dump ipa_struct_reorg "Number of structures to transform is 1"
FAIL: gcc.dg/struct/wo_prof_double_malloc.c (internal compiler error)
FAIL: gcc.dg/struct/wo_prof_double_malloc.c (test for excess errors)
UNRESOLVED: gcc.dg/struct/wo_prof_double_malloc.c compilation failed to produce executable
FAIL: gcc.dg/tree-prof/bb-reorg.c compilation,  -fprofile-use -D_PROFILE_USE
UNRESOLVED: gcc.dg/tree-prof/bb-reorg.c execution,    -fprofile-use -D_PROFILE_USE
FAIL: gcc.dg/tree-prof/pr34999.c compilation,  -fprofile-use -D_PROFILE_USE
UNRESOLVED: gcc.dg/tree-prof/pr34999.c execution,    -fprofile-use -D_PROFILE_USE

		=== gcc Summary ===

# of expected passes		56766
# of unexpected failures	6
# of unexpected successes	3
# of expected failures		144
# of unresolved testcases	3
# of unsupported tests		1188
/usr/local/google/dnovillo/perf/sbox/gcc/local.x86_64/bld/gcc/xgcc  version 4.5.0 20090502 (experimental) (GCC) 

		=== gfortran tests ===


Running target unix

		=== gfortran Summary ===

# of expected passes		30320
# of expected failures		11
# of unsupported tests		44
/usr/local/google/dnovillo/perf/sbox/gcc/local.x86_64/bld/gcc/testsuite/gfortran/../../gfortran  version 4.5.0 20090502 (experimental) (GCC) 

		=== objc tests ===


Running target unix

		=== objc Summary ===

# of expected passes		1865
# of expected failures		15
# of unsupported tests		24
/usr/local/google/dnovillo/perf/sbox/gcc/local.x86_64/bld/gcc/xgcc  version 4.5.0 20090502 (experimental) (GCC) 

		=== libffi tests ===


Running target unix

		=== libffi Summary ===

# of expected passes		1389
# of unsupported tests		10
		=== libgomp tests ===


Running target unix
FAIL: libgomp.c++/task-4.C  -O  (internal compiler error)
FAIL: libgomp.c++/task-4.C  -O  (test for excess errors)
UNRESOLVED: libgomp.c++/task-4.C  -O  compilation failed to produce executable

		=== libgomp Summary ===

# of expected passes		2406
# of unexpected failures	2
# of unresolved testcases	1
		=== libjava tests ===


Running target unix

		=== libjava Summary ===

# of expected passes		2574
		=== libmudflap tests ===


Running target unix
FAIL: libmudflap.c++/pass41-frag.cxx execution test
FAIL: libmudflap.c++/pass41-frag.cxx (-static) execution test
FAIL: libmudflap.c++/pass41-frag.cxx (-O2) execution test
FAIL: libmudflap.c++/pass41-frag.cxx (-O3) execution test

		=== libmudflap Summary ===

# of expected passes		1890
# of unexpected failures	4
		=== libstdc++ tests ===


Running target unix
FAIL: abi_check
XPASS: 26_numerics/headers/cmath/c99_classification_macros_c.cc (test for excess errors)

		=== libstdc++ Summary ===

# of expected passes		6091
# of unexpected failures	1
# of unexpected successes	1
# of expected failures		82
# of unsupported tests		333

Compiler version: 4.5.0 20090502 (experimental) (GCC) 
Platform: x86_64-unknown-linux-gnu
configure flags: --prefix=/usr/local/google/homedirs/dnovillo/perf/sbox/gcc/local.x86_64/inst --srcdir=/usr/local/google/homedirs/dnovillo/perf/sbox/gcc/local.x86_64/src --with-gmp=/usr/local/google/homedirs/dnovillo/x86_64 --with-mpfr=/usr/local/google/homedirs/dnovillo/x86_64


Index Nav: [Date Index] [Subject Index] [Author Index] [Thread Index]
Message Nav: [Date Prev] [Date Next] [Thread Prev] [Thread Next]