This is the mail archive of the gcc-testresults@gcc.gnu.org mailing list for the GCC project.


Index Nav: [Date Index] [Subject Index] [Author Index] [Thread Index]
Message Nav: [Date Prev] [Date Next] [Thread Prev] [Thread Next]
Other format: [Raw text]

Results for 4.4.0 (GCC) testsuite on powerpc64-unknown-linux-gnu


Linux 2.6.16.60-0.34-ppc64 ppc64
GNU C Library stable release version 2.4 (20081016)
GNU ld (GNU Binutils) 2.19
GNU assembler (GNU Binutils) 2.19
GNU Make 3.80

GMP 4.2.4
MPFR 2.4.1
PPL 0.10.2
CLOOG 0.15

DejaGnu:
	Expect version is       5.43.0
	Tcl version is          8.4
	Framework version is    1.4.4

32-bit biarch default32
POWER6, supports AltiVec and hardware DFP

(used gcc-4.4.0.tar.bz2)
LAST_UPDATED: Obtained from SVN: tags/gcc_4_4_0_release revision 146514

Native configuration is powerpc64-unknown-linux-gnu

		=== gcc tests ===


Running target unix/-m32

		=== gcc Summary for unix/-m32 ===

# of expected passes		53401
# of expected failures		206
# of unsupported tests		546

Running target unix/-m64
FAIL: gcc.c-torture/execute/va-arg-trap-1.c compilation,  -O2  (internal compiler error)
UNRESOLVED: gcc.c-torture/execute/va-arg-trap-1.c execution,  -O2 
FAIL: gcc.c-torture/execute/va-arg-trap-1.c compilation,  -Os  (internal compiler error)
UNRESOLVED: gcc.c-torture/execute/va-arg-trap-1.c execution,  -Os 

		=== gcc Summary for unix/-m64 ===

# of expected passes		53245
# of unexpected failures	2
# of expected failures		210
# of unresolved testcases	2
# of unsupported tests		609

		=== gcc Summary ===

# of expected passes		106646
# of unexpected failures	2
# of expected failures		416
# of unresolved testcases	2
# of unsupported tests		1155
/home/janis/build/build-gcc-4.4.0/gcc/xgcc  version 4.4.0 (GCC) 

		=== gfortran tests ===


Running target unix/-m32
XPASS: gfortran.dg/default_format_denormal_2.f90  -O0  execution test
XPASS: gfortran.dg/default_format_denormal_2.f90  -O1  execution test
XPASS: gfortran.dg/default_format_denormal_2.f90  -O2  execution test
XPASS: gfortran.dg/default_format_denormal_2.f90  -O3 -fomit-frame-pointer  execution test
XPASS: gfortran.dg/default_format_denormal_2.f90  -O3 -fomit-frame-pointer -funroll-loops  execution test
XPASS: gfortran.dg/default_format_denormal_2.f90  -O3 -fomit-frame-pointer -funroll-all-loops -finline-functions  execution test
XPASS: gfortran.dg/default_format_denormal_2.f90  -O3 -g  execution test
XPASS: gfortran.dg/default_format_denormal_2.f90  -Os  execution test
XPASS: gfortran.dg/nint_2.f90  -O0  execution test

		=== gfortran Summary for unix/-m32 ===

# of expected passes		29222
# of unexpected successes	9
# of expected failures		30
# of unsupported tests		119

Running target unix/-m64
XPASS: gfortran.dg/default_format_denormal_2.f90  -O0  execution test
XPASS: gfortran.dg/default_format_denormal_2.f90  -O1  execution test
XPASS: gfortran.dg/default_format_denormal_2.f90  -O2  execution test
XPASS: gfortran.dg/default_format_denormal_2.f90  -O3 -fomit-frame-pointer  execution test
XPASS: gfortran.dg/default_format_denormal_2.f90  -O3 -fomit-frame-pointer -funroll-loops  execution test
XPASS: gfortran.dg/default_format_denormal_2.f90  -O3 -fomit-frame-pointer -funroll-all-loops -finline-functions  execution test
XPASS: gfortran.dg/default_format_denormal_2.f90  -O3 -g  execution test
XPASS: gfortran.dg/default_format_denormal_2.f90  -Os  execution test

		=== gfortran Summary for unix/-m64 ===

# of expected passes		29371
# of unexpected successes	8
# of expected failures		31
# of unsupported tests		46

		=== gfortran Summary ===

# of expected passes		58593
# of unexpected successes	17
# of expected failures		61
# of unsupported tests		165
/home/janis/build/build-gcc-4.4.0/gcc/testsuite/gfortran/../../gfortran  version 4.4.0 (GCC) 

		=== g++ tests ===


Running target unix/-m32
FAIL: g++.dg/ext/altivec-15.C  (test for errors, line 11)
FAIL: g++.dg/ext/altivec-15.C  (test for errors, line 12)

		=== g++ Summary for unix/-m32 ===

# of expected passes		19212
# of unexpected failures	2
# of expected failures		142
# of unsupported tests		132

Running target unix/-m64
FAIL: g++.dg/ext/altivec-15.C  (test for errors, line 11)
FAIL: g++.dg/ext/altivec-15.C  (test for errors, line 12)

		=== g++ Summary for unix/-m64 ===

# of expected passes		19178
# of unexpected failures	2
# of expected failures		142
# of unsupported tests		134

		=== g++ Summary ===

# of expected passes		38390
# of unexpected failures	4
# of expected failures		284
# of unsupported tests		266
/home/janis/build/build-gcc-4.4.0/gcc/testsuite/g++/../../g++  version 4.4.0 (GCC) 

		=== obj-c++ tests ===


Running target unix/-m32
XPASS: obj-c++.dg/comp-types-10.mm (test for excess errors)
WARNING: obj-c++.dg/lookup-2.mm compilation failed to produce executable
WARNING: obj-c++.dg/try-catch-2.mm compilation failed to produce executable
WARNING: obj-c++.dg/try-catch-9.mm compilation failed to produce executable

		=== obj-c++ Summary for unix/-m32 ===

# of expected passes		436
# of unexpected successes	1
# of expected failures		9
# of unsupported tests		13

Running target unix/-m64
XPASS: obj-c++.dg/comp-types-10.mm (test for excess errors)
WARNING: obj-c++.dg/lookup-2.mm compilation failed to produce executable
WARNING: obj-c++.dg/try-catch-2.mm compilation failed to produce executable
WARNING: obj-c++.dg/try-catch-9.mm compilation failed to produce executable

		=== obj-c++ Summary for unix/-m64 ===

# of expected passes		425
# of unexpected successes	1
# of expected failures		20
# of unsupported tests		13

		=== obj-c++ Summary ===

# of expected passes		861
# of unexpected successes	2
# of expected failures		29
# of unsupported tests		26
/home/janis/build/build-gcc-4.4.0/gcc/testsuite/obj-c++/../../g++  version 4.4.0 (GCC) 

		=== objc tests ===


Running target unix/-m32

		=== objc Summary for unix/-m32 ===

# of expected passes		1864
# of expected failures		15
# of unsupported tests		24

Running target unix/-m64

		=== objc Summary for unix/-m64 ===

# of expected passes		1864
# of expected failures		15
# of unsupported tests		24

		=== objc Summary ===

# of expected passes		3728
# of expected failures		30
# of unsupported tests		48
/home/janis/build/build-gcc-4.4.0/gcc/xgcc  version 4.4.0 (GCC) 

		=== libffi tests ===


Running target unix/-m32

		=== libffi Summary for unix/-m32 ===

# of expected passes		1389
# of unsupported tests		10

Running target unix/-m64

		=== libffi Summary for unix/-m64 ===

# of expected passes		1389
# of unsupported tests		10

		=== libffi Summary ===

# of expected passes		2778
# of unsupported tests		20
		=== libgomp tests ===


Running target unix/-m32

		=== libgomp Summary for unix/-m32 ===

# of expected passes		2406

Running target unix/-m64

		=== libgomp Summary for unix/-m64 ===

# of expected passes		2406

		=== libgomp Summary ===

# of expected passes		4812
		=== libjava tests ===


Running target unix/-m32

		=== libjava Summary for unix/-m32 ===

# of expected passes		2574

Running target unix/-m64
FAIL: getlocalvartable output

		=== libjava Summary for unix/-m64 ===

# of expected passes		2573
# of unexpected failures	1

		=== libjava Summary ===

# of expected passes		5147
# of unexpected failures	1
		=== libmudflap tests ===


Running target unix/-m32
FAIL: libmudflap.c++/pass41-frag.cxx execution test
FAIL: libmudflap.c++/pass41-frag.cxx (-static) execution test
FAIL: libmudflap.c++/pass41-frag.cxx (-O2) execution test
FAIL: libmudflap.c++/pass41-frag.cxx (-O3) execution test

		=== libmudflap Summary for unix/-m32 ===

# of expected passes		1890
# of unexpected failures	4

Running target unix/-m64
FAIL: libmudflap.c++/pass41-frag.cxx execution test
FAIL: libmudflap.c++/pass41-frag.cxx (-static) execution test
FAIL: libmudflap.c++/pass41-frag.cxx (-O2) execution test
FAIL: libmudflap.c++/pass41-frag.cxx (-O3) execution test

		=== libmudflap Summary for unix/-m64 ===

# of expected passes		1890
# of unexpected failures	4

		=== libmudflap Summary ===

# of expected passes		3780
# of unexpected failures	8
		=== libstdc++ tests ===


Running target unix/-m32
FAIL: abi_check
XPASS: 26_numerics/headers/cmath/c99_classification_macros_c.cc (test for excess errors)

		=== libstdc++ Summary for unix/-m32 ===

# of expected passes		6477
# of unexpected successes	1
# of unexpected failures	1
# of expected failures		80
# of unsupported tests		15

Running target unix/-m64
XPASS: 26_numerics/complex/13450.cc execution test
XPASS: 26_numerics/complex/complex_value.cc execution test
XPASS: 26_numerics/complex/pow.cc execution test
XPASS: 26_numerics/headers/cmath/c99_classification_macros_c.cc (test for excess errors)

		=== libstdc++ Summary for unix/-m64 ===

# of expected passes		6475
# of unexpected successes	4
# of expected failures		80
# of unsupported tests		15

		=== libstdc++ Summary ===

# of expected passes		12952
# of unexpected failures	1
# of unexpected successes	5
# of expected failures		160
# of unsupported tests		30

Compiler version: 4.4.0 (GCC) 
Platform: powerpc64-unknown-linux-gnu
configure flags: --prefix=/home/janis/tools/gcc-4.4.0 --with-gmp=/home/janis/tools/gcc-host-libs-32 --with-mpfr=/home/janis/tools/gcc-host-libs-32 --with-ppl=/home/janis/tools/gcc-host-libs-32 --with-cloog=/home/janis/tools/gcc-host-libs-32 --with-host-libstdcxx=-Wl,-Bstatic,-lstdc++,-Bdynamic,-lm --with-as=/home/janis/tools/binutils-2.19/bin/as --with-ld=/home/janis/tools/binutils-2.19/bin/ld --with-cpu=default32 --enable-__cxa_exit --enable-secureplt --with-long-double-128 --enable-languages=c,c++,fortran,objc,obj-c++,java


Index Nav: [Date Index] [Subject Index] [Author Index] [Thread Index]
Message Nav: [Date Prev] [Date Next] [Thread Prev] [Thread Next]