This is the mail archive of the gcc-testresults@gcc.gnu.org mailing list for the GCC project.


Index Nav: [Date Index] [Subject Index] [Author Index] [Thread Index]
Message Nav: [Date Prev] [Date Next] [Thread Prev] [Thread Next]
Other format: [Raw text]

Results for 4.4.0 (GCC) testsuite on x86_64-unknown-linux-gnu


LAST_UPDATED: Obtained from SVN: tags/gcc_4_4_0_release revision 146514

Native configuration is x86_64-unknown-linux-gnu

		=== gcc tests ===


Running target unix
FAIL: gcc.dg/tree-prof/bb-reorg.c compilation,  -fprofile-use -D_PROFILE_USE
UNRESOLVED: gcc.dg/tree-prof/bb-reorg.c execution,    -fprofile-use -D_PROFILE_USE
FAIL: gcc.dg/tree-prof/pr34999.c compilation,  -fprofile-use -D_PROFILE_USE
UNRESOLVED: gcc.dg/tree-prof/pr34999.c execution,    -fprofile-use -D_PROFILE_USE

		=== gcc Summary ===

# of expected passes		55386
# of unexpected failures	2
# of expected failures		187
# of unresolved testcases	2
# of unsupported tests		1178
/export/scratch/gelb/gcc-4.4.0-build/gcc/xgcc  version 4.4.0 (GCC) 

		=== gfortran tests ===


Running target unix

		=== gfortran Summary ===

# of expected passes		29389
# of expected failures		10
# of unsupported tests		44
/export/scratch/gelb/gcc-4.4.0-build/gcc/testsuite/gfortran/../../gfortran  version 4.4.0 (GCC) 

		=== g++ tests ===


Running target unix

		=== g++ Summary ===

# of expected passes		19375
# of expected failures		142
# of unsupported tests		251
/export/scratch/gelb/gcc-4.4.0-build/gcc/testsuite/g++/../../g++  version 4.4.0 (GCC) 

		=== objc tests ===


Running target unix

		=== objc Summary ===

# of expected passes		1864
# of expected failures		15
# of unsupported tests		24
/export/scratch/gelb/gcc-4.4.0-build/gcc/xgcc  version 4.4.0 (GCC) 

		=== libffi tests ===


Running target unix

		=== libffi Summary ===

# of expected passes		1389
# of unsupported tests		10
		=== libgomp tests ===


Running target unix

		=== libgomp Summary ===

# of expected passes		2406
		=== libjava tests ===


Running target unix

		=== libjava Summary ===

# of expected passes		2574
		=== libmudflap tests ===


Running target unix
FAIL: libmudflap.c++/pass41-frag.cxx execution test
FAIL: libmudflap.c++/pass41-frag.cxx (-static) execution test
FAIL: libmudflap.c++/pass41-frag.cxx (-O2) execution test
FAIL: libmudflap.c++/pass41-frag.cxx (-O3) execution test

		=== libmudflap Summary ===

# of expected passes		1890
# of unexpected failures	4
		=== libstdc++ tests ===


Running target unix
XPASS: 26_numerics/headers/cmath/c99_classification_macros_c.cc (test for excess errors)

		=== libstdc++ Summary ===

# of expected passes		6478
# of unexpected successes	1
# of expected failures		80
# of unsupported tests		15

Compiler version: 4.4.0 (GCC) 
Platform: x86_64-unknown-linux-gnu
configure flags: --prefix=/nfs/apps/gnu/4.4.0 --with-gmp=/nfs/apps/gnu/4.4.0/ --with-mpfr=/nfs/apps/gnu/4.4.0/


Index Nav: [Date Index] [Subject Index] [Author Index] [Thread Index]
Message Nav: [Date Prev] [Date Next] [Thread Prev] [Thread Next]