This is the mail archive of the
gcc-testresults@gcc.gnu.org
mailing list for the GCC project.
Results for 4.5.0 20090428 (experimental) (GCC) testsuite on i686-pc-linux-gnu
- From: GCC regression tester <regress at geoffk dot org>
- To: gcc-testresults at gcc dot gnu dot org
- Date: Mon, 27 Apr 2009 22:00:42 -0700
- Subject: Results for 4.5.0 20090428 (experimental) (GCC) testsuite on i686-pc-linux-gnu
This build run by an automatic regression tester.
See <http://glutton.geoffk.org/HEAD/> for more information.
Date: 2009-04-28T03:50:14Z
Revision: 146868
URL: svn://gcc.gnu.org/svn/gcc/trunk
Status: regress-10
Prev-Endtime: 2009-04-28T01:51:58Z
Native configuration is i686-pc-linux-gnu
=== g++ tests ===
Running target unix
=== g++ Summary ===
# of expected passes 19842
# of expected failures 140
# of unsupported tests 102
/home/regress/tbox/native/build/gcc/testsuite/g++/../../g++ version 4.5.0 20090428 (experimental) (GCC)
=== gcc tests ===
Running target unix
FAIL: gcc.c-torture/execute/960416-1.c execution, -O2
FAIL: gcc.c-torture/execute/960416-1.c execution, -O3 -fomit-frame-pointer
FAIL: gcc.c-torture/execute/960416-1.c execution, -O3 -g
XPASS: gcc.dg/Warray-bounds.c (test for warnings, line 59)
XPASS: gcc.dg/Warray-bounds.c (test for warnings, line 65)
FAIL: gcc.dg/pr34989-1.c (internal compiler error)
FAIL: gcc.dg/pr34989-1.c (test for excess errors)
XPASS: gcc.dg/struct/wo_prof_array_through_pointer.c scan-ipa-dump ipa_struct_reorg "Number of structures to transform is 1"
FAIL: gcc.dg/struct/wo_prof_double_malloc.c (internal compiler error)
FAIL: gcc.dg/struct/wo_prof_double_malloc.c (test for excess errors)
WARNING: gcc.dg/struct/wo_prof_double_malloc.c compilation failed to produce executable
FAIL: gcc.dg/vect/pr32421.c (internal compiler error)
FAIL: gcc.dg/vect/pr32421.c (test for excess errors)
FAIL: gcc.target/i386/pr37101.c (internal compiler error)
FAIL: gcc.target/i386/pr37101.c (test for excess errors)
ERROR: gcc.target/i386/pr37101.c: error executing dg-final: couldn't open "pr37101.s": no such file or directory
UNRESOLVED: gcc.target/i386/pr37101.c: error executing dg-final: couldn't open "pr37101.s": no such file or directory
=== gcc Summary ===
# of expected passes 57187
# of unexpected failures 11
# of unexpected successes 3
# of expected failures 145
# of unresolved testcases 1
# of unsupported tests 883
/home/regress/tbox/native/build/gcc/xgcc version 4.5.0 20090428 (experimental) (GCC)
=== gfortran tests ===
Running target unix
=== gfortran Summary ===
# of expected passes 30178
# of expected failures 11
# of unsupported tests 97
/home/regress/tbox/native/build/gcc/testsuite/gfortran/../../gfortran version 4.5.0 20090428 (experimental) (GCC)
=== objc tests ===
Running target unix
=== objc Summary ===
# of expected passes 1872
# of expected failures 7
# of unsupported tests 24
/home/regress/tbox/native/build/gcc/xgcc version 4.5.0 20090428 (experimental) (GCC)
=== libffi tests ===
Running target unix
=== libffi Summary ===
# of expected passes 1389
# of unsupported tests 10
=== libgomp tests ===
Running target unix
FAIL: libgomp.c/loop-12.c execution test
FAIL: libgomp.c/loop-6.c execution test
FAIL: libgomp.c++/loop-12.C -O2 execution test
FAIL: libgomp.c++/loop-12.C -O3 -fomit-frame-pointer execution test
FAIL: libgomp.c++/loop-12.C -O3 -fomit-frame-pointer -funroll-loops execution test
FAIL: libgomp.c++/loop-12.C -O3 -fomit-frame-pointer -funroll-all-loops -finline-functions execution test
FAIL: libgomp.c++/loop-12.C -O3 -g execution test
FAIL: libgomp.c++/loop-12.C -Os execution test
FAIL: libgomp.c++/loop-9.C -O2 execution test
FAIL: libgomp.c++/loop-9.C -O3 -fomit-frame-pointer execution test
FAIL: libgomp.c++/loop-9.C -O3 -fomit-frame-pointer -funroll-loops execution test
FAIL: libgomp.c++/loop-9.C -O3 -fomit-frame-pointer -funroll-all-loops -finline-functions execution test
FAIL: libgomp.c++/loop-9.C -O3 -g execution test
FAIL: libgomp.c++/loop-9.C -Os execution test
FAIL: libgomp.c++/task-4.C -O (internal compiler error)
FAIL: libgomp.c++/task-4.C -O (test for excess errors)
WARNING: libgomp.c++/task-4.C -O compilation failed to produce executable
=== libgomp Summary ===
# of expected passes 2392
# of unexpected failures 16
=== libjava tests ===
Running target unix
=== libjava Summary ===
# of expected passes 2574
=== libmudflap tests ===
Running target unix
FAIL: libmudflap.c++/pass41-frag.cxx execution test
FAIL: libmudflap.c++/pass41-frag.cxx (-static) execution test
FAIL: libmudflap.c++/pass41-frag.cxx (-O2) execution test
FAIL: libmudflap.c++/pass41-frag.cxx (-O3) execution test
=== libmudflap Summary ===
# of expected passes 1890
# of unexpected failures 4
=== libstdc++ tests ===
Running target unix
XPASS: 26_numerics/headers/cmath/c99_classification_macros_c.cc (test for excess errors)
=== libstdc++ Summary ===
# of expected passes 6722
# of unexpected successes 1
# of expected failures 82
# of unsupported tests 18
Compiler version: 4.5.0 20090428 (experimental) (GCC)
Platform: i686-pc-linux-gnu
configure flags: --prefix=/home/regress/tbox/objs --target=i686-pc-linux-gnu