This is the mail archive of the gcc-testresults@gcc.gnu.org mailing list for the GCC project.


Index Nav: [Date Index] [Subject Index] [Author Index] [Thread Index]
Message Nav: [Date Prev] [Date Next] [Thread Prev] [Thread Next]
Other format: [Raw text]

Results for 4.5.0 20090424 (experimental) [trunk revision 146746] (GCC) testsuite on hppa-unknown-linux-gnu


LAST_UPDATED: Fri Apr 24 22:20:18 UTC 2009 (revision 146746)

		=== acats tests ===

		=== acats Summary ===
# of expected passes		2315
# of unexpected failures	0
Native configuration is hppa-unknown-linux-gnu

		=== g++ tests ===


Running target unix

		=== g++ Summary ===

# of expected passes		19221
# of expected failures		140
# of unsupported tests		158
/home/dave/gnu/gcc/objdir/gcc/testsuite/g++/../../g++  version 4.5.0 20090424 (experimental) [trunk revision 146746] (GCC) 

		=== gcc tests ===


Running target unix
WARNING: program timed out.
FAIL: gcc.c-torture/execute/builtins/strcpy-2.c compilation,  -O2 
UNRESOLVED: gcc.c-torture/execute/builtins/strcpy-2.c execution,  -O2 
XPASS: gcc.dg/Warray-bounds.c  (test for warnings, line 59)
XPASS: gcc.dg/Warray-bounds.c  (test for warnings, line 65)
XPASS: gcc.dg/struct/wo_prof_array_through_pointer.c scan-ipa-dump ipa_struct_reorg "Number of structures to transform is 1"
XPASS: gcc.dg/tree-ssa/loop-1.c scan-assembler-times foo 5
ERROR: tcl error sourcing /home/dave/gnu/gcc/gcc/gcc/testsuite/gcc.misc-tests/help.exp.
ERROR: syntax error in expression "\$pattern ne """

		=== gcc Summary ===

# of expected passes		50473
# of unexpected failures	1
# of unexpected successes	4
# of expected failures		70
# of unresolved testcases	1
# of unsupported tests		516
/home/dave/gnu/gcc/objdir/gcc/xgcc  version 4.5.0 20090424 (experimental) [trunk revision 146746] (GCC) 

		=== gfortran tests ===


Running target unix
WARNING: program timed out.
FAIL: gfortran.dg/mvbits_8.f90  -O3 -g  (test for excess errors)
UNRESOLVED: gfortran.dg/mvbits_8.f90  -O3 -g  compilation failed to produce executable
WARNING: program timed out.
FAIL: gfortran.dg/g77/980701-0.f  -Os  (test for excess errors)
UNRESOLVED: gfortran.dg/g77/980701-0.f  -Os  compilation failed to produce executable

		=== gfortran Summary ===

# of expected passes		29305
# of unexpected failures	2
# of expected failures		11
# of unresolved testcases	2
# of unsupported tests		255
/home/dave/gnu/gcc/objdir/gcc/testsuite/gfortran/../../gfortran  version 4.5.0 20090424 (experimental) [trunk revision 146746] (GCC) 

		=== gnat tests ===


Running target unix

		=== gnat Summary ===

# of expected passes		633
# of expected failures		6
		=== obj-c++ tests ===


Running target unix
UNRESOLVED: obj-c++.dg/lookup-2.mm compilation failed to produce executable
UNRESOLVED: obj-c++.dg/try-catch-2.mm compilation failed to produce executable
UNRESOLVED: obj-c++.dg/try-catch-9.mm compilation failed to produce executable

		=== obj-c++ Summary ===

# of expected passes		438
# of expected failures		10
# of unresolved testcases	3
# of unsupported tests		13
/home/dave/gnu/gcc/objdir/gcc/testsuite/obj-c++/../../g++  version 4.5.0 20090424 (experimental) [trunk revision 146746] (GCC) 

		=== objc tests ===


Running target unix

		=== objc Summary ===

# of expected passes		1864
# of expected failures		15
# of unsupported tests		24
/home/dave/gnu/gcc/objdir/gcc/xgcc  version 4.5.0 20090424 (experimental) [trunk revision 146746] (GCC) 

		=== libffi tests ===


Running target unix

		=== libffi Summary ===

# of expected passes		1389
# of unsupported tests		10
		=== libgomp tests ===


Running target unix

		=== libgomp Summary ===

# of expected passes		2394
# of unsupported tests		7
		=== libjava tests ===


Running target unix

		=== libjava Summary ===

# of expected passes		2574
		=== libmudflap tests ===


Running target unix
FAIL: libmudflap.c++/pass41-frag.cxx execution test
FAIL: libmudflap.c++/pass41-frag.cxx (-static) execution test
FAIL: libmudflap.c++/pass41-frag.cxx (-O2) execution test
FAIL: libmudflap.c++/pass41-frag.cxx (-O3) execution test
WARNING: program timed out.
FAIL: libmudflap.cth/pass40-frag.c execution test
FAIL: libmudflap.cth/pass40-frag.c output pattern test
WARNING: program timed out.
FAIL: libmudflap.cth/pass40-frag.c (-static -DSTATIC) execution test
FAIL: libmudflap.cth/pass40-frag.c (-static -DSTATIC) output pattern test
WARNING: program timed out.
FAIL: libmudflap.cth/pass40-frag.c (-O2) execution test
FAIL: libmudflap.cth/pass40-frag.c (-O2) output pattern test
WARNING: program timed out.
FAIL: libmudflap.cth/pass40-frag.c (-O3) execution test
FAIL: libmudflap.cth/pass40-frag.c (-O3) output pattern test

		=== libmudflap Summary ===

# of expected passes		1882
# of unexpected failures	12
		=== libstdc++ tests ===


Running target unix
FAIL: 22_locale/time_get/get_date/wchar_t/4.cc execution test
FAIL: 26_numerics/complex/13450.cc (test for excess errors)
UNRESOLVED: 26_numerics/complex/13450.cc compilation failed to produce executable
XPASS: 26_numerics/headers/cmath/c99_classification_macros_c.cc (test for excess errors)
WARNING: program timed out.
FAIL: ext/rope/pthread7-rope.cc execution test
FAIL: tr1/8_c_compatibility/complex/overloads_int.cc (test for excess errors)
UNRESOLVED: tr1/8_c_compatibility/complex/overloads_int.cc compilation failed to produce executable

		=== libstdc++ Summary ===

# of expected passes		6707
# of unexpected failures	4
# of unexpected successes	1
# of expected failures		82
# of unresolved testcases	2
# of unsupported tests		18

Compiler version: 4.5.0 20090424 (experimental) [trunk revision 146746] (GCC) 
Platform: hppa-unknown-linux-gnu
configure flags: --with-gnu-as --with-gnu-ld --enable-shared --prefix=/home/dave/opt/gnu/gcc/gcc-4.5.0 --with-local-prefix=/home/dave/opt/gnu --enable-threads=posix --enable-__cxa_atexit --build=hppa-linux --enable-clocale=gnu --enable-java-gc=boehm --enable-java-awt=xlib --enable-languages=c,c++,objc,fortran,obj-c++,java,ada


Index Nav: [Date Index] [Subject Index] [Author Index] [Thread Index]
Message Nav: [Date Prev] [Date Next] [Thread Prev] [Thread Next]