This is the mail archive of the gcc-testresults@gcc.gnu.org mailing list for the GCC project.


Index Nav: [Date Index] [Subject Index] [Author Index] [Thread Index]
Message Nav: [Date Prev] [Date Next] [Thread Prev] [Thread Next]
Other format: [Raw text]

Results for 4.4.0 (GCC) testsuite on i686-pc-cygwin


LAST_UPDATED: Obtained from SVN: tags/gcc_4_4_0_release revision 146514

Native configuration is i686-pc-cygwin

=== g++ tests ===


Running target unix
FAIL: g++.dg/abi/local1.C execution test
FAIL: g++.dg/abi/rtti3.C scan-assembler .weak[ \\t]_?_ZTSPP1A
FAIL: g++.dg/abi/thunk4.C scan-assembler .weak[ \\t]_?_ZThn._N7Derived3FooEv
FAIL: g++.dg/eh/weak1.C execution test
FAIL: g++.dg/ext/dllimport7.C C++ specific error (test for errors, line 24)
FAIL: g++.dg/ext/selectany1.C scan-assembler-dem
FAIL: g++.dg/init/cleanup3.C scan-assembler-not _tcf
FAIL: g++.dg/opt/vt1.C scan-assembler-not section[^\\n\\r]*_ZTV1S[^\\n\\r]*"[^w"\\n\\r]*"
FAIL: g++.dg/template/spec35.C scan-assembler .weak(_definition)?[\\t ]*_?_Z2f2IiEvT_
FAIL: g++.old-deja/g++.eh/badalloc1.C execution test
XPASS: g++.old-deja/g++.ext/attrib5.C execution test
FAIL: g++.old-deja/g++.other/init5.C execution test


=== g++ Summary ===

# of expected passes            20778
# of unexpected failures        11
# of unexpected successes       1
# of expected failures          143
# of unsupported tests          229
/usr/local/obj/gcc-4.4.0/gcc/testsuite/g++/../../g++  version 4.4.0 (GCC)

=== gcc tests ===


Running target unix
FAIL: gcc.dg/cpp/include2.c (test for excess errors)
FAIL: gcc.dg/debug/debug-1.c scan-assembler xyzzy
FAIL: gcc.dg/debug/debug-1.c scan-assembler xyzzy
FAIL: gcc.dg/debug/debug-2.c scan-assembler xyzzy
FAIL: gcc.dg/debug/debug-2.c scan-assembler xyzzy
FAIL: gcc.dg/20021014-1.c (test for excess errors)
WARNING: gcc.dg/20021014-1.c compilation failed to produce executable
FAIL: gcc.dg/alias-7.c execution test
FAIL: gcc.dg/dll-4.c scan-assembler (foo2:.*.comm[ \\t_]*foo1)
FAIL: gcc.dg/utf32-4.c (test for warnings, line 18)
FAIL: largefile.c (test for excess errors)
FAIL: gcc.dg/pch/largefile.c -O0 -g assembly comparison
FAIL: largefile.c (test for excess errors)
FAIL: gcc.dg/pch/largefile.c -O0 assembly comparison
FAIL: largefile.c (test for excess errors)
FAIL: gcc.dg/pch/largefile.c -O1 assembly comparison
FAIL: largefile.c (test for excess errors)
FAIL: gcc.dg/pch/largefile.c -O2 assembly comparison
FAIL: largefile.c (test for excess errors)
FAIL: gcc.dg/pch/largefile.c -O3 -fomit-frame-pointer assembly comparison
FAIL: largefile.c (test for excess errors)
FAIL: gcc.dg/pch/largefile.c -O3 -g assembly comparison
FAIL: largefile.c (test for excess errors)
FAIL: gcc.dg/pch/largefile.c -Os assembly comparison
FAIL: gcc.dg/torture/fp-int-convert-float128-timode.c (test for excess errors)
WARNING: gcc.dg/torture/fp-int-convert-float128-timode.c compilation failed to produce executable
FAIL: gcc.dg/torture/fp-int-convert-float128-timode.c (test for excess errors)
WARNING: gcc.dg/torture/fp-int-convert-float128-timode.c compilation failed to produce executable
FAIL: gcc.dg/torture/fp-int-convert-float128-timode.c (test for excess errors)
WARNING: gcc.dg/torture/fp-int-convert-float128-timode.c compilation failed to produce executable
FAIL: gcc.dg/torture/fp-int-convert-float128-timode.c (test for excess errors)
WARNING: gcc.dg/torture/fp-int-convert-float128-timode.c compilation failed to produce executable
FAIL: gcc.dg/torture/fp-int-convert-float128-timode.c (test for excess errors)
WARNING: gcc.dg/torture/fp-int-convert-float128-timode.c compilation failed to produce executable
FAIL: gcc.dg/torture/fp-int-convert-float128-timode.c (test for excess errors)
WARNING: gcc.dg/torture/fp-int-convert-float128-timode.c compilation failed to produce executable
FAIL: gcc.dg/torture/fp-int-convert-float128.c (test for excess errors)
WARNING: gcc.dg/torture/fp-int-convert-float128.c compilation failed to produce executable
FAIL: gcc.dg/torture/fp-int-convert-float128.c (test for excess errors)
WARNING: gcc.dg/torture/fp-int-convert-float128.c compilation failed to produce executable
FAIL: gcc.dg/torture/fp-int-convert-float128.c (test for excess errors)
WARNING: gcc.dg/torture/fp-int-convert-float128.c compilation failed to produce executable
FAIL: gcc.dg/torture/fp-int-convert-float128.c (test for excess errors)
WARNING: gcc.dg/torture/fp-int-convert-float128.c compilation failed to produce executable
FAIL: gcc.dg/torture/fp-int-convert-float128.c (test for excess errors)
WARNING: gcc.dg/torture/fp-int-convert-float128.c compilation failed to produce executable
FAIL: gcc.dg/torture/fp-int-convert-float128.c (test for excess errors)
WARNING: gcc.dg/torture/fp-int-convert-float128.c compilation failed to produce executable
FAIL: gcc.dg/tree-ssa/pr27781.c scan-tree-dump optimized "func \\(\\);"
FAIL: gcc.dg/tree-ssa/pr36881.c scan-assembler-not CSWTCH
FAIL: gcc.dg/tree-ssa/pr36881.c scan-tree-dump switchconv "need runtime relocations"
FAIL: gcc.dg/tree-ssa/ssa-store-ccp-2.c scan-tree-dump-times optimized "conststaticvariable" 1
FAIL: gcc.dg/tree-ssa/ssa-store-ccp-4.c scan-tree-dump-times optimized "conststaticvariable" 1
FAIL: gcc.dg/vect/pr25413.c scan-tree-dump-times vect "vectorized 1 loops" 0
FAIL: gcc.dg/vect/pr25413.c scan-tree-dump-times vect "vector alignment may not be reachable" 1
FAIL: gcc.dg/vect/pr25413.c scan-tree-dump-times vect "not vectorized: unsupported unaligned store" 1
FAIL: gcc.dg/vect/vect-116.c execution test
FAIL: gcc.target/i386/avx-vmovntdq-256-1.c (test for excess errors)
WARNING: gcc.target/i386/avx-vmovntdq-256-1.c compilation failed to produce executable
FAIL: gcc.target/i386/avx-vmovntpd-256-1.c (test for excess errors)
WARNING: gcc.target/i386/avx-vmovntpd-256-1.c compilation failed to produce executable
FAIL: gcc.target/i386/avx-vmovntps-256-1.c (test for excess errors)
WARNING: gcc.target/i386/avx-vmovntps-256-1.c compilation failed to produce executable
FAIL: gcc.target/i386/pic-1.c (test for errors, line 11)
FAIL: gcc.target/i386/pr25993.c (test for excess errors)
FAIL: gcc.target/i386/pr32000-2.c (test for excess errors)
WARNING: gcc.target/i386/pr32000-2.c compilation failed to produce executable
FAIL: gcc.target/i386/pr37843-1.c scan-assembler call[\\\\t ]*foo
FAIL: gcc.target/i386/pr37843-2.c scan-assembler jmp[\\\\t ]*foo
FAIL: gcc.target/i386/pr37843-3.c scan-assembler jmp[\\\\t ]*foo
XPASS: gcc.target/i386/push-1.c scan-assembler-not movups
FAIL: gcc.target/i386/sse3-addsubpd.c execution test
FAIL: gcc.target/i386/sse3-addsubps.c execution test
FAIL: gcc.target/i386/sse3-haddpd.c execution test
FAIL: gcc.target/i386/sse3-haddps.c execution test
FAIL: gcc.target/i386/sse3-hsubpd.c execution test
FAIL: gcc.target/i386/sse3-hsubps.c execution test
FAIL: gcc.target/i386/sse3-movddup.c execution test
FAIL: gcc.target/i386/sse3-movshdup.c execution test
FAIL: gcc.target/i386/sse3-movsldup.c execution test
FAIL: gcc.target/i386/stackalign/return-3.c (test for excess errors)
FAIL: gcc.target/i386/stackalign/return-3.c (test for excess errors)
FAIL: gcc.target/i386/stackalign/return-3.c (test for excess errors)
FAIL: gcc.target/i386/stackalign/return-3.c (test for excess errors)


=== gcc Summary ===

# of expected passes            59989
# of unexpected failures        66
# of unexpected successes       1
# of expected failures          189
# of unsupported tests          625
/usr/local/obj/gcc-4.4.0/gcc/xgcc  version 4.4.0 (GCC)

=== gfortran tests ===


Running target unix
FAIL: gfortran.dg/chmod_1.f90 execution test
FAIL: gfortran.dg/chmod_1.f90 execution test
FAIL: gfortran.dg/chmod_1.f90 execution test
FAIL: gfortran.dg/chmod_1.f90 execution test
FAIL: gfortran.dg/chmod_1.f90 execution test
FAIL: gfortran.dg/chmod_1.f90 execution test
FAIL: gfortran.dg/chmod_1.f90 execution test
FAIL: gfortran.dg/chmod_1.f90 execution test
FAIL: gfortran.dg/chmod_2.f90 execution test
FAIL: gfortran.dg/chmod_2.f90 execution test
FAIL: gfortran.dg/chmod_2.f90 execution test
FAIL: gfortran.dg/chmod_2.f90 execution test
FAIL: gfortran.dg/chmod_2.f90 execution test
FAIL: gfortran.dg/chmod_2.f90 execution test
FAIL: gfortran.dg/chmod_2.f90 execution test
FAIL: gfortran.dg/chmod_2.f90 execution test
FAIL: gfortran.dg/chmod_3.f90 execution test
FAIL: gfortran.dg/chmod_3.f90 execution test
FAIL: gfortran.dg/chmod_3.f90 execution test
FAIL: gfortran.dg/chmod_3.f90 execution test
FAIL: gfortran.dg/chmod_3.f90 execution test
FAIL: gfortran.dg/chmod_3.f90 execution test
FAIL: gfortran.dg/chmod_3.f90 execution test
FAIL: gfortran.dg/chmod_3.f90 execution test
FAIL: gfortran.dg/default_format_denormal_1.f90 execution test
FAIL: gfortran.dg/default_format_denormal_1.f90 execution test
FAIL: gfortran.dg/default_format_denormal_1.f90 execution test
FAIL: gfortran.dg/default_format_denormal_1.f90 execution test
FAIL: gfortran.dg/default_format_denormal_1.f90 execution test
FAIL: gfortran.dg/default_format_denormal_1.f90 execution test
FAIL: gfortran.dg/default_format_denormal_1.f90 execution test
FAIL: gfortran.dg/default_format_denormal_1.f90 execution test
FAIL: gfortran.dg/open_errors.f90 execution test
FAIL: gfortran.dg/open_errors.f90 execution test
FAIL: gfortran.dg/open_errors.f90 execution test
FAIL: gfortran.dg/open_errors.f90 execution test
FAIL: gfortran.dg/open_errors.f90 execution test
FAIL: gfortran.dg/open_errors.f90 execution test
FAIL: gfortran.dg/open_errors.f90 execution test
FAIL: gfortran.dg/open_errors.f90 execution test
FAIL: gfortran.fortran-torture/execute/common.f90 execution, -O2 -ftree-vectorize -msse2
FAIL: gfortran.fortran-torture/execute/common_size.f90 execution, -O2 -ftree-vectorize -msse2
FAIL: gfortran.fortran-torture/execute/stack_varsize.f90 execution, -O2 -ftree-vectorize -msse2


=== gfortran Summary ===

# of expected passes 28901
# of unexpected failures 43
# of expected failures 14
# of unsupported tests 257
/usr/local/obj/gcc-4.4.0/gcc/testsuite/gfortran/../../gfortran version 4.4.0 (GCC)


=== objc tests ===


Running target unix


=== objc Summary ===

# of expected passes            1964
# of expected failures          7
# of unsupported tests          24
/usr/local/obj/gcc-4.4.0/gcc/xgcc  version 4.4.0 (GCC)

=== libstdc++ tests ===


Running target unix
FAIL: 22_locale/ctype/scan/wchar_t/1.cc execution test
FAIL: 22_locale/ctype/scan/wchar_t/1.cc execution test
FAIL: 22_locale/ctype/scan/wchar_t/1.cc execution test
FAIL: 22_locale/locale/cons/unicode.cc (test for excess errors)
WARNING: 22_locale/locale/cons/unicode.cc compilation failed to produce executable
FAIL: 22_locale/locale/cons/unicode.cc (test for excess errors)
WARNING: 22_locale/locale/cons/unicode.cc compilation failed to produce executable
XPASS: 26_numerics/headers/cmath/c99_classification_macros_c.cc (test for excess errors)
XPASS: 26_numerics/headers/cmath/c99_classification_macros_c.cc (test for excess errors)
FAIL: 27_io/basic_filebuf/seekoff/char/1-io.cc execution test
FAIL: 27_io/basic_filebuf/seekoff/char/1-io.cc execution test
FAIL: 27_io/basic_filebuf/seekoff/char/2-io.cc execution test
FAIL: 27_io/basic_filebuf/seekoff/char/2-io.cc execution test
FAIL: 27_io/basic_filebuf/seekpos/char/1-io.cc execution test
FAIL: 27_io/basic_filebuf/seekpos/char/1-io.cc execution test
FAIL: 27_io/basic_filebuf/seekpos/char/2-io.cc execution test
FAIL: 27_io/basic_filebuf/seekpos/char/2-io.cc execution test
FAIL: 27_io/basic_filebuf/sgetn/char/1-in.cc execution test
FAIL: 27_io/basic_filebuf/sgetn/char/1-in.cc execution test
FAIL: 27_io/basic_filebuf/sgetn/char/1-in.cc execution test
FAIL: 27_io/basic_filebuf/sgetn/char/1-io.cc execution test
FAIL: 27_io/basic_filebuf/sgetn/char/1-io.cc execution test
FAIL: 27_io/basic_filebuf/sgetn/char/1-io.cc execution test
FAIL: 27_io/basic_filebuf/sgetn/char/2-in.cc execution test
FAIL: 27_io/basic_filebuf/sgetn/char/2-in.cc execution test
FAIL: 27_io/basic_filebuf/sgetn/char/2-in.cc execution test
FAIL: 27_io/basic_filebuf/sgetn/char/2-io.cc execution test
FAIL: 27_io/basic_filebuf/sgetn/char/2-io.cc execution test
FAIL: 27_io/basic_filebuf/sgetn/char/2-io.cc execution test
FAIL: 27_io/basic_filebuf/underflow/wchar_t/11603.cc execution test
FAIL: 27_io/basic_filebuf/underflow/wchar_t/11603.cc execution test
FAIL: 27_io/basic_filebuf/underflow/wchar_t/11603.cc execution test
FAIL: 27_io/basic_istream/readsome/char/6746-2.cc execution test
FAIL: 27_io/basic_istream/readsome/char/6746-2.cc execution test
FAIL: 27_io/basic_istream/readsome/char/6746-2.cc execution test
FAIL: 27_io/basic_istream/readsome/wchar_t/6746-2.cc execution test
FAIL: 27_io/basic_istream/readsome/wchar_t/6746-2.cc execution test
FAIL: 27_io/basic_istream/readsome/wchar_t/6746-2.cc execution test
FAIL: 27_io/basic_ostream/inserters_arithmetic/wchar_t/4402.cc execution test
FAIL: 27_io/basic_ostream/inserters_arithmetic/wchar_t/4402.cc execution test
FAIL: 27_io/basic_ostream/inserters_arithmetic/wchar_t/4402.cc execution test
FAIL: ext/bitmap_allocator/variadic_construct.cc execution test
FAIL: ext/codecvt/1.cc (test for excess errors)
WARNING: ext/codecvt/1.cc compilation failed to produce executable
FAIL: ext/codecvt/char-1.cc (test for excess errors)
WARNING: ext/codecvt/char-1.cc compilation failed to produce executable
FAIL: ext/codecvt/char-2.cc (test for excess errors)
WARNING: ext/codecvt/char-2.cc compilation failed to produce executable
FAIL: ext/codecvt/wchar_t.cc (test for excess errors)
WARNING: ext/codecvt/wchar_t.cc compilation failed to produce executable
FAIL: ext/enc_filebuf/char/13189.cc (test for excess errors)
WARNING: ext/enc_filebuf/char/13189.cc compilation failed to produce executable
FAIL: ext/enc_filebuf/char/13189.cc (test for excess errors)
WARNING: ext/enc_filebuf/char/13189.cc compilation failed to produce executable
FAIL: ext/enc_filebuf/char/13598.cc (test for excess errors)
WARNING: ext/enc_filebuf/char/13598.cc compilation failed to produce executable
FAIL: ext/enc_filebuf/char/13598.cc (test for excess errors)
WARNING: ext/enc_filebuf/char/13598.cc compilation failed to produce executable
FAIL: ext/enc_filebuf/wchar_t/13189.cc (test for excess errors)
WARNING: ext/enc_filebuf/wchar_t/13189.cc compilation failed to produce executable
FAIL: ext/enc_filebuf/wchar_t/13189.cc (test for excess errors)
WARNING: ext/enc_filebuf/wchar_t/13189.cc compilation failed to produce executable


=== libstdc++ Summary ===

# of expected passes            13117
# of unexpected failures        48
# of unexpected successes       2
# of expected failures          174
# of unsupported tests          1237

Compiler version: 4.4.0 (GCC)
Platform: i686-pc-cygwin
configure flags: CC=gcc-4 LD_FLAGS=-Wl,--enable-auto-import --prefix=/usr/local/gcc-4_4 --enable-threads=posix --enable-languages=c,c++,fortran,objc --disable-libgcj --disable-sjlj-exceptions --with-system-zlib --enable-nls --enable-static --enable-shared --enable-shared-libgcc --enable-__cxa_atexit --disable-libmudflap --enable-version-specific-runtime-libs --without-included-gettext --with-dwarf2 --disable-symvers --enable-libssp --with-gmp --with-mpfr --with-mpc --with-ppl --with-cloog



Index Nav: [Date Index] [Subject Index] [Author Index] [Thread Index]
Message Nav: [Date Prev] [Date Next] [Thread Prev] [Thread Next]