This is the mail archive of the mailing list for the GCC project.

Index Nav: [Date Index] [Subject Index] [Author Index] [Thread Index]
Message Nav: [Date Prev] [Date Next] [Thread Prev] [Thread Next]
Other format: [Raw text]

Results for 4.4.1 20090424 (prerelease) [gcc-4_4-branch revision 146746] (GCC) gcc testsuite on cris-axis-elf

Debian 4 on x86_64
cross tool versions:
GNU assembler (GNU Binutils)
GNU gdb
GNU ld (GNU Binutils)

GNU Make 3.81
expect version 5.43.0
host gcc version: gcc (GCC) 4.5.0 20090424 (experimental) [trunk revision 146746]
LAST_UPDATED: Fri Apr 24 22:09:14 UTC 2009 (revision 146746)

Target is cris-axis-elf
Host   is x86_64-unknown-linux-gnu

		=== gcc tests ===

Running target cris-sim
WARNING: Could not compile gcc.dg/compat/struct-layout-1 generator
FAIL: gcc.dg/large-size-array-2.c (internal compiler error)
FAIL: gcc.dg/large-size-array-2.c  (test for errors, line 6)
FAIL: gcc.dg/large-size-array-2.c (test for excess errors)
FAIL: gcc.dg/large-size-array-4.c (internal compiler error)
FAIL: gcc.dg/large-size-array-4.c  (test for errors, line 6)
FAIL: gcc.dg/large-size-array-4.c (test for excess errors)
FAIL: gcc.dg/trampoline-1.c execution test
FAIL: gcc.dg/tree-ssa/vrp47.c scan-tree-dump-times vrp1 "[xy][^ ]* !=" 0
FAIL: gcc.dg/tree-ssa/vrp47.c scan-tree-dump-times dom1 "x[^ ]* & y" 1
FAIL: gcc.dg/tree-ssa/vrp47.c scan-tree-dump-times vrp1 "x[^ ]* [|] y" 1

		=== gcc Summary ===

# of expected passes		48422
# of unexpected failures	10
# of expected failures		123
# of unsupported tests		616
/home/mstein/sim/gcc-4_4-branch/cris-elf/build/gcc/xgcc  version 4.4.1 20090424 (prerelease) [gcc-4_4-branch revision 146746] (GCC) 

Compiler version: 4.4.1 20090424 (prerelease) [gcc-4_4-branch revision 146746] (GCC) gcc 
Platform: cris-axis-elf
configure flags: --target=cris-elf --prefix=/home/mstein/cross-local/cris-elf --enable-languages=c --disable-nls --disable-build-warnings --with-sysroot=/home/mstein/cross-local/cris-elf --with-build-sysroot=/home/mstein/cross-local/cris-elf --with-ld=/home/mstein/cross-local/cris-elf/usr/bin/ld --with-as=/home/mstein/cross-local/cris-elf/usr/bin/as --disable-libssp --with-mpfr=/opt/cfarm/mpfr-2.3.2

Index Nav: [Date Index] [Subject Index] [Author Index] [Thread Index]
Message Nav: [Date Prev] [Date Next] [Thread Prev] [Thread Next]