This is the mail archive of the gcc-testresults@gcc.gnu.org mailing list for the GCC project.


Index Nav: [Date Index] [Subject Index] [Author Index] [Thread Index]
Message Nav: [Date Prev] [Date Next] [Thread Prev] [Thread Next]
Other format: [Raw text]

Results for 4.4.0 (GCC) testsuite on i386-pc-solaris2.9


Built with:
GNU as 2.19.1
native ld (113986-26)
gmp 4.2.4
mpfr 2.4.0

A small patch was added to avoid massive failures in the libgomp
testsuite. The failures are caused by failing to link with
libthread leaving __tls_get_addr undefined.
gcc-4.3.3-sol9-gomp-threading.patch:
--- gcc-4.3.3/libgomp/configure.tgt.sol9	Fri Mar 13 07:24:56 2009
+++ gcc-4.3.3/libgomp/configure.tgt	Fri Mar 13 07:26:08 2009
@@ -106,7 +106,9 @@
 	config_path="posix95 posix"
 	XLDFLAGS="\${XLDFLAGS} -lposix4"
 	;;
-
+  *-*-solaris2.9)
+	XLDFLAGS="\${XLDFLAGS} -lpthread -lthread"
+	;;
   *)
 	;;
 

Bootstrap compiler:
Reading specs from /opt/csw/gcc4/lib/gcc/i386-pc-solaris2.8/4.0.2/specs
Target: i386-pc-solaris2.8
Configured with: ../sources/gcc-4.0.2/configure --prefix=/opt/csw/gcc4 --with-local-prefix=/opt/csw --with-gnu-as --with-as=/opt/csw/bin/gas --without-gnu-ld --with-ld=/usr/ccs/bin/ld --enable-threads=posix --enable-shared --enable-multilib --enable-nls --with-included-gettext --with-libiconv-prefix=/opt/csw --with-x --enable-java-awt=xlib --with-system-zlib --enable-languages=c,c++,f95,java,objc,ada
Thread model: posix
gcc version 4.0.2

LAST_UPDATED: Obtained from SVN: tags/gcc_4_4_0_release revision 146514

		=== acats tests ===

		=== acats Summary ===
# of expected passes		2315
# of unexpected failures	0
Native configuration is i386-pc-solaris2.9

		=== g++ tests ===


Running target unix
FAIL: g++.dg/ext/visibility/fvisibility-inlines-hidden-2.C scan-not-hidden 
FAIL: g++.dg/ext/visibility/fvisibility-inlines-hidden-3.C scan-not-hidden 
FAIL: g++.dg/ext/visibility/fvisibility-inlines-hidden-3.C scan-not-hidden 
FAIL: g++.dg/ext/visibility/fvisibility-override1.C scan-not-hidden 
FAIL: g++.dg/ext/visibility/fvisibility-override2.C scan-not-hidden 
FAIL: g++.dg/ext/visibility/guard1.C scan-not-hidden 
FAIL: g++.dg/ext/visibility/ms-compat-1.C scan-not-hidden 
FAIL: g++.dg/ext/visibility/ms-compat-1.C scan-not-hidden 
FAIL: g++.dg/ext/visibility/ms-compat-1.C scan-not-hidden 
FAIL: g++.dg/ext/visibility/namespace1.C scan-not-hidden 
FAIL: g++.dg/ext/visibility/new1.C scan-not-hidden 
FAIL: g++.dg/ext/visibility/template1.C scan-not-hidden 
FAIL: g++.dg/ext/visibility/template1.C scan-not-hidden 
FAIL: g++.dg/ext/visibility/template2.C scan-not-hidden 
FAIL: g++.dg/ext/visibility/template2.C scan-not-hidden 
FAIL: g++.dg/ext/visibility/template3.C scan-not-hidden 
FAIL: g++.dg/ext/visibility/template3.C scan-not-hidden 
FAIL: g++.dg/ext/visibility/template4.C scan-not-hidden 
FAIL: g++.dg/ext/visibility/template4.C scan-not-hidden 
FAIL: g++.dg/ext/visibility/template4.C scan-not-hidden 
FAIL: g++.dg/ext/visibility/template4.C scan-not-hidden 
FAIL: g++.dg/ext/visibility/template6.C scan-not-hidden 
FAIL: g++.dg/ext/visibility/typeinfo1.C scan-not-hidden 
FAIL: g++.dg/ext/visibility/typeinfo1.C scan-not-hidden 
FAIL: g++.dg/ext/visibility/typeinfo2.C scan-not-hidden 
FAIL: g++.dg/ext/visibility/typeinfo3.C scan-not-hidden 
FAIL: g++.dg/ext/visibility/typeinfo3.C scan-not-hidden 
FAIL: g++.dg/ext/visibility/warn3.C scan-not-hidden 
XPASS: g++.dg/other/ucnid-1.C (test for excess errors)
FAIL: g++.dg/warn/miss-format-1.C printf attribute warning (test for warnings, line 17)
FAIL: g++.dg/warn/miss-format-1.C printf attribute warning 2 (test for warnings, line 42)
FAIL: g++.dg/torture/pr34099.C  -O0  execution test
FAIL: g++.dg/torture/pr34099.C  -O1  execution test
FAIL: g++.old-deja/g++.brendan/complex1.C execution test
FAIL: g++.old-deja/g++.mike/visibility-1.C scan-not-hidden 
XPASS: g++.old-deja/g++.oliva/dwarf2.C (test for excess errors)
XPASS: g++.old-deja/g++.oliva/dwarf3.C (test for excess errors)
FAIL: g++.old-deja/g++.other/headers1.C (test for excess errors)
WARNING: g++.old-deja/g++.other/headers1.C compilation failed to produce executable
XPASS: g++.old-deja/g++.other/init19.C execution test

		=== g++ Summary ===

# of expected passes		19559
# of unexpected failures	35
# of unexpected successes	4
# of expected failures		143
# of unsupported tests		136
/export/home/tgc/tmp/gcc44_all_native_2/gcc/testsuite/g++/../../g++  version 4.4.0 (GCC) 

		=== gcc tests ===


Running target unix
XPASS: gcc.dg/ucnid-2.c (test for excess errors)
XPASS: gcc.dg/ucnid-3.c (test for excess errors)
XPASS: gcc.dg/ucnid-4.c (test for excess errors)
FAIL: gcc.dg/visibility-d.c scan-not-hidden 
FAIL: gcc.dg/visibility-d.c scan-not-hidden 
FAIL: gcc.dg/visibility-d.c scan-not-hidden 
FAIL: gcc.dg/visibility-d.c scan-not-hidden 
FAIL: gcc.dg/visibility-d.c scan-not-hidden 
FAIL: gcc.dg/visibility-d.c scan-not-hidden 
FAIL: gcc.dg/visibility-d.c scan-not-hidden 
FAIL: gcc.dg/visibility-d.c scan-not-hidden 
FAIL: gcc.dg/visibility-d.c scan-not-hidden 
FAIL: gcc.dg/visibility-d.c scan-not-hidden 
FAIL: gcc.dg/visibility-d.c scan-not-hidden 
FAIL: gcc.dg/visibility-d.c scan-not-hidden 
FAIL: gcc.dg/visibility-d.c scan-not-hidden 
FAIL: gcc.dg/visibility-d.c scan-not-hidden 
FAIL: gcc.dg/visibility-d.c scan-not-hidden 
FAIL: gcc.dg/visibility-d.c scan-not-hidden 
FAIL: gcc.dg/visibility-d.c scan-not-hidden 
FAIL: gcc.dg/visibility-d.c scan-not-hidden 
FAIL: gcc.dg/visibility-d.c scan-not-hidden 
FAIL: gcc.dg/visibility-d.c scan-not-hidden 
FAIL: gcc.dg/visibility-d.c scan-not-hidden 
FAIL: gcc.dg/visibility-d.c scan-not-hidden 
FAIL: gcc.dg/visibility-d.c scan-not-hidden 
FAIL: gcc.dg/visibility-d.c scan-not-hidden 
FAIL: gcc.dg/visibility-d.c scan-not-hidden 
FAIL: gcc.dg/visibility-d.c scan-not-hidden 
FAIL: gcc.dg/visibility-d.c scan-not-hidden 
FAIL: gcc.dg/visibility-d.c scan-not-hidden 
FAIL: gcc.dg/visibility-d.c scan-not-hidden 
FAIL: gcc.dg/visibility-d.c scan-not-hidden 
FAIL: largefile.c -O0 -g -I. (test for excess errors)
FAIL: gcc.dg/pch/largefile.c -O0 -g assembly comparison
FAIL: largefile.c  -O0  -I. (test for excess errors)
FAIL: gcc.dg/pch/largefile.c  -O0  assembly comparison
FAIL: largefile.c  -O1  -I. (test for excess errors)
FAIL: gcc.dg/pch/largefile.c  -O1  assembly comparison
FAIL: largefile.c  -O2  -I. (test for excess errors)
FAIL: gcc.dg/pch/largefile.c  -O2  assembly comparison
FAIL: largefile.c  -O3 -fomit-frame-pointer  -I. (test for excess errors)
FAIL: gcc.dg/pch/largefile.c  -O3 -fomit-frame-pointer  assembly comparison
FAIL: largefile.c  -O3 -g  -I. (test for excess errors)
FAIL: gcc.dg/pch/largefile.c  -O3 -g  assembly comparison
FAIL: largefile.c  -Os  -I. (test for excess errors)
FAIL: gcc.dg/pch/largefile.c  -Os  assembly comparison
FAIL: gcc.dg/torture/complex-alias-1.c  -O0  execution test
FAIL: gcc.dg/torture/complex-alias-1.c  -O1  execution test
FAIL: gcc.dg/torture/fp-int-convert-float128-timode.c  -O0  (test for excess errors)
WARNING: gcc.dg/torture/fp-int-convert-float128-timode.c  -O0  compilation failed to produce executable
FAIL: gcc.dg/torture/fp-int-convert-float128-timode.c  -O1  (test for excess errors)
WARNING: gcc.dg/torture/fp-int-convert-float128-timode.c  -O1  compilation failed to produce executable
FAIL: gcc.dg/torture/fp-int-convert-float128-timode.c  -O2  (test for excess errors)
WARNING: gcc.dg/torture/fp-int-convert-float128-timode.c  -O2  compilation failed to produce executable
FAIL: gcc.dg/torture/fp-int-convert-float128-timode.c  -O3 -fomit-frame-pointer  (test for excess errors)
WARNING: gcc.dg/torture/fp-int-convert-float128-timode.c  -O3 -fomit-frame-pointer  compilation failed to produce executable
FAIL: gcc.dg/torture/fp-int-convert-float128-timode.c  -O3 -g  (test for excess errors)
WARNING: gcc.dg/torture/fp-int-convert-float128-timode.c  -O3 -g  compilation failed to produce executable
FAIL: gcc.dg/torture/fp-int-convert-float128-timode.c  -Os  (test for excess errors)
WARNING: gcc.dg/torture/fp-int-convert-float128-timode.c  -Os  compilation failed to produce executable
FAIL: gcc.dg/torture/fp-int-convert-float128.c  -O0  (test for excess errors)
WARNING: gcc.dg/torture/fp-int-convert-float128.c  -O0  compilation failed to produce executable
FAIL: gcc.dg/torture/fp-int-convert-float128.c  -O1  (test for excess errors)
WARNING: gcc.dg/torture/fp-int-convert-float128.c  -O1  compilation failed to produce executable
FAIL: gcc.dg/torture/fp-int-convert-float128.c  -O2  (test for excess errors)
WARNING: gcc.dg/torture/fp-int-convert-float128.c  -O2  compilation failed to produce executable
FAIL: gcc.dg/torture/fp-int-convert-float128.c  -O3 -fomit-frame-pointer  (test for excess errors)
WARNING: gcc.dg/torture/fp-int-convert-float128.c  -O3 -fomit-frame-pointer  compilation failed to produce executable
FAIL: gcc.dg/torture/fp-int-convert-float128.c  -O3 -g  (test for excess errors)
WARNING: gcc.dg/torture/fp-int-convert-float128.c  -O3 -g  compilation failed to produce executable
FAIL: gcc.dg/torture/fp-int-convert-float128.c  -Os  (test for excess errors)
WARNING: gcc.dg/torture/fp-int-convert-float128.c  -Os  compilation failed to produce executable
XPASS: gcc.dg/tree-ssa/20040204-1.c scan-tree-dump-times optimized "link_error" 0
FAIL: gcc.dg/tree-ssa/ltrans-1.c scan-tree-dump-times ltrans "converted loop nest to perfect loop nest" 1
FAIL: gcc.dg/tree-ssa/ltrans-1.c scan-tree-dump-times ltrans "transformed loop" 1
FAIL: gcc.dg/tree-ssa/ltrans-3.c scan-tree-dump-times ltrans "transformed loop" 1
FAIL: gcc.dg/tree-ssa/ltrans-4.c scan-tree-dump-times ltrans "transformed loop" 1
FAIL: gcc.dg/tree-ssa/ltrans-5.c scan-tree-dump-times ltrans "transformed loop" 1
FAIL: gcc.dg/tree-ssa/ltrans-6.c scan-tree-dump-times ltrans "transformed loop" 1
FAIL: gcc.dg/tree-ssa/ltrans-8.c scan-tree-dump-times ltrans "transformed loop" 1
FAIL: gcc.dg/tree-ssa/vrp47.c scan-tree-dump-times vrp1 "[xy][^ ]* !=" 0
FAIL: gcc.dg/tree-ssa/vrp47.c scan-tree-dump-times dom1 "x[^ ]* & y" 1
FAIL: gcc.dg/tree-ssa/vrp47.c scan-tree-dump-times vrp1 "x[^ ]* [|] y" 1
FAIL: gcc.target/i386/abi-1.c scan-assembler-times xmm0 1
FAIL: gcc.target/i386/avx-vcmppd-1.c (test for excess errors)
WARNING: gcc.target/i386/avx-vcmppd-1.c compilation failed to produce executable
FAIL: gcc.target/i386/avx-vcmppd-256-1.c (test for excess errors)
WARNING: gcc.target/i386/avx-vcmppd-256-1.c compilation failed to produce executable
FAIL: gcc.target/i386/avx-vcmpps-1.c (test for excess errors)
WARNING: gcc.target/i386/avx-vcmpps-1.c compilation failed to produce executable
FAIL: gcc.target/i386/avx-vcmpps-256-1.c (test for excess errors)
WARNING: gcc.target/i386/avx-vcmpps-256-1.c compilation failed to produce executable
FAIL: gcc.target/i386/avx-vcmpsd-1.c (test for excess errors)
WARNING: gcc.target/i386/avx-vcmpsd-1.c compilation failed to produce executable
FAIL: gcc.target/i386/avx-vcmpss-1.c (test for excess errors)
WARNING: gcc.target/i386/avx-vcmpss-1.c compilation failed to produce executable
FAIL: gcc.target/i386/avx-vmovntdq-256-1.c (test for excess errors)
WARNING: gcc.target/i386/avx-vmovntdq-256-1.c compilation failed to produce executable
FAIL: gcc.target/i386/avx-vmovntpd-256-1.c (test for excess errors)
WARNING: gcc.target/i386/avx-vmovntpd-256-1.c compilation failed to produce executable
FAIL: gcc.target/i386/avx-vmovntps-256-1.c (test for excess errors)
WARNING: gcc.target/i386/avx-vmovntps-256-1.c compilation failed to produce executable
FAIL: gcc.target/i386/pr22076.c scan-assembler-times movq 3
FAIL: gcc.target/i386/pr22076.c scan-assembler-not movl
FAIL: gcc.target/i386/pr37191.c (test for excess errors)
FAIL: gcc.target/i386/reload-1.c (test for excess errors)
FAIL: gcc.target/i386/reload-1.c scan-rtl-dump-not csa "deleted 1 dead insns": dump file does not exist

		=== gcc Summary ===

# of expected passes		55089
# of unexpected failures	83
# of unexpected successes	4
# of expected failures		187
# of unsupported tests		557
/export/home/tgc/tmp/gcc44_all_native_2/gcc/xgcc  version 4.4.0 (GCC) 

		=== gfortran tests ===


Running target unix
FAIL: gfortran.dg/c_by_val_1.f  -O0  execution test
FAIL: gfortran.dg/c_by_val_1.f  -O1  execution test
FAIL: gfortran.dg/c_by_val_1.f  -O2  execution test
FAIL: gfortran.dg/c_by_val_1.f  -O3 -fomit-frame-pointer  execution test
FAIL: gfortran.dg/c_by_val_1.f  -O3 -fomit-frame-pointer -funroll-loops  execution test
FAIL: gfortran.dg/c_by_val_1.f  -O3 -fomit-frame-pointer -funroll-all-loops -finline-functions  execution test
FAIL: gfortran.dg/c_by_val_1.f  -O3 -g  execution test
FAIL: gfortran.dg/c_by_val_1.f  -Os  execution test
FAIL: gfortran.dg/f2c_2.f90  -O0  execution test
FAIL: gfortran.dg/f2c_2.f90  -O1  execution test
FAIL: gfortran.dg/f2c_2.f90  -O2  execution test
FAIL: gfortran.dg/f2c_2.f90  -O3 -fomit-frame-pointer  execution test
FAIL: gfortran.dg/f2c_2.f90  -O3 -fomit-frame-pointer -funroll-loops  execution test
FAIL: gfortran.dg/f2c_2.f90  -O3 -fomit-frame-pointer -funroll-all-loops -finline-functions  execution test
FAIL: gfortran.dg/f2c_2.f90  -O3 -g  execution test
FAIL: gfortran.dg/f2c_2.f90  -Os  execution test
FAIL: gfortran.dg/ltrans-7.f90  -O  scan-tree-dump-times ltrans "transformed loop" 1
FAIL: gfortran.dg/specifics_1.f90  -O0  execution test
FAIL: gfortran.dg/specifics_1.f90  -O1  execution test
FAIL: gfortran.dg/specifics_1.f90  -O2  execution test
FAIL: gfortran.dg/specifics_1.f90  -O3 -fomit-frame-pointer  execution test
FAIL: gfortran.dg/specifics_1.f90  -O3 -fomit-frame-pointer -funroll-loops  execution test
FAIL: gfortran.dg/specifics_1.f90  -O3 -fomit-frame-pointer -funroll-all-loops -finline-functions  execution test
FAIL: gfortran.dg/specifics_1.f90  -O3 -g  execution test
FAIL: gfortran.dg/specifics_1.f90  -Os  execution test
FAIL: gfortran.dg/value_4.f90  -O0  execution test
FAIL: gfortran.dg/value_4.f90  -O1  execution test
FAIL: gfortran.dg/value_4.f90  -O2  execution test
FAIL: gfortran.dg/value_4.f90  -O3 -fomit-frame-pointer  execution test
FAIL: gfortran.dg/value_4.f90  -O3 -fomit-frame-pointer -funroll-loops  execution test
FAIL: gfortran.dg/value_4.f90  -O3 -fomit-frame-pointer -funroll-all-loops -finline-functions  execution test
FAIL: gfortran.dg/value_4.f90  -O3 -g  execution test
FAIL: gfortran.dg/value_4.f90  -Os  execution test
FAIL: gfortran.fortran-torture/execute/specifics.f90 execution,  -O0 
FAIL: gfortran.fortran-torture/execute/specifics.f90 execution,  -O1 
FAIL: gfortran.fortran-torture/execute/specifics.f90 execution,  -O2 
FAIL: gfortran.fortran-torture/execute/specifics.f90 execution,  -O2 -fomit-frame-pointer -finline-functions 
FAIL: gfortran.fortran-torture/execute/specifics.f90 execution,  -O2 -fomit-frame-pointer -finline-functions -funroll-loops 
FAIL: gfortran.fortran-torture/execute/specifics.f90 execution,  -O2 -fbounds-check 
FAIL: gfortran.fortran-torture/execute/specifics.f90 execution,  -O3 -g 
FAIL: gfortran.fortran-torture/execute/specifics.f90 execution,  -Os 

		=== gfortran Summary ===

# of expected passes		28416
# of unexpected failures	41
# of expected failures		10
# of unsupported tests		250
/export/home/tgc/tmp/gcc44_all_native_2/gcc/testsuite/gfortran/../../gfortran  version 4.4.0 (GCC) 

		=== gnat tests ===


Running target unix

		=== gnat Summary ===

# of expected passes		610
# of expected failures		6
		=== obj-c++ tests ===


Running target unix
XPASS: obj-c++.dg/comp-types-10.mm (test for excess errors)
WARNING: obj-c++.dg/lookup-2.mm compilation failed to produce executable
WARNING: obj-c++.dg/try-catch-2.mm compilation failed to produce executable
WARNING: obj-c++.dg/try-catch-9.mm compilation failed to produce executable

		=== obj-c++ Summary ===

# of expected passes		436
# of unexpected successes	1
# of expected failures		9
# of unsupported tests		13
/export/home/tgc/tmp/gcc44_all_native_2/gcc/testsuite/obj-c++/../../g++  version 4.4.0 (GCC) 

		=== objc tests ===


Running target unix

		=== objc Summary ===

# of expected passes		1872
# of expected failures		7
# of unsupported tests		24
/export/home/tgc/tmp/gcc44_all_native_2/gcc/xgcc  version 4.4.0 (GCC) 

		=== libffi tests ===


Running target unix

		=== libffi Summary ===

# of expected passes		1389
# of unsupported tests		10
		=== libgomp tests ===


Running target unix

		=== libgomp Summary ===

# of expected passes		2402
# of unsupported tests		2
		=== libjava tests ===


Running target unix
FAIL: PR16923.c compilation
FAIL: Throw_2 execution - source compiled test
FAIL: Throw_2 -findirect-dispatch execution - source compiled test
FAIL: Throw_2 -O3 execution - source compiled test
FAIL: Throw_2 -O3 -findirect-dispatch execution - source compiled test

		=== libjava Summary ===

# of expected passes		2564
# of unexpected failures	5
# of untested testcases		4
		=== libstdc++ tests ===


Running target unix
FAIL: 22_locale/num_put/put/char/14220.cc execution test
FAIL: 22_locale/num_put/put/wchar_t/14220.cc execution test
FAIL: 23_containers/forward_list/ext_pointer/operations/4.cc (test for excess errors)
WARNING: 23_containers/forward_list/ext_pointer/operations/4.cc compilation failed to produce executable
WARNING: program timed out.
FAIL: 23_containers/vector/bool/modifiers/insert/31370.cc execution test
FAIL: 26_numerics/complex/13450.cc execution test
FAIL: 27_io/basic_istream/extractors_arithmetic/char/12.cc execution test
FAIL: 27_io/basic_istream/extractors_arithmetic/wchar_t/12.cc execution test

		=== libstdc++ Summary ===

# of expected passes		5425
# of unexpected failures	7
# of expected failures		72
# of unsupported tests		549

Compiler version: 4.4.0 (GCC) 
Platform: i386-pc-solaris2.9
configure flags: --prefix=/usr/tgcware/gcc-4.4.0 --with-local-prefix=/usr/tgcware/gcc-4.4.0 --with-gnu-as --with-as=/opt/csw/bin/gas --without-gnu-ld --with-ld=/usr/ccs/bin/ld --enable-threads=posix --enable-shared --with-libiconv-prefix=/opt/csw --with-gmp=/opt/csw --with-mpfr=/opt/csw --disable-nls --with-x --enable-java-awt=xlib --with-system-zlib --enable-languages=c,ada,c++,fortran,java,objc,obj-c++


Index Nav: [Date Index] [Subject Index] [Author Index] [Thread Index]
Message Nav: [Date Prev] [Date Next] [Thread Prev] [Thread Next]