This is the mail archive of the gcc-testresults@gcc.gnu.org mailing list for the GCC project.


Index Nav: [Date Index] [Subject Index] [Author Index] [Thread Index]
Message Nav: [Date Prev] [Date Next] [Thread Prev] [Thread Next]
Other format: [Raw text]

Results for 4.4.0 (GCC) testsuite on hppa-unknown-linux-gnu


LAST_UPDATED: Wed Apr 22 00:57:10 UTC 2009 (revision 146542)

		=== acats tests ===

		=== acats Summary ===
# of expected passes		2315
# of unexpected failures	0
Native configuration is hppa-unknown-linux-gnu

		=== g++ tests ===


Running target unix

		=== g++ Summary ===

# of expected passes		19073
# of expected failures		142
# of unsupported tests		157
/home/dave/gnu/gcc-4.4/objdir/gcc/testsuite/g++/../../g++  version 4.4.0 (GCC) 

		=== gcc tests ===


Running target unix
XPASS: gcc.dg/tree-ssa/loop-1.c scan-assembler-times foo 5

		=== gcc Summary ===

# of expected passes		49314
# of unexpected successes	1
# of expected failures		128
# of unsupported tests		513
/home/dave/gnu/gcc-4.4/objdir/gcc/xgcc  version 4.4.0 (GCC) 

		=== gfortran tests ===


Running target unix

		=== gfortran Summary ===

# of expected passes		28414
# of expected failures		10
# of unsupported tests		255
/home/dave/gnu/gcc-4.4/objdir/gcc/testsuite/gfortran/../../gfortran  version 4.4.0 (GCC) 

		=== gnat tests ===


Running target unix

		=== gnat Summary ===

# of expected passes		611
# of expected failures		6
		=== obj-c++ tests ===


Running target unix
XPASS: obj-c++.dg/comp-types-10.mm (test for excess errors)
UNRESOLVED: obj-c++.dg/lookup-2.mm compilation failed to produce executable
UNRESOLVED: obj-c++.dg/try-catch-2.mm compilation failed to produce executable
UNRESOLVED: obj-c++.dg/try-catch-9.mm compilation failed to produce executable

		=== obj-c++ Summary ===

# of expected passes		436
# of unexpected successes	1
# of expected failures		9
# of unresolved testcases	3
# of unsupported tests		13
/home/dave/gnu/gcc-4.4/objdir/gcc/testsuite/obj-c++/../../g++  version 4.4.0 (GCC) 

		=== objc tests ===


Running target unix

		=== objc Summary ===

# of expected passes		1864
# of expected failures		15
# of unsupported tests		24
/home/dave/gnu/gcc-4.4/objdir/gcc/xgcc  version 4.4.0 (GCC) 

		=== libffi tests ===


Running target unix

		=== libffi Summary ===

# of expected passes		1389
# of unsupported tests		10
		=== libgomp tests ===


Running target unix

		=== libgomp Summary ===

# of expected passes		2392
# of unsupported tests		7
		=== libjava tests ===


Running target unix

		=== libjava Summary ===

# of expected passes		2574
		=== libmudflap tests ===


Running target unix
FAIL: libmudflap.c++/pass41-frag.cxx execution test
FAIL: libmudflap.c++/pass41-frag.cxx (-static) execution test
FAIL: libmudflap.c++/pass41-frag.cxx (-O2) execution test
FAIL: libmudflap.c++/pass41-frag.cxx (-O3) execution test

		=== libmudflap Summary ===

# of expected passes		1890
# of unexpected failures	4
		=== libstdc++ tests ===


Running target unix
FAIL: 22_locale/time_get/get_date/wchar_t/4.cc execution test
FAIL: 26_numerics/complex/13450.cc (test for excess errors)
UNRESOLVED: 26_numerics/complex/13450.cc compilation failed to produce executable
FAIL: 26_numerics/complex/pow.cc (test for excess errors)
UNRESOLVED: 26_numerics/complex/pow.cc compilation failed to produce executable
XPASS: 26_numerics/headers/cmath/c99_classification_macros_c.cc (test for excess errors)
FAIL: tr1/8_c_compatibility/complex/overloads_float.cc (test for excess errors)
FAIL: tr1/8_c_compatibility/complex/overloads_int.cc (test for excess errors)
UNRESOLVED: tr1/8_c_compatibility/complex/overloads_int.cc compilation failed to produce executable

		=== libstdc++ Summary ===

# of expected passes		6464
# of unexpected failures	5
# of unexpected successes	1
# of expected failures		80
# of unresolved testcases	3
# of unsupported tests		18

Compiler version: 4.4.0 (GCC) 
Platform: hppa-unknown-linux-gnu
configure flags: --with-gnu-as --with-gnu-ld --enable-shared --prefix=/home/dave/opt/gnu/gcc/gcc-4.4.0 --with-local-prefix=/home/dave/opt/gnu --enable-threads=posix --enable-__cxa_atexit --build=hppa-linux --enable-clocale=gnu --enable-java-gc=boehm --enable-java-awt=xlib --enable-checking=release --enable-languages=c,c++,objc,fortran,obj-c++,java,ada


Index Nav: [Date Index] [Subject Index] [Author Index] [Thread Index]
Message Nav: [Date Prev] [Date Next] [Thread Prev] [Thread Next]