This is the mail archive of the
gcc-testresults@gcc.gnu.org
mailing list for the GCC project.
Results for 4.5.0 20090413 (experimental) [trunk revision 146003] (GCC) testsuite on arm-none-linux-gnueabi
- From: dave at hiauly1 dot hia dot nrc dot ca (John David Anglin)
- To: dave at hiauly1 dot hia dot nrc dot ca, gcc-testresults at gcc dot gnu dot org
- Date: Thu, 16 Apr 2009 14:58:31 -0400 (EDT)
- Subject: Results for 4.5.0 20090413 (experimental) [trunk revision 146003] (GCC) testsuite on arm-none-linux-gnueabi
LAST_UPDATED: Mon Apr 13 16:39:48 UTC 2009 (revision 146003)
Native configuration is arm-none-linux-gnueabi
=== libgomp tests ===
Running target unix
FAIL: libgomp.c/pr34513.c execution test
FAIL: libgomp.c++/pr34513.C -O1 execution test
FAIL: libgomp.c++/pr34513.C -O2 execution test
FAIL: libgomp.c++/pr34513.C -O3 -fomit-frame-pointer execution test
FAIL: libgomp.c++/pr34513.C -O3 -fomit-frame-pointer -funroll-loops execution test
FAIL: libgomp.c++/pr34513.C -O3 -fomit-frame-pointer -funroll-all-loops -finline-functions execution test
FAIL: libgomp.c++/pr34513.C -O3 -g execution test
FAIL: libgomp.c++/pr34513.C -Os execution test
WARNING: program timed out.
FAIL: libgomp.fortran/strassen.f90 -O execution test
=== libgomp Summary ===
# of expected passes 2383
# of unexpected failures 9
# of unsupported tests 7
=== libstdc++ tests ===
Running target unix
FAIL: 23_containers/forward_list/ext_pointer/operations/4.cc (test for excess errors)
WARNING: 23_containers/forward_list/ext_pointer/operations/4.cc compilation failed to produce executable
FAIL: 27_io/fpos/14775.cc execution test
FAIL: ext/pb_ds/regression/hash_data_map_rand.cc (test for excess errors)
WARNING: ext/pb_ds/regression/hash_data_map_rand.cc compilation failed to produce executable
FAIL: ext/pb_ds/regression/hash_no_data_map_rand.cc (test for excess errors)
WARNING: ext/pb_ds/regression/hash_no_data_map_rand.cc compilation failed to produce executable
FAIL: ext/pb_ds/regression/list_update_data_map_rand.cc (test for excess errors)
WARNING: ext/pb_ds/regression/list_update_data_map_rand.cc compilation failed to produce executable
FAIL: ext/pb_ds/regression/list_update_no_data_map_rand.cc (test for excess errors)
WARNING: ext/pb_ds/regression/list_update_no_data_map_rand.cc compilation failed to produce executable
FAIL: ext/pb_ds/regression/priority_queue_rand.cc (test for excess errors)
WARNING: ext/pb_ds/regression/priority_queue_rand.cc compilation failed to produce executable
FAIL: ext/pb_ds/regression/tree_data_map_rand.cc (test for excess errors)
WARNING: ext/pb_ds/regression/tree_data_map_rand.cc compilation failed to produce executable
FAIL: ext/pb_ds/regression/tree_no_data_map_rand.cc (test for excess errors)
WARNING: ext/pb_ds/regression/tree_no_data_map_rand.cc compilation failed to produce executable
FAIL: ext/pb_ds/regression/trie_data_map_rand.cc (test for excess errors)
WARNING: ext/pb_ds/regression/trie_data_map_rand.cc compilation failed to produce executable
FAIL: ext/pb_ds/regression/trie_no_data_map_rand.cc (test for excess errors)
WARNING: ext/pb_ds/regression/trie_no_data_map_rand.cc compilation failed to produce executable
=== libstdc++ Summary ===
# of expected passes 6033
# of unexpected failures 11
# of expected failures 83
# of unsupported tests 345
=== g++ tests ===
Running target unix
FAIL: g++.dg/ext/cleanup-10.C execution test
FAIL: g++.dg/ext/cleanup-11.C execution test
FAIL: g++.dg/ext/cleanup-8.C execution test
FAIL: g++.dg/ext/cleanup-9.C execution test
FAIL: g++.dg/ipa/iinline-1.C scan-ipa-dump inline "String::funcOne[^\\n]*inline copy in int main"
XPASS: g++.dg/other/packed1.C execution test
FAIL: g++.dg/template/cond5.C (internal compiler error)
FAIL: g++.dg/template/cond5.C (test for excess errors)
FAIL: g++.dg/tree-ssa/new1.C scan-tree-dump-not forwprop1 "= .* \\+ -"
FAIL: g++.old-deja/g++.law/profile1.C (test for excess errors)
WARNING: g++.old-deja/g++.law/profile1.C compilation failed to produce executable
=== g++ Summary ===
# of expected passes 19162
# of unexpected failures 9
# of unexpected successes 1
# of expected failures 142
# of unsupported tests 149
/home/dave/gnu/gcc/objdir/gcc/testsuite/g++/../../g++ version 4.5.0 20090413 (experimental) [trunk revision 146003] (GCC)
=== gcc tests ===
Running target unix
FAIL: gcc.c-torture/compile/limits-structnest.c -O2 (test for excess errors)
FAIL: gcc.c-torture/compile/limits-structnest.c -O3 -fomit-frame-pointer (test for excess errors)
FAIL: gcc.c-torture/compile/limits-structnest.c -O3 -g (test for excess errors)
FAIL: gcc.c-torture/compile/limits-structnest.c -Os (test for excess errors)
FAIL: gcc.dg/20021014-1.c (test for excess errors)
WARNING: gcc.dg/20021014-1.c compilation failed to produce executable
XPASS: gcc.dg/Warray-bounds.c (test for warnings, line 59)
XPASS: gcc.dg/Warray-bounds.c (test for warnings, line 65)
FAIL: gcc.dg/c99-stdint-1.c (test for excess errors)
FAIL: gcc.dg/c99-stdint-7.c (test for excess errors)
FAIL: gcc.dg/cleanup-10.c execution test
FAIL: gcc.dg/cleanup-11.c execution test
FAIL: gcc.dg/cleanup-8.c execution test
FAIL: gcc.dg/cleanup-9.c execution test
FAIL: gcc.dg/nest.c (test for excess errors)
WARNING: gcc.dg/nest.c compilation failed to produce executable
FAIL: gcc.dg/nested-func-4.c (test for excess errors)
WARNING: gcc.dg/nested-func-4.c compilation failed to produce executable
FAIL: gcc.dg/pr32450.c (test for excess errors)
WARNING: gcc.dg/pr32450.c compilation failed to produce executable
FAIL: gcc.dg/pr39323-2.c scan-assembler .align[\\\\t ]*268435456
FAIL: gcc.dg/pr39323-3.c scan-assembler .align[\\\\t ]*268435456
FAIL: gcc.dg/uninit-13.c unconditional (test for warnings, line 8)
FAIL: gcc.dg/uninit-13.c (test for excess errors)
XPASS: gcc.dg/struct/wo_prof_array_through_pointer.c scan-ipa-dump ipa_struct_reorg "Number of structures to transform is 1"
FAIL: gcc.dg/torture/pr39678.c -O0 execution test
FAIL: gcc.dg/torture/pr39678.c -O1 execution test
FAIL: gcc.dg/torture/pr39678.c -O2 execution test
FAIL: gcc.dg/torture/pr39678.c -O3 -fomit-frame-pointer execution test
FAIL: gcc.dg/torture/pr39678.c -O3 -g execution test
FAIL: gcc.dg/torture/pr39678.c -Os execution test
FAIL: gcc.dg/tree-prof/bb-reorg.c compilation, -fprofile-use -D_PROFILE_USE
UNRESOLVED: gcc.dg/tree-prof/bb-reorg.c execution, -fprofile-use -D_PROFILE_USE
FAIL: gcc.dg/tree-prof/pr34999.c compilation, -fprofile-use -D_PROFILE_USE
UNRESOLVED: gcc.dg/tree-prof/pr34999.c execution, -fprofile-use -D_PROFILE_USE
FAIL: gcc.dg/vect/vect-35.c scan-tree-dump-times vect "vectorized 2 loops" 1
FAIL: gcc.dg/vect/no-vfa-vect-43.c scan-tree-dump-times vect "Alignment of access forced using versioning" 1
FAIL: gcc.dg/vect/no-vfa-vect-57.c scan-tree-dump-times vect "vectorized 1 loops" 1
FAIL: gcc.dg/vect/no-vfa-vect-61.c scan-tree-dump-times vect "vectorized 1 loops" 1
FAIL: gcc.target/arm/neon/polytypes.c (test for excess errors)
FAIL: gcc.target/arm/neon/vget_lowf32.c scan-assembler vmov[ \\t]+[dD][0-9]+, [dD][0-9]+!?([ \\t]+@[a-zA-Z0-9 ]+)?\\n
FAIL: gcc.target/arm/neon/vget_lowp16.c scan-assembler vmov[ \\t]+[dD][0-9]+, [dD][0-9]+!?([ \\t]+@[a-zA-Z0-9 ]+)?\\n
FAIL: gcc.target/arm/neon/vget_lowp8.c scan-assembler vmov[ \\t]+[dD][0-9]+, [dD][0-9]+!?([ \\t]+@[a-zA-Z0-9 ]+)?\\n
FAIL: gcc.target/arm/neon/vget_lows16.c scan-assembler vmov[ \\t]+[dD][0-9]+, [dD][0-9]+!?([ \\t]+@[a-zA-Z0-9 ]+)?\\n
FAIL: gcc.target/arm/neon/vget_lows32.c scan-assembler vmov[ \\t]+[dD][0-9]+, [dD][0-9]+!?([ \\t]+@[a-zA-Z0-9 ]+)?\\n
FAIL: gcc.target/arm/neon/vget_lows64.c scan-assembler vmov[ \\t]+[dD][0-9]+, [dD][0-9]+!?([ \\t]+@[a-zA-Z0-9 ]+)?\\n
FAIL: gcc.target/arm/neon/vget_lows8.c scan-assembler vmov[ \\t]+[dD][0-9]+, [dD][0-9]+!?([ \\t]+@[a-zA-Z0-9 ]+)?\\n
FAIL: gcc.target/arm/neon/vget_lowu16.c scan-assembler vmov[ \\t]+[dD][0-9]+, [dD][0-9]+!?([ \\t]+@[a-zA-Z0-9 ]+)?\\n
FAIL: gcc.target/arm/neon/vget_lowu32.c scan-assembler vmov[ \\t]+[dD][0-9]+, [dD][0-9]+!?([ \\t]+@[a-zA-Z0-9 ]+)?\\n
FAIL: gcc.target/arm/neon/vget_lowu64.c scan-assembler vmov[ \\t]+[dD][0-9]+, [dD][0-9]+!?([ \\t]+@[a-zA-Z0-9 ]+)?\\n
FAIL: gcc.target/arm/neon/vget_lowu8.c scan-assembler vmov[ \\t]+[dD][0-9]+, [dD][0-9]+!?([ \\t]+@[a-zA-Z0-9 ]+)?\\n
=== gcc Summary ===
# of expected passes 54649
# of unexpected failures 42
# of unexpected successes 3
# of expected failures 197
# of unresolved testcases 2
# of unsupported tests 570
/home/dave/gnu/gcc/objdir/gcc/xgcc version 4.5.0 20090413 (experimental) [trunk revision 146003] (GCC)
=== gfortran tests ===
Running target unix
FAIL: gfortran.dg/vect/pr39318.f90 -O (internal compiler error)
FAIL: gfortran.dg/vect/pr39318.f90 -O (test for excess errors)
FAIL: gfortran.dg/vect/fast-math-pr38968.f90 scan-tree-dump vect "vectorized 1 loops"
=== gfortran Summary ===
# of expected passes 29313
# of unexpected failures 3
# of expected failures 19
# of unsupported tests 256
/home/dave/gnu/gcc/objdir/gcc/testsuite/gfortran/../../gfortran version 4.5.0 20090413 (experimental) [trunk revision 146003] (GCC)
Compiler version: 4.5.0 20090413 (experimental) [trunk revision 146003] (GCC)
Platform: arm-none-linux-gnueabi
configure flags: --host=arm-none-linux-gnueabi --target=arm-none-linux-gnueabi --build=arm-none-linux-gnueabi --disable-stage1-checking --enable-languages=c,c++,fortran --enable-shared --enable-threads --disable-multilib --disable-libmudflap --disable-libssp --enable-symvers=gnu --enable-__cxa_atexit --disable-libstdcxx-pch --prefix=/home/dave/opt/gnu/gcc/gcc-4.5.0 --with-gmp=/home/dave/opt/gnu