This is the mail archive of the
gcc-testresults@gcc.gnu.org
mailing list for the GCC project.
Results for 4.5.0 20090416 (experimental) (GCC) testsuite on ia64-hp-hpux11.23
- From: Steve Ellcey <sje at cup dot hp dot com>
- To: gcc-testresults at gcc dot gnu dot org
- Date: Thu, 16 Apr 2009 05:18:16 -0700 (PDT)
- Subject: Results for 4.5.0 20090416 (experimental) (GCC) testsuite on ia64-hp-hpux11.23
LAST_UPDATED:
Native configuration is ia64-hp-hpux11.23
=== g++ tests ===
Running target unix/-mlp64
=== g++ Summary for unix/-mlp64 ===
# of expected passes 18353
# of expected failures 148
# of unsupported tests 182
Running target unix/-milp32
FAIL: g++.dg/init/copy7.C execution test
=== g++ Summary for unix/-milp32 ===
# of expected passes 18385
# of unexpected failures 1
# of expected failures 148
# of unsupported tests 181
=== g++ Summary ===
# of expected passes 36738
# of unexpected failures 1
# of expected failures 296
# of unsupported tests 363
/proj/opensrc_nobackup/nightly2/build-ia64-hp-hpux11.23-trunk/obj_gcc/gcc/testsuite/g++/../../g++ version 4.5.0 20090416 (experimental) (GCC)
=== gcc tests ===
Running target unix/-mlp64
XPASS: gcc.dg/Warray-bounds.c (test for warnings, line 59)
XPASS: gcc.dg/Warray-bounds.c (test for warnings, line 65)
FAIL: gcc.dg/builtin-apply4.c execution test
FAIL: gcc.dg/c99-stdint-1.c (test for excess errors)
FAIL: gcc.dg/c99-stdint-2.c (test for excess errors)
FAIL: gcc.dg/c99-stdint-5.c (test for excess errors)
FAIL: gcc.dg/c99-stdint-6.c (test for excess errors)
FAIL: gcc.dg/c99-stdint-7.c (test for excess errors)
FAIL: gcc.dg/c99-stdint-8.c (test for excess errors)
FAIL: gcc.dg/pr37106-1.c (internal compiler error)
FAIL: gcc.dg/pr37106-1.c (test for excess errors)
XPASS: gcc.dg/struct/wo_prof_array_through_pointer.c scan-ipa-dump ipa_struct_reorg "Number of structures to transform is 1"
FAIL: gcc.dg/tree-ssa/loop-31.c scan-tree-dump-times optimized " \\+ 2" 1
FAIL: gcc.dg/vect/vect-35.c scan-tree-dump-times vect "vectorized 2 loops" 1
FAIL: gcc.dg/vect/no-vfa-vect-43.c scan-tree-dump-times vect "Alignment of access forced using versioning" 1
FAIL: gcc.dg/vect/no-vfa-vect-57.c scan-tree-dump-times vect "vectorized 1 loops" 1
FAIL: gcc.dg/vect/no-vfa-vect-61.c scan-tree-dump-times vect "vectorized 1 loops" 1
=== gcc Summary for unix/-mlp64 ===
# of expected passes 50277
# of unexpected failures 14
# of unexpected successes 3
# of expected failures 200
# of unsupported tests 551
Running target unix/-milp32
XPASS: gcc.dg/Warray-bounds.c (test for warnings, line 59)
XPASS: gcc.dg/Warray-bounds.c (test for warnings, line 65)
FAIL: gcc.dg/builtin-apply4.c execution test
FAIL: gcc.dg/c99-stdint-1.c (test for excess errors)
FAIL: gcc.dg/c99-stdint-2.c (test for excess errors)
FAIL: gcc.dg/c99-stdint-3.c (test for excess errors)
FAIL: gcc.dg/c99-stdint-4.c (test for excess errors)
FAIL: gcc.dg/c99-stdint-5.c (test for excess errors)
FAIL: gcc.dg/c99-stdint-6.c (test for excess errors)
FAIL: gcc.dg/c99-stdint-7.c (test for excess errors)
FAIL: gcc.dg/c99-stdint-8.c (test for excess errors)
FAIL: gcc.dg/pr37106-1.c (internal compiler error)
FAIL: gcc.dg/pr37106-1.c (test for excess errors)
XPASS: gcc.dg/struct/wo_prof_array_through_pointer.c scan-ipa-dump ipa_struct_reorg "Number of structures to transform is 1"
FAIL: gcc.dg/vect/vect-35.c scan-tree-dump-times vect "vectorized 2 loops" 1
FAIL: gcc.dg/vect/no-vfa-vect-43.c scan-tree-dump-times vect "Alignment of access forced using versioning" 1
FAIL: gcc.dg/vect/no-vfa-vect-57.c scan-tree-dump-times vect "vectorized 1 loops" 1
FAIL: gcc.dg/vect/no-vfa-vect-61.c scan-tree-dump-times vect "vectorized 1 loops" 1
FAIL: gcc.target/ia64/sync-1.c scan-assembler cmpxchg8.*, r0, .*
=== gcc Summary for unix/-milp32 ===
# of expected passes 50259
# of unexpected failures 16
# of unexpected successes 3
# of expected failures 199
# of unsupported tests 561
=== gcc Summary ===
# of expected passes 100536
# of unexpected failures 30
# of unexpected successes 6
# of expected failures 399
# of unsupported tests 1112
/proj/opensrc_nobackup/nightly2/build-ia64-hp-hpux11.23-trunk/obj_gcc/gcc/xgcc version 4.5.0 20090416 (experimental) (GCC)
=== gfortran tests ===
Running target unix/-mlp64
FAIL: gfortran.dg/vect/pr39318.f90 -O (internal compiler error)
FAIL: gfortran.dg/vect/pr39318.f90 -O (test for excess errors)
FAIL: gfortran.dg/vect/fast-math-pr38968.f90 scan-tree-dump vect "vectorized 1 loops"
=== gfortran Summary for unix/-mlp64 ===
# of expected passes 30202
# of unexpected failures 3
# of expected failures 19
# of unsupported tests 45
Running target unix/-milp32
FAIL: gfortran.dg/vect/pr39318.f90 -O (internal compiler error)
FAIL: gfortran.dg/vect/pr39318.f90 -O (test for excess errors)
FAIL: gfortran.dg/vect/fast-math-pr38968.f90 scan-tree-dump vect "vectorized 1 loops"
=== gfortran Summary for unix/-milp32 ===
# of expected passes 30202
# of unexpected failures 3
# of expected failures 19
# of unsupported tests 45
=== gfortran Summary ===
# of expected passes 60404
# of unexpected failures 6
# of expected failures 38
# of unsupported tests 90
/proj/opensrc_nobackup/nightly2/build-ia64-hp-hpux11.23-trunk/obj_gcc/gcc/testsuite/gfortran/../../gfortran version 4.5.0 20090416 (experimental) (GCC)
=== libgomp tests ===
Running target unix/-mlp64
FAIL: libgomp.c++/collapse-2.C -O3 -fomit-frame-pointer -funroll-loops (internal compiler error)
FAIL: libgomp.c++/collapse-2.C -O3 -fomit-frame-pointer -funroll-loops (test for excess errors)
WARNING: libgomp.c++/collapse-2.C -O3 -fomit-frame-pointer -funroll-loops compilation failed to produce executable
FAIL: libgomp.c++/collapse-2.C -O3 -fomit-frame-pointer -funroll-all-loops -finline-functions (internal compiler error)
FAIL: libgomp.c++/collapse-2.C -O3 -fomit-frame-pointer -funroll-all-loops -finline-functions (test for excess errors)
WARNING: libgomp.c++/collapse-2.C -O3 -fomit-frame-pointer -funroll-all-loops -finline-functions compilation failed to produce executable
=== libgomp Summary for unix/-mlp64 ===
# of expected passes 2398
# of unexpected failures 4
# of unsupported tests 2
Running target unix/-milp32
FAIL: libgomp.c++/collapse-2.C -O3 -fomit-frame-pointer -funroll-loops (internal compiler error)
FAIL: libgomp.c++/collapse-2.C -O3 -fomit-frame-pointer -funroll-loops (test for excess errors)
WARNING: libgomp.c++/collapse-2.C -O3 -fomit-frame-pointer -funroll-loops compilation failed to produce executable
FAIL: libgomp.c++/collapse-2.C -O3 -fomit-frame-pointer -funroll-all-loops -finline-functions (internal compiler error)
FAIL: libgomp.c++/collapse-2.C -O3 -fomit-frame-pointer -funroll-all-loops -finline-functions (test for excess errors)
WARNING: libgomp.c++/collapse-2.C -O3 -fomit-frame-pointer -funroll-all-loops -finline-functions compilation failed to produce executable
=== libgomp Summary for unix/-milp32 ===
# of expected passes 2398
# of unexpected failures 4
# of unsupported tests 2
=== libgomp Summary ===
# of expected passes 4796
# of unexpected failures 8
# of unsupported tests 4
=== libstdc++ tests ===
Running target unix/-mlp64
XPASS: 22_locale/collate/hash/char/1.cc (test for excess errors)
XPASS: 22_locale/collate/requirements/base_classes.cc (test for excess errors)
XPASS: 22_locale/collate/transform/wchar_t/28277.cc (test for excess errors)
XPASS: 22_locale/collate_byname/requirements/base_classes.cc (test for excess errors)
FAIL: ext/codecvt/wchar_t.cc execution test
=== libstdc++ Summary for unix/-mlp64 ===
# of expected passes 5647
# of unexpected failures 1
# of unexpected successes 4
# of expected failures 74
# of unsupported tests 558
Running target unix/-milp32
XPASS: 22_locale/collate/hash/char/1.cc (test for excess errors)
XPASS: 22_locale/collate/requirements/base_classes.cc (test for excess errors)
XPASS: 22_locale/collate/transform/wchar_t/28277.cc (test for excess errors)
XPASS: 22_locale/collate_byname/requirements/base_classes.cc (test for excess errors)
FAIL: 26_numerics/random/independent_bits_engine/operators/equal.cc execution test
FAIL: 26_numerics/random/independent_bits_engine/operators/serialize.cc execution test
FAIL: ext/codecvt/wchar_t.cc execution test
=== libstdc++ Summary for unix/-milp32 ===
# of expected passes 5645
# of unexpected failures 3
# of unexpected successes 4
# of expected failures 74
# of unsupported tests 558
=== libstdc++ Summary ===
# of expected passes 11292
# of unexpected failures 4
# of unexpected successes 8
# of expected failures 148
# of unsupported tests 1116
Compiler version: 4.5.0 20090416 (experimental) (GCC)
Platform: ia64-hp-hpux11.23
configure flags: --host=ia64-hp-hpux11.23 --build=ia64-hp-hpux11.23 --prefix=/proj/opensrc/nightly2/gcc-ia64-hp-hpux11.23-trunk --with-local-prefix=/proj/opensrc/nightly2/gcc-ia64-hp-hpux11.23-trunk --disable-nls --with-gmp=/proj/opensrc/be/ia64-hp-hpux11.23 --with-mpfr=/proj/opensrc/be/ia64-hp-hpux11.23 --enable-libunwind-exceptions --enable-languages=c,c++,fortran