This is the mail archive of the
gcc-testresults@gcc.gnu.org
mailing list for the GCC project.
Results for 4.5.0 20090416 (experimental) (GCC) testsuite on ia64-debian-linux-gnu
- From: Steve Ellcey <sje at cup dot hp dot com>
- To: gcc-testresults at gcc dot gnu dot org
- Date: Thu, 16 Apr 2009 04:35:56 -0700 (PDT)
- Subject: Results for 4.5.0 20090416 (experimental) (GCC) testsuite on ia64-debian-linux-gnu
LAST_UPDATED:
Native configuration is ia64-debian-linux-gnu
=== gcc tests ===
Running target unix
FAIL: gcc.c-torture/compile/limits-exprparen.c -O0 (test for excess errors)
FAIL: gcc.c-torture/compile/limits-exprparen.c -O1 (test for excess errors)
FAIL: gcc.c-torture/compile/limits-exprparen.c -O2 (test for excess errors)
FAIL: gcc.c-torture/compile/limits-exprparen.c -O3 -fomit-frame-pointer (test for excess errors)
FAIL: gcc.c-torture/compile/limits-exprparen.c -O3 -g (test for excess errors)
FAIL: gcc.c-torture/compile/limits-exprparen.c -Os (test for excess errors)
FAIL: gcc.c-torture/execute/pr36321.c compilation, -O3 -fomit-frame-pointer
UNRESOLVED: gcc.c-torture/execute/pr36321.c execution, -O3 -fomit-frame-pointer
XPASS: gcc.dg/Warray-bounds.c (test for warnings, line 59)
XPASS: gcc.dg/Warray-bounds.c (test for warnings, line 65)
FAIL: gcc.dg/builtin-apply4.c execution test
FAIL: gcc.dg/pr37106-1.c (internal compiler error)
FAIL: gcc.dg/pr37106-1.c (test for excess errors)
XPASS: gcc.dg/struct/wo_prof_array_through_pointer.c scan-ipa-dump ipa_struct_reorg "Number of structures to transform is 1"
XPASS: gcc.dg/tree-ssa/loop-1.c scan-assembler-times foo 5
FAIL: gcc.dg/tree-ssa/loop-31.c scan-tree-dump-times optimized " \\+ 2" 1
FAIL: gcc.dg/vect/vect-35.c scan-tree-dump-times vect "vectorized 2 loops" 1
FAIL: gcc.dg/vect/no-vfa-vect-43.c scan-tree-dump-times vect "Alignment of access forced using versioning" 1
FAIL: gcc.dg/vect/no-vfa-vect-57.c scan-tree-dump-times vect "vectorized 1 loops" 1
FAIL: gcc.dg/vect/no-vfa-vect-61.c scan-tree-dump-times vect "vectorized 1 loops" 1
=== gcc Summary ===
# of expected passes 50440
# of unexpected failures 15
# of unexpected successes 4
# of expected failures 199
# of unresolved testcases 1
# of unsupported tests 490
/proj/opensrc_nobackup/nightly2/build-ia64-debian-linux-gnu-trunk/obj_gcc/gcc/xgcc version 4.5.0 20090416 (experimental) (GCC)
=== gfortran tests ===
Running target unix
FAIL: gfortran.dg/vect/pr39318.f90 -O (internal compiler error)
FAIL: gfortran.dg/vect/pr39318.f90 -O (test for excess errors)
FAIL: gfortran.dg/vect/fast-math-pr38968.f90 scan-tree-dump vect "vectorized 1 loops"
=== gfortran Summary ===
# of expected passes 30234
# of unexpected failures 3
# of expected failures 19
# of unsupported tests 29
/proj/opensrc_nobackup/nightly2/build-ia64-debian-linux-gnu-trunk/obj_gcc/gcc/testsuite/gfortran/../../gfortran version 4.5.0 20090416 (experimental) (GCC)
=== g++ tests ===
Running target unix
=== g++ Summary ===
# of expected passes 18426
# of expected failures 142
# of unsupported tests 154
/proj/opensrc_nobackup/nightly2/build-ia64-debian-linux-gnu-trunk/obj_gcc/gcc/testsuite/g++/../../g++ version 4.5.0 20090416 (experimental) (GCC)
=== objc tests ===
Running target unix
=== objc Summary ===
# of expected passes 1862
# of expected failures 15
# of unsupported tests 25
/proj/opensrc_nobackup/nightly2/build-ia64-debian-linux-gnu-trunk/obj_gcc/gcc/xgcc version 4.5.0 20090416 (experimental) (GCC)
=== libffi tests ===
Running target unix
=== libffi Summary ===
# of expected passes 1389
# of unsupported tests 10
=== libgomp tests ===
Running target unix
FAIL: libgomp.c++/collapse-2.C -O3 -fomit-frame-pointer -funroll-loops (internal compiler error)
FAIL: libgomp.c++/collapse-2.C -O3 -fomit-frame-pointer -funroll-loops (test for excess errors)
WARNING: libgomp.c++/collapse-2.C -O3 -fomit-frame-pointer -funroll-loops compilation failed to produce executable
FAIL: libgomp.c++/collapse-2.C -O3 -fomit-frame-pointer -funroll-all-loops -finline-functions (internal compiler error)
FAIL: libgomp.c++/collapse-2.C -O3 -fomit-frame-pointer -funroll-all-loops -finline-functions (test for excess errors)
WARNING: libgomp.c++/collapse-2.C -O3 -fomit-frame-pointer -funroll-all-loops -finline-functions compilation failed to produce executable
=== libgomp Summary ===
# of expected passes 2402
# of unexpected failures 4
=== libjava tests ===
Running target unix
FAIL: getlocalvartable output
FAIL: Throw_3 -O3 output - source compiled test
FAIL: Throw_3 -O3 -findirect-dispatch output - source compiled test
=== libjava Summary ===
# of expected passes 2571
# of unexpected failures 3
=== libmudflap tests ===
Running target unix
FAIL: libmudflap.c++/pass41-frag.cxx execution test
FAIL: libmudflap.c++/pass41-frag.cxx (-static) execution test
FAIL: libmudflap.c++/pass41-frag.cxx (-O2) execution test
FAIL: libmudflap.c++/pass41-frag.cxx (-O3) execution test
=== libmudflap Summary ===
# of expected passes 1890
# of unexpected failures 4
=== libstdc++ tests ===
Running target unix
FAIL: abi_check
XPASS: 26_numerics/headers/cmath/c99_classification_macros_c.cc (test for excess errors)
=== libstdc++ Summary ===
# of expected passes 6078
# of unexpected failures 1
# of unexpected successes 1
# of expected failures 82
# of unsupported tests 333
Compiler version: 4.5.0 20090416 (experimental) (GCC)
Platform: ia64-debian-linux-gnu
configure flags: --host=ia64-debian-linux-gnu --build=ia64-debian-linux-gnu --prefix=/proj/opensrc/nightly2/gcc-ia64-debian-linux-gnu-trunk --with-local-prefix=/proj/opensrc/nightly2/gcc-ia64-debian-linux-gnu-trunk --disable-nls --with-gmp=/proj/opensrc/be/ia64-debian-linux-gnu --with-mpfr=/proj/opensrc/be/ia64-debian-linux-gnu